Aug 18 16:05:04 devstack devstack@n-api.service[68831]: DEBUG nova.api.openstack.wsgi_app [None req-8166b9f0-83a5-4684-9f35-f2291b36e512 None None] privsep_osbrick.group = None {{(pid=68831) log_opt_values /opt/stack/data/venv/lib/python3.12/site-packages/oslo_config/cfg.py:3560}}
Aug 18 16:05:04 devstack devstack@n-api.service[68830]: DEBUG nova.api.openstack.wsgi_app [None req-01702b39-7a43-45a7-a20c-d0b8edb1ef71 None None] keystone_authtoken.token_cache_time = 300 {{(pid=68830) log_opt_values /opt/stack/data/venv/lib/python3.12/site-packages/oslo_config/cfg.py:3560}}
Aug 18 16:05:04 devstack devstack@n-api.service[68831]: DEBUG nova.api.openstack.wsgi_app [None req-8166b9f0-83a5-4684-9f35-f2291b36e512 None None] privsep_osbrick.helper_command = None {{(pid=68831) log_opt_values /opt/stack/data/venv/lib/python3.12/site-packages/oslo_config/cfg.py:3560}}
Aug 18 16:05:04 devstack devstack@n-api.service[68830]: DEBUG nova.api.openstack.wsgi_app [None req-01702b39-7a43-45a7-a20c-d0b8edb1ef71 None None] keystone_authtoken.trust_id = None {{(pid=68830) log_opt_values /opt/stack/data/venv/lib/python3.12/site-packages/oslo_config/cfg.py:3560}}
Aug 18 16:05:04 devstack devstack@n-api.service[68831]: DEBUG nova.api.openstack.wsgi_app [None req-8166b9f0-83a5-4684-9f35-f2291b36e512 None None] privsep_osbrick.log_daemon_traceback = False {{(pid=68831) log_opt_values /opt/stack/data/venv/lib/python3.12/site-packages/oslo_config/cfg.py:3560}}
Aug 18 16:05:04 devstack devstack@n-api.service[68830]: DEBUG nova.api.openstack.wsgi_app [None req-01702b39-7a43-45a7-a20c-d0b8edb1ef71 None None] keystone_authtoken.user_domain_id = None {{(pid=68830) log_opt_values /opt/stack/data/venv/lib/python3.12/site-packages/oslo_config/cfg.py:3560}}
Aug 18 16:05:04 devstack devstack@n-api.service[68831]: DEBUG nova.api.openstack.wsgi_app [None req-8166b9f0-83a5-4684-9f35-f2291b36e512 None None] privsep_osbrick.logger_name = brick_privsep_hide_output {{(pid=68831) log_opt_values /opt/stack/data/venv/lib/python3.12/site-packages/oslo_config/cfg.py:3560}}
Aug 18 16:05:04 devstack devstack@n-api.service[68830]: DEBUG nova.api.openstack.wsgi_app [None req-01702b39-7a43-45a7-a20c-d0b8edb1ef71 None None] keystone_authtoken.user_domain_name = Default {{(pid=68830) log_opt_values /opt/stack/data/venv/lib/python3.12/site-packages/oslo_config/cfg.py:3560}}
Aug 18 16:05:04 devstack devstack@n-api.service[68831]: DEBUG nova.api.openstack.wsgi_app [None req-8166b9f0-83a5-4684-9f35-f2291b36e512 None None] privsep_osbrick.thread_pool_size = 4 {{(pid=68831) log_opt_values /opt/stack/data/venv/lib/python3.12/site-packages/oslo_config/cfg.py:3560}}
Aug 18 16:05:04 devstack devstack@n-api.service[68830]: DEBUG nova.api.openstack.wsgi_app [None req-01702b39-7a43-45a7-a20c-d0b8edb1ef71 None None] keystone_authtoken.user_id = None {{(pid=68830) log_opt_values /opt/stack/data/venv/lib/python3.12/site-packages/oslo_config/cfg.py:3560}}
Aug 18 16:05:04 devstack devstack@n-api.service[68831]: DEBUG nova.api.openstack.wsgi_app [None req-8166b9f0-83a5-4684-9f35-f2291b36e512 None None] privsep_osbrick.user = None {{(pid=68831) log_opt_values /opt/stack/data/venv/lib/python3.12/site-packages/oslo_config/cfg.py:3560}}
Aug 18 16:05:04 devstack devstack@n-api.service[68830]: DEBUG nova.api.openstack.wsgi_app [None req-01702b39-7a43-45a7-a20c-d0b8edb1ef71 None None] keystone_authtoken.username = nova {{(pid=68830) log_opt_values /opt/stack/data/venv/lib/python3.12/site-packages/oslo_config/cfg.py:3560}}
Aug 18 16:05:04 devstack devstack@n-api.service[68831]: DEBUG nova.api.openstack.wsgi_app [None req-8166b9f0-83a5-4684-9f35-f2291b36e512 None None] keystone_authtoken.auth_section = None {{(pid=68831) log_opt_values /opt/stack/data/venv/lib/python3.12/site-packages/oslo_config/cfg.py:3560}}
Aug 18 16:05:04 devstack devstack@n-api.service[68830]: DEBUG nova.api.openstack.wsgi_app [None req-01702b39-7a43-45a7-a20c-d0b8edb1ef71 None None] keystone_authtoken.www_authenticate_uri = http://192.168.122.182/identity {{(pid=68830) log_opt_values /opt/stack/data/venv/lib/python3.12/site-packages/oslo_config/cfg.py:3560}}
Aug 18 16:05:04 devstack devstack@n-api.service[68831]: DEBUG nova.api.openstack.wsgi_app [None req-8166b9f0-83a5-4684-9f35-f2291b36e512 None None] keystone_authtoken.auth_type = password {{(pid=68831) log_opt_values /opt/stack/data/venv/lib/python3.12/site-packages/oslo_config/cfg.py:3560}}
Aug 18 16:05:04 devstack devstack@n-api.service[68830]: DEBUG nova.api.openstack.wsgi_app [None req-01702b39-7a43-45a7-a20c-d0b8edb1ef71 None None] ******************************************************************************** {{(pid=68830) log_opt_values /opt/stack/data/venv/lib/python3.12/site-packages/oslo_config/cfg.py:3567}}
Aug 18 16:05:04 devstack devstack@n-api.service[68831]: DEBUG nova.api.openstack.wsgi_app [None req-8166b9f0-83a5-4684-9f35-f2291b36e512 None None] keystone_authtoken.auth_url = http://192.168.122.182/identity {{(pid=68831) log_opt_values /opt/stack/data/venv/lib/python3.12/site-packages/oslo_config/cfg.py:3560}}
Aug 18 16:05:04 devstack devstack@n-api.service[68830]: WSGI app 0 (mountpoint='') ready in 6 seconds on interpreter 0x7d0dc74a4668 pid: 68830 (default app)
Aug 18 16:05:04 devstack devstack@n-api.service[68831]: DEBUG nova.api.openstack.wsgi_app [None req-8166b9f0-83a5-4684-9f35-f2291b36e512 None None] keystone_authtoken.auth_version = None {{(pid=68831) log_opt_values /opt/stack/data/venv/lib/python3.12/site-packages/oslo_config/cfg.py:3560}}
Aug 18 16:05:04 devstack devstack@n-api.service[68831]: DEBUG nova.api.openstack.wsgi_app [None req-8166b9f0-83a5-4684-9f35-f2291b36e512 None None] keystone_authtoken.cache = None {{(pid=68831) log_opt_values /opt/stack/data/venv/lib/python3.12/site-packages/oslo_config/cfg.py:3560}}
Aug 18 16:05:04 devstack devstack@n-api.service[68831]: DEBUG nova.api.openstack.wsgi_app [None req-8166b9f0-83a5-4684-9f35-f2291b36e512 None None] keystone_authtoken.cafile = /opt/stack/data/ca-bundle.pem {{(pid=68831) log_opt_values /opt/stack/data/venv/lib/python3.12/site-packages/oslo_config/cfg.py:3560}}
Aug 18 16:05:04 devstack devstack@n-api.service[68831]: DEBUG nova.api.openstack.wsgi_app [None req-8166b9f0-83a5-4684-9f35-f2291b36e512 None None] keystone_authtoken.certfile = None {{(pid=68831) log_opt_values /opt/stack/data/venv/lib/python3.12/site-packages/oslo_config/cfg.py:3560}}
Aug 18 16:05:04 devstack devstack@n-api.service[68830]: DEBUG nova.api.openstack.wsgi [None req-01702b39-7a43-45a7-a20c-d0b8edb1ef71 None None] Calling method '>' {{(pid=68830) _process_stack /opt/stack/nova/nova/api/openstack/wsgi.py:551}}
Aug 18 16:05:04 devstack devstack@n-api.service[68831]: DEBUG nova.api.openstack.wsgi_app [None req-8166b9f0-83a5-4684-9f35-f2291b36e512 None None] keystone_authtoken.default_domain_id = None {{(pid=68831) log_opt_values /opt/stack/data/venv/lib/python3.12/site-packages/oslo_config/cfg.py:3560}}
Aug 18 16:05:04 devstack devstack@n-api.service[68831]: DEBUG nova.api.openstack.wsgi_app [None req-8166b9f0-83a5-4684-9f35-f2291b36e512 None None] keystone_authtoken.default_domain_name = None {{(pid=68831) log_opt_values /opt/stack/data/venv/lib/python3.12/site-packages/oslo_config/cfg.py:3560}}
Aug 18 16:05:04 devstack devstack@n-api.service[68831]: DEBUG nova.api.openstack.wsgi_app [None req-8166b9f0-83a5-4684-9f35-f2291b36e512 None None] keystone_authtoken.delay_auth_decision = False {{(pid=68831) log_opt_values /opt/stack/data/venv/lib/python3.12/site-packages/oslo_config/cfg.py:3560}}
Aug 18 16:05:04 devstack devstack@n-api.service[68831]: DEBUG nova.api.openstack.wsgi_app [None req-8166b9f0-83a5-4684-9f35-f2291b36e512 None None] keystone_authtoken.domain_id = None {{(pid=68831) log_opt_values /opt/stack/data/venv/lib/python3.12/site-packages/oslo_config/cfg.py:3560}}
Aug 18 16:05:04 devstack devstack@n-api.service[68831]: DEBUG nova.api.openstack.wsgi_app [None req-8166b9f0-83a5-4684-9f35-f2291b36e512 None None] keystone_authtoken.domain_name = None {{(pid=68831) log_opt_values /opt/stack/data/venv/lib/python3.12/site-packages/oslo_config/cfg.py:3560}}
Aug 18 16:05:04 devstack devstack@n-api.service[68831]: DEBUG nova.api.openstack.wsgi_app [None req-8166b9f0-83a5-4684-9f35-f2291b36e512 None None] keystone_authtoken.enforce_token_bind = permissive {{(pid=68831) log_opt_values /opt/stack/data/venv/lib/python3.12/site-packages/oslo_config/cfg.py:3560}}
Aug 18 16:05:04 devstack devstack@n-api.service[68831]: DEBUG nova.api.openstack.wsgi_app [None req-8166b9f0-83a5-4684-9f35-f2291b36e512 None None] keystone_authtoken.http_connect_timeout = None {{(pid=68831) log_opt_values /opt/stack/data/venv/lib/python3.12/site-packages/oslo_config/cfg.py:3560}}
Aug 18 16:05:04 devstack devstack@n-api.service[68831]: DEBUG nova.api.openstack.wsgi_app [None req-8166b9f0-83a5-4684-9f35-f2291b36e512 None None] keystone_authtoken.http_request_max_retries = 3 {{(pid=68831) log_opt_values /opt/stack/data/venv/lib/python3.12/site-packages/oslo_config/cfg.py:3560}}
Aug 18 16:05:04 devstack devstack@n-api.service[68831]: DEBUG nova.api.openstack.wsgi_app [None req-8166b9f0-83a5-4684-9f35-f2291b36e512 None None] keystone_authtoken.include_service_catalog = True {{(pid=68831) log_opt_values /opt/stack/data/venv/lib/python3.12/site-packages/oslo_config/cfg.py:3560}}
Aug 18 16:05:04 devstack devstack@n-api.service[68831]: DEBUG nova.api.openstack.wsgi_app [None req-8166b9f0-83a5-4684-9f35-f2291b36e512 None None] keystone_authtoken.insecure = False {{(pid=68831) log_opt_values /opt/stack/data/venv/lib/python3.12/site-packages/oslo_config/cfg.py:3560}}
Aug 18 16:05:04 devstack devstack@n-api.service[68831]: DEBUG nova.api.openstack.wsgi_app [None req-8166b9f0-83a5-4684-9f35-f2291b36e512 None None] keystone_authtoken.interface = public {{(pid=68831) log_opt_values /opt/stack/data/venv/lib/python3.12/site-packages/oslo_config/cfg.py:3560}}
Aug 18 16:05:04 devstack devstack@n-api.service[68831]: DEBUG nova.api.openstack.wsgi_app [None req-8166b9f0-83a5-4684-9f35-f2291b36e512 None None] keystone_authtoken.keyfile = None {{(pid=68831) log_opt_values /opt/stack/data/venv/lib/python3.12/site-packages/oslo_config/cfg.py:3560}}
Aug 18 16:05:04 devstack devstack@n-api.service[68831]: DEBUG nova.api.openstack.wsgi_app [None req-8166b9f0-83a5-4684-9f35-f2291b36e512 None None] keystone_authtoken.memcache_password = {{(pid=68831) log_opt_values /opt/stack/data/venv/lib/python3.12/site-packages/oslo_config/cfg.py:3560}}
Aug 18 16:05:04 devstack devstack@n-api.service[68830]: INFO nova.api.openstack.requestlog [None req-01702b39-7a43-45a7-a20c-d0b8edb1ef71 None None] 192.168.122.182 "GET /compute/v2.1/" status: 200 len: 393 microversion: 2.1 time: 0.005421
Aug 18 16:05:04 devstack devstack@n-api.service[68831]: DEBUG nova.api.openstack.wsgi_app [None req-8166b9f0-83a5-4684-9f35-f2291b36e512 None None] keystone_authtoken.memcache_pool_conn_get_timeout = 10 {{(pid=68831) log_opt_values /opt/stack/data/venv/lib/python3.12/site-packages/oslo_config/cfg.py:3560}}
Aug 18 16:05:04 devstack devstack@n-api.service[68830]: [pid: 68830|app: 0|req: 1/1] 192.168.122.182 () {50 vars in 791 bytes} [Tue Aug 18 16:05:04 2026] GET /compute/v2.1/ => generated 393 bytes in 7 msecs (HTTP/1.1 200) 9 headers in 357 bytes (1 switches on core 0)
Aug 18 16:05:04 devstack devstack@n-api.service[68831]: DEBUG nova.api.openstack.wsgi_app [None req-8166b9f0-83a5-4684-9f35-f2291b36e512 None None] keystone_authtoken.memcache_pool_dead_retry = 300 {{(pid=68831) log_opt_values /opt/stack/data/venv/lib/python3.12/site-packages/oslo_config/cfg.py:3560}}
Aug 18 16:05:04 devstack devstack@n-api.service[68831]: DEBUG nova.api.openstack.wsgi_app [None req-8166b9f0-83a5-4684-9f35-f2291b36e512 None None] keystone_authtoken.memcache_pool_maxsize = 10 {{(pid=68831) log_opt_values /opt/stack/data/venv/lib/python3.12/site-packages/oslo_config/cfg.py:3560}}
Aug 18 16:05:04 devstack devstack@n-api.service[68831]: DEBUG nova.api.openstack.wsgi_app [None req-8166b9f0-83a5-4684-9f35-f2291b36e512 None None] keystone_authtoken.memcache_pool_socket_timeout = 3 {{(pid=68831) log_opt_values /opt/stack/data/venv/lib/python3.12/site-packages/oslo_config/cfg.py:3560}}
Aug 18 16:05:04 devstack devstack@n-api.service[68831]: DEBUG nova.api.openstack.wsgi_app [None req-8166b9f0-83a5-4684-9f35-f2291b36e512 None None] keystone_authtoken.memcache_pool_unused_timeout = 60 {{(pid=68831) log_opt_values /opt/stack/data/venv/lib/python3.12/site-packages/oslo_config/cfg.py:3560}}
Aug 18 16:05:04 devstack devstack@n-api.service[68831]: DEBUG nova.api.openstack.wsgi_app [None req-8166b9f0-83a5-4684-9f35-f2291b36e512 None None] keystone_authtoken.memcache_sasl_enabled = False {{(pid=68831) log_opt_values /opt/stack/data/venv/lib/python3.12/site-packages/oslo_config/cfg.py:3560}}
Aug 18 16:05:04 devstack devstack@n-api.service[68831]: DEBUG nova.api.openstack.wsgi_app [None req-8166b9f0-83a5-4684-9f35-f2291b36e512 None None] keystone_authtoken.memcache_secret_key = **** {{(pid=68831) log_opt_values /opt/stack/data/venv/lib/python3.12/site-packages/oslo_config/cfg.py:3560}}
Aug 18 16:05:04 devstack devstack@n-api.service[68831]: DEBUG nova.api.openstack.wsgi_app [None req-8166b9f0-83a5-4684-9f35-f2291b36e512 None None] keystone_authtoken.memcache_security_strategy = None {{(pid=68831) log_opt_values /opt/stack/data/venv/lib/python3.12/site-packages/oslo_config/cfg.py:3560}}
Aug 18 16:05:04 devstack devstack@n-api.service[68831]: DEBUG nova.api.openstack.wsgi_app [None req-8166b9f0-83a5-4684-9f35-f2291b36e512 None None] keystone_authtoken.memcache_tls_allowed_ciphers = None {{(pid=68831) log_opt_values /opt/stack/data/venv/lib/python3.12/site-packages/oslo_config/cfg.py:3560}}
Aug 18 16:05:04 devstack devstack@n-api.service[68831]: DEBUG nova.api.openstack.wsgi_app [None req-8166b9f0-83a5-4684-9f35-f2291b36e512 None None] keystone_authtoken.memcache_tls_cafile = None {{(pid=68831) log_opt_values /opt/stack/data/venv/lib/python3.12/site-packages/oslo_config/cfg.py:3560}}
Aug 18 16:05:04 devstack devstack@n-api.service[68831]: DEBUG nova.api.openstack.wsgi_app [None req-8166b9f0-83a5-4684-9f35-f2291b36e512 None None] keystone_authtoken.memcache_tls_certfile = None {{(pid=68831) log_opt_values /opt/stack/data/venv/lib/python3.12/site-packages/oslo_config/cfg.py:3560}}
Aug 18 16:05:04 devstack devstack@n-api.service[68831]: DEBUG nova.api.openstack.wsgi_app [None req-8166b9f0-83a5-4684-9f35-f2291b36e512 None None] keystone_authtoken.memcache_tls_enabled = False {{(pid=68831) log_opt_values /opt/stack/data/venv/lib/python3.12/site-packages/oslo_config/cfg.py:3560}}
Aug 18 16:05:04 devstack devstack@n-api.service[68831]: DEBUG nova.api.openstack.wsgi_app [None req-8166b9f0-83a5-4684-9f35-f2291b36e512 None None] keystone_authtoken.memcache_tls_keyfile = None {{(pid=68831) log_opt_values /opt/stack/data/venv/lib/python3.12/site-packages/oslo_config/cfg.py:3560}}
Aug 18 16:05:04 devstack devstack@n-api.service[68831]: DEBUG nova.api.openstack.wsgi_app [None req-8166b9f0-83a5-4684-9f35-f2291b36e512 None None] keystone_authtoken.memcache_use_advanced_pool = True {{(pid=68831) log_opt_values /opt/stack/data/venv/lib/python3.12/site-packages/oslo_config/cfg.py:3560}}
Aug 18 16:05:04 devstack devstack@n-api.service[68831]: DEBUG nova.api.openstack.wsgi_app [None req-8166b9f0-83a5-4684-9f35-f2291b36e512 None None] keystone_authtoken.memcache_username = {{(pid=68831) log_opt_values /opt/stack/data/venv/lib/python3.12/site-packages/oslo_config/cfg.py:3560}}
Aug 18 16:05:04 devstack devstack@n-api.service[68831]: DEBUG nova.api.openstack.wsgi_app [None req-8166b9f0-83a5-4684-9f35-f2291b36e512 None None] keystone_authtoken.memcached_servers = ['localhost:11211'] {{(pid=68831) log_opt_values /opt/stack/data/venv/lib/python3.12/site-packages/oslo_config/cfg.py:3560}}
Aug 18 16:05:04 devstack devstack@n-api.service[68831]: DEBUG nova.api.openstack.wsgi_app [None req-8166b9f0-83a5-4684-9f35-f2291b36e512 None None] keystone_authtoken.password = **** {{(pid=68831) log_opt_values /opt/stack/data/venv/lib/python3.12/site-packages/oslo_config/cfg.py:3560}}
Aug 18 16:05:04 devstack devstack@n-api.service[68831]: DEBUG nova.api.openstack.wsgi_app [None req-8166b9f0-83a5-4684-9f35-f2291b36e512 None None] keystone_authtoken.project_domain_id = None {{(pid=68831) log_opt_values /opt/stack/data/venv/lib/python3.12/site-packages/oslo_config/cfg.py:3560}}
Aug 18 16:05:04 devstack devstack@n-api.service[68831]: DEBUG nova.api.openstack.wsgi_app [None req-8166b9f0-83a5-4684-9f35-f2291b36e512 None None] keystone_authtoken.project_domain_name = Default {{(pid=68831) log_opt_values /opt/stack/data/venv/lib/python3.12/site-packages/oslo_config/cfg.py:3560}}
Aug 18 16:05:04 devstack devstack@n-api.service[68831]: DEBUG nova.api.openstack.wsgi_app [None req-8166b9f0-83a5-4684-9f35-f2291b36e512 None None] keystone_authtoken.project_id = None {{(pid=68831) log_opt_values /opt/stack/data/venv/lib/python3.12/site-packages/oslo_config/cfg.py:3560}}
Aug 18 16:05:04 devstack devstack@n-api.service[68831]: DEBUG nova.api.openstack.wsgi_app [None req-8166b9f0-83a5-4684-9f35-f2291b36e512 None None] keystone_authtoken.project_name = service {{(pid=68831) log_opt_values /opt/stack/data/venv/lib/python3.12/site-packages/oslo_config/cfg.py:3560}}
Aug 18 16:05:04 devstack devstack@n-api.service[68831]: DEBUG nova.api.openstack.wsgi_app [None req-8166b9f0-83a5-4684-9f35-f2291b36e512 None None] keystone_authtoken.region_name = None {{(pid=68831) log_opt_values /opt/stack/data/venv/lib/python3.12/site-packages/oslo_config/cfg.py:3560}}
Aug 18 16:05:04 devstack devstack@n-api.service[68831]: DEBUG nova.api.openstack.wsgi_app [None req-8166b9f0-83a5-4684-9f35-f2291b36e512 None None] keystone_authtoken.service_token_roles = ['service'] {{(pid=68831) log_opt_values /opt/stack/data/venv/lib/python3.12/site-packages/oslo_config/cfg.py:3560}}
Aug 18 16:05:04 devstack devstack@n-api.service[68831]: DEBUG nova.api.openstack.wsgi_app [None req-8166b9f0-83a5-4684-9f35-f2291b36e512 None None] keystone_authtoken.service_token_roles_required = True {{(pid=68831) log_opt_values /opt/stack/data/venv/lib/python3.12/site-packages/oslo_config/cfg.py:3560}}
Aug 18 16:05:04 devstack devstack@n-api.service[68831]: DEBUG nova.api.openstack.wsgi_app [None req-8166b9f0-83a5-4684-9f35-f2291b36e512 None None] keystone_authtoken.service_type = None {{(pid=68831) log_opt_values /opt/stack/data/venv/lib/python3.12/site-packages/oslo_config/cfg.py:3560}}
Aug 18 16:05:04 devstack devstack@n-api.service[68831]: DEBUG nova.api.openstack.wsgi_app [None req-8166b9f0-83a5-4684-9f35-f2291b36e512 None None] keystone_authtoken.system_scope = None {{(pid=68831) log_opt_values /opt/stack/data/venv/lib/python3.12/site-packages/oslo_config/cfg.py:3560}}
Aug 18 16:05:04 devstack devstack@n-api.service[68831]: DEBUG nova.api.openstack.wsgi_app [None req-8166b9f0-83a5-4684-9f35-f2291b36e512 None None] keystone_authtoken.token_cache_time = 300 {{(pid=68831) log_opt_values /opt/stack/data/venv/lib/python3.12/site-packages/oslo_config/cfg.py:3560}}
Aug 18 16:05:04 devstack devstack@n-api.service[68831]: DEBUG nova.api.openstack.wsgi_app [None req-8166b9f0-83a5-4684-9f35-f2291b36e512 None None] keystone_authtoken.trust_id = None {{(pid=68831) log_opt_values /opt/stack/data/venv/lib/python3.12/site-packages/oslo_config/cfg.py:3560}}
Aug 18 16:05:04 devstack devstack@n-api.service[68831]: DEBUG nova.api.openstack.wsgi_app [None req-8166b9f0-83a5-4684-9f35-f2291b36e512 None None] keystone_authtoken.user_domain_id = None {{(pid=68831) log_opt_values /opt/stack/data/venv/lib/python3.12/site-packages/oslo_config/cfg.py:3560}}
Aug 18 16:05:04 devstack devstack@n-api.service[68831]: DEBUG nova.api.openstack.wsgi_app [None req-8166b9f0-83a5-4684-9f35-f2291b36e512 None None] keystone_authtoken.user_domain_name = Default {{(pid=68831) log_opt_values /opt/stack/data/venv/lib/python3.12/site-packages/oslo_config/cfg.py:3560}}
Aug 18 16:05:04 devstack devstack@n-api.service[68831]: DEBUG nova.api.openstack.wsgi_app [None req-8166b9f0-83a5-4684-9f35-f2291b36e512 None None] keystone_authtoken.user_id = None {{(pid=68831) log_opt_values /opt/stack/data/venv/lib/python3.12/site-packages/oslo_config/cfg.py:3560}}
Aug 18 16:05:04 devstack devstack@n-api.service[68831]: DEBUG nova.api.openstack.wsgi_app [None req-8166b9f0-83a5-4684-9f35-f2291b36e512 None None] keystone_authtoken.username = nova {{(pid=68831) log_opt_values /opt/stack/data/venv/lib/python3.12/site-packages/oslo_config/cfg.py:3560}}
Aug 18 16:05:04 devstack devstack@n-api.service[68831]: DEBUG nova.api.openstack.wsgi_app [None req-8166b9f0-83a5-4684-9f35-f2291b36e512 None None] keystone_authtoken.www_authenticate_uri = http://192.168.122.182/identity {{(pid=68831) log_opt_values /opt/stack/data/venv/lib/python3.12/site-packages/oslo_config/cfg.py:3560}}
Aug 18 16:05:04 devstack devstack@n-api.service[68831]: DEBUG nova.api.openstack.wsgi_app [None req-8166b9f0-83a5-4684-9f35-f2291b36e512 None None] ******************************************************************************** {{(pid=68831) log_opt_values /opt/stack/data/venv/lib/python3.12/site-packages/oslo_config/cfg.py:3567}}
Aug 18 16:05:04 devstack devstack@n-api.service[68831]: WSGI app 0 (mountpoint='') ready in 6 seconds on interpreter 0x7d0dc74a4668 pid: 68831 (default app)
Aug 18 16:05:11 devstack devstack@n-api.service[68831]: DEBUG dbcounter [-] [68831] Writing DB stats nova_api:SELECT=1 {{(pid=68831) stat_writer /opt/stack/data/venv/lib/python3.12/site-packages/dbcounter.py:115}}
Aug 18 16:05:12 devstack devstack@n-api.service[68830]: DEBUG dbcounter [-] [68830] Writing DB stats nova_api:SELECT=1 {{(pid=68830) stat_writer /opt/stack/data/venv/lib/python3.12/site-packages/dbcounter.py:115}}
Aug 18 16:05:12 devstack devstack@n-api.service[68831]: DEBUG dbcounter [-] [68831] Writing DB stats nova_cell1:SELECT=1 {{(pid=68831) stat_writer /opt/stack/data/venv/lib/python3.12/site-packages/dbcounter.py:115}}
Aug 18 16:05:12 devstack devstack@n-api.service[68831]: DEBUG dbcounter [-] [68831] Writing DB stats nova_cell0:SELECT=1 {{(pid=68831) stat_writer /opt/stack/data/venv/lib/python3.12/site-packages/dbcounter.py:115}}
Aug 18 16:05:12 devstack devstack@n-api.service[68831]: DEBUG dbcounter [-] [68831] Writing DB stats nova_cell0:SELECT=2,nova_cell0:INSERT=1 {{(pid=68831) stat_writer /opt/stack/data/venv/lib/python3.12/site-packages/dbcounter.py:115}}
Aug 18 16:05:12 devstack devstack@n-api.service[68830]: DEBUG dbcounter [-] [68830] Writing DB stats nova_cell0:SELECT=1 {{(pid=68830) stat_writer /opt/stack/data/venv/lib/python3.12/site-packages/dbcounter.py:115}}
Aug 18 16:05:12 devstack devstack@n-api.service[68830]: DEBUG dbcounter [-] [68830] Writing DB stats nova_cell1:SELECT=1 {{(pid=68830) stat_writer /opt/stack/data/venv/lib/python3.12/site-packages/dbcounter.py:115}}
Aug 18 16:05:12 devstack devstack@n-api.service[68830]: DEBUG dbcounter [-] [68830] Writing DB stats nova_cell0:SELECT=1 {{(pid=68830) stat_writer /opt/stack/data/venv/lib/python3.12/site-packages/dbcounter.py:115}}
Aug 18 16:07:26 devstack devstack@n-api.service[68830]: DEBUG nova.api.openstack.wsgi [None req-01702b39-7a43-45a7-a20c-d0b8edb1ef71 None None] Calling method '>' {{(pid=68830) _process_stack /opt/stack/nova/nova/api/openstack/wsgi.py:551}}
Aug 18 16:07:26 devstack devstack@n-api.service[68830]: INFO nova.api.openstack.requestlog [None req-01702b39-7a43-45a7-a20c-d0b8edb1ef71 None None] 192.168.122.182 "GET /compute/v2.1" status: 200 len: 393 microversion: 2.1 time: 0.005949
Aug 18 16:07:26 devstack devstack@n-api.service[68830]: [pid: 68830|app: 0|req: 2/2] 192.168.122.182 () {54 vars in 935 bytes} [Tue Aug 18 16:07:26 2026] GET /compute/v2.1 => generated 393 bytes in 7 msecs (HTTP/1.1 200) 9 headers in 357 bytes (1 switches on core 0)
Aug 18 16:07:26 devstack devstack@n-api.service[68831]: DEBUG oslo_concurrency.lockutils [None req-7048dceb-4146-4cf0-a141-450262af1eda admin admin] Acquiring lock "nova-policy-init" {{(pid=68831) lock /opt/stack/data/venv/lib/python3.12/site-packages/oslo_concurrency/lockutils.py:396}}
Aug 18 16:07:26 devstack devstack@n-api.service[68831]: DEBUG oslo_concurrency.lockutils [None req-7048dceb-4146-4cf0-a141-450262af1eda admin admin] Acquired lock "nova-policy-init" {{(pid=68831) lock /opt/stack/data/venv/lib/python3.12/site-packages/oslo_concurrency/lockutils.py:399}}
Aug 18 16:07:26 devstack devstack@n-api.service[68831]: DEBUG oslo_concurrency.lockutils [None req-7048dceb-4146-4cf0-a141-450262af1eda admin admin] Releasing lock "nova-policy-init" {{(pid=68831) lock /opt/stack/data/venv/lib/python3.12/site-packages/oslo_concurrency/lockutils.py:419}}
Aug 18 16:07:27 devstack devstack@n-api.service[68831]: DEBUG nova.api.openstack.wsgi [None req-7048dceb-4146-4cf0-a141-450262af1eda admin admin] Calling method '>' {{(pid=68831) _process_stack /opt/stack/nova/nova/api/openstack/wsgi.py:551}}
Aug 18 16:07:27 devstack devstack@n-api.service[68831]: INFO nova.api.openstack.requestlog [None req-7048dceb-4146-4cf0-a141-450262af1eda admin admin] 192.168.122.182 "GET /compute/v2.1/flavors/detail?is_public=True" status: 200 len: 15 microversion: 2.61 time: 0.687990
Aug 18 16:07:27 devstack devstack@n-api.service[68831]: [pid: 68831|app: 0|req: 1/3] 192.168.122.182 () {60 vars in 1296 bytes} [Tue Aug 18 16:07:26 2026] GET /compute/v2.1/flavors/detail?is_public=True => generated 15 bytes in 696 msecs (HTTP/1.1 200) 9 headers in 358 bytes (1 switches on core 0)
Aug 18 16:07:30 devstack devstack@n-api.service[68830]: DEBUG nova.api.openstack.wsgi [None req-01702b39-7a43-45a7-a20c-d0b8edb1ef71 None None] Calling method '>' {{(pid=68830) _process_stack /opt/stack/nova/nova/api/openstack/wsgi.py:551}}
Aug 18 16:07:30 devstack devstack@n-api.service[68830]: INFO nova.api.openstack.requestlog [None req-01702b39-7a43-45a7-a20c-d0b8edb1ef71 None None] 192.168.122.182 "GET /compute/v2.1" status: 200 len: 393 microversion: 2.1 time: 0.009239
Aug 18 16:07:30 devstack devstack@n-api.service[68830]: [pid: 68830|app: 0|req: 3/4] 192.168.122.182 () {54 vars in 935 bytes} [Tue Aug 18 16:07:30 2026] GET /compute/v2.1 => generated 393 bytes in 10 msecs (HTTP/1.1 200) 9 headers in 357 bytes (1 switches on core 0)
Aug 18 16:07:30 devstack devstack@n-api.service[68831]: DEBUG nova.api.openstack.wsgi [None req-f3f888d5-ab6b-489b-8a80-1ef22bf6f09e admin admin] Action: 'create', calling method: >, body: {"flavor": {"os-flavor-access:is_public": true, "disk": 1, "swap": 0, "id": "c1", "name": "cirros256", "ram": 256, "vcpus": 1, "OS-FLV-EXT-DATA:ephemeral": 0}} {{(pid=68831) _process_stack /opt/stack/nova/nova/api/openstack/wsgi.py:549}}
Aug 18 16:07:30 devstack devstack@n-api.service[68831]: INFO nova.api.openstack.requestlog [None req-f3f888d5-ab6b-489b-8a80-1ef22bf6f09e admin admin] 192.168.122.182 "POST /compute/v2.1/flavors" status: 200 len: 415 microversion: 2.61 time: 0.200568
Aug 18 16:07:30 devstack devstack@n-api.service[68831]: [pid: 68831|app: 0|req: 2/5] 192.168.122.182 () {64 vars in 1287 bytes} [Tue Aug 18 16:07:30 2026] POST /compute/v2.1/flavors => generated 415 bytes in 203 msecs (HTTP/1.1 200) 9 headers in 359 bytes (1 switches on core 0)
Aug 18 16:07:30 devstack devstack@n-api.service[68830]: DEBUG oslo_concurrency.lockutils [None req-05e70efb-5f71-4564-89c9-dda7c3544d0b admin admin] Acquiring lock "nova-policy-init" {{(pid=68830) lock /opt/stack/data/venv/lib/python3.12/site-packages/oslo_concurrency/lockutils.py:396}}
Aug 18 16:07:30 devstack devstack@n-api.service[68830]: DEBUG oslo_concurrency.lockutils [None req-05e70efb-5f71-4564-89c9-dda7c3544d0b admin admin] Acquired lock "nova-policy-init" {{(pid=68830) lock /opt/stack/data/venv/lib/python3.12/site-packages/oslo_concurrency/lockutils.py:399}}
Aug 18 16:07:30 devstack devstack@n-api.service[68830]: DEBUG oslo_concurrency.lockutils [None req-05e70efb-5f71-4564-89c9-dda7c3544d0b admin admin] Releasing lock "nova-policy-init" {{(pid=68830) lock /opt/stack/data/venv/lib/python3.12/site-packages/oslo_concurrency/lockutils.py:419}}
Aug 18 16:07:30 devstack devstack@n-api.service[68830]: DEBUG nova.api.openstack.wsgi [None req-05e70efb-5f71-4564-89c9-dda7c3544d0b admin admin] Action: 'create', calling method: >, body: {"extra_specs": {"hw_rng:allowed": "True"}} {{(pid=68830) _process_stack /opt/stack/nova/nova/api/openstack/wsgi.py:549}}
Aug 18 16:07:31 devstack devstack@n-api.service[68830]: INFO nova.api.openstack.requestlog [None req-05e70efb-5f71-4564-89c9-dda7c3544d0b admin admin] 192.168.122.182 "POST /compute/v2.1/flavors/c1/os-extra_specs" status: 200 len: 43 microversion: 2.61 time: 0.389776
Aug 18 16:07:31 devstack devstack@n-api.service[68830]: [pid: 68830|app: 0|req: 4/6] 192.168.122.182 () {64 vars in 1340 bytes} [Tue Aug 18 16:07:30 2026] POST /compute/v2.1/flavors/c1/os-extra_specs => generated 43 bytes in 391 msecs (HTTP/1.1 200) 9 headers in 358 bytes (1 switches on core 0)
Aug 18 16:07:34 devstack devstack@n-api.service[68831]: DEBUG nova.api.openstack.wsgi [None req-f3f888d5-ab6b-489b-8a80-1ef22bf6f09e admin admin] Calling method '>' {{(pid=68831) _process_stack /opt/stack/nova/nova/api/openstack/wsgi.py:551}}
Aug 18 16:07:34 devstack devstack@n-api.service[68831]: INFO nova.api.openstack.requestlog [None req-f3f888d5-ab6b-489b-8a80-1ef22bf6f09e admin admin] 192.168.122.182 "GET /compute/v2.1" status: 200 len: 393 microversion: 2.1 time: 0.012408
Aug 18 16:07:34 devstack devstack@n-api.service[68831]: [pid: 68831|app: 0|req: 3/7] 192.168.122.182 () {54 vars in 935 bytes} [Tue Aug 18 16:07:34 2026] GET /compute/v2.1 => generated 393 bytes in 16 msecs (HTTP/1.1 200) 9 headers in 357 bytes (1 switches on core 0)
Aug 18 16:07:34 devstack devstack@n-api.service[68830]: DEBUG nova.api.openstack.wsgi [None req-bc672288-dbc5-4296-9302-1a9c9839a8af admin admin] Action: 'create', calling method: >, body: {"flavor": {"os-flavor-access:is_public": true, "swap": 0, "ram": 512, "OS-FLV-EXT-DATA:ephemeral": 0, "vcpus": 1, "name": "ds512M", "id": "d1", "disk": 5}} {{(pid=68830) _process_stack /opt/stack/nova/nova/api/openstack/wsgi.py:549}}
Aug 18 16:07:34 devstack devstack@n-api.service[68830]: INFO nova.api.openstack.requestlog [None req-bc672288-dbc5-4296-9302-1a9c9839a8af admin admin] 192.168.122.182 "POST /compute/v2.1/flavors" status: 200 len: 412 microversion: 2.61 time: 0.287465
Aug 18 16:07:34 devstack devstack@n-api.service[68830]: [pid: 68830|app: 0|req: 5/8] 192.168.122.182 () {64 vars in 1287 bytes} [Tue Aug 18 16:07:34 2026] POST /compute/v2.1/flavors => generated 412 bytes in 289 msecs (HTTP/1.1 200) 9 headers in 359 bytes (1 switches on core 0)
Aug 18 16:07:34 devstack devstack@n-api.service[68831]: DEBUG nova.api.openstack.wsgi [None req-89bb0122-7c38-451e-9cf9-c92def1fba4e admin admin] Action: 'create', calling method: >, body: {"extra_specs": {"hw_rng:allowed": "True"}} {{(pid=68831) _process_stack /opt/stack/nova/nova/api/openstack/wsgi.py:549}}
Aug 18 16:07:34 devstack devstack@n-api.service[68831]: INFO nova.api.openstack.requestlog [None req-89bb0122-7c38-451e-9cf9-c92def1fba4e admin admin] 192.168.122.182 "POST /compute/v2.1/flavors/d1/os-extra_specs" status: 200 len: 43 microversion: 2.61 time: 0.074508
Aug 18 16:07:34 devstack devstack@n-api.service[68831]: [pid: 68831|app: 0|req: 4/9] 192.168.122.182 () {64 vars in 1340 bytes} [Tue Aug 18 16:07:34 2026] POST /compute/v2.1/flavors/d1/os-extra_specs => generated 43 bytes in 77 msecs (HTTP/1.1 200) 9 headers in 358 bytes (1 switches on core 0)
Aug 18 16:07:38 devstack devstack@n-api.service[68830]: DEBUG nova.api.openstack.wsgi [None req-bc672288-dbc5-4296-9302-1a9c9839a8af admin admin] Calling method '>' {{(pid=68830) _process_stack /opt/stack/nova/nova/api/openstack/wsgi.py:551}}
Aug 18 16:07:38 devstack devstack@n-api.service[68830]: INFO nova.api.openstack.requestlog [None req-bc672288-dbc5-4296-9302-1a9c9839a8af admin admin] 192.168.122.182 "GET /compute/v2.1" status: 200 len: 393 microversion: 2.1 time: 0.005535
Aug 18 16:07:38 devstack devstack@n-api.service[68830]: [pid: 68830|app: 0|req: 6/10] 192.168.122.182 () {54 vars in 935 bytes} [Tue Aug 18 16:07:38 2026] GET /compute/v2.1 => generated 393 bytes in 6 msecs (HTTP/1.1 200) 9 headers in 357 bytes (1 switches on core 0)
Aug 18 16:07:38 devstack devstack@n-api.service[68831]: DEBUG nova.api.openstack.wsgi [None req-46d8d05a-509b-4abd-8297-13476c3fedae admin admin] Action: 'create', calling method: >, body: {"flavor": {"ram": 1024, "OS-FLV-EXT-DATA:ephemeral": 0, "vcpus": 1, "os-flavor-access:is_public": true, "disk": 10, "name": "ds1G", "id": "d2", "swap": 0}} {{(pid=68831) _process_stack /opt/stack/nova/nova/api/openstack/wsgi.py:549}}
Aug 18 16:07:38 devstack devstack@n-api.service[68831]: INFO nova.api.openstack.requestlog [None req-46d8d05a-509b-4abd-8297-13476c3fedae admin admin] 192.168.122.182 "POST /compute/v2.1/flavors" status: 200 len: 412 microversion: 2.61 time: 0.160673
Aug 18 16:07:38 devstack devstack@n-api.service[68831]: [pid: 68831|app: 0|req: 5/11] 192.168.122.182 () {64 vars in 1287 bytes} [Tue Aug 18 16:07:38 2026] POST /compute/v2.1/flavors => generated 412 bytes in 163 msecs (HTTP/1.1 200) 9 headers in 359 bytes (1 switches on core 0)
Aug 18 16:07:38 devstack devstack@n-api.service[68830]: DEBUG nova.api.openstack.wsgi [None req-768672fd-a7a5-4540-9817-5bd1cb1071be admin admin] Action: 'create', calling method: >, body: {"extra_specs": {"hw_rng:allowed": "True"}} {{(pid=68830) _process_stack /opt/stack/nova/nova/api/openstack/wsgi.py:549}}
Aug 18 16:07:38 devstack devstack@n-api.service[68830]: INFO nova.api.openstack.requestlog [None req-768672fd-a7a5-4540-9817-5bd1cb1071be admin admin] 192.168.122.182 "POST /compute/v2.1/flavors/d2/os-extra_specs" status: 200 len: 43 microversion: 2.61 time: 0.051148
Aug 18 16:07:38 devstack devstack@n-api.service[68830]: [pid: 68830|app: 0|req: 7/12] 192.168.122.182 () {64 vars in 1340 bytes} [Tue Aug 18 16:07:38 2026] POST /compute/v2.1/flavors/d2/os-extra_specs => generated 43 bytes in 52 msecs (HTTP/1.1 200) 9 headers in 358 bytes (1 switches on core 0)
Aug 18 16:07:41 devstack devstack@n-api.service[68831]: DEBUG nova.api.openstack.wsgi [None req-46d8d05a-509b-4abd-8297-13476c3fedae admin admin] Calling method '>' {{(pid=68831) _process_stack /opt/stack/nova/nova/api/openstack/wsgi.py:551}}
Aug 18 16:07:41 devstack devstack@n-api.service[68831]: INFO nova.api.openstack.requestlog [None req-46d8d05a-509b-4abd-8297-13476c3fedae admin admin] 192.168.122.182 "GET /compute/v2.1" status: 200 len: 393 microversion: 2.1 time: 0.005169
Aug 18 16:07:41 devstack devstack@n-api.service[68831]: [pid: 68831|app: 0|req: 6/13] 192.168.122.182 () {54 vars in 935 bytes} [Tue Aug 18 16:07:41 2026] GET /compute/v2.1 => generated 393 bytes in 6 msecs (HTTP/1.1 200) 9 headers in 357 bytes (1 switches on core 0)
Aug 18 16:07:41 devstack devstack@n-api.service[68830]: DEBUG nova.api.openstack.wsgi [None req-2f614317-1ff3-499a-af76-198bbe7302fd admin admin] Action: 'create', calling method: >, body: {"flavor": {"ram": 2048, "disk": 10, "id": "d3", "swap": 0, "name": "ds2G", "OS-FLV-EXT-DATA:ephemeral": 0, "vcpus": 2, "os-flavor-access:is_public": true}} {{(pid=68830) _process_stack /opt/stack/nova/nova/api/openstack/wsgi.py:549}}
Aug 18 16:07:41 devstack devstack@n-api.service[68830]: INFO nova.api.openstack.requestlog [None req-2f614317-1ff3-499a-af76-198bbe7302fd admin admin] 192.168.122.182 "POST /compute/v2.1/flavors" status: 200 len: 412 microversion: 2.61 time: 0.256119
Aug 18 16:07:41 devstack devstack@n-api.service[68830]: [pid: 68830|app: 0|req: 8/14] 192.168.122.182 () {64 vars in 1287 bytes} [Tue Aug 18 16:07:41 2026] POST /compute/v2.1/flavors => generated 412 bytes in 261 msecs (HTTP/1.1 200) 9 headers in 359 bytes (2 switches on core 0)
Aug 18 16:07:41 devstack devstack@n-api.service[68831]: DEBUG nova.api.openstack.wsgi [None req-aa89833a-8e34-4e37-85ba-7e430e0f6fad admin admin] Action: 'create', calling method: >, body: {"extra_specs": {"hw_rng:allowed": "True"}} {{(pid=68831) _process_stack /opt/stack/nova/nova/api/openstack/wsgi.py:549}}
Aug 18 16:07:41 devstack devstack@n-api.service[68831]: INFO nova.api.openstack.requestlog [None req-aa89833a-8e34-4e37-85ba-7e430e0f6fad admin admin] 192.168.122.182 "POST /compute/v2.1/flavors/d3/os-extra_specs" status: 200 len: 43 microversion: 2.61 time: 0.072281
Aug 18 16:07:41 devstack devstack@n-api.service[68831]: [pid: 68831|app: 0|req: 7/15] 192.168.122.182 () {64 vars in 1340 bytes} [Tue Aug 18 16:07:41 2026] POST /compute/v2.1/flavors/d3/os-extra_specs => generated 43 bytes in 76 msecs (HTTP/1.1 200) 9 headers in 358 bytes (2 switches on core 0)
Aug 18 16:07:45 devstack devstack@n-api.service[68830]: DEBUG nova.api.openstack.wsgi [None req-2f614317-1ff3-499a-af76-198bbe7302fd admin admin] Calling method '>' {{(pid=68830) _process_stack /opt/stack/nova/nova/api/openstack/wsgi.py:551}}
Aug 18 16:07:45 devstack devstack@n-api.service[68830]: INFO nova.api.openstack.requestlog [None req-2f614317-1ff3-499a-af76-198bbe7302fd admin admin] 192.168.122.182 "GET /compute/v2.1" status: 200 len: 393 microversion: 2.1 time: 0.008247
Aug 18 16:07:45 devstack devstack@n-api.service[68830]: [pid: 68830|app: 0|req: 9/16] 192.168.122.182 () {54 vars in 935 bytes} [Tue Aug 18 16:07:45 2026] GET /compute/v2.1 => generated 393 bytes in 9 msecs (HTTP/1.1 200) 9 headers in 357 bytes (2 switches on core 0)
Aug 18 16:07:45 devstack devstack@n-api.service[68831]: DEBUG nova.api.openstack.wsgi [None req-22d6a030-0292-4774-84d0-78f9259ed5be admin admin] Action: 'create', calling method: >, body: {"flavor": {"os-flavor-access:is_public": true, "name": "ds4G", "vcpus": 4, "ram": 4096, "OS-FLV-EXT-DATA:ephemeral": 0, "swap": 0, "id": "d4", "disk": 20}} {{(pid=68831) _process_stack /opt/stack/nova/nova/api/openstack/wsgi.py:549}}
Aug 18 16:07:45 devstack devstack@n-api.service[68831]: INFO nova.api.openstack.requestlog [None req-22d6a030-0292-4774-84d0-78f9259ed5be admin admin] 192.168.122.182 "POST /compute/v2.1/flavors" status: 200 len: 412 microversion: 2.61 time: 0.117776
Aug 18 16:07:45 devstack devstack@n-api.service[68831]: [pid: 68831|app: 0|req: 8/17] 192.168.122.182 () {64 vars in 1287 bytes} [Tue Aug 18 16:07:45 2026] POST /compute/v2.1/flavors => generated 412 bytes in 119 msecs (HTTP/1.1 200) 9 headers in 359 bytes (1 switches on core 0)
Aug 18 16:07:45 devstack devstack@n-api.service[68830]: DEBUG nova.api.openstack.wsgi [None req-fb530d58-cef2-4e7a-984d-99edb9a5231f admin admin] Action: 'create', calling method: >, body: {"extra_specs": {"hw_rng:allowed": "True"}} {{(pid=68830) _process_stack /opt/stack/nova/nova/api/openstack/wsgi.py:549}}
Aug 18 16:07:45 devstack devstack@n-api.service[68830]: INFO nova.api.openstack.requestlog [None req-fb530d58-cef2-4e7a-984d-99edb9a5231f admin admin] 192.168.122.182 "POST /compute/v2.1/flavors/d4/os-extra_specs" status: 200 len: 43 microversion: 2.61 time: 0.046308
Aug 18 16:07:45 devstack devstack@n-api.service[68830]: [pid: 68830|app: 0|req: 10/18] 192.168.122.182 () {64 vars in 1340 bytes} [Tue Aug 18 16:07:45 2026] POST /compute/v2.1/flavors/d4/os-extra_specs => generated 43 bytes in 48 msecs (HTTP/1.1 200) 9 headers in 358 bytes (1 switches on core 0)
Aug 18 16:07:48 devstack devstack@n-api.service[68831]: DEBUG nova.api.openstack.wsgi [None req-22d6a030-0292-4774-84d0-78f9259ed5be admin admin] Calling method '>' {{(pid=68831) _process_stack /opt/stack/nova/nova/api/openstack/wsgi.py:551}}
Aug 18 16:07:48 devstack devstack@n-api.service[68831]: INFO nova.api.openstack.requestlog [None req-22d6a030-0292-4774-84d0-78f9259ed5be admin admin] 192.168.122.182 "GET /compute/v2.1" status: 200 len: 393 microversion: 2.1 time: 0.006271
Aug 18 16:07:48 devstack devstack@n-api.service[68831]: [pid: 68831|app: 0|req: 9/19] 192.168.122.182 () {54 vars in 935 bytes} [Tue Aug 18 16:07:48 2026] GET /compute/v2.1 => generated 393 bytes in 11 msecs (HTTP/1.1 200) 9 headers in 357 bytes (1 switches on core 0)
Aug 18 16:07:48 devstack devstack@n-api.service[68830]: DEBUG nova.api.openstack.wsgi [None req-9f7e0787-c5aa-4cbe-b6f4-51a9f969ff66 admin admin] Calling method '>' {{(pid=68830) _process_stack /opt/stack/nova/nova/api/openstack/wsgi.py:551}}
Aug 18 16:07:48 devstack devstack@n-api.service[68830]: INFO nova.api.openstack.requestlog [None req-9f7e0787-c5aa-4cbe-b6f4-51a9f969ff66 admin admin] 192.168.122.182 "GET /compute/v2.1/flavors/detail?is_public=True" status: 200 len: 2146 microversion: 2.61 time: 0.120207
Aug 18 16:07:48 devstack devstack@n-api.service[68830]: [pid: 68830|app: 0|req: 11/20] 192.168.122.182 () {60 vars in 1296 bytes} [Tue Aug 18 16:07:48 2026] GET /compute/v2.1/flavors/detail?is_public=True => generated 2146 bytes in 122 msecs (HTTP/1.1 200) 9 headers in 360 bytes (1 switches on core 0)
Aug 18 16:07:51 devstack devstack@n-api.service[68831]: DEBUG nova.api.openstack.wsgi [None req-22d6a030-0292-4774-84d0-78f9259ed5be admin admin] Calling method '>' {{(pid=68831) _process_stack /opt/stack/nova/nova/api/openstack/wsgi.py:551}}
Aug 18 16:07:51 devstack devstack@n-api.service[68831]: INFO nova.api.openstack.requestlog [None req-22d6a030-0292-4774-84d0-78f9259ed5be admin admin] 192.168.122.182 "GET /compute/v2.1" status: 200 len: 393 microversion: 2.1 time: 0.005948
Aug 18 16:07:51 devstack devstack@n-api.service[68831]: [pid: 68831|app: 0|req: 10/21] 192.168.122.182 () {54 vars in 935 bytes} [Tue Aug 18 16:07:51 2026] GET /compute/v2.1 => generated 393 bytes in 7 msecs (HTTP/1.1 200) 9 headers in 357 bytes (1 switches on core 0)
Aug 18 16:07:51 devstack devstack@n-api.service[68830]: DEBUG nova.api.openstack.wsgi [None req-51957ad7-bfef-4a8f-b4f2-ec2199f5b6f5 admin admin] Action: 'create', calling method: >, body: {"flavor": {"OS-FLV-EXT-DATA:ephemeral": 0, "disk": 1, "ram": 512, "id": "1", "os-flavor-access:is_public": true, "swap": 0, "vcpus": 1, "name": "m1.tiny"}} {{(pid=68830) _process_stack /opt/stack/nova/nova/api/openstack/wsgi.py:549}}
Aug 18 16:07:51 devstack devstack@n-api.service[68830]: INFO nova.api.openstack.requestlog [None req-51957ad7-bfef-4a8f-b4f2-ec2199f5b6f5 admin admin] 192.168.122.182 "POST /compute/v2.1/flavors" status: 200 len: 410 microversion: 2.61 time: 0.084714
Aug 18 16:07:51 devstack devstack@n-api.service[68830]: [pid: 68830|app: 0|req: 12/22] 192.168.122.182 () {64 vars in 1287 bytes} [Tue Aug 18 16:07:51 2026] POST /compute/v2.1/flavors => generated 410 bytes in 86 msecs (HTTP/1.1 200) 9 headers in 359 bytes (1 switches on core 0)
Aug 18 16:07:51 devstack devstack@n-api.service[68831]: DEBUG nova.api.openstack.wsgi [None req-0f7b22af-1298-4b40-87c5-4b9f66304263 admin admin] Action: 'create', calling method: >, body: {"extra_specs": {"hw_rng:allowed": "True"}} {{(pid=68831) _process_stack /opt/stack/nova/nova/api/openstack/wsgi.py:549}}
Aug 18 16:07:51 devstack devstack@n-api.service[68831]: INFO nova.api.openstack.requestlog [None req-0f7b22af-1298-4b40-87c5-4b9f66304263 admin admin] 192.168.122.182 "POST /compute/v2.1/flavors/1/os-extra_specs" status: 200 len: 43 microversion: 2.61 time: 0.036570
Aug 18 16:07:51 devstack devstack@n-api.service[68831]: [pid: 68831|app: 0|req: 11/23] 192.168.122.182 () {64 vars in 1337 bytes} [Tue Aug 18 16:07:51 2026] POST /compute/v2.1/flavors/1/os-extra_specs => generated 43 bytes in 38 msecs (HTTP/1.1 200) 9 headers in 358 bytes (1 switches on core 0)
Aug 18 16:07:55 devstack devstack@n-api.service[68830]: DEBUG nova.api.openstack.wsgi [None req-51957ad7-bfef-4a8f-b4f2-ec2199f5b6f5 admin admin] Calling method '>' {{(pid=68830) _process_stack /opt/stack/nova/nova/api/openstack/wsgi.py:551}}
Aug 18 16:07:55 devstack devstack@n-api.service[68830]: INFO nova.api.openstack.requestlog [None req-51957ad7-bfef-4a8f-b4f2-ec2199f5b6f5 admin admin] 192.168.122.182 "GET /compute/v2.1" status: 200 len: 393 microversion: 2.1 time: 0.004813
Aug 18 16:07:55 devstack devstack@n-api.service[68830]: [pid: 68830|app: 0|req: 13/24] 192.168.122.182 () {54 vars in 935 bytes} [Tue Aug 18 16:07:55 2026] GET /compute/v2.1 => generated 393 bytes in 6 msecs (HTTP/1.1 200) 9 headers in 357 bytes (1 switches on core 0)
Aug 18 16:07:55 devstack devstack@n-api.service[68831]: DEBUG nova.api.openstack.wsgi [None req-a50121b1-47a6-49da-a5e3-fecc37176dc5 admin admin] Action: 'create', calling method: >, body: {"flavor": {"OS-FLV-EXT-DATA:ephemeral": 0, "vcpus": 1, "name": "m1.small", "ram": 2048, "os-flavor-access:is_public": true, "swap": 0, "id": "2", "disk": 20}} {{(pid=68831) _process_stack /opt/stack/nova/nova/api/openstack/wsgi.py:549}}
Aug 18 16:07:55 devstack devstack@n-api.service[68831]: INFO nova.api.openstack.requestlog [None req-a50121b1-47a6-49da-a5e3-fecc37176dc5 admin admin] 192.168.122.182 "POST /compute/v2.1/flavors" status: 200 len: 413 microversion: 2.61 time: 0.103261
Aug 18 16:07:55 devstack devstack@n-api.service[68831]: [pid: 68831|app: 0|req: 12/25] 192.168.122.182 () {64 vars in 1287 bytes} [Tue Aug 18 16:07:55 2026] POST /compute/v2.1/flavors => generated 413 bytes in 104 msecs (HTTP/1.1 200) 9 headers in 359 bytes (1 switches on core 0)
Aug 18 16:07:55 devstack devstack@n-api.service[68830]: DEBUG nova.api.openstack.wsgi [None req-dd73afcb-ffb0-499c-ae40-26b2c7b5002f admin admin] Action: 'create', calling method: >, body: {"extra_specs": {"hw_rng:allowed": "True"}} {{(pid=68830) _process_stack /opt/stack/nova/nova/api/openstack/wsgi.py:549}}
Aug 18 16:07:55 devstack devstack@n-api.service[68830]: INFO nova.api.openstack.requestlog [None req-dd73afcb-ffb0-499c-ae40-26b2c7b5002f admin admin] 192.168.122.182 "POST /compute/v2.1/flavors/2/os-extra_specs" status: 200 len: 43 microversion: 2.61 time: 0.038386
Aug 18 16:07:55 devstack devstack@n-api.service[68830]: [pid: 68830|app: 0|req: 14/26] 192.168.122.182 () {64 vars in 1337 bytes} [Tue Aug 18 16:07:55 2026] POST /compute/v2.1/flavors/2/os-extra_specs => generated 43 bytes in 39 msecs (HTTP/1.1 200) 9 headers in 358 bytes (1 switches on core 0)
Aug 18 16:07:58 devstack devstack@n-api.service[68831]: DEBUG nova.api.openstack.wsgi [None req-a50121b1-47a6-49da-a5e3-fecc37176dc5 admin admin] Calling method '>' {{(pid=68831) _process_stack /opt/stack/nova/nova/api/openstack/wsgi.py:551}}
Aug 18 16:07:58 devstack devstack@n-api.service[68831]: INFO nova.api.openstack.requestlog [None req-a50121b1-47a6-49da-a5e3-fecc37176dc5 admin admin] 192.168.122.182 "GET /compute/v2.1" status: 200 len: 393 microversion: 2.1 time: 0.005578
Aug 18 16:07:58 devstack devstack@n-api.service[68831]: [pid: 68831|app: 0|req: 13/27] 192.168.122.182 () {54 vars in 935 bytes} [Tue Aug 18 16:07:58 2026] GET /compute/v2.1 => generated 393 bytes in 6 msecs (HTTP/1.1 200) 9 headers in 357 bytes (1 switches on core 0)
Aug 18 16:07:58 devstack devstack@n-api.service[68830]: DEBUG nova.api.openstack.wsgi [None req-a21e488d-1081-41e5-b09b-3442381f37c8 admin admin] Action: 'create', calling method: >, body: {"flavor": {"swap": 0, "vcpus": 2, "OS-FLV-EXT-DATA:ephemeral": 0, "id": "3", "os-flavor-access:is_public": true, "name": "m1.medium", "ram": 4096, "disk": 40}} {{(pid=68830) _process_stack /opt/stack/nova/nova/api/openstack/wsgi.py:549}}
Aug 18 16:07:58 devstack devstack@n-api.service[68830]: INFO nova.api.openstack.requestlog [None req-a21e488d-1081-41e5-b09b-3442381f37c8 admin admin] 192.168.122.182 "POST /compute/v2.1/flavors" status: 200 len: 414 microversion: 2.61 time: 0.082530
Aug 18 16:07:58 devstack devstack@n-api.service[68830]: [pid: 68830|app: 0|req: 15/28] 192.168.122.182 () {64 vars in 1287 bytes} [Tue Aug 18 16:07:58 2026] POST /compute/v2.1/flavors => generated 414 bytes in 84 msecs (HTTP/1.1 200) 9 headers in 359 bytes (1 switches on core 0)
Aug 18 16:07:58 devstack devstack@n-api.service[68831]: DEBUG nova.api.openstack.wsgi [None req-290c6c7c-adff-4f05-83e1-616c3fed7eca admin admin] Action: 'create', calling method: >, body: {"extra_specs": {"hw_rng:allowed": "True"}} {{(pid=68831) _process_stack /opt/stack/nova/nova/api/openstack/wsgi.py:549}}
Aug 18 16:07:58 devstack devstack@n-api.service[68831]: INFO nova.api.openstack.requestlog [None req-290c6c7c-adff-4f05-83e1-616c3fed7eca admin admin] 192.168.122.182 "POST /compute/v2.1/flavors/3/os-extra_specs" status: 200 len: 43 microversion: 2.61 time: 0.039030
Aug 18 16:07:58 devstack devstack@n-api.service[68831]: [pid: 68831|app: 0|req: 14/29] 192.168.122.182 () {64 vars in 1337 bytes} [Tue Aug 18 16:07:58 2026] POST /compute/v2.1/flavors/3/os-extra_specs => generated 43 bytes in 40 msecs (HTTP/1.1 200) 9 headers in 358 bytes (1 switches on core 0)
Aug 18 16:08:01 devstack devstack@n-api.service[68830]: DEBUG nova.api.openstack.wsgi [None req-a21e488d-1081-41e5-b09b-3442381f37c8 admin admin] Calling method '>' {{(pid=68830) _process_stack /opt/stack/nova/nova/api/openstack/wsgi.py:551}}
Aug 18 16:08:01 devstack devstack@n-api.service[68830]: INFO nova.api.openstack.requestlog [None req-a21e488d-1081-41e5-b09b-3442381f37c8 admin admin] 192.168.122.182 "GET /compute/v2.1" status: 200 len: 393 microversion: 2.1 time: 0.006216
Aug 18 16:08:01 devstack devstack@n-api.service[68830]: [pid: 68830|app: 0|req: 16/30] 192.168.122.182 () {54 vars in 935 bytes} [Tue Aug 18 16:08:01 2026] GET /compute/v2.1 => generated 393 bytes in 7 msecs (HTTP/1.1 200) 9 headers in 357 bytes (1 switches on core 0)
Aug 18 16:08:01 devstack devstack@n-api.service[68831]: DEBUG nova.api.openstack.wsgi [None req-54f5747f-3b29-4dfa-94c9-243af53af015 admin admin] Action: 'create', calling method: >, body: {"flavor": {"os-flavor-access:is_public": true, "vcpus": 4, "swap": 0, "ram": 8192, "disk": 80, "id": "4", "OS-FLV-EXT-DATA:ephemeral": 0, "name": "m1.large"}} {{(pid=68831) _process_stack /opt/stack/nova/nova/api/openstack/wsgi.py:549}}
