Feb 19 09:20:28 devstack devstack@c-api.service[81539]: DEBUG cinder.api.openstack.wsgi [None req-75d06878-05b4-4090-a43c-1fdf5f5b34fc tempest-GroupSnapshotsTest-1705296921 tempest-GroupSnapshotsTest-1705296921-project-member] Calling method 'version_select' {{(pid=81539) _process_stack /opt/stack/cinder/cinder/api/openstack/wsgi.py:878}}
Feb 19 09:20:28 devstack devstack@c-api.service[81539]: DEBUG cinder.api.v3.groups [None req-75d06878-05b4-4090-a43c-1fdf5f5b34fc tempest-GroupSnapshotsTest-1705296921 tempest-GroupSnapshotsTest-1705296921-project-member] show called for member 72738a77-3251-41c2-9b6d-3cfb1d6dae34 {{(pid=81539) show /opt/stack/cinder/cinder/api/v3/groups.py:58}}
Feb 19 09:20:28 devstack devstack@c-api.service[81539]: /opt/stack/data/venv/lib/python3.10/site-packages/oslo_context/context.py:101: DeprecationWarning: Policy enforcement is depending on the value of is_admin. This key is deprecated. Please update your policy file to use the standard policy values.
Feb 19 09:20:28 devstack devstack@c-api.service[81539]: warnings.warn(
Feb 19 09:20:28 devstack devstack@c-api.service[81539]: INFO cinder.api.openstack.wsgi [None req-75d06878-05b4-4090-a43c-1fdf5f5b34fc tempest-GroupSnapshotsTest-1705296921 tempest-GroupSnapshotsTest-1705296921-project-member] http://192.168.122.142/volume/v3/groups/72738a77-3251-41c2-9b6d-3cfb1d6dae34 returned with HTTP 200
Feb 19 09:20:28 devstack devstack@c-api.service[81539]: [pid: 81539|app: 0|req: 131/293] 192.168.122.142 () {64 vars in 1369 bytes} [Thu Feb 19 09:20:28 2026] GET /volume/v3/groups/72738a77-3251-41c2-9b6d-3cfb1d6dae34 => generated 392 bytes in 34 msecs (HTTP/1.1 200) 7 headers in 286 bytes (1 switches on core 0)
Feb 19 09:20:29 devstack devstack@c-api.service[81538]: DEBUG cinder.api.middleware.request_id [None req-32a40db0-3ef5-4956-b3cf-1a06605ec904 None None] RequestId filter calling following filter/app {{(pid=81538) _context_setter /opt/stack/cinder/cinder/api/middleware/request_id.py:62}}
Feb 19 09:20:29 devstack devstack@c-api.service[81538]: INFO cinder.api.openstack.wsgi [None req-32a40db0-3ef5-4956-b3cf-1a06605ec904 tempest-GroupSnapshotsTest-1705296921 tempest-GroupSnapshotsTest-1705296921-project-member] GET http://192.168.122.142/volume/v3/groups/72738a77-3251-41c2-9b6d-3cfb1d6dae34
Feb 19 09:20:29 devstack devstack@c-api.service[81538]: DEBUG cinder.api.openstack.wsgi [None req-32a40db0-3ef5-4956-b3cf-1a06605ec904 tempest-GroupSnapshotsTest-1705296921 tempest-GroupSnapshotsTest-1705296921-project-member] Empty body provided in request {{(pid=81538) get_body /opt/stack/cinder/cinder/api/openstack/wsgi.py:725}}
Feb 19 09:20:29 devstack devstack@c-api.service[81538]: DEBUG cinder.api.openstack.wsgi [None req-32a40db0-3ef5-4956-b3cf-1a06605ec904 tempest-GroupSnapshotsTest-1705296921 tempest-GroupSnapshotsTest-1705296921-project-member] Calling method 'version_select' {{(pid=81538) _process_stack /opt/stack/cinder/cinder/api/openstack/wsgi.py:878}}
Feb 19 09:20:29 devstack devstack@c-api.service[81538]: DEBUG cinder.api.v3.groups [None req-32a40db0-3ef5-4956-b3cf-1a06605ec904 tempest-GroupSnapshotsTest-1705296921 tempest-GroupSnapshotsTest-1705296921-project-member] show called for member 72738a77-3251-41c2-9b6d-3cfb1d6dae34 {{(pid=81538) show /opt/stack/cinder/cinder/api/v3/groups.py:58}}
Feb 19 09:20:29 devstack devstack@c-api.service[81538]: /opt/stack/data/venv/lib/python3.10/site-packages/oslo_context/context.py:101: DeprecationWarning: Policy enforcement is depending on the value of is_admin. This key is deprecated. Please update your policy file to use the standard policy values.
Feb 19 09:20:29 devstack devstack@c-api.service[81538]: warnings.warn(
Feb 19 09:20:29 devstack devstack@c-api.service[81538]: INFO cinder.api.openstack.wsgi [None req-32a40db0-3ef5-4956-b3cf-1a06605ec904 tempest-GroupSnapshotsTest-1705296921 tempest-GroupSnapshotsTest-1705296921-project-member] http://192.168.122.142/volume/v3/groups/72738a77-3251-41c2-9b6d-3cfb1d6dae34 returned with HTTP 200
Feb 19 09:20:29 devstack devstack@c-api.service[81538]: [pid: 81538|app: 0|req: 163/294] 192.168.122.142 () {64 vars in 1369 bytes} [Thu Feb 19 09:20:29 2026] GET /volume/v3/groups/72738a77-3251-41c2-9b6d-3cfb1d6dae34 => generated 393 bytes in 22 msecs (HTTP/1.1 200) 7 headers in 286 bytes (1 switches on core 0)
Feb 19 09:20:29 devstack devstack@c-api.service[81539]: DEBUG cinder.api.middleware.request_id [None req-fcf9d889-e3a0-46ec-86d6-a78d3f309a14 None None] RequestId filter calling following filter/app {{(pid=81539) _context_setter /opt/stack/cinder/cinder/api/middleware/request_id.py:62}}
Feb 19 09:20:29 devstack devstack@c-api.service[81539]: INFO cinder.api.openstack.wsgi [None req-fcf9d889-e3a0-46ec-86d6-a78d3f309a14 tempest-GroupSnapshotsTest-1705296921 tempest-GroupSnapshotsTest-1705296921-project-member] POST http://192.168.122.142/volume/v3/volumes
Feb 19 09:20:29 devstack devstack@c-api.service[81539]: DEBUG cinder.api.openstack.wsgi [None req-fcf9d889-e3a0-46ec-86d6-a78d3f309a14 tempest-GroupSnapshotsTest-1705296921 tempest-GroupSnapshotsTest-1705296921-project-member] Action: 'create', calling method: create, body: {"volume": {"name": "tempest-volume-825396887", "volume_type": "3fe237fb-7292-4081-9db3-2d0a18c5059f", "group_id": "72738a77-3251-41c2-9b6d-3cfb1d6dae34", "size": 1}} {{(pid=81539) _process_stack /opt/stack/cinder/cinder/api/openstack/wsgi.py:876}}
Feb 19 09:20:29 devstack devstack@c-api.service[81539]: DEBUG cinder.api.v3.volumes [None req-fcf9d889-e3a0-46ec-86d6-a78d3f309a14 tempest-GroupSnapshotsTest-1705296921 tempest-GroupSnapshotsTest-1705296921-project-member] Create volume request body: {'volume': {'name': 'tempest-volume-825396887', 'volume_type': '3fe237fb-7292-4081-9db3-2d0a18c5059f', 'group_id': '72738a77-3251-41c2-9b6d-3cfb1d6dae34', 'size': 1}} {{(pid=81539) create /opt/stack/cinder/cinder/api/v3/volumes.py:368}}
Feb 19 09:20:29 devstack devstack@c-api.service[81539]: /opt/stack/data/venv/lib/python3.10/site-packages/oslo_context/context.py:101: DeprecationWarning: Policy enforcement is depending on the value of is_admin. This key is deprecated. Please update your policy file to use the standard policy values.
Feb 19 09:20:29 devstack devstack@c-api.service[81539]: warnings.warn(
Feb 19 09:20:29 devstack devstack@c-api.service[81539]: INFO cinder.api.v3.volumes [None req-fcf9d889-e3a0-46ec-86d6-a78d3f309a14 tempest-GroupSnapshotsTest-1705296921 tempest-GroupSnapshotsTest-1705296921-project-member] Create volume of 1 GB
Feb 19 09:20:29 devstack devstack@c-api.service[81539]: INFO cinder.volume.api [None req-fcf9d889-e3a0-46ec-86d6-a78d3f309a14 tempest-GroupSnapshotsTest-1705296921 tempest-GroupSnapshotsTest-1705296921-project-member] Availability Zones retrieved successfully.
Feb 19 09:20:29 devstack devstack@c-api.service[81539]: DEBUG cinder.volume.api [None req-fcf9d889-e3a0-46ec-86d6-a78d3f309a14 tempest-GroupSnapshotsTest-1705296921 tempest-GroupSnapshotsTest-1705296921-project-member] Flow 'volume_create_api' (82d3dea1-b282-473b-969f-c4823ef89e16) transitioned into state 'RUNNING' from state 'PENDING' {{(pid=81539) _flow_receiver /opt/stack/data/venv/lib/python3.10/site-packages/taskflow/listeners/logging.py:145}}
Feb 19 09:20:29 devstack devstack@c-api.service[81539]: DEBUG cinder.volume.api [None req-fcf9d889-e3a0-46ec-86d6-a78d3f309a14 tempest-GroupSnapshotsTest-1705296921 tempest-GroupSnapshotsTest-1705296921-project-member] Task 'cinder.volume.flows.api.create_volume.ExtractVolumeRequestTask;volume:create' (47031ae7-8337-40ac-a5b3-93a96ce3f68d) transitioned into state 'RUNNING' from state 'PENDING' {{(pid=81539) _task_receiver /opt/stack/data/venv/lib/python3.10/site-packages/taskflow/listeners/logging.py:194}}
Feb 19 09:20:29 devstack devstack@c-api.service[81539]: /opt/stack/data/venv/lib/python3.10/site-packages/oslo_context/context.py:101: DeprecationWarning: Policy enforcement is depending on the value of is_admin. This key is deprecated. Please update your policy file to use the standard policy values.
Feb 19 09:20:29 devstack devstack@c-api.service[81539]: warnings.warn(
Feb 19 09:20:29 devstack devstack@c-api.service[81539]: DEBUG cinder.volume.flows.api.create_volume [None req-fcf9d889-e3a0-46ec-86d6-a78d3f309a14 tempest-GroupSnapshotsTest-1705296921 tempest-GroupSnapshotsTest-1705296921-project-member] Validating volume size '1' using validate_int {{(pid=81539) _extract_size /opt/stack/cinder/cinder/volume/flows/api/create_volume.py:226}}
Feb 19 09:20:29 devstack devstack@c-api.service[81539]: DEBUG cinder.volume.api [None req-fcf9d889-e3a0-46ec-86d6-a78d3f309a14 tempest-GroupSnapshotsTest-1705296921 tempest-GroupSnapshotsTest-1705296921-project-member] Task 'cinder.volume.flows.api.create_volume.ExtractVolumeRequestTask;volume:create' (47031ae7-8337-40ac-a5b3-93a96ce3f68d) transitioned into state 'SUCCESS' from state 'RUNNING' with result '{'size': 1, 'snapshot_id': None, 'source_volid': None, 'volume_type': VolumeType(created_at=2026-02-19T08:20:28Z,deleted=False,deleted_at=None,description=None,extra_specs={},id=3fe237fb-7292-4081-9db3-2d0a18c5059f,is_public=True,name='tempest-GroupSnapshotsTest-volume-type-1585922306',projects=[],qos_specs=,qos_specs_id=None,updated_at=None), 'volume_type_id': '3fe237fb-7292-4081-9db3-2d0a18c5059f', 'encryption_key_id': None, 'qos_specs': None, 'consistencygroup_id': None, 'cgsnapshot_id': None, 'group_id': '72738a77-3251-41c2-9b6d-3cfb1d6dae34', 'replication_status': 'disabled', 'refresh_az': False, 'backup_id': None, 'multiattach': False, 'availability_zones': ['nova']}' {{(pid=81539) _task_receiver /opt/stack/data/venv/lib/python3.10/site-packages/taskflow/listeners/logging.py:182}}
Feb 19 09:20:29 devstack devstack@c-api.service[81539]: DEBUG cinder.volume.api [None req-fcf9d889-e3a0-46ec-86d6-a78d3f309a14 tempest-GroupSnapshotsTest-1705296921 tempest-GroupSnapshotsTest-1705296921-project-member] Task 'cinder.volume.flows.api.create_volume.QuotaReserveTask;volume:create' (5a179bc9-ccb4-457b-868b-42f1a6b48fcd) transitioned into state 'RUNNING' from state 'PENDING' {{(pid=81539) _task_receiver /opt/stack/data/venv/lib/python3.10/site-packages/taskflow/listeners/logging.py:194}}
Feb 19 09:20:29 devstack devstack@c-api.service[81539]: WARNING cinder.quota [None req-fcf9d889-e3a0-46ec-86d6-a78d3f309a14 tempest-GroupSnapshotsTest-1705296921 tempest-GroupSnapshotsTest-1705296921-project-member] Deprecated: Default quota for resource: volumes_tempest-GroupSnapshotsTest-volume-type-1585922306 is set by the default quota flag: quota_volumes_tempest-GroupSnapshotsTest-volume-type-1585922306, it is now deprecated. Please use the default quota class for default quota.
Feb 19 09:20:29 devstack devstack@c-api.service[81539]: WARNING cinder.quota [None req-fcf9d889-e3a0-46ec-86d6-a78d3f309a14 tempest-GroupSnapshotsTest-1705296921 tempest-GroupSnapshotsTest-1705296921-project-member] Deprecated: Default quota for resource: gigabytes_tempest-GroupSnapshotsTest-volume-type-1585922306 is set by the default quota flag: quota_gigabytes_tempest-GroupSnapshotsTest-volume-type-1585922306, it is now deprecated. Please use the default quota class for default quota.
Feb 19 09:20:29 devstack devstack@c-api.service[81539]: DEBUG cinder.quota [None req-fcf9d889-e3a0-46ec-86d6-a78d3f309a14 tempest-GroupSnapshotsTest-1705296921 tempest-GroupSnapshotsTest-1705296921-project-member] Created reservations ['dc895892-e024-4e8c-8c0e-1a7a4276b34f', '81029240-b466-418d-a189-ebc26df29ad3', '4b5f1c27-5d42-434e-b855-6898198654d7', 'cdba516e-9882-4c5c-be76-454cd2d714aa'] {{(pid=81539) reserve /opt/stack/cinder/cinder/quota.py:752}}
Feb 19 09:20:29 devstack devstack@c-api.service[81539]: DEBUG cinder.volume.api [None req-fcf9d889-e3a0-46ec-86d6-a78d3f309a14 tempest-GroupSnapshotsTest-1705296921 tempest-GroupSnapshotsTest-1705296921-project-member] Task 'cinder.volume.flows.api.create_volume.QuotaReserveTask;volume:create' (5a179bc9-ccb4-457b-868b-42f1a6b48fcd) transitioned into state 'SUCCESS' from state 'RUNNING' with result '{'reservations': ['dc895892-e024-4e8c-8c0e-1a7a4276b34f', '81029240-b466-418d-a189-ebc26df29ad3', '4b5f1c27-5d42-434e-b855-6898198654d7', 'cdba516e-9882-4c5c-be76-454cd2d714aa']}' {{(pid=81539) _task_receiver /opt/stack/data/venv/lib/python3.10/site-packages/taskflow/listeners/logging.py:182}}
Feb 19 09:20:29 devstack devstack@c-api.service[81539]: DEBUG cinder.volume.api [None req-fcf9d889-e3a0-46ec-86d6-a78d3f309a14 tempest-GroupSnapshotsTest-1705296921 tempest-GroupSnapshotsTest-1705296921-project-member] Task 'cinder.volume.flows.api.create_volume.EntryCreateTask;volume:create' (eefad927-6c7a-4905-b849-77f09417cb33) transitioned into state 'RUNNING' from state 'PENDING' {{(pid=81539) _task_receiver /opt/stack/data/venv/lib/python3.10/site-packages/taskflow/listeners/logging.py:194}}
Feb 19 09:20:29 devstack devstack@c-api.service[81539]: DEBUG cinder.volume.api [None req-fcf9d889-e3a0-46ec-86d6-a78d3f309a14 tempest-GroupSnapshotsTest-1705296921 tempest-GroupSnapshotsTest-1705296921-project-member] Task 'cinder.volume.flows.api.create_volume.EntryCreateTask;volume:create' (eefad927-6c7a-4905-b849-77f09417cb33) transitioned into state 'SUCCESS' from state 'RUNNING' with result '{'volume_id': '36481908-b443-4d86-bbef-1df4d4fe2c9c', 'volume_properties': VolumeProperties(attach_status='detached',availability_zone='nova',cgsnapshot_id=None,consistencygroup_id=None,display_description=None,display_name='tempest-volume-825396887',encryption_key_id=None,group_id=72738a77-3251-41c2-9b6d-3cfb1d6dae34,group_type_id=,metadata={},multiattach=False,project_id='9a0bdf049ed04995a2276381723f6511',qos_specs=None,replication_status=,reservations=['dc895892-e024-4e8c-8c0e-1a7a4276b34f','81029240-b466-418d-a189-ebc26df29ad3','4b5f1c27-5d42-434e-b855-6898198654d7','cdba516e-9882-4c5c-be76-454cd2d714aa'],size=1,snapshot_id=None,source_replicaid=,source_volid=None,status='creating',user_id='7ac77dc6f3ee405c9947af69f6695644',volume_type_id=3fe237fb-7292-4081-9db3-2d0a18c5059f), 'volume': Volume(_name_id=None,admin_metadata=,attach_status='detached',availability_zone='nova',bootable=False,cluster=,cluster_name=None,consistencygroup=,consistencygroup_id=None,created_at=2026-02-19T08:20:29Z,deleted=False,deleted_at=None,display_description=None,display_name='tempest-volume-825396887',ec2_id=None,encryption_key_id=None,glance_metadata=,group=,group_id=72738a77-3251-41c2-9b6d-3cfb1d6dae34,host=None,id=36481908-b443-4d86-bbef-1df4d4fe2c9c,launched_at=None,metadata={},migration_status=None,multiattach=False,previous_status=None,project_id='9a0bdf049ed04995a2276381723f6511',provider_auth=None,provider_geometry=None,provider_id=None,provider_location=None,replication_driver_data=None,replication_extended_status=None,replication_status=None,scheduled_at=None,service_uuid=None,shared_targets=True,size=1,snapshot_id=None,snapshots=,source_volid=None,status='creating',terminated_at=None,updated_at=None,use_quota=True,user_id='7ac77dc6f3ee405c9947af69f6695644',volume_attachment=VolumeAttachmentList,volume_type=VolumeType(3fe237fb-7292-4081-9db3-2d0a18c5059f),volume_type_id=3fe237fb-7292-4081-9db3-2d0a18c5059f)}' {{(pid=81539) _task_receiver /opt/stack/data/venv/lib/python3.10/site-packages/taskflow/listeners/logging.py:182}}
Feb 19 09:20:29 devstack devstack@c-api.service[81539]: DEBUG cinder.volume.api [None req-fcf9d889-e3a0-46ec-86d6-a78d3f309a14 tempest-GroupSnapshotsTest-1705296921 tempest-GroupSnapshotsTest-1705296921-project-member] Task 'cinder.volume.flows.api.create_volume.QuotaCommitTask;volume:create' (972152a4-e196-48aa-acf9-b2d153bec36b) transitioned into state 'RUNNING' from state 'PENDING' {{(pid=81539) _task_receiver /opt/stack/data/venv/lib/python3.10/site-packages/taskflow/listeners/logging.py:194}}
Feb 19 09:20:29 devstack devstack@c-api.service[81539]: DEBUG cinder.volume.api [None req-fcf9d889-e3a0-46ec-86d6-a78d3f309a14 tempest-GroupSnapshotsTest-1705296921 tempest-GroupSnapshotsTest-1705296921-project-member] Task 'cinder.volume.flows.api.create_volume.QuotaCommitTask;volume:create' (972152a4-e196-48aa-acf9-b2d153bec36b) transitioned into state 'SUCCESS' from state 'RUNNING' with result '{'volume_properties': VolumeProperties(attach_status='detached',availability_zone='nova',cgsnapshot_id=None,consistencygroup_id=None,display_description=None,display_name='tempest-volume-825396887',encryption_key_id=None,group_id=72738a77-3251-41c2-9b6d-3cfb1d6dae34,group_type_id=,metadata={},multiattach=False,project_id='9a0bdf049ed04995a2276381723f6511',qos_specs=None,replication_status=,reservations=['dc895892-e024-4e8c-8c0e-1a7a4276b34f','81029240-b466-418d-a189-ebc26df29ad3','4b5f1c27-5d42-434e-b855-6898198654d7','cdba516e-9882-4c5c-be76-454cd2d714aa'],size=1,snapshot_id=None,source_replicaid=,source_volid=None,status='creating',user_id='7ac77dc6f3ee405c9947af69f6695644',volume_type_id=3fe237fb-7292-4081-9db3-2d0a18c5059f)}' {{(pid=81539) _task_receiver /opt/stack/data/venv/lib/python3.10/site-packages/taskflow/listeners/logging.py:182}}
Feb 19 09:20:29 devstack devstack@c-api.service[81539]: DEBUG cinder.volume.api [None req-fcf9d889-e3a0-46ec-86d6-a78d3f309a14 tempest-GroupSnapshotsTest-1705296921 tempest-GroupSnapshotsTest-1705296921-project-member] Task 'cinder.volume.flows.api.create_volume.VolumeCastTask;volume:create' (1b8c0589-daa2-45c7-940a-c7714b165013) transitioned into state 'RUNNING' from state 'PENDING' {{(pid=81539) _task_receiver /opt/stack/data/venv/lib/python3.10/site-packages/taskflow/listeners/logging.py:194}}
Feb 19 09:20:29 devstack devstack@c-api.service[81539]: DEBUG cinder.volume.api [None req-fcf9d889-e3a0-46ec-86d6-a78d3f309a14 tempest-GroupSnapshotsTest-1705296921 tempest-GroupSnapshotsTest-1705296921-project-member] Task 'cinder.volume.flows.api.create_volume.VolumeCastTask;volume:create' (1b8c0589-daa2-45c7-940a-c7714b165013) transitioned into state 'SUCCESS' from state 'RUNNING' with result 'None' {{(pid=81539) _task_receiver /opt/stack/data/venv/lib/python3.10/site-packages/taskflow/listeners/logging.py:182}}
Feb 19 09:20:29 devstack devstack@c-api.service[81539]: DEBUG cinder.volume.api [None req-fcf9d889-e3a0-46ec-86d6-a78d3f309a14 tempest-GroupSnapshotsTest-1705296921 tempest-GroupSnapshotsTest-1705296921-project-member] Flow 'volume_create_api' (82d3dea1-b282-473b-969f-c4823ef89e16) transitioned into state 'SUCCESS' from state 'RUNNING' {{(pid=81539) _flow_receiver /opt/stack/data/venv/lib/python3.10/site-packages/taskflow/listeners/logging.py:145}}
Feb 19 09:20:29 devstack devstack@c-api.service[81539]: INFO cinder.volume.api [None req-fcf9d889-e3a0-46ec-86d6-a78d3f309a14 tempest-GroupSnapshotsTest-1705296921 tempest-GroupSnapshotsTest-1705296921-project-member] Create volume request issued successfully.
Feb 19 09:20:29 devstack devstack@c-api.service[81539]: WARNING stevedore.named [None req-fcf9d889-e3a0-46ec-86d6-a78d3f309a14 tempest-GroupSnapshotsTest-1705296921 tempest-GroupSnapshotsTest-1705296921-project-member] Could not load cinder.keymgr.conf_key_mgr.ConfKeyManager
Feb 19 09:20:29 devstack devstack@c-api.service[81539]: WARNING castellan.key_manager [None req-fcf9d889-e3a0-46ec-86d6-a78d3f309a14 tempest-GroupSnapshotsTest-1705296921 tempest-GroupSnapshotsTest-1705296921-project-member] Deprecation Warning : cinder.keymgr.conf_key_mgr.ConfKeyManager is not a stevedore based driver, trying to load it as a class: stevedore.exception.NoMatches: No 'castellan.drivers' driver found, looking for 'cinder.keymgr.conf_key_mgr.ConfKeyManager'
Feb 19 09:20:29 devstack devstack@c-api.service[81539]: DEBUG oslo_db.sqlalchemy.engines [None req-fcf9d889-e3a0-46ec-86d6-a78d3f309a14 tempest-GroupSnapshotsTest-1705296921 tempest-GroupSnapshotsTest-1705296921-project-member] MySQL server mode set to STRICT_TRANS_TABLES,STRICT_ALL_TABLES,NO_ZERO_IN_DATE,NO_ZERO_DATE,ERROR_FOR_DIVISION_BY_ZERO,TRADITIONAL,NO_ENGINE_SUBSTITUTION {{(pid=81539) _check_effective_sql_mode /opt/stack/data/venv/lib/python3.10/site-packages/oslo_db/sqlalchemy/engines.py:397}}
Feb 19 09:20:29 devstack devstack@c-api.service[81539]: /opt/stack/data/venv/lib/python3.10/site-packages/oslo_context/context.py:101: DeprecationWarning: Policy enforcement is depending on the value of is_admin. This key is deprecated. Please update your policy file to use the standard policy values.
Feb 19 09:20:29 devstack devstack@c-api.service[81539]: warnings.warn(
Feb 19 09:20:29 devstack devstack@c-api.service[81539]: INFO cinder.api.openstack.wsgi [None req-fcf9d889-e3a0-46ec-86d6-a78d3f309a14 tempest-GroupSnapshotsTest-1705296921 tempest-GroupSnapshotsTest-1705296921-project-member] http://192.168.122.142/volume/v3/volumes returned with HTTP 202
Feb 19 09:20:29 devstack devstack@c-api.service[81539]: [pid: 81539|app: 0|req: 132/295] 192.168.122.142 () {66 vars in 1283 bytes} [Thu Feb 19 09:20:29 2026] POST /volume/v3/volumes => generated 830 bytes in 296 msecs (HTTP/1.1 202) 7 headers in 292 bytes (1 switches on core 0)
Feb 19 09:20:29 devstack devstack@c-api.service[81538]: DEBUG cinder.api.middleware.request_id [None req-4086a6ca-34e1-4021-80b0-f36b228f5bf6 None None] RequestId filter calling following filter/app {{(pid=81538) _context_setter /opt/stack/cinder/cinder/api/middleware/request_id.py:62}}
Feb 19 09:20:29 devstack devstack@c-api.service[81538]: INFO cinder.api.openstack.wsgi [None req-4086a6ca-34e1-4021-80b0-f36b228f5bf6 tempest-GroupSnapshotsTest-1705296921 tempest-GroupSnapshotsTest-1705296921-project-member] GET http://192.168.122.142/volume/v3/volumes/36481908-b443-4d86-bbef-1df4d4fe2c9c
Feb 19 09:20:29 devstack devstack@c-api.service[81538]: DEBUG cinder.api.openstack.wsgi [None req-4086a6ca-34e1-4021-80b0-f36b228f5bf6 tempest-GroupSnapshotsTest-1705296921 tempest-GroupSnapshotsTest-1705296921-project-member] Empty body provided in request {{(pid=81538) get_body /opt/stack/cinder/cinder/api/openstack/wsgi.py:725}}
Feb 19 09:20:29 devstack devstack@c-api.service[81538]: DEBUG cinder.api.openstack.wsgi [None req-4086a6ca-34e1-4021-80b0-f36b228f5bf6 tempest-GroupSnapshotsTest-1705296921 tempest-GroupSnapshotsTest-1705296921-project-member] Calling method 'show' {{(pid=81538) _process_stack /opt/stack/cinder/cinder/api/openstack/wsgi.py:878}}
Feb 19 09:20:29 devstack devstack@c-api.service[81538]: /opt/stack/data/venv/lib/python3.10/site-packages/oslo_context/context.py:101: DeprecationWarning: Policy enforcement is depending on the value of is_admin. This key is deprecated. Please update your policy file to use the standard policy values.
Feb 19 09:20:29 devstack devstack@c-api.service[81538]: warnings.warn(
Feb 19 09:20:29 devstack devstack@c-api.service[81538]: INFO cinder.volume.api [None req-4086a6ca-34e1-4021-80b0-f36b228f5bf6 tempest-GroupSnapshotsTest-1705296921 tempest-GroupSnapshotsTest-1705296921-project-member] Volume info retrieved successfully.
Feb 19 09:20:29 devstack devstack@c-api.service[81538]: WARNING stevedore.named [None req-4086a6ca-34e1-4021-80b0-f36b228f5bf6 tempest-GroupSnapshotsTest-1705296921 tempest-GroupSnapshotsTest-1705296921-project-member] Could not load cinder.keymgr.conf_key_mgr.ConfKeyManager
Feb 19 09:20:29 devstack devstack@c-api.service[81538]: WARNING castellan.key_manager [None req-4086a6ca-34e1-4021-80b0-f36b228f5bf6 tempest-GroupSnapshotsTest-1705296921 tempest-GroupSnapshotsTest-1705296921-project-member] Deprecation Warning : cinder.keymgr.conf_key_mgr.ConfKeyManager is not a stevedore based driver, trying to load it as a class: stevedore.exception.NoMatches: No 'castellan.drivers' driver found, looking for 'cinder.keymgr.conf_key_mgr.ConfKeyManager'
Feb 19 09:20:29 devstack devstack@c-api.service[81538]: DEBUG oslo_db.sqlalchemy.engines [None req-4086a6ca-34e1-4021-80b0-f36b228f5bf6 tempest-GroupSnapshotsTest-1705296921 tempest-GroupSnapshotsTest-1705296921-project-member] MySQL server mode set to STRICT_TRANS_TABLES,STRICT_ALL_TABLES,NO_ZERO_IN_DATE,NO_ZERO_DATE,ERROR_FOR_DIVISION_BY_ZERO,TRADITIONAL,NO_ENGINE_SUBSTITUTION {{(pid=81538) _check_effective_sql_mode /opt/stack/data/venv/lib/python3.10/site-packages/oslo_db/sqlalchemy/engines.py:397}}
Feb 19 09:20:29 devstack devstack@c-api.service[81538]: /opt/stack/data/venv/lib/python3.10/site-packages/oslo_context/context.py:101: DeprecationWarning: Policy enforcement is depending on the value of is_admin. This key is deprecated. Please update your policy file to use the standard policy values.
Feb 19 09:20:29 devstack devstack@c-api.service[81538]: warnings.warn(
Feb 19 09:20:29 devstack devstack@c-api.service[81538]: INFO cinder.api.openstack.wsgi [None req-4086a6ca-34e1-4021-80b0-f36b228f5bf6 tempest-GroupSnapshotsTest-1705296921 tempest-GroupSnapshotsTest-1705296921-project-member] http://192.168.122.142/volume/v3/volumes/36481908-b443-4d86-bbef-1df4d4fe2c9c returned with HTTP 200
Feb 19 09:20:29 devstack devstack@c-api.service[81538]: [pid: 81538|app: 0|req: 164/296] 192.168.122.142 () {64 vars in 1372 bytes} [Thu Feb 19 09:20:29 2026] GET /volume/v3/volumes/36481908-b443-4d86-bbef-1df4d4fe2c9c => generated 898 bytes in 96 msecs (HTTP/1.1 200) 7 headers in 286 bytes (1 switches on core 0)
Feb 19 09:20:30 devstack devstack@c-api.service[81539]: DEBUG cinder.api.middleware.request_id [None req-bea6a539-70e2-46b7-8ee7-869ad1539974 None None] RequestId filter calling following filter/app {{(pid=81539) _context_setter /opt/stack/cinder/cinder/api/middleware/request_id.py:62}}
Feb 19 09:20:30 devstack devstack@c-api.service[81538]: DEBUG cinder.api.middleware.request_id [None req-92ace34f-64e1-4e8c-85b8-e47ca47a9acd None None] RequestId filter calling following filter/app {{(pid=81538) _context_setter /opt/stack/cinder/cinder/api/middleware/request_id.py:62}}
Feb 19 09:20:30 devstack devstack@c-api.service[81538]: INFO cinder.api.openstack.wsgi [None req-92ace34f-64e1-4e8c-85b8-e47ca47a9acd tempest-GroupSnapshotsTest-1705296921 tempest-GroupSnapshotsTest-1705296921-project-member] GET http://192.168.122.142/volume/v3/volumes/36481908-b443-4d86-bbef-1df4d4fe2c9c
Feb 19 09:20:30 devstack devstack@c-api.service[81538]: DEBUG cinder.api.openstack.wsgi [None req-92ace34f-64e1-4e8c-85b8-e47ca47a9acd tempest-GroupSnapshotsTest-1705296921 tempest-GroupSnapshotsTest-1705296921-project-member] Empty body provided in request {{(pid=81538) get_body /opt/stack/cinder/cinder/api/openstack/wsgi.py:725}}
Feb 19 09:20:30 devstack devstack@c-api.service[81538]: DEBUG cinder.api.openstack.wsgi [None req-92ace34f-64e1-4e8c-85b8-e47ca47a9acd tempest-GroupSnapshotsTest-1705296921 tempest-GroupSnapshotsTest-1705296921-project-member] Calling method 'show' {{(pid=81538) _process_stack /opt/stack/cinder/cinder/api/openstack/wsgi.py:878}}
Feb 19 09:20:30 devstack devstack@c-api.service[81539]: INFO cinder.api.openstack.wsgi [None req-bea6a539-70e2-46b7-8ee7-869ad1539974 tempest-GroupsTest-2111216491 tempest-GroupsTest-2111216491-project-admin] POST http://192.168.122.142/volume/v3/types
Feb 19 09:20:30 devstack devstack@c-api.service[81539]: DEBUG cinder.api.openstack.wsgi [None req-bea6a539-70e2-46b7-8ee7-869ad1539974 tempest-GroupsTest-2111216491 tempest-GroupsTest-2111216491-project-admin] Action: 'create', calling method: _create, body: {"volume_type": {"name": "tempest-GroupsTest-volume-type-1184366517"}} {{(pid=81539) _process_stack /opt/stack/cinder/cinder/api/openstack/wsgi.py:876}}
Feb 19 09:20:30 devstack devstack@c-api.service[81538]: /opt/stack/data/venv/lib/python3.10/site-packages/oslo_context/context.py:101: DeprecationWarning: Policy enforcement is depending on the value of is_admin. This key is deprecated. Please update your policy file to use the standard policy values.
Feb 19 09:20:30 devstack devstack@c-api.service[81538]: warnings.warn(
Feb 19 09:20:30 devstack devstack@c-api.service[81538]: INFO cinder.volume.api [None req-92ace34f-64e1-4e8c-85b8-e47ca47a9acd tempest-GroupSnapshotsTest-1705296921 tempest-GroupSnapshotsTest-1705296921-project-member] Volume info retrieved successfully.
Feb 19 09:20:30 devstack devstack@c-api.service[81538]: WARNING stevedore.named [None req-92ace34f-64e1-4e8c-85b8-e47ca47a9acd tempest-GroupSnapshotsTest-1705296921 tempest-GroupSnapshotsTest-1705296921-project-member] Could not load cinder.keymgr.conf_key_mgr.ConfKeyManager
Feb 19 09:20:30 devstack devstack@c-api.service[81538]: WARNING castellan.key_manager [None req-92ace34f-64e1-4e8c-85b8-e47ca47a9acd tempest-GroupSnapshotsTest-1705296921 tempest-GroupSnapshotsTest-1705296921-project-member] Deprecation Warning : cinder.keymgr.conf_key_mgr.ConfKeyManager is not a stevedore based driver, trying to load it as a class: stevedore.exception.NoMatches: No 'castellan.drivers' driver found, looking for 'cinder.keymgr.conf_key_mgr.ConfKeyManager'
Feb 19 09:20:30 devstack devstack@c-api.service[81538]: DEBUG oslo_db.sqlalchemy.engines [None req-92ace34f-64e1-4e8c-85b8-e47ca47a9acd tempest-GroupSnapshotsTest-1705296921 tempest-GroupSnapshotsTest-1705296921-project-member] MySQL server mode set to STRICT_TRANS_TABLES,STRICT_ALL_TABLES,NO_ZERO_IN_DATE,NO_ZERO_DATE,ERROR_FOR_DIVISION_BY_ZERO,TRADITIONAL,NO_ENGINE_SUBSTITUTION {{(pid=81538) _check_effective_sql_mode /opt/stack/data/venv/lib/python3.10/site-packages/oslo_db/sqlalchemy/engines.py:397}}
Feb 19 09:20:30 devstack devstack@c-api.service[81539]: INFO cinder.api.openstack.wsgi [None req-bea6a539-70e2-46b7-8ee7-869ad1539974 tempest-GroupsTest-2111216491 tempest-GroupsTest-2111216491-project-admin] http://192.168.122.142/volume/v3/types returned with HTTP 200
Feb 19 09:20:30 devstack devstack@c-api.service[81538]: /opt/stack/data/venv/lib/python3.10/site-packages/oslo_context/context.py:101: DeprecationWarning: Policy enforcement is depending on the value of is_admin. This key is deprecated. Please update your policy file to use the standard policy values.
Feb 19 09:20:30 devstack devstack@c-api.service[81538]: warnings.warn(
Feb 19 09:20:30 devstack devstack@c-api.service[81539]: [pid: 81539|app: 0|req: 133/297] 192.168.122.142 () {64 vars in 1235 bytes} [Thu Feb 19 09:20:30 2026] POST /volume/v3/types => generated 216 bytes in 118 msecs (HTTP/1.1 200) 7 headers in 285 bytes (1 switches on core 0)
Feb 19 09:20:30 devstack devstack@c-api.service[81539]: DEBUG cinder.api.middleware.request_id [None req-5d082352-d69a-4121-9e79-f9bc0cd573e4 None None] RequestId filter calling following filter/app {{(pid=81539) _context_setter /opt/stack/cinder/cinder/api/middleware/request_id.py:62}}
Feb 19 09:20:30 devstack devstack@c-api.service[81539]: INFO cinder.api.openstack.wsgi [None req-5d082352-d69a-4121-9e79-f9bc0cd573e4 tempest-GroupsTest-2111216491 tempest-GroupsTest-2111216491-project-admin] POST http://192.168.122.142/volume/v3/group_types
Feb 19 09:20:30 devstack devstack@c-api.service[81539]: DEBUG cinder.api.openstack.wsgi [None req-5d082352-d69a-4121-9e79-f9bc0cd573e4 tempest-GroupsTest-2111216491 tempest-GroupsTest-2111216491-project-admin] Action: 'create', calling method: version_select, body: {"group_type": {"name": "tempest-GroupsTest-group-type-1990163471"}} {{(pid=81539) _process_stack /opt/stack/cinder/cinder/api/openstack/wsgi.py:876}}
Feb 19 09:20:30 devstack devstack@c-api.service[81538]: INFO cinder.api.openstack.wsgi [None req-92ace34f-64e1-4e8c-85b8-e47ca47a9acd tempest-GroupSnapshotsTest-1705296921 tempest-GroupSnapshotsTest-1705296921-project-member] http://192.168.122.142/volume/v3/volumes/36481908-b443-4d86-bbef-1df4d4fe2c9c returned with HTTP 200
Feb 19 09:20:30 devstack devstack@c-api.service[81538]: [pid: 81538|app: 0|req: 165/298] 192.168.122.142 () {64 vars in 1372 bytes} [Thu Feb 19 09:20:30 2026] GET /volume/v3/volumes/36481908-b443-4d86-bbef-1df4d4fe2c9c => generated 922 bytes in 67 msecs (HTTP/1.1 200) 7 headers in 286 bytes (1 switches on core 0)
Feb 19 09:20:30 devstack devstack@c-api.service[81539]: INFO cinder.api.openstack.wsgi [None req-5d082352-d69a-4121-9e79-f9bc0cd573e4 tempest-GroupsTest-2111216491 tempest-GroupsTest-2111216491-project-admin] http://192.168.122.142/volume/v3/group_types returned with HTTP 202
Feb 19 09:20:30 devstack devstack@c-api.service[81539]: [pid: 81539|app: 0|req: 134/299] 192.168.122.142 () {66 vars in 1294 bytes} [Thu Feb 19 09:20:30 2026] POST /volume/v3/group_types => generated 173 bytes in 39 msecs (HTTP/1.1 202) 7 headers in 292 bytes (1 switches on core 0)
Feb 19 09:20:30 devstack devstack@c-api.service[81538]: DEBUG cinder.api.middleware.request_id [None req-66992164-f537-406b-86a0-30c1bc15efd4 None None] RequestId filter calling following filter/app {{(pid=81538) _context_setter /opt/stack/cinder/cinder/api/middleware/request_id.py:62}}
Feb 19 09:20:30 devstack devstack@c-api.service[81538]: INFO cinder.api.openstack.wsgi [None req-66992164-f537-406b-86a0-30c1bc15efd4 tempest-GroupsTest-164268844 tempest-GroupsTest-164268844-project-member] POST http://192.168.122.142/volume/v3/groups
Feb 19 09:20:30 devstack devstack@c-api.service[81538]: DEBUG cinder.api.openstack.wsgi [None req-66992164-f537-406b-86a0-30c1bc15efd4 tempest-GroupsTest-164268844 tempest-GroupsTest-164268844-project-member] Action: 'create', calling method: version_select, body: {"group": {"group_type": "c95116d1-ae78-409a-a6ca-2c3d8321ed61", "volume_types": ["49519a51-5735-43a9-9e0a-ecb25578f0f6"], "name": "tempest-Group1-1136404360"}} {{(pid=81538) _process_stack /opt/stack/cinder/cinder/api/openstack/wsgi.py:876}}
Feb 19 09:20:30 devstack devstack@c-api.service[81538]: DEBUG cinder.api.v3.groups [None req-66992164-f537-406b-86a0-30c1bc15efd4 tempest-GroupsTest-164268844 tempest-GroupsTest-164268844-project-member] Creating new group {'group': {'group_type': 'c95116d1-ae78-409a-a6ca-2c3d8321ed61', 'volume_types': ['49519a51-5735-43a9-9e0a-ecb25578f0f6'], 'name': 'tempest-Group1-1136404360'}} {{(pid=81538) create /opt/stack/cinder/cinder/api/v3/groups.py:190}}
Feb 19 09:20:30 devstack devstack@c-api.service[81538]: INFO cinder.api.v3.groups [None req-66992164-f537-406b-86a0-30c1bc15efd4 tempest-GroupsTest-164268844 tempest-GroupsTest-164268844-project-member] Creating group tempest-Group1-1136404360.
Feb 19 09:20:30 devstack devstack@c-api.service[81538]: INFO cinder.volume.api [None req-66992164-f537-406b-86a0-30c1bc15efd4 tempest-GroupsTest-164268844 tempest-GroupsTest-164268844-project-member] Availability Zones retrieved successfully.
Feb 19 09:20:30 devstack devstack@c-api.service[81538]: DEBUG cinder.quota [None req-66992164-f537-406b-86a0-30c1bc15efd4 tempest-GroupsTest-164268844 tempest-GroupsTest-164268844-project-member] Created reservations ['8aaee731-d0c3-4aa3-a30c-3561d16d348a'] {{(pid=81538) reserve /opt/stack/cinder/cinder/quota.py:752}}
Feb 19 09:20:30 devstack devstack@c-api.service[81538]: INFO cinder.api.openstack.wsgi [None req-66992164-f537-406b-86a0-30c1bc15efd4 tempest-GroupsTest-164268844 tempest-GroupsTest-164268844-project-member] http://192.168.122.142/volume/v3/groups returned with HTTP 202
Feb 19 09:20:30 devstack devstack@c-api.service[81538]: [pid: 81538|app: 0|req: 166/300] 192.168.122.142 () {66 vars in 1280 bytes} [Thu Feb 19 09:20:30 2026] POST /volume/v3/groups => generated 94 bytes in 244 msecs (HTTP/1.1 202) 7 headers in 291 bytes (1 switches on core 0)
Feb 19 09:20:30 devstack devstack@c-api.service[81539]: DEBUG cinder.api.middleware.request_id [None req-e67117e8-61d3-4638-9bd0-2b914abae221 None None] RequestId filter calling following filter/app {{(pid=81539) _context_setter /opt/stack/cinder/cinder/api/middleware/request_id.py:62}}
Feb 19 09:20:30 devstack devstack@c-api.service[81539]: INFO cinder.api.openstack.wsgi [None req-e67117e8-61d3-4638-9bd0-2b914abae221 tempest-GroupsTest-164268844 tempest-GroupsTest-164268844-project-member] GET http://192.168.122.142/volume/v3/groups/5d0dfdcf-ba6f-46ac-8ea5-ff1185fe1df2
Feb 19 09:20:30 devstack devstack@c-api.service[81539]: DEBUG cinder.api.openstack.wsgi [None req-e67117e8-61d3-4638-9bd0-2b914abae221 tempest-GroupsTest-164268844 tempest-GroupsTest-164268844-project-member] Empty body provided in request {{(pid=81539) get_body /opt/stack/cinder/cinder/api/openstack/wsgi.py:725}}
Feb 19 09:20:30 devstack devstack@c-api.service[81539]: DEBUG cinder.api.openstack.wsgi [None req-e67117e8-61d3-4638-9bd0-2b914abae221 tempest-GroupsTest-164268844 tempest-GroupsTest-164268844-project-member] Calling method 'version_select' {{(pid=81539) _process_stack /opt/stack/cinder/cinder/api/openstack/wsgi.py:878}}
Feb 19 09:20:30 devstack devstack@c-api.service[81539]: DEBUG cinder.api.v3.groups [None req-e67117e8-61d3-4638-9bd0-2b914abae221 tempest-GroupsTest-164268844 tempest-GroupsTest-164268844-project-member] show called for member 5d0dfdcf-ba6f-46ac-8ea5-ff1185fe1df2 {{(pid=81539) show /opt/stack/cinder/cinder/api/v3/groups.py:58}}
Feb 19 09:20:30 devstack devstack@c-api.service[81539]: /opt/stack/data/venv/lib/python3.10/site-packages/oslo_context/context.py:101: DeprecationWarning: Policy enforcement is depending on the value of is_admin. This key is deprecated. Please update your policy file to use the standard policy values.
Feb 19 09:20:30 devstack devstack@c-api.service[81539]: warnings.warn(
Feb 19 09:20:30 devstack devstack@c-api.service[81539]: INFO cinder.api.openstack.wsgi [None req-e67117e8-61d3-4638-9bd0-2b914abae221 tempest-GroupsTest-164268844 tempest-GroupsTest-164268844-project-member] http://192.168.122.142/volume/v3/groups/5d0dfdcf-ba6f-46ac-8ea5-ff1185fe1df2 returned with HTTP 200
Feb 19 09:20:30 devstack devstack@c-api.service[81539]: [pid: 81539|app: 0|req: 135/301] 192.168.122.142 () {64 vars in 1369 bytes} [Thu Feb 19 09:20:30 2026] GET /volume/v3/groups/5d0dfdcf-ba6f-46ac-8ea5-ff1185fe1df2 => generated 322 bytes in 61 msecs (HTTP/1.1 200) 7 headers in 286 bytes (1 switches on core 0)
Feb 19 09:20:31 devstack devstack@c-api.service[81538]: DEBUG cinder.api.middleware.request_id [None req-ad96be59-deed-48e7-9f36-2cbc392998ed None None] RequestId filter calling following filter/app {{(pid=81538) _context_setter /opt/stack/cinder/cinder/api/middleware/request_id.py:62}}
Feb 19 09:20:31 devstack devstack@c-api.service[81538]: INFO cinder.api.openstack.wsgi [None req-ad96be59-deed-48e7-9f36-2cbc392998ed tempest-VolumesListAdminTestJSON-1033124078 tempest-VolumesListAdminTestJSON-1033124078-project-member] GET http://192.168.122.142/volume/v3/volumes
Feb 19 09:20:31 devstack devstack@c-api.service[81538]: DEBUG cinder.api.openstack.wsgi [None req-ad96be59-deed-48e7-9f36-2cbc392998ed tempest-VolumesListAdminTestJSON-1033124078 tempest-VolumesListAdminTestJSON-1033124078-project-member] Empty body provided in request {{(pid=81538) get_body /opt/stack/cinder/cinder/api/openstack/wsgi.py:725}}
Feb 19 09:20:31 devstack devstack@c-api.service[81538]: DEBUG cinder.api.openstack.wsgi [None req-ad96be59-deed-48e7-9f36-2cbc392998ed tempest-VolumesListAdminTestJSON-1033124078 tempest-VolumesListAdminTestJSON-1033124078-project-member] Calling method 'index' {{(pid=81538) _process_stack /opt/stack/cinder/cinder/api/openstack/wsgi.py:878}}
Feb 19 09:20:31 devstack devstack@c-api.service[81538]: DEBUG cinder.api.api_utils [None req-ad96be59-deed-48e7-9f36-2cbc392998ed tempest-VolumesListAdminTestJSON-1033124078 tempest-VolumesListAdminTestJSON-1033124078-project-member] Removing options '' from query. {{(pid=81538) remove_invalid_filter_options /opt/stack/cinder/cinder/api/api_utils.py:81}}
Feb 19 09:20:31 devstack devstack@c-api.service[81538]: /opt/stack/data/venv/lib/python3.10/site-packages/oslo_context/context.py:101: DeprecationWarning: Policy enforcement is depending on the value of is_admin. This key is deprecated. Please update your policy file to use the standard policy values.
Feb 19 09:20:31 devstack devstack@c-api.service[81538]: warnings.warn(
Feb 19 09:20:31 devstack devstack@c-api.service[81538]: DEBUG cinder.volume.api [None req-ad96be59-deed-48e7-9f36-2cbc392998ed tempest-VolumesListAdminTestJSON-1033124078 tempest-VolumesListAdminTestJSON-1033124078-project-member] Searching by: MultiDict([('no_migration_targets', True)]). {{(pid=81538) get_all /opt/stack/cinder/cinder/volume/api.py:663}}
Feb 19 09:20:31 devstack devstack@c-api.service[81538]: INFO cinder.volume.api [None req-ad96be59-deed-48e7-9f36-2cbc392998ed tempest-VolumesListAdminTestJSON-1033124078 tempest-VolumesListAdminTestJSON-1033124078-project-member] Get all volumes completed successfully.
Feb 19 09:20:31 devstack devstack@c-api.service[81538]: INFO cinder.api.openstack.wsgi [None req-ad96be59-deed-48e7-9f36-2cbc392998ed tempest-VolumesListAdminTestJSON-1033124078 tempest-VolumesListAdminTestJSON-1033124078-project-member] http://192.168.122.142/volume/v3/volumes returned with HTTP 200
Feb 19 09:20:31 devstack devstack@c-api.service[81538]: [pid: 81538|app: 0|req: 167/302] 192.168.122.142 () {62 vars in 1220 bytes} [Thu Feb 19 09:20:31 2026] GET /volume/v3/volumes => generated 15 bytes in 130 msecs (HTTP/1.1 200) 7 headers in 284 bytes (1 switches on core 0)
Feb 19 09:20:31 devstack devstack@c-api.service[81539]: DEBUG cinder.api.middleware.request_id [None req-aa6276aa-513e-4663-bba5-4fc619cdb95e None None] RequestId filter calling following filter/app {{(pid=81539) _context_setter /opt/stack/cinder/cinder/api/middleware/request_id.py:62}}
Feb 19 09:20:31 devstack devstack@c-api.service[81539]: INFO cinder.api.openstack.wsgi [None req-aa6276aa-513e-4663-bba5-4fc619cdb95e tempest-VolumesListAdminTestJSON-1033124078 tempest-VolumesListAdminTestJSON-1033124078-project-member] POST http://192.168.122.142/volume/v3/volumes
Feb 19 09:20:31 devstack devstack@c-api.service[81539]: DEBUG cinder.api.openstack.wsgi [None req-aa6276aa-513e-4663-bba5-4fc619cdb95e tempest-VolumesListAdminTestJSON-1033124078 tempest-VolumesListAdminTestJSON-1033124078-project-member] Action: 'create', calling method: create, body: {"volume": {"size": 1, "name": "tempest-VolumesListAdminTestJSON-Volume-1474888047"}} {{(pid=81539) _process_stack /opt/stack/cinder/cinder/api/openstack/wsgi.py:876}}
Feb 19 09:20:31 devstack devstack@c-api.service[81539]: DEBUG cinder.api.v3.volumes [None req-aa6276aa-513e-4663-bba5-4fc619cdb95e tempest-VolumesListAdminTestJSON-1033124078 tempest-VolumesListAdminTestJSON-1033124078-project-member] Create volume request body: {'volume': {'size': 1, 'name': 'tempest-VolumesListAdminTestJSON-Volume-1474888047'}} {{(pid=81539) create /opt/stack/cinder/cinder/api/v3/volumes.py:368}}
Feb 19 09:20:31 devstack devstack@c-api.service[81539]: INFO cinder.api.v3.volumes [None req-aa6276aa-513e-4663-bba5-4fc619cdb95e tempest-VolumesListAdminTestJSON-1033124078 tempest-VolumesListAdminTestJSON-1033124078-project-member] Create volume of 1 GB
Feb 19 09:20:31 devstack devstack@c-api.service[81539]: /opt/stack/data/venv/lib/python3.10/site-packages/oslo_context/context.py:101: DeprecationWarning: Policy enforcement is depending on the value of is_admin. This key is deprecated. Please update your policy file to use the standard policy values.
Feb 19 09:20:31 devstack devstack@c-api.service[81539]: warnings.warn(
Feb 19 09:20:31 devstack devstack@c-api.service[81539]: INFO cinder.volume.api [None req-aa6276aa-513e-4663-bba5-4fc619cdb95e tempest-VolumesListAdminTestJSON-1033124078 tempest-VolumesListAdminTestJSON-1033124078-project-member] Availability Zones retrieved successfully.
Feb 19 09:20:31 devstack devstack@c-api.service[81539]: DEBUG cinder.volume.api [None req-aa6276aa-513e-4663-bba5-4fc619cdb95e tempest-VolumesListAdminTestJSON-1033124078 tempest-VolumesListAdminTestJSON-1033124078-project-member] Flow 'volume_create_api' (f0c7b9ca-39ec-403e-ab5a-081cfc83123c) transitioned into state 'RUNNING' from state 'PENDING' {{(pid=81539) _flow_receiver /opt/stack/data/venv/lib/python3.10/site-packages/taskflow/listeners/logging.py:145}}
Feb 19 09:20:31 devstack devstack@c-api.service[81539]: DEBUG cinder.volume.api [None req-aa6276aa-513e-4663-bba5-4fc619cdb95e tempest-VolumesListAdminTestJSON-1033124078 tempest-VolumesListAdminTestJSON-1033124078-project-member] Task 'cinder.volume.flows.api.create_volume.ExtractVolumeRequestTask;volume:create' (8359789f-d5f2-47bf-af5c-9c10a7d8ac77) transitioned into state 'RUNNING' from state 'PENDING' {{(pid=81539) _task_receiver /opt/stack/data/venv/lib/python3.10/site-packages/taskflow/listeners/logging.py:194}}
Feb 19 09:20:31 devstack devstack@c-api.service[81539]: DEBUG cinder.volume.flows.api.create_volume [None req-aa6276aa-513e-4663-bba5-4fc619cdb95e tempest-VolumesListAdminTestJSON-1033124078 tempest-VolumesListAdminTestJSON-1033124078-project-member] Validating volume size '1' using validate_int {{(pid=81539) _extract_size /opt/stack/cinder/cinder/volume/flows/api/create_volume.py:226}}
Feb 19 09:20:31 devstack devstack@c-api.service[81539]: DEBUG cinder.volume.api [None req-aa6276aa-513e-4663-bba5-4fc619cdb95e tempest-VolumesListAdminTestJSON-1033124078 tempest-VolumesListAdminTestJSON-1033124078-project-member] Task 'cinder.volume.flows.api.create_volume.ExtractVolumeRequestTask;volume:create' (8359789f-d5f2-47bf-af5c-9c10a7d8ac77) transitioned into state 'SUCCESS' from state 'RUNNING' with result '{'size': 1, 'snapshot_id': None, 'source_volid': None, 'volume_type': VolumeType(created_at=2026-02-19T08:16:58Z,deleted=False,deleted_at=None,description=None,extra_specs={},id=6da6fc26-6ea1-4b21-9687-62f5c867f646,is_public=True,name='QuobyteHD',projects=[],qos_specs=,qos_specs_id=None,updated_at=None), 'volume_type_id': '6da6fc26-6ea1-4b21-9687-62f5c867f646', 'encryption_key_id': None, 'qos_specs': None, 'consistencygroup_id': None, 'cgsnapshot_id': None, 'group_id': None, 'replication_status': 'disabled', 'refresh_az': False, 'backup_id': None, 'multiattach': False, 'availability_zones': ['nova']}' {{(pid=81539) _task_receiver /opt/stack/data/venv/lib/python3.10/site-packages/taskflow/listeners/logging.py:182}}
Feb 19 09:20:31 devstack devstack@c-api.service[81539]: DEBUG cinder.volume.api [None req-aa6276aa-513e-4663-bba5-4fc619cdb95e tempest-VolumesListAdminTestJSON-1033124078 tempest-VolumesListAdminTestJSON-1033124078-project-member] Task 'cinder.volume.flows.api.create_volume.QuotaReserveTask;volume:create' (e6640576-7f58-41f1-8dff-f717a306c7c1) transitioned into state 'RUNNING' from state 'PENDING' {{(pid=81539) _task_receiver /opt/stack/data/venv/lib/python3.10/site-packages/taskflow/listeners/logging.py:194}}
Feb 19 09:20:31 devstack devstack@c-api.service[81538]: DEBUG cinder.api.middleware.request_id [None req-c44ed2ce-40a4-4175-838e-9a753cfbaf70 None None] RequestId filter calling following filter/app {{(pid=81538) _context_setter /opt/stack/cinder/cinder/api/middleware/request_id.py:62}}
Feb 19 09:20:31 devstack devstack@c-api.service[81539]: DEBUG cinder.quota [None req-aa6276aa-513e-4663-bba5-4fc619cdb95e tempest-VolumesListAdminTestJSON-1033124078 tempest-VolumesListAdminTestJSON-1033124078-project-member] Created reservations ['d45ab78e-7c9e-43a9-865d-b1fb1dc02a4e', '9a4a34fb-ee67-4ccd-941b-a3e36f3bc8e8', 'a2bebf05-5bfc-4acb-8b61-4a21dbd68760', 'd0b9292c-f112-4ec6-8b89-6cbd912ee6fb'] {{(pid=81539) reserve /opt/stack/cinder/cinder/quota.py:752}}
Feb 19 09:20:31 devstack devstack@c-api.service[81538]: INFO cinder.api.openstack.wsgi [None req-c44ed2ce-40a4-4175-838e-9a753cfbaf70 tempest-GroupSnapshotsTest-1705296921 tempest-GroupSnapshotsTest-1705296921-project-member] GET http://192.168.122.142/volume/v3/volumes/36481908-b443-4d86-bbef-1df4d4fe2c9c
Feb 19 09:20:31 devstack devstack@c-api.service[81539]: DEBUG cinder.volume.api [None req-aa6276aa-513e-4663-bba5-4fc619cdb95e tempest-VolumesListAdminTestJSON-1033124078 tempest-VolumesListAdminTestJSON-1033124078-project-member] Task 'cinder.volume.flows.api.create_volume.QuotaReserveTask;volume:create' (e6640576-7f58-41f1-8dff-f717a306c7c1) transitioned into state 'SUCCESS' from state 'RUNNING' with result '{'reservations': ['d45ab78e-7c9e-43a9-865d-b1fb1dc02a4e', '9a4a34fb-ee67-4ccd-941b-a3e36f3bc8e8', 'a2bebf05-5bfc-4acb-8b61-4a21dbd68760', 'd0b9292c-f112-4ec6-8b89-6cbd912ee6fb']}' {{(pid=81539) _task_receiver /opt/stack/data/venv/lib/python3.10/site-packages/taskflow/listeners/logging.py:182}}
Feb 19 09:20:31 devstack devstack@c-api.service[81538]: DEBUG cinder.api.openstack.wsgi [None req-c44ed2ce-40a4-4175-838e-9a753cfbaf70 tempest-GroupSnapshotsTest-1705296921 tempest-GroupSnapshotsTest-1705296921-project-member] Empty body provided in request {{(pid=81538) get_body /opt/stack/cinder/cinder/api/openstack/wsgi.py:725}}
Feb 19 09:20:31 devstack devstack@c-api.service[81538]: DEBUG cinder.api.openstack.wsgi [None req-c44ed2ce-40a4-4175-838e-9a753cfbaf70 tempest-GroupSnapshotsTest-1705296921 tempest-GroupSnapshotsTest-1705296921-project-member] Calling method 'show' {{(pid=81538) _process_stack /opt/stack/cinder/cinder/api/openstack/wsgi.py:878}}
Feb 19 09:20:31 devstack devstack@c-api.service[81539]: DEBUG cinder.volume.api [None req-aa6276aa-513e-4663-bba5-4fc619cdb95e tempest-VolumesListAdminTestJSON-1033124078 tempest-VolumesListAdminTestJSON-1033124078-project-member] Task 'cinder.volume.flows.api.create_volume.EntryCreateTask;volume:create' (20dc09cc-36df-49ce-8f56-34ad4e6c7c8e) transitioned into state 'RUNNING' from state 'PENDING' {{(pid=81539) _task_receiver /opt/stack/data/venv/lib/python3.10/site-packages/taskflow/listeners/logging.py:194}}
Feb 19 09:20:31 devstack devstack@c-api.service[81538]: /opt/stack/data/venv/lib/python3.10/site-packages/oslo_context/context.py:101: DeprecationWarning: Policy enforcement is depending on the value of is_admin. This key is deprecated. Please update your policy file to use the standard policy values.
Feb 19 09:20:31 devstack devstack@c-api.service[81538]: warnings.warn(
Feb 19 09:20:31 devstack devstack@c-api.service[81538]: INFO cinder.volume.api [None req-c44ed2ce-40a4-4175-838e-9a753cfbaf70 tempest-GroupSnapshotsTest-1705296921 tempest-GroupSnapshotsTest-1705296921-project-member] Volume info retrieved successfully.
