Jun 17 11:48:34 devstack cinder-volume[92184]: DEBUG oslo_concurrency.processutils [None req-d762a293-2934-494f-aea9-478ae2608dfb tempest-GroupSnapshotsTest-1173610963 None] Running cmd (subprocess): sudo cinder-rootwrap /etc/cinder/rootwrap.conf chmod ugo+rw /opt/stack/data/cinder/mnt/5c98de84600aa7e58c38d31aba48ab9c/volume-466b7bc2-90aa-4c35-9d8d-ec3e9fe312c7.info {{(pid=92184) execute /opt/stack/data/venv/lib/python3.12/site-packages/oslo_concurrency/processutils.py:440}}
Jun 17 11:48:34 devstack sudo[97886]: quobyte : PWD=/ ; USER=root ; COMMAND=/opt/stack/data/venv/bin/cinder-rootwrap /etc/cinder/rootwrap.conf chmod ugo+rw /opt/stack/data/cinder/mnt/5c98de84600aa7e58c38d31aba48ab9c/volume-466b7bc2-90aa-4c35-9d8d-ec3e9fe312c7.info
Jun 17 11:48:34 devstack sudo[97886]: pam_unix(sudo:session): session opened for user root(uid=0) by (uid=1000)
Jun 17 11:48:35 devstack sudo[97886]: pam_unix(sudo:session): session closed for user root
Jun 17 11:48:35 devstack cinder-volume[92184]: DEBUG oslo_concurrency.processutils [None req-d762a293-2934-494f-aea9-478ae2608dfb tempest-GroupSnapshotsTest-1173610963 None] CMD "sudo cinder-rootwrap /etc/cinder/rootwrap.conf chmod ugo+rw /opt/stack/data/cinder/mnt/5c98de84600aa7e58c38d31aba48ab9c/volume-466b7bc2-90aa-4c35-9d8d-ec3e9fe312c7.info" returned: 0 in 1.019s {{(pid=92184) execute /opt/stack/data/venv/lib/python3.12/site-packages/oslo_concurrency/processutils.py:468}}
Jun 17 11:48:35 devstack cinder-volume[92184]: DEBUG oslo_concurrency.lockutils [None req-d762a293-2934-494f-aea9-478ae2608dfb tempest-GroupSnapshotsTest-1173610963 None] Lock "quobyte" "released" by "cinder.volume.drivers.quobyte.QuobyteDriver.create_snapshot" :: held 7.001s {{(pid=92184) inner /opt/stack/data/venv/lib/python3.12/site-packages/oslo_concurrency/lockutils.py:543}}
Jun 17 11:48:35 devstack cinder-volume[92184]: DEBUG oslo_concurrency.lockutils [None req-d762a293-2934-494f-aea9-478ae2608dfb tempest-GroupSnapshotsTest-1173610963 None] Acquiring lock "quobyte" by "cinder.volume.drivers.quobyte.QuobyteDriver.create_snapshot" {{(pid=92184) inner /opt/stack/data/venv/lib/python3.12/site-packages/oslo_concurrency/lockutils.py:511}}
Jun 17 11:48:35 devstack cinder-volume[92184]: DEBUG oslo_concurrency.lockutils [None req-d762a293-2934-494f-aea9-478ae2608dfb tempest-GroupSnapshotsTest-1173610963 None] Lock "quobyte" acquired by "cinder.volume.drivers.quobyte.QuobyteDriver.create_snapshot" :: waited 0.000s {{(pid=92184) inner /opt/stack/data/venv/lib/python3.12/site-packages/oslo_concurrency/lockutils.py:524}}
Jun 17 11:48:35 devstack cinder-volume[92184]: DEBUG cinder.volume.drivers.remotefs [None req-d762a293-2934-494f-aea9-478ae2608dfb tempest-GroupSnapshotsTest-1173610963 None] Creating offline snapshot a6312998-a916-4257-9056-38634fcf96f8 of volume c239ee29-0a19-4dfa-88d9-ab81d062f35d {{(pid=92184) _create_snapshot /opt/stack/cinder/cinder/volume/drivers/remotefs.py:1816}}
Jun 17 11:48:35 devstack cinder-volume[92184]: DEBUG oslo.privsep.daemon [-] privsep: reply[3cea6292-d76b-495b-a8f6-860f0bd0a572]: (4, 'qcow2') {{(pid=93225) _call_back /opt/stack/data/venv/lib/python3.12/site-packages/oslo_privsep/daemon.py:580}}
Jun 17 11:48:35 devstack cinder-volume[92184]: DEBUG oslo_concurrency.processutils [None req-d762a293-2934-494f-aea9-478ae2608dfb tempest-GroupSnapshotsTest-1173610963 None] Running cmd (subprocess): /opt/stack/data/venv/bin/python3.12 -m oslo_concurrency.prlimit --as=1073741824 --cpu=60 -- sudo cinder-rootwrap /etc/cinder/rootwrap.conf env LC_ALL=C qemu-img info -f qcow2 --output=json --force-share /opt/stack/data/cinder/mnt/5c98de84600aa7e58c38d31aba48ab9c/volume-c239ee29-0a19-4dfa-88d9-ab81d062f35d {{(pid=92184) execute /opt/stack/data/venv/lib/python3.12/site-packages/oslo_concurrency/processutils.py:440}}
Jun 17 11:48:35 devstack sudo[97889]: quobyte : PWD=/ ; USER=root ; COMMAND=/opt/stack/data/venv/bin/cinder-rootwrap /etc/cinder/rootwrap.conf env LC_ALL=C qemu-img info -f qcow2 --output=json --force-share /opt/stack/data/cinder/mnt/5c98de84600aa7e58c38d31aba48ab9c/volume-c239ee29-0a19-4dfa-88d9-ab81d062f35d
Jun 17 11:48:35 devstack sudo[97889]: pam_unix(sudo:session): session opened for user root(uid=0) by (uid=1000)
Jun 17 11:48:37 devstack sudo[97889]: pam_unix(sudo:session): session closed for user root
Jun 17 11:48:37 devstack cinder-volume[92184]: DEBUG oslo_concurrency.processutils [None req-d762a293-2934-494f-aea9-478ae2608dfb tempest-GroupSnapshotsTest-1173610963 None] CMD "/opt/stack/data/venv/bin/python3.12 -m oslo_concurrency.prlimit --as=1073741824 --cpu=60 -- sudo cinder-rootwrap /etc/cinder/rootwrap.conf env LC_ALL=C qemu-img info -f qcow2 --output=json --force-share /opt/stack/data/cinder/mnt/5c98de84600aa7e58c38d31aba48ab9c/volume-c239ee29-0a19-4dfa-88d9-ab81d062f35d" returned: 0 in 1.372s {{(pid=92184) execute /opt/stack/data/venv/lib/python3.12/site-packages/oslo_concurrency/processutils.py:468}}
Jun 17 11:48:37 devstack cinder-volume[92184]: DEBUG oslo_concurrency.processutils [None req-d762a293-2934-494f-aea9-478ae2608dfb tempest-GroupSnapshotsTest-1173610963 None] Running cmd (subprocess): sudo cinder-rootwrap /etc/cinder/rootwrap.conf qemu-img create -f qcow2 -o backing_file=/opt/stack/data/cinder/mnt/5c98de84600aa7e58c38d31aba48ab9c/volume-c239ee29-0a19-4dfa-88d9-ab81d062f35d,backing_fmt=qcow2 /opt/stack/data/cinder/mnt/5c98de84600aa7e58c38d31aba48ab9c/volume-c239ee29-0a19-4dfa-88d9-ab81d062f35d.a6312998-a916-4257-9056-38634fcf96f8 1G {{(pid=92184) execute /opt/stack/data/venv/lib/python3.12/site-packages/oslo_concurrency/processutils.py:440}}
Jun 17 11:48:37 devstack sudo[97927]: quobyte : PWD=/ ; USER=root ; COMMAND=/opt/stack/data/venv/bin/cinder-rootwrap /etc/cinder/rootwrap.conf qemu-img create -f qcow2 -o backing_file=/opt/stack/data/cinder/mnt/5c98de84600aa7e58c38d31aba48ab9c/volume-c239ee29-0a19-4dfa-88d9-ab81d062f35d,backing_fmt=qcow2 /opt/stack/data/cinder/mnt/5c98de84600aa7e58c38d31aba48ab9c/volume-c239ee29-0a19-4dfa-88d9-ab81d062f35d.a6312998-a916-4257-9056-38634fcf96f8 1G
Jun 17 11:48:37 devstack sudo[97927]: pam_unix(sudo:session): session opened for user root(uid=0) by (uid=1000)
Jun 17 11:48:38 devstack sudo[97927]: pam_unix(sudo:session): session closed for user root
Jun 17 11:48:38 devstack cinder-volume[92184]: DEBUG oslo_concurrency.processutils [None req-d762a293-2934-494f-aea9-478ae2608dfb tempest-GroupSnapshotsTest-1173610963 None] CMD "sudo cinder-rootwrap /etc/cinder/rootwrap.conf qemu-img create -f qcow2 -o backing_file=/opt/stack/data/cinder/mnt/5c98de84600aa7e58c38d31aba48ab9c/volume-c239ee29-0a19-4dfa-88d9-ab81d062f35d,backing_fmt=qcow2 /opt/stack/data/cinder/mnt/5c98de84600aa7e58c38d31aba48ab9c/volume-c239ee29-0a19-4dfa-88d9-ab81d062f35d.a6312998-a916-4257-9056-38634fcf96f8 1G" returned: 0 in 0.946s {{(pid=92184) execute /opt/stack/data/venv/lib/python3.12/site-packages/oslo_concurrency/processutils.py:468}}
Jun 17 11:48:38 devstack cinder-volume[92184]: DEBUG oslo_concurrency.processutils [None req-d762a293-2934-494f-aea9-478ae2608dfb tempest-GroupSnapshotsTest-1173610963 None] Running cmd (subprocess): sudo cinder-rootwrap /etc/cinder/rootwrap.conf qemu-img rebase -u -b volume-c239ee29-0a19-4dfa-88d9-ab81d062f35d -F qcow2 /opt/stack/data/cinder/mnt/5c98de84600aa7e58c38d31aba48ab9c/volume-c239ee29-0a19-4dfa-88d9-ab81d062f35d.a6312998-a916-4257-9056-38634fcf96f8 {{(pid=92184) execute /opt/stack/data/venv/lib/python3.12/site-packages/oslo_concurrency/processutils.py:440}}
Jun 17 11:48:38 devstack sudo[97937]: quobyte : PWD=/ ; USER=root ; COMMAND=/opt/stack/data/venv/bin/cinder-rootwrap /etc/cinder/rootwrap.conf qemu-img rebase -u -b volume-c239ee29-0a19-4dfa-88d9-ab81d062f35d -F qcow2 /opt/stack/data/cinder/mnt/5c98de84600aa7e58c38d31aba48ab9c/volume-c239ee29-0a19-4dfa-88d9-ab81d062f35d.a6312998-a916-4257-9056-38634fcf96f8
Jun 17 11:48:38 devstack sudo[97937]: pam_unix(sudo:session): session opened for user root(uid=0) by (uid=1000)
Jun 17 11:48:39 devstack sudo[97937]: pam_unix(sudo:session): session closed for user root
Jun 17 11:48:39 devstack cinder-volume[92184]: DEBUG oslo_concurrency.processutils [None req-d762a293-2934-494f-aea9-478ae2608dfb tempest-GroupSnapshotsTest-1173610963 None] CMD "sudo cinder-rootwrap /etc/cinder/rootwrap.conf qemu-img rebase -u -b volume-c239ee29-0a19-4dfa-88d9-ab81d062f35d -F qcow2 /opt/stack/data/cinder/mnt/5c98de84600aa7e58c38d31aba48ab9c/volume-c239ee29-0a19-4dfa-88d9-ab81d062f35d.a6312998-a916-4257-9056-38634fcf96f8" returned: 0 in 1.517s {{(pid=92184) execute /opt/stack/data/venv/lib/python3.12/site-packages/oslo_concurrency/processutils.py:468}}
Jun 17 11:48:39 devstack cinder-volume[92184]: WARNING cinder.volume.drivers.remotefs [None req-d762a293-2934-494f-aea9-478ae2608dfb tempest-GroupSnapshotsTest-1173610963 None] /opt/stack/data/cinder/mnt/5c98de84600aa7e58c38d31aba48ab9c/volume-c239ee29-0a19-4dfa-88d9-ab81d062f35d.a6312998-a916-4257-9056-38634fcf96f8 is being set with open permissions: ugo+rw: NotImplementedError
Jun 17 11:48:39 devstack cinder-volume[92184]: DEBUG oslo_concurrency.processutils [None req-d762a293-2934-494f-aea9-478ae2608dfb tempest-GroupSnapshotsTest-1173610963 None] Running cmd (subprocess): sudo cinder-rootwrap /etc/cinder/rootwrap.conf chmod ugo+rw /opt/stack/data/cinder/mnt/5c98de84600aa7e58c38d31aba48ab9c/volume-c239ee29-0a19-4dfa-88d9-ab81d062f35d.a6312998-a916-4257-9056-38634fcf96f8 {{(pid=92184) execute /opt/stack/data/venv/lib/python3.12/site-packages/oslo_concurrency/processutils.py:440}}
Jun 17 11:48:39 devstack sudo[97980]: quobyte : PWD=/ ; USER=root ; COMMAND=/opt/stack/data/venv/bin/cinder-rootwrap /etc/cinder/rootwrap.conf chmod ugo+rw /opt/stack/data/cinder/mnt/5c98de84600aa7e58c38d31aba48ab9c/volume-c239ee29-0a19-4dfa-88d9-ab81d062f35d.a6312998-a916-4257-9056-38634fcf96f8
Jun 17 11:48:39 devstack sudo[97980]: pam_unix(sudo:session): session opened for user root(uid=0) by (uid=1000)
Jun 17 11:48:40 devstack sudo[97980]: pam_unix(sudo:session): session closed for user root
Jun 17 11:48:40 devstack cinder-volume[92184]: DEBUG oslo_concurrency.processutils [None req-d762a293-2934-494f-aea9-478ae2608dfb tempest-GroupSnapshotsTest-1173610963 None] CMD "sudo cinder-rootwrap /etc/cinder/rootwrap.conf chmod ugo+rw /opt/stack/data/cinder/mnt/5c98de84600aa7e58c38d31aba48ab9c/volume-c239ee29-0a19-4dfa-88d9-ab81d062f35d.a6312998-a916-4257-9056-38634fcf96f8" returned: 0 in 0.849s {{(pid=92184) execute /opt/stack/data/venv/lib/python3.12/site-packages/oslo_concurrency/processutils.py:468}}
Jun 17 11:48:40 devstack cinder-volume[92184]: DEBUG dbcounter [-] [92184] Writing DB stats cinder:SELECT=73,cinder:UPDATE=60,cinder:INSERT=10,cinder:DELETE=2 {{(pid=92184) stat_writer /opt/stack/data/venv/lib/python3.12/site-packages/dbcounter.py:115}}
Jun 17 11:48:40 devstack cinder-volume[92184]: DEBUG oslo_concurrency.processutils [None req-d762a293-2934-494f-aea9-478ae2608dfb tempest-GroupSnapshotsTest-1173610963 None] Running cmd (subprocess): sudo cinder-rootwrap /etc/cinder/rootwrap.conf truncate -s0 /opt/stack/data/cinder/mnt/5c98de84600aa7e58c38d31aba48ab9c/volume-c239ee29-0a19-4dfa-88d9-ab81d062f35d.info {{(pid=92184) execute /opt/stack/data/venv/lib/python3.12/site-packages/oslo_concurrency/processutils.py:440}}
Jun 17 11:48:40 devstack sudo[97985]: quobyte : PWD=/ ; USER=root ; COMMAND=/opt/stack/data/venv/bin/cinder-rootwrap /etc/cinder/rootwrap.conf truncate -s0 /opt/stack/data/cinder/mnt/5c98de84600aa7e58c38d31aba48ab9c/volume-c239ee29-0a19-4dfa-88d9-ab81d062f35d.info
Jun 17 11:48:40 devstack sudo[97985]: pam_unix(sudo:session): session opened for user root(uid=0) by (uid=1000)
Jun 17 11:48:41 devstack sudo[97985]: pam_unix(sudo:session): session closed for user root
Jun 17 11:48:41 devstack cinder-volume[92184]: DEBUG oslo_concurrency.processutils [None req-d762a293-2934-494f-aea9-478ae2608dfb tempest-GroupSnapshotsTest-1173610963 None] CMD "sudo cinder-rootwrap /etc/cinder/rootwrap.conf truncate -s0 /opt/stack/data/cinder/mnt/5c98de84600aa7e58c38d31aba48ab9c/volume-c239ee29-0a19-4dfa-88d9-ab81d062f35d.info" returned: 0 in 0.992s {{(pid=92184) execute /opt/stack/data/venv/lib/python3.12/site-packages/oslo_concurrency/processutils.py:468}}
Jun 17 11:48:41 devstack cinder-volume[92184]: WARNING cinder.volume.drivers.remotefs [None req-d762a293-2934-494f-aea9-478ae2608dfb tempest-GroupSnapshotsTest-1173610963 None] /opt/stack/data/cinder/mnt/5c98de84600aa7e58c38d31aba48ab9c/volume-c239ee29-0a19-4dfa-88d9-ab81d062f35d.info is being set with open permissions: ugo+rw: NotImplementedError
Jun 17 11:48:41 devstack cinder-volume[92184]: DEBUG oslo_concurrency.processutils [None req-d762a293-2934-494f-aea9-478ae2608dfb tempest-GroupSnapshotsTest-1173610963 None] Running cmd (subprocess): sudo cinder-rootwrap /etc/cinder/rootwrap.conf chmod ugo+rw /opt/stack/data/cinder/mnt/5c98de84600aa7e58c38d31aba48ab9c/volume-c239ee29-0a19-4dfa-88d9-ab81d062f35d.info {{(pid=92184) execute /opt/stack/data/venv/lib/python3.12/site-packages/oslo_concurrency/processutils.py:440}}
Jun 17 11:48:41 devstack sudo[97989]: quobyte : PWD=/ ; USER=root ; COMMAND=/opt/stack/data/venv/bin/cinder-rootwrap /etc/cinder/rootwrap.conf chmod ugo+rw /opt/stack/data/cinder/mnt/5c98de84600aa7e58c38d31aba48ab9c/volume-c239ee29-0a19-4dfa-88d9-ab81d062f35d.info
Jun 17 11:48:41 devstack sudo[97989]: pam_unix(sudo:session): session opened for user root(uid=0) by (uid=1000)
Jun 17 11:48:42 devstack sudo[97989]: pam_unix(sudo:session): session closed for user root
Jun 17 11:48:42 devstack cinder-volume[92184]: DEBUG oslo_concurrency.processutils [None req-d762a293-2934-494f-aea9-478ae2608dfb tempest-GroupSnapshotsTest-1173610963 None] CMD "sudo cinder-rootwrap /etc/cinder/rootwrap.conf chmod ugo+rw /opt/stack/data/cinder/mnt/5c98de84600aa7e58c38d31aba48ab9c/volume-c239ee29-0a19-4dfa-88d9-ab81d062f35d.info" returned: 0 in 0.668s {{(pid=92184) execute /opt/stack/data/venv/lib/python3.12/site-packages/oslo_concurrency/processutils.py:468}}
Jun 17 11:48:42 devstack cinder-volume[92184]: DEBUG oslo_concurrency.lockutils [None req-d762a293-2934-494f-aea9-478ae2608dfb tempest-GroupSnapshotsTest-1173610963 None] Lock "quobyte" "released" by "cinder.volume.drivers.quobyte.QuobyteDriver.create_snapshot" :: held 6.492s {{(pid=92184) inner /opt/stack/data/venv/lib/python3.12/site-packages/oslo_concurrency/lockutils.py:543}}
Jun 17 11:48:42 devstack cinder-volume[92184]: INFO cinder.volume.manager [None req-d762a293-2934-494f-aea9-478ae2608dfb tempest-GroupSnapshotsTest-1173610963 None] group_snapshot 7d8b9925-2a23-4c44-8a11-b701a43f953e: created successfully
Jun 17 11:48:43 devstack cinder-volume[92184]: INFO cinder.volume.manager [None req-d2df470e-2b60-41ad-88f4-e500509b337a tempest-GroupSnapshotsTest-1173610963 None] group_snapshot 7d8b9925-2a23-4c44-8a11-b701a43f953e: deleting
Jun 17 11:48:43 devstack cinder-volume[92184]: DEBUG cinder.volume.manager [None req-d2df470e-2b60-41ad-88f4-e500509b337a tempest-GroupSnapshotsTest-1173610963 None] group_snapshot 7d8b9925-2a23-4c44-8a11-b701a43f953e: deleting {{(pid=92184) delete_group_snapshot /opt/stack/cinder/cinder/volume/manager.py:4350}}
Jun 17 11:48:43 devstack cinder-volume[92184]: DEBUG cinder.coordination [None req-d2df470e-2b60-41ad-88f4-e500509b337a tempest-GroupSnapshotsTest-1173610963 None] Acquiring lock "cinder-quobyte-466b7bc2-90aa-4c35-9d8d-ec3e9fe312c7" by "delete_snapshot" {{(pid=92184) __acquire /opt/stack/cinder/cinder/coordination.py:138}}
Jun 17 11:48:43 devstack cinder-volume[92184]: DEBUG cinder.coordination [None req-d2df470e-2b60-41ad-88f4-e500509b337a tempest-GroupSnapshotsTest-1173610963 None] Lock "cinder-quobyte-466b7bc2-90aa-4c35-9d8d-ec3e9fe312c7" acquired by "delete_snapshot" :: waited 0.029s {{(pid=92184) __acquire /opt/stack/cinder/cinder/coordination.py:141}}
Jun 17 11:48:43 devstack cinder-volume[92184]: DEBUG cinder.coordination [None req-d2df470e-2b60-41ad-88f4-e500509b337a tempest-GroupSnapshotsTest-1173610963 None] Acquiring lock "cinder-quobyte-9e5738ff-a025-49ca-8c78-d6f503258d6d" by "_delete_snapshot" {{(pid=92184) __acquire /opt/stack/cinder/cinder/coordination.py:138}}
Jun 17 11:48:43 devstack cinder-volume[92184]: DEBUG cinder.coordination [None req-d2df470e-2b60-41ad-88f4-e500509b337a tempest-GroupSnapshotsTest-1173610963 None] Lock "cinder-quobyte-9e5738ff-a025-49ca-8c78-d6f503258d6d" acquired by "_delete_snapshot" :: waited 0.023s {{(pid=92184) __acquire /opt/stack/cinder/cinder/coordination.py:141}}
Jun 17 11:48:43 devstack cinder-volume[92184]: DEBUG cinder.volume.drivers.remotefs [None req-d2df470e-2b60-41ad-88f4-e500509b337a tempest-GroupSnapshotsTest-1173610963 None] Deleting offline snapshot 9e5738ff-a025-49ca-8c78-d6f503258d6d of volume 466b7bc2-90aa-4c35-9d8d-ec3e9fe312c7 {{(pid=92184) _delete_snapshot /opt/stack/cinder/cinder/volume/drivers/remotefs.py:1288}}
Jun 17 11:48:43 devstack cinder-volume[92184]: DEBUG cinder.volume.drivers.remotefs [None req-d2df470e-2b60-41ad-88f4-e500509b337a tempest-GroupSnapshotsTest-1173610963 None] snapshot_file for this snap is: volume-466b7bc2-90aa-4c35-9d8d-ec3e9fe312c7.9e5738ff-a025-49ca-8c78-d6f503258d6d {{(pid=92184) _delete_snapshot /opt/stack/cinder/cinder/volume/drivers/remotefs.py:1317}}
Jun 17 11:48:43 devstack cinder-volume[92184]: DEBUG oslo.privsep.daemon [-] privsep: reply[3ef43955-69f9-4f5b-b3cb-d4789ba4880f]: (4, 'qcow2') {{(pid=93225) _call_back /opt/stack/data/venv/lib/python3.12/site-packages/oslo_privsep/daemon.py:580}}
Jun 17 11:48:43 devstack cinder-volume[92184]: DEBUG oslo_concurrency.processutils [None req-d2df470e-2b60-41ad-88f4-e500509b337a tempest-GroupSnapshotsTest-1173610963 None] Running cmd (subprocess): /opt/stack/data/venv/bin/python3.12 -m oslo_concurrency.prlimit --as=1073741824 --cpu=60 -- sudo cinder-rootwrap /etc/cinder/rootwrap.conf env LC_ALL=C qemu-img info -f qcow2 --output=json --force-share /opt/stack/data/cinder/mnt/5c98de84600aa7e58c38d31aba48ab9c/volume-466b7bc2-90aa-4c35-9d8d-ec3e9fe312c7.9e5738ff-a025-49ca-8c78-d6f503258d6d {{(pid=92184) execute /opt/stack/data/venv/lib/python3.12/site-packages/oslo_concurrency/processutils.py:440}}
Jun 17 11:48:43 devstack sudo[97992]: quobyte : PWD=/ ; USER=root ; COMMAND=/opt/stack/data/venv/bin/cinder-rootwrap /etc/cinder/rootwrap.conf env LC_ALL=C qemu-img info -f qcow2 --output=json --force-share /opt/stack/data/cinder/mnt/5c98de84600aa7e58c38d31aba48ab9c/volume-466b7bc2-90aa-4c35-9d8d-ec3e9fe312c7.9e5738ff-a025-49ca-8c78-d6f503258d6d
Jun 17 11:48:43 devstack sudo[97992]: pam_unix(sudo:session): session opened for user root(uid=0) by (uid=1000)
Jun 17 11:48:45 devstack sudo[97992]: pam_unix(sudo:session): session closed for user root
Jun 17 11:48:45 devstack cinder-volume[92184]: DEBUG oslo_concurrency.processutils [None req-d2df470e-2b60-41ad-88f4-e500509b337a tempest-GroupSnapshotsTest-1173610963 None] CMD "/opt/stack/data/venv/bin/python3.12 -m oslo_concurrency.prlimit --as=1073741824 --cpu=60 -- sudo cinder-rootwrap /etc/cinder/rootwrap.conf env LC_ALL=C qemu-img info -f qcow2 --output=json --force-share /opt/stack/data/cinder/mnt/5c98de84600aa7e58c38d31aba48ab9c/volume-466b7bc2-90aa-4c35-9d8d-ec3e9fe312c7.9e5738ff-a025-49ca-8c78-d6f503258d6d" returned: 0 in 1.801s {{(pid=92184) execute /opt/stack/data/venv/lib/python3.12/site-packages/oslo_concurrency/processutils.py:468}}
Jun 17 11:48:45 devstack cinder-volume[92184]: DEBUG cinder.volume.drivers.remotefs [None req-d2df470e-2b60-41ad-88f4-e500509b337a tempest-GroupSnapshotsTest-1173610963 None] Fetching qemu-img info with special backing_file_template: (/opt/stack/data/cinder/mnt/[0-9a-f]+/)?(volume-466b7bc2-90aa-4c35-9d8d-ec3e9fe312c7(.(tmp-snap-)?[0-9a-f-]+)?|volume_from_snapshot_cache/(tmp-snap-)?[0-9a-f-]+(.(child-|parent-)[0-9a-f-]+)?)$ {{(pid=92184) _qemu_img_info_base /opt/stack/cinder/cinder/volume/drivers/remotefs.py:896}}
Jun 17 11:48:45 devstack cinder-volume[92184]: DEBUG oslo.privsep.daemon [-] privsep: reply[151f2467-8e6a-4ae4-8245-0858adc1c941]: (4, 'qcow2') {{(pid=93225) _call_back /opt/stack/data/venv/lib/python3.12/site-packages/oslo_privsep/daemon.py:580}}
Jun 17 11:48:45 devstack cinder-volume[92184]: DEBUG oslo_concurrency.processutils [None req-d2df470e-2b60-41ad-88f4-e500509b337a tempest-GroupSnapshotsTest-1173610963 None] Running cmd (subprocess): /opt/stack/data/venv/bin/python3.12 -m oslo_concurrency.prlimit --as=1073741824 --cpu=60 -- sudo cinder-rootwrap /etc/cinder/rootwrap.conf env LC_ALL=C qemu-img info -f qcow2 --output=json --force-share /opt/stack/data/cinder/mnt/5c98de84600aa7e58c38d31aba48ab9c/volume-466b7bc2-90aa-4c35-9d8d-ec3e9fe312c7 {{(pid=92184) execute /opt/stack/data/venv/lib/python3.12/site-packages/oslo_concurrency/processutils.py:440}}
Jun 17 11:48:45 devstack sudo[98070]: quobyte : PWD=/ ; USER=root ; COMMAND=/opt/stack/data/venv/bin/cinder-rootwrap /etc/cinder/rootwrap.conf env LC_ALL=C qemu-img info -f qcow2 --output=json --force-share /opt/stack/data/cinder/mnt/5c98de84600aa7e58c38d31aba48ab9c/volume-466b7bc2-90aa-4c35-9d8d-ec3e9fe312c7
Jun 17 11:48:45 devstack sudo[98070]: pam_unix(sudo:session): session opened for user root(uid=0) by (uid=1000)
Jun 17 11:48:46 devstack sudo[98070]: pam_unix(sudo:session): session closed for user root
Jun 17 11:48:46 devstack cinder-volume[92184]: DEBUG oslo_concurrency.processutils [None req-d2df470e-2b60-41ad-88f4-e500509b337a tempest-GroupSnapshotsTest-1173610963 None] CMD "/opt/stack/data/venv/bin/python3.12 -m oslo_concurrency.prlimit --as=1073741824 --cpu=60 -- sudo cinder-rootwrap /etc/cinder/rootwrap.conf env LC_ALL=C qemu-img info -f qcow2 --output=json --force-share /opt/stack/data/cinder/mnt/5c98de84600aa7e58c38d31aba48ab9c/volume-466b7bc2-90aa-4c35-9d8d-ec3e9fe312c7" returned: 0 in 1.368s {{(pid=92184) execute /opt/stack/data/venv/lib/python3.12/site-packages/oslo_concurrency/processutils.py:468}}
Jun 17 11:48:46 devstack cinder-volume[92184]: DEBUG oslo_concurrency.processutils [None req-d2df470e-2b60-41ad-88f4-e500509b337a tempest-GroupSnapshotsTest-1173610963 None] Running cmd (subprocess): sudo cinder-rootwrap /etc/cinder/rootwrap.conf qemu-img commit -d /opt/stack/data/cinder/mnt/5c98de84600aa7e58c38d31aba48ab9c/volume-466b7bc2-90aa-4c35-9d8d-ec3e9fe312c7.9e5738ff-a025-49ca-8c78-d6f503258d6d {{(pid=92184) execute /opt/stack/data/venv/lib/python3.12/site-packages/oslo_concurrency/processutils.py:440}}
Jun 17 11:48:46 devstack sudo[98080]: quobyte : PWD=/ ; USER=root ; COMMAND=/opt/stack/data/venv/bin/cinder-rootwrap /etc/cinder/rootwrap.conf qemu-img commit -d /opt/stack/data/cinder/mnt/5c98de84600aa7e58c38d31aba48ab9c/volume-466b7bc2-90aa-4c35-9d8d-ec3e9fe312c7.9e5738ff-a025-49ca-8c78-d6f503258d6d
Jun 17 11:48:46 devstack sudo[98080]: pam_unix(sudo:session): session opened for user root(uid=0) by (uid=1000)
Jun 17 11:48:47 devstack cinder-volume[92184]: DEBUG cinder.coordination [None req-8e9d473b-8c31-45c4-8f78-f800f2a3778b tempest-ServerRescueNegativeTestJSON-1708730517 None] Acquiring lock "cinder-2bb0d332-069d-4fd6-af05-942b39088af4-delete_volume" by "delete_volume" {{(pid=92184) __acquire /opt/stack/cinder/cinder/coordination.py:138}}
Jun 17 11:48:47 devstack cinder-volume[92184]: DEBUG cinder.coordination [None req-8e9d473b-8c31-45c4-8f78-f800f2a3778b tempest-ServerRescueNegativeTestJSON-1708730517 None] Lock "cinder-2bb0d332-069d-4fd6-af05-942b39088af4-delete_volume" acquired by "delete_volume" :: waited 0.034s {{(pid=92184) __acquire /opt/stack/cinder/cinder/coordination.py:141}}
Jun 17 11:48:47 devstack cinder-volume[92184]: DEBUG cinder.coordination [None req-8e9d473b-8c31-45c4-8f78-f800f2a3778b tempest-ServerRescueNegativeTestJSON-1708730517 None] Acquiring lock "cinder-quobyte-2bb0d332-069d-4fd6-af05-942b39088af4" by "delete_volume" {{(pid=92184) __acquire /opt/stack/cinder/cinder/coordination.py:138}}
Jun 17 11:48:47 devstack cinder-volume[92184]: DEBUG cinder.coordination [None req-8e9d473b-8c31-45c4-8f78-f800f2a3778b tempest-ServerRescueNegativeTestJSON-1708730517 None] Lock "cinder-quobyte-2bb0d332-069d-4fd6-af05-942b39088af4" acquired by "delete_volume" :: waited 0.048s {{(pid=92184) __acquire /opt/stack/cinder/cinder/coordination.py:141}}
Jun 17 11:48:47 devstack cinder-volume[92184]: DEBUG oslo.privsep.daemon [-] privsep: reply[3f63e5b2-9569-4923-bde5-3212bfb17291]: (4, 'qcow2') {{(pid=93225) _call_back /opt/stack/data/venv/lib/python3.12/site-packages/oslo_privsep/daemon.py:580}}
Jun 17 11:48:47 devstack cinder-volume[92184]: DEBUG oslo_concurrency.processutils [None req-8e9d473b-8c31-45c4-8f78-f800f2a3778b tempest-ServerRescueNegativeTestJSON-1708730517 None] Running cmd (subprocess): /opt/stack/data/venv/bin/python3.12 -m oslo_concurrency.prlimit --as=1073741824 --cpu=60 -- sudo cinder-rootwrap /etc/cinder/rootwrap.conf env LC_ALL=C qemu-img info -f qcow2 --output=json --force-share /opt/stack/data/cinder/mnt/5c98de84600aa7e58c38d31aba48ab9c/volume-2bb0d332-069d-4fd6-af05-942b39088af4 {{(pid=92184) execute /opt/stack/data/venv/lib/python3.12/site-packages/oslo_concurrency/processutils.py:440}}
Jun 17 11:48:47 devstack sudo[98111]: quobyte : PWD=/ ; USER=root ; COMMAND=/opt/stack/data/venv/bin/cinder-rootwrap /etc/cinder/rootwrap.conf env LC_ALL=C qemu-img info -f qcow2 --output=json --force-share /opt/stack/data/cinder/mnt/5c98de84600aa7e58c38d31aba48ab9c/volume-2bb0d332-069d-4fd6-af05-942b39088af4
Jun 17 11:48:47 devstack sudo[98111]: pam_unix(sudo:session): session opened for user root(uid=0) by (uid=1000)
Jun 17 11:48:47 devstack sudo[98080]: pam_unix(sudo:session): session closed for user root
Jun 17 11:48:47 devstack cinder-volume[92184]: DEBUG oslo_concurrency.processutils [None req-d2df470e-2b60-41ad-88f4-e500509b337a tempest-GroupSnapshotsTest-1173610963 None] CMD "sudo cinder-rootwrap /etc/cinder/rootwrap.conf qemu-img commit -d /opt/stack/data/cinder/mnt/5c98de84600aa7e58c38d31aba48ab9c/volume-466b7bc2-90aa-4c35-9d8d-ec3e9fe312c7.9e5738ff-a025-49ca-8c78-d6f503258d6d" returned: 0 in 1.131s {{(pid=92184) execute /opt/stack/data/venv/lib/python3.12/site-packages/oslo_concurrency/processutils.py:468}}
Jun 17 11:48:47 devstack cinder-volume[92184]: DEBUG oslo_concurrency.processutils [None req-d2df470e-2b60-41ad-88f4-e500509b337a tempest-GroupSnapshotsTest-1173610963 None] Running cmd (subprocess): sudo cinder-rootwrap /etc/cinder/rootwrap.conf rm -f /opt/stack/data/cinder/mnt/5c98de84600aa7e58c38d31aba48ab9c/volume-466b7bc2-90aa-4c35-9d8d-ec3e9fe312c7.9e5738ff-a025-49ca-8c78-d6f503258d6d {{(pid=92184) execute /opt/stack/data/venv/lib/python3.12/site-packages/oslo_concurrency/processutils.py:440}}
Jun 17 11:48:47 devstack sudo[98113]: quobyte : PWD=/ ; USER=root ; COMMAND=/opt/stack/data/venv/bin/cinder-rootwrap /etc/cinder/rootwrap.conf rm -f /opt/stack/data/cinder/mnt/5c98de84600aa7e58c38d31aba48ab9c/volume-466b7bc2-90aa-4c35-9d8d-ec3e9fe312c7.9e5738ff-a025-49ca-8c78-d6f503258d6d
Jun 17 11:48:47 devstack sudo[98113]: pam_unix(sudo:session): session opened for user root(uid=0) by (uid=1000)
Jun 17 11:48:48 devstack sudo[98113]: pam_unix(sudo:session): session closed for user root
Jun 17 11:48:48 devstack cinder-volume[92184]: DEBUG oslo_concurrency.processutils [None req-d2df470e-2b60-41ad-88f4-e500509b337a tempest-GroupSnapshotsTest-1173610963 None] CMD "sudo cinder-rootwrap /etc/cinder/rootwrap.conf rm -f /opt/stack/data/cinder/mnt/5c98de84600aa7e58c38d31aba48ab9c/volume-466b7bc2-90aa-4c35-9d8d-ec3e9fe312c7.9e5738ff-a025-49ca-8c78-d6f503258d6d" returned: 0 in 0.674s {{(pid=92184) execute /opt/stack/data/venv/lib/python3.12/site-packages/oslo_concurrency/processutils.py:468}}
Jun 17 11:48:48 devstack cinder-volume[92184]: DEBUG cinder.coordination [None req-d2df470e-2b60-41ad-88f4-e500509b337a tempest-GroupSnapshotsTest-1173610963 None] Lock "cinder-quobyte-9e5738ff-a025-49ca-8c78-d6f503258d6d" released by "_delete_snapshot" :: held 5.173s {{(pid=92184) __release /opt/stack/cinder/cinder/coordination.py:152}}
Jun 17 11:48:48 devstack cinder-volume[92184]: DEBUG cinder.coordination [None req-d2df470e-2b60-41ad-88f4-e500509b337a tempest-GroupSnapshotsTest-1173610963 None] Lock "cinder-quobyte-466b7bc2-90aa-4c35-9d8d-ec3e9fe312c7" released by "delete_snapshot" :: held 5.206s {{(pid=92184) __release /opt/stack/cinder/cinder/coordination.py:152}}
Jun 17 11:48:48 devstack cinder-volume[92184]: DEBUG cinder.coordination [None req-d2df470e-2b60-41ad-88f4-e500509b337a tempest-GroupSnapshotsTest-1173610963 None] Acquiring lock "cinder-quobyte-c239ee29-0a19-4dfa-88d9-ab81d062f35d" by "delete_snapshot" {{(pid=92184) __acquire /opt/stack/cinder/cinder/coordination.py:138}}
Jun 17 11:48:48 devstack sudo[98111]: pam_unix(sudo:session): session closed for user root
Jun 17 11:48:48 devstack cinder-volume[92184]: DEBUG cinder.coordination [None req-d2df470e-2b60-41ad-88f4-e500509b337a tempest-GroupSnapshotsTest-1173610963 None] Lock "cinder-quobyte-c239ee29-0a19-4dfa-88d9-ab81d062f35d" acquired by "delete_snapshot" :: waited 0.018s {{(pid=92184) __acquire /opt/stack/cinder/cinder/coordination.py:141}}
Jun 17 11:48:48 devstack cinder-volume[92184]: DEBUG cinder.coordination [None req-d2df470e-2b60-41ad-88f4-e500509b337a tempest-GroupSnapshotsTest-1173610963 None] Acquiring lock "cinder-quobyte-a6312998-a916-4257-9056-38634fcf96f8" by "_delete_snapshot" {{(pid=92184) __acquire /opt/stack/cinder/cinder/coordination.py:138}}
Jun 17 11:48:48 devstack cinder-volume[92184]: DEBUG oslo_concurrency.processutils [None req-8e9d473b-8c31-45c4-8f78-f800f2a3778b tempest-ServerRescueNegativeTestJSON-1708730517 None] CMD "/opt/stack/data/venv/bin/python3.12 -m oslo_concurrency.prlimit --as=1073741824 --cpu=60 -- sudo cinder-rootwrap /etc/cinder/rootwrap.conf env LC_ALL=C qemu-img info -f qcow2 --output=json --force-share /opt/stack/data/cinder/mnt/5c98de84600aa7e58c38d31aba48ab9c/volume-2bb0d332-069d-4fd6-af05-942b39088af4" returned: 0 in 0.933s {{(pid=92184) execute /opt/stack/data/venv/lib/python3.12/site-packages/oslo_concurrency/processutils.py:468}}
Jun 17 11:48:48 devstack cinder-volume[92184]: DEBUG oslo_concurrency.processutils [None req-8e9d473b-8c31-45c4-8f78-f800f2a3778b tempest-ServerRescueNegativeTestJSON-1708730517 None] Running cmd (subprocess): sudo cinder-rootwrap /etc/cinder/rootwrap.conf rm -f /opt/stack/data/cinder/mnt/5c98de84600aa7e58c38d31aba48ab9c/volume-2bb0d332-069d-4fd6-af05-942b39088af4 {{(pid=92184) execute /opt/stack/data/venv/lib/python3.12/site-packages/oslo_concurrency/processutils.py:440}}
Jun 17 11:48:48 devstack cinder-volume[92184]: DEBUG cinder.coordination [None req-d2df470e-2b60-41ad-88f4-e500509b337a tempest-GroupSnapshotsTest-1173610963 None] Lock "cinder-quobyte-a6312998-a916-4257-9056-38634fcf96f8" acquired by "_delete_snapshot" :: waited 0.034s {{(pid=92184) __acquire /opt/stack/cinder/cinder/coordination.py:141}}
Jun 17 11:48:48 devstack cinder-volume[92184]: DEBUG cinder.volume.drivers.remotefs [None req-d2df470e-2b60-41ad-88f4-e500509b337a tempest-GroupSnapshotsTest-1173610963 None] Deleting offline snapshot a6312998-a916-4257-9056-38634fcf96f8 of volume c239ee29-0a19-4dfa-88d9-ab81d062f35d {{(pid=92184) _delete_snapshot /opt/stack/cinder/cinder/volume/drivers/remotefs.py:1288}}
Jun 17 11:48:48 devstack sudo[98119]: quobyte : PWD=/ ; USER=root ; COMMAND=/opt/stack/data/venv/bin/cinder-rootwrap /etc/cinder/rootwrap.conf rm -f /opt/stack/data/cinder/mnt/5c98de84600aa7e58c38d31aba48ab9c/volume-2bb0d332-069d-4fd6-af05-942b39088af4
Jun 17 11:48:48 devstack sudo[98119]: pam_unix(sudo:session): session opened for user root(uid=0) by (uid=1000)
Jun 17 11:48:48 devstack cinder-volume[92184]: DEBUG cinder.volume.drivers.remotefs [None req-d2df470e-2b60-41ad-88f4-e500509b337a tempest-GroupSnapshotsTest-1173610963 None] snapshot_file for this snap is: volume-c239ee29-0a19-4dfa-88d9-ab81d062f35d.a6312998-a916-4257-9056-38634fcf96f8 {{(pid=92184) _delete_snapshot /opt/stack/cinder/cinder/volume/drivers/remotefs.py:1317}}
Jun 17 11:48:48 devstack cinder-volume[92184]: DEBUG oslo.privsep.daemon [-] privsep: reply[ee878d54-4c3e-4858-963e-515e9ecad1a2]: (4, 'qcow2') {{(pid=93225) _call_back /opt/stack/data/venv/lib/python3.12/site-packages/oslo_privsep/daemon.py:580}}
Jun 17 11:48:48 devstack cinder-volume[92184]: DEBUG oslo_concurrency.processutils [None req-d2df470e-2b60-41ad-88f4-e500509b337a tempest-GroupSnapshotsTest-1173610963 None] Running cmd (subprocess): /opt/stack/data/venv/bin/python3.12 -m oslo_concurrency.prlimit --as=1073741824 --cpu=60 -- sudo cinder-rootwrap /etc/cinder/rootwrap.conf env LC_ALL=C qemu-img info -f qcow2 --output=json --force-share /opt/stack/data/cinder/mnt/5c98de84600aa7e58c38d31aba48ab9c/volume-c239ee29-0a19-4dfa-88d9-ab81d062f35d.a6312998-a916-4257-9056-38634fcf96f8 {{(pid=92184) execute /opt/stack/data/venv/lib/python3.12/site-packages/oslo_concurrency/processutils.py:440}}
Jun 17 11:48:48 devstack sudo[98121]: quobyte : PWD=/ ; USER=root ; COMMAND=/opt/stack/data/venv/bin/cinder-rootwrap /etc/cinder/rootwrap.conf env LC_ALL=C qemu-img info -f qcow2 --output=json --force-share /opt/stack/data/cinder/mnt/5c98de84600aa7e58c38d31aba48ab9c/volume-c239ee29-0a19-4dfa-88d9-ab81d062f35d.a6312998-a916-4257-9056-38634fcf96f8
Jun 17 11:48:48 devstack sudo[98121]: pam_unix(sudo:session): session opened for user root(uid=0) by (uid=1000)
Jun 17 11:48:49 devstack sudo[98119]: pam_unix(sudo:session): session closed for user root
Jun 17 11:48:49 devstack cinder-volume[92184]: DEBUG oslo_concurrency.processutils [None req-8e9d473b-8c31-45c4-8f78-f800f2a3778b tempest-ServerRescueNegativeTestJSON-1708730517 None] CMD "sudo cinder-rootwrap /etc/cinder/rootwrap.conf rm -f /opt/stack/data/cinder/mnt/5c98de84600aa7e58c38d31aba48ab9c/volume-2bb0d332-069d-4fd6-af05-942b39088af4" returned: 0 in 0.723s {{(pid=92184) execute /opt/stack/data/venv/lib/python3.12/site-packages/oslo_concurrency/processutils.py:468}}
Jun 17 11:48:49 devstack cinder-volume[92184]: DEBUG cinder.coordination [None req-8e9d473b-8c31-45c4-8f78-f800f2a3778b tempest-ServerRescueNegativeTestJSON-1708730517 None] Lock "cinder-quobyte-2bb0d332-069d-4fd6-af05-942b39088af4" released by "delete_volume" :: held 1.733s {{(pid=92184) __release /opt/stack/cinder/cinder/coordination.py:152}}
Jun 17 11:48:49 devstack cinder-volume[92184]: DEBUG cinder.quota [None req-8e9d473b-8c31-45c4-8f78-f800f2a3778b tempest-ServerRescueNegativeTestJSON-1708730517 None] Created reservations ['9f4cf761-9a99-48da-989b-310b83a4c3df', 'd648aaed-d98a-40b8-beba-2fbad0e1abfe', '2b1d205f-8659-4015-88bd-bf633f695343', 'fe8bddce-a015-415e-b1d8-6e87e0adc16d'] {{(pid=92184) reserve /opt/stack/cinder/cinder/quota.py:752}}
Jun 17 11:48:49 devstack cinder-volume[92184]: DEBUG oslo_concurrency.lockutils [None req-8e9d473b-8c31-45c4-8f78-f800f2a3778b tempest-ServerRescueNegativeTestJSON-1708730517 None] Acquiring lock "quobyte_ensure" by "cinder.volume.drivers.quobyte.QuobyteDriver._ensure_shares_mounted" {{(pid=92184) inner /opt/stack/data/venv/lib/python3.12/site-packages/oslo_concurrency/lockutils.py:511}}
Jun 17 11:48:49 devstack cinder-volume[92184]: DEBUG oslo_concurrency.lockutils [None req-8e9d473b-8c31-45c4-8f78-f800f2a3778b tempest-ServerRescueNegativeTestJSON-1708730517 None] Lock "quobyte_ensure" acquired by "cinder.volume.drivers.quobyte.QuobyteDriver._ensure_shares_mounted" :: waited 0.001s {{(pid=92184) inner /opt/stack/data/venv/lib/python3.12/site-packages/oslo_concurrency/lockutils.py:524}}
Jun 17 11:48:49 devstack cinder-volume[92184]: DEBUG cinder.volume.drivers.quobyte [None req-8e9d473b-8c31-45c4-8f78-f800f2a3778b tempest-ServerRescueNegativeTestJSON-1708730517 None] Quobyte Volume URL set to: {'osci02.corp.quobyte.com/cinder-vol-5526a290-2d8d-44eb-9f39-58ccd30de3b3': None} {{(pid=92184) _load_shares_config /opt/stack/cinder/cinder/volume/drivers/quobyte.py:617}}
Jun 17 11:48:49 devstack cinder-volume[92184]: DEBUG cinder.volume.drivers.quobyte [None req-8e9d473b-8c31-45c4-8f78-f800f2a3778b tempest-ServerRescueNegativeTestJSON-1708730517 None] Available shares ['osci02.corp.quobyte.com/cinder-vol-5526a290-2d8d-44eb-9f39-58ccd30de3b3'] {{(pid=92184) _ensure_shares_mounted /opt/stack/cinder/cinder/volume/drivers/quobyte.py:647}}
Jun 17 11:48:49 devstack cinder-volume[92184]: DEBUG oslo_concurrency.lockutils [None req-8e9d473b-8c31-45c4-8f78-f800f2a3778b tempest-ServerRescueNegativeTestJSON-1708730517 None] Lock "quobyte_ensure" "released" by "cinder.volume.drivers.quobyte.QuobyteDriver._ensure_shares_mounted" :: held 0.007s {{(pid=92184) inner /opt/stack/data/venv/lib/python3.12/site-packages/oslo_concurrency/lockutils.py:543}}
Jun 17 11:48:49 devstack cinder-volume[92184]: DEBUG oslo_concurrency.processutils [None req-8e9d473b-8c31-45c4-8f78-f800f2a3778b tempest-ServerRescueNegativeTestJSON-1708730517 None] Running cmd (subprocess): sudo cinder-rootwrap /etc/cinder/rootwrap.conf df --portability --block-size 1 /opt/stack/data/cinder/mnt/5c98de84600aa7e58c38d31aba48ab9c {{(pid=92184) execute /opt/stack/data/venv/lib/python3.12/site-packages/oslo_concurrency/processutils.py:440}}
Jun 17 11:48:49 devstack sudo[98127]: quobyte : PWD=/ ; USER=root ; COMMAND=/opt/stack/data/venv/bin/cinder-rootwrap /etc/cinder/rootwrap.conf df --portability --block-size 1 /opt/stack/data/cinder/mnt/5c98de84600aa7e58c38d31aba48ab9c
Jun 17 11:48:49 devstack sudo[98127]: pam_unix(sudo:session): session opened for user root(uid=0) by (uid=1000)
Jun 17 11:48:49 devstack sudo[98121]: pam_unix(sudo:session): session closed for user root
Jun 17 11:48:49 devstack cinder-volume[92184]: DEBUG oslo_concurrency.processutils [None req-d2df470e-2b60-41ad-88f4-e500509b337a tempest-GroupSnapshotsTest-1173610963 None] CMD "/opt/stack/data/venv/bin/python3.12 -m oslo_concurrency.prlimit --as=1073741824 --cpu=60 -- sudo cinder-rootwrap /etc/cinder/rootwrap.conf env LC_ALL=C qemu-img info -f qcow2 --output=json --force-share /opt/stack/data/cinder/mnt/5c98de84600aa7e58c38d31aba48ab9c/volume-c239ee29-0a19-4dfa-88d9-ab81d062f35d.a6312998-a916-4257-9056-38634fcf96f8" returned: 0 in 0.917s {{(pid=92184) execute /opt/stack/data/venv/lib/python3.12/site-packages/oslo_concurrency/processutils.py:468}}
Jun 17 11:48:49 devstack cinder-volume[92184]: DEBUG cinder.volume.drivers.remotefs [None req-d2df470e-2b60-41ad-88f4-e500509b337a tempest-GroupSnapshotsTest-1173610963 None] Fetching qemu-img info with special backing_file_template: (/opt/stack/data/cinder/mnt/[0-9a-f]+/)?(volume-c239ee29-0a19-4dfa-88d9-ab81d062f35d(.(tmp-snap-)?[0-9a-f-]+)?|volume_from_snapshot_cache/(tmp-snap-)?[0-9a-f-]+(.(child-|parent-)[0-9a-f-]+)?)$ {{(pid=92184) _qemu_img_info_base /opt/stack/cinder/cinder/volume/drivers/remotefs.py:896}}
Jun 17 11:48:49 devstack cinder-volume[92184]: DEBUG oslo.privsep.daemon [-] privsep: reply[666655d8-bc75-4cad-a262-ecb212ef8671]: (4, 'qcow2') {{(pid=93225) _call_back /opt/stack/data/venv/lib/python3.12/site-packages/oslo_privsep/daemon.py:580}}
Jun 17 11:48:49 devstack cinder-volume[92184]: DEBUG oslo_concurrency.processutils [None req-d2df470e-2b60-41ad-88f4-e500509b337a tempest-GroupSnapshotsTest-1173610963 None] Running cmd (subprocess): /opt/stack/data/venv/bin/python3.12 -m oslo_concurrency.prlimit --as=1073741824 --cpu=60 -- sudo cinder-rootwrap /etc/cinder/rootwrap.conf env LC_ALL=C qemu-img info -f qcow2 --output=json --force-share /opt/stack/data/cinder/mnt/5c98de84600aa7e58c38d31aba48ab9c/volume-c239ee29-0a19-4dfa-88d9-ab81d062f35d {{(pid=92184) execute /opt/stack/data/venv/lib/python3.12/site-packages/oslo_concurrency/processutils.py:440}}
Jun 17 11:48:49 devstack sudo[98129]: quobyte : PWD=/ ; USER=root ; COMMAND=/opt/stack/data/venv/bin/cinder-rootwrap /etc/cinder/rootwrap.conf env LC_ALL=C qemu-img info -f qcow2 --output=json --force-share /opt/stack/data/cinder/mnt/5c98de84600aa7e58c38d31aba48ab9c/volume-c239ee29-0a19-4dfa-88d9-ab81d062f35d
Jun 17 11:48:49 devstack sudo[98129]: pam_unix(sudo:session): session opened for user root(uid=0) by (uid=1000)
Jun 17 11:48:50 devstack sudo[98127]: pam_unix(sudo:session): session closed for user root
Jun 17 11:48:50 devstack cinder-volume[92184]: DEBUG oslo_concurrency.processutils [None req-8e9d473b-8c31-45c4-8f78-f800f2a3778b tempest-ServerRescueNegativeTestJSON-1708730517 None] CMD "sudo cinder-rootwrap /etc/cinder/rootwrap.conf df --portability --block-size 1 /opt/stack/data/cinder/mnt/5c98de84600aa7e58c38d31aba48ab9c" returned: 0 in 0.767s {{(pid=92184) execute /opt/stack/data/venv/lib/python3.12/site-packages/oslo_concurrency/processutils.py:468}}
Jun 17 11:48:50 devstack cinder-volume[92184]: DEBUG cinder.manager [None req-8e9d473b-8c31-45c4-8f78-f800f2a3778b tempest-ServerRescueNegativeTestJSON-1708730517 None] Notifying Schedulers of capabilities ... {{(pid=92184) _publish_service_capabilities /opt/stack/cinder/cinder/manager.py:219}}
Jun 17 11:48:50 devstack cinder-volume[92184]: INFO cinder.volume.manager [None req-8e9d473b-8c31-45c4-8f78-f800f2a3778b tempest-ServerRescueNegativeTestJSON-1708730517 None] Deleted volume successfully.
Jun 17 11:48:50 devstack cinder-volume[92184]: DEBUG cinder.coordination [None req-8e9d473b-8c31-45c4-8f78-f800f2a3778b tempest-ServerRescueNegativeTestJSON-1708730517 None] Lock "cinder-2bb0d332-069d-4fd6-af05-942b39088af4-delete_volume" released by "delete_volume" :: held 2.797s {{(pid=92184) __release /opt/stack/cinder/cinder/coordination.py:152}}
Jun 17 11:48:50 devstack sudo[98129]: pam_unix(sudo:session): session closed for user root
Jun 17 11:48:50 devstack cinder-volume[92184]: DEBUG oslo_concurrency.processutils [None req-d2df470e-2b60-41ad-88f4-e500509b337a tempest-GroupSnapshotsTest-1173610963 None] CMD "/opt/stack/data/venv/bin/python3.12 -m oslo_concurrency.prlimit --as=1073741824 --cpu=60 -- sudo cinder-rootwrap /etc/cinder/rootwrap.conf env LC_ALL=C qemu-img info -f qcow2 --output=json --force-share /opt/stack/data/cinder/mnt/5c98de84600aa7e58c38d31aba48ab9c/volume-c239ee29-0a19-4dfa-88d9-ab81d062f35d" returned: 0 in 1.009s {{(pid=92184) execute /opt/stack/data/venv/lib/python3.12/site-packages/oslo_concurrency/processutils.py:468}}
Jun 17 11:48:50 devstack cinder-volume[92184]: DEBUG oslo_concurrency.processutils [None req-d2df470e-2b60-41ad-88f4-e500509b337a tempest-GroupSnapshotsTest-1173610963 None] Running cmd (subprocess): sudo cinder-rootwrap /etc/cinder/rootwrap.conf qemu-img commit -d /opt/stack/data/cinder/mnt/5c98de84600aa7e58c38d31aba48ab9c/volume-c239ee29-0a19-4dfa-88d9-ab81d062f35d.a6312998-a916-4257-9056-38634fcf96f8 {{(pid=92184) execute /opt/stack/data/venv/lib/python3.12/site-packages/oslo_concurrency/processutils.py:440}}
Jun 17 11:48:50 devstack sudo[98138]: quobyte : PWD=/ ; USER=root ; COMMAND=/opt/stack/data/venv/bin/cinder-rootwrap /etc/cinder/rootwrap.conf qemu-img commit -d /opt/stack/data/cinder/mnt/5c98de84600aa7e58c38d31aba48ab9c/volume-c239ee29-0a19-4dfa-88d9-ab81d062f35d.a6312998-a916-4257-9056-38634fcf96f8
Jun 17 11:48:50 devstack sudo[98138]: pam_unix(sudo:session): session opened for user root(uid=0) by (uid=1000)
Jun 17 11:48:51 devstack sudo[98138]: pam_unix(sudo:session): session closed for user root
Jun 17 11:48:51 devstack cinder-volume[92184]: DEBUG oslo_concurrency.processutils [None req-d2df470e-2b60-41ad-88f4-e500509b337a tempest-GroupSnapshotsTest-1173610963 None] CMD "sudo cinder-rootwrap /etc/cinder/rootwrap.conf qemu-img commit -d /opt/stack/data/cinder/mnt/5c98de84600aa7e58c38d31aba48ab9c/volume-c239ee29-0a19-4dfa-88d9-ab81d062f35d.a6312998-a916-4257-9056-38634fcf96f8" returned: 0 in 1.026s {{(pid=92184) execute /opt/stack/data/venv/lib/python3.12/site-packages/oslo_concurrency/processutils.py:468}}
Jun 17 11:48:51 devstack cinder-volume[92184]: DEBUG oslo_concurrency.processutils [None req-d2df470e-2b60-41ad-88f4-e500509b337a tempest-GroupSnapshotsTest-1173610963 None] Running cmd (subprocess): sudo cinder-rootwrap /etc/cinder/rootwrap.conf rm -f /opt/stack/data/cinder/mnt/5c98de84600aa7e58c38d31aba48ab9c/volume-c239ee29-0a19-4dfa-88d9-ab81d062f35d.a6312998-a916-4257-9056-38634fcf96f8 {{(pid=92184) execute /opt/stack/data/venv/lib/python3.12/site-packages/oslo_concurrency/processutils.py:440}}
Jun 17 11:48:51 devstack sudo[98180]: quobyte : PWD=/ ; USER=root ; COMMAND=/opt/stack/data/venv/bin/cinder-rootwrap /etc/cinder/rootwrap.conf rm -f /opt/stack/data/cinder/mnt/5c98de84600aa7e58c38d31aba48ab9c/volume-c239ee29-0a19-4dfa-88d9-ab81d062f35d.a6312998-a916-4257-9056-38634fcf96f8
Jun 17 11:48:51 devstack sudo[98180]: pam_unix(sudo:session): session opened for user root(uid=0) by (uid=1000)
Jun 17 11:48:52 devstack sudo[98180]: pam_unix(sudo:session): session closed for user root
Jun 17 11:48:52 devstack cinder-volume[92184]: DEBUG oslo_concurrency.processutils [None req-d2df470e-2b60-41ad-88f4-e500509b337a tempest-GroupSnapshotsTest-1173610963 None] CMD "sudo cinder-rootwrap /etc/cinder/rootwrap.conf rm -f /opt/stack/data/cinder/mnt/5c98de84600aa7e58c38d31aba48ab9c/volume-c239ee29-0a19-4dfa-88d9-ab81d062f35d.a6312998-a916-4257-9056-38634fcf96f8" returned: 0 in 0.826s {{(pid=92184) execute /opt/stack/data/venv/lib/python3.12/site-packages/oslo_concurrency/processutils.py:468}}
Jun 17 11:48:52 devstack cinder-volume[92184]: DEBUG cinder.coordination [None req-d2df470e-2b60-41ad-88f4-e500509b337a tempest-GroupSnapshotsTest-1173610963 None] Lock "cinder-quobyte-a6312998-a916-4257-9056-38634fcf96f8" released by "_delete_snapshot" :: held 3.920s {{(pid=92184) __release /opt/stack/cinder/cinder/coordination.py:152}}
Jun 17 11:48:52 devstack cinder-volume[92184]: DEBUG cinder.coordination [None req-d2df470e-2b60-41ad-88f4-e500509b337a tempest-GroupSnapshotsTest-1173610963 None] Lock "cinder-quobyte-c239ee29-0a19-4dfa-88d9-ab81d062f35d" released by "delete_snapshot" :: held 3.964s {{(pid=92184) __release /opt/stack/cinder/cinder/coordination.py:152}}
Jun 17 11:48:52 devstack cinder-volume[92184]: WARNING cinder.quota [None req-d2df470e-2b60-41ad-88f4-e500509b337a tempest-GroupSnapshotsTest-1173610963 None] Deprecated: Default quota for resource: gigabytes_tempest-GroupSnapshotsTest-volume-type-691029149 is set by the default quota flag: quota_gigabytes_tempest-GroupSnapshotsTest-volume-type-691029149, it is now deprecated. Please use the default quota class for default quota.
Jun 17 11:48:52 devstack cinder-volume[92184]: WARNING cinder.quota [None req-d2df470e-2b60-41ad-88f4-e500509b337a tempest-GroupSnapshotsTest-1173610963 None] Deprecated: Default quota for resource: snapshots_tempest-GroupSnapshotsTest-volume-type-691029149 is set by the default quota flag: quota_snapshots_tempest-GroupSnapshotsTest-volume-type-691029149, it is now deprecated. Please use the default quota class for default quota.
Jun 17 11:48:52 devstack cinder-volume[92184]: DEBUG cinder.quota [None req-d2df470e-2b60-41ad-88f4-e500509b337a tempest-GroupSnapshotsTest-1173610963 None] Created reservations ['55770a79-ccb5-45b2-a614-c1efea9c2f3f', 'e80e8fad-7f23-41e0-9139-21303c8500ec', '24a4e8db-59d0-4abf-8beb-4312b1c2015f', '3a8874ab-367b-44e5-b9c9-16e7bb249f24'] {{(pid=92184) reserve /opt/stack/cinder/cinder/quota.py:752}}
Jun 17 11:48:52 devstack cinder-volume[92184]: DEBUG cinder.quota [None req-d2df470e-2b60-41ad-88f4-e500509b337a tempest-GroupSnapshotsTest-1173610963 None] Created reservations ['d0f9b366-b08d-4d30-9519-6d6c7c9e2580', 'd9fb313a-5b8b-4ccd-b897-99d8d44ba881', '70625ed5-5cf3-45bf-9490-84dbc8b8ec09', 'c4e09c1d-0b61-4516-8a64-e1dd285ef125'] {{(pid=92184) reserve /opt/stack/cinder/cinder/quota.py:752}}
Jun 17 11:48:52 devstack cinder-volume[92184]: INFO cinder.volume.manager [None req-d2df470e-2b60-41ad-88f4-e500509b337a tempest-GroupSnapshotsTest-1173610963 None] group_snapshot 7d8b9925-2a23-4c44-8a11-b701a43f953e: deleted successfully
Jun 17 11:48:54 devstack cinder-volume[92184]: DEBUG cinder.coordination [None req-a64e672f-effe-42ae-8a5e-1cca345414fa tempest-GroupSnapshotsTest-1173610963 None] Acquiring lock "cinder-quobyte-466b7bc2-90aa-4c35-9d8d-ec3e9fe312c7" by "delete_volume" {{(pid=92184) __acquire /opt/stack/cinder/cinder/coordination.py:138}}
Jun 17 11:48:54 devstack cinder-volume[92184]: DEBUG cinder.coordination [None req-a64e672f-effe-42ae-8a5e-1cca345414fa tempest-GroupSnapshotsTest-1173610963 None] Lock "cinder-quobyte-466b7bc2-90aa-4c35-9d8d-ec3e9fe312c7" acquired by "delete_volume" :: waited 0.019s {{(pid=92184) __acquire /opt/stack/cinder/cinder/coordination.py:141}}
Jun 17 11:48:54 devstack cinder-volume[92184]: DEBUG oslo_service.periodic_task [None req-b095228f-bb47-4459-a306-ee18e892b763 None None] Running periodic task VolumeManager.publish_service_capabilities {{(pid=92184) run_periodic_tasks /opt/stack/data/venv/lib/python3.12/site-packages/oslo_service/periodic_task.py:225}}
Jun 17 11:48:54 devstack cinder-volume[92184]: DEBUG oslo_concurrency.lockutils [None req-b095228f-bb47-4459-a306-ee18e892b763 None None] Acquiring lock "quobyte_ensure" by "cinder.volume.drivers.quobyte.QuobyteDriver._ensure_shares_mounted" {{(pid=92184) inner /opt/stack/data/venv/lib/python3.12/site-packages/oslo_concurrency/lockutils.py:511}}
Jun 17 11:48:54 devstack cinder-volume[92184]: DEBUG oslo_concurrency.lockutils [None req-b095228f-bb47-4459-a306-ee18e892b763 None None] Lock "quobyte_ensure" acquired by "cinder.volume.drivers.quobyte.QuobyteDriver._ensure_shares_mounted" :: waited 0.000s {{(pid=92184) inner /opt/stack/data/venv/lib/python3.12/site-packages/oslo_concurrency/lockutils.py:524}}
Jun 17 11:48:54 devstack cinder-volume[92184]: DEBUG cinder.volume.drivers.quobyte [None req-b095228f-bb47-4459-a306-ee18e892b763 None None] Quobyte Volume URL set to: {'osci02.corp.quobyte.com/cinder-vol-5526a290-2d8d-44eb-9f39-58ccd30de3b3': None} {{(pid=92184) _load_shares_config /opt/stack/cinder/cinder/volume/drivers/quobyte.py:617}}
