Jul 28 10:37:13 devstack cinder-volume[88413]: DEBUG oslo_concurrency.processutils [None req-0ce9c159-ad5b-4bad-a98c-1aff6420460e tempest-GroupSnapshotsTest-2102677433 None] Running cmd (subprocess): /opt/stack/data/venv/bin/python3.12 -m oslo_concurrency.prlimit --as=1073741824 --cpu=60 -- sudo cinder-rootwrap /etc/cinder/rootwrap.conf env LC_ALL=C qemu-img info -f qcow2 --output=json /opt/stack/data/cinder/mnt/e1b4ff1581dc95ea00be9e1617ac671f/volume-102363ca-be08-4f3f-b4a5-ec75ab413a8d {{(pid=88413) execute /opt/stack/data/venv/lib/python3.12/site-packages/oslo_concurrency/processutils.py:440}}
Jul 28 10:37:13 devstack sudo[90230]: quobyte : PWD=/ ; USER=root ; COMMAND=/opt/stack/data/venv/bin/cinder-rootwrap /etc/cinder/rootwrap.conf env LC_ALL=C qemu-img info -f qcow2 --output=json /opt/stack/data/cinder/mnt/e1b4ff1581dc95ea00be9e1617ac671f/volume-102363ca-be08-4f3f-b4a5-ec75ab413a8d
Jul 28 10:37:13 devstack sudo[90230]: pam_unix(sudo:session): session opened for user root(uid=0) by (uid=1000)
Jul 28 10:37:14 devstack sudo[90230]: pam_unix(sudo:session): session closed for user root
Jul 28 10:37:14 devstack cinder-volume[88413]: DEBUG oslo_concurrency.processutils [None req-0ce9c159-ad5b-4bad-a98c-1aff6420460e tempest-GroupSnapshotsTest-2102677433 None] CMD "/opt/stack/data/venv/bin/python3.12 -m oslo_concurrency.prlimit --as=1073741824 --cpu=60 -- sudo cinder-rootwrap /etc/cinder/rootwrap.conf env LC_ALL=C qemu-img info -f qcow2 --output=json /opt/stack/data/cinder/mnt/e1b4ff1581dc95ea00be9e1617ac671f/volume-102363ca-be08-4f3f-b4a5-ec75ab413a8d" returned: 0 in 1.016s {{(pid=88413) execute /opt/stack/data/venv/lib/python3.12/site-packages/oslo_concurrency/processutils.py:468}}
Jul 28 10:37:14 devstack cinder-volume[88413]: DEBUG cinder.utils [None req-0ce9c159-ad5b-4bad-a98c-1aff6420460e tempest-GroupSnapshotsTest-2102677433 None] Path /opt/stack/data/cinder/mnt/e1b4ff1581dc95ea00be9e1617ac671f/volume-a27fc5ba-590b-46e5-ad31-61f73abe3875 not found in is_blk_device check {{(pid=88413) is_blk_device /opt/stack/cinder/cinder/utils.py:615}}
Jul 28 10:37:14 devstack cinder-volume[88413]: DEBUG oslo_concurrency.processutils [None req-0ce9c159-ad5b-4bad-a98c-1aff6420460e tempest-GroupSnapshotsTest-2102677433 None] Running cmd (subprocess): sudo cinder-rootwrap /etc/cinder/rootwrap.conf qemu-img convert -O qcow2 /opt/stack/data/cinder/mnt/e1b4ff1581dc95ea00be9e1617ac671f/volume-102363ca-be08-4f3f-b4a5-ec75ab413a8d /opt/stack/data/cinder/mnt/e1b4ff1581dc95ea00be9e1617ac671f/volume-a27fc5ba-590b-46e5-ad31-61f73abe3875 {{(pid=88413) execute /opt/stack/data/venv/lib/python3.12/site-packages/oslo_concurrency/processutils.py:440}}
Jul 28 10:37:14 devstack sudo[90274]: quobyte : PWD=/ ; USER=root ; COMMAND=/opt/stack/data/venv/bin/cinder-rootwrap /etc/cinder/rootwrap.conf qemu-img convert -O qcow2 /opt/stack/data/cinder/mnt/e1b4ff1581dc95ea00be9e1617ac671f/volume-102363ca-be08-4f3f-b4a5-ec75ab413a8d /opt/stack/data/cinder/mnt/e1b4ff1581dc95ea00be9e1617ac671f/volume-a27fc5ba-590b-46e5-ad31-61f73abe3875
Jul 28 10:37:14 devstack sudo[90274]: pam_unix(sudo:session): session opened for user root(uid=0) by (uid=1000)
Jul 28 10:37:17 devstack cinder-volume[88413]: DEBUG oslo_concurrency.lockutils [req-840cdd7e-bb62-4dd0-8d49-f52053bb8ddd req-034ea683-847d-4b33-8ae5-1be6192ba65d tempest-TaggedAttachmentsTest-423993782 None] Acquiring lock "quobyte" by "cinder.volume.drivers.quobyte.QuobyteDriver.initialize_connection" {{(pid=88413) inner /opt/stack/data/venv/lib/python3.12/site-packages/oslo_concurrency/lockutils.py:512}}
Jul 28 10:37:20 devstack sudo[90274]: pam_unix(sudo:session): session closed for user root
Jul 28 10:37:20 devstack cinder-volume[88413]: DEBUG oslo_concurrency.processutils [None req-0ce9c159-ad5b-4bad-a98c-1aff6420460e tempest-GroupSnapshotsTest-2102677433 None] CMD "sudo cinder-rootwrap /etc/cinder/rootwrap.conf qemu-img convert -O qcow2 /opt/stack/data/cinder/mnt/e1b4ff1581dc95ea00be9e1617ac671f/volume-102363ca-be08-4f3f-b4a5-ec75ab413a8d /opt/stack/data/cinder/mnt/e1b4ff1581dc95ea00be9e1617ac671f/volume-a27fc5ba-590b-46e5-ad31-61f73abe3875" returned: 0 in 6.675s {{(pid=88413) execute /opt/stack/data/venv/lib/python3.12/site-packages/oslo_concurrency/processutils.py:468}}
Jul 28 10:37:20 devstack cinder-volume[88413]: DEBUG oslo.privsep.daemon [-] privsep: reply[207c2887-e2bc-430b-bcb1-39ce04b6a93e]: (4, 'qcow2') {{(pid=89968) _call_back /opt/stack/data/venv/lib/python3.12/site-packages/oslo_privsep/daemon.py:580}}
Jul 28 10:37:20 devstack cinder-volume[88413]: DEBUG oslo_concurrency.processutils [None req-0ce9c159-ad5b-4bad-a98c-1aff6420460e tempest-GroupSnapshotsTest-2102677433 None] Running cmd (subprocess): /opt/stack/data/venv/bin/python3.12 -m oslo_concurrency.prlimit --as=1073741824 --cpu=60 -- sudo cinder-rootwrap /etc/cinder/rootwrap.conf env LC_ALL=C qemu-img info -f qcow2 --output=json /opt/stack/data/cinder/mnt/e1b4ff1581dc95ea00be9e1617ac671f/volume-102363ca-be08-4f3f-b4a5-ec75ab413a8d {{(pid=88413) execute /opt/stack/data/venv/lib/python3.12/site-packages/oslo_concurrency/processutils.py:440}}
Jul 28 10:37:21 devstack sudo[90350]: quobyte : PWD=/ ; USER=root ; COMMAND=/opt/stack/data/venv/bin/cinder-rootwrap /etc/cinder/rootwrap.conf env LC_ALL=C qemu-img info -f qcow2 --output=json /opt/stack/data/cinder/mnt/e1b4ff1581dc95ea00be9e1617ac671f/volume-102363ca-be08-4f3f-b4a5-ec75ab413a8d
Jul 28 10:37:21 devstack sudo[90350]: pam_unix(sudo:session): session opened for user root(uid=0) by (uid=1000)
Jul 28 10:37:21 devstack sudo[90350]: pam_unix(sudo:session): session closed for user root
Jul 28 10:37:21 devstack cinder-volume[88413]: DEBUG oslo_concurrency.processutils [None req-0ce9c159-ad5b-4bad-a98c-1aff6420460e tempest-GroupSnapshotsTest-2102677433 None] CMD "/opt/stack/data/venv/bin/python3.12 -m oslo_concurrency.prlimit --as=1073741824 --cpu=60 -- sudo cinder-rootwrap /etc/cinder/rootwrap.conf env LC_ALL=C qemu-img info -f qcow2 --output=json /opt/stack/data/cinder/mnt/e1b4ff1581dc95ea00be9e1617ac671f/volume-102363ca-be08-4f3f-b4a5-ec75ab413a8d" returned: 0 in 0.936s {{(pid=88413) execute /opt/stack/data/venv/lib/python3.12/site-packages/oslo_concurrency/processutils.py:468}}
Jul 28 10:37:21 devstack cinder-volume[88413]: DEBUG cinder.image.image_utils [None req-0ce9c159-ad5b-4bad-a98c-1aff6420460e tempest-GroupSnapshotsTest-2102677433 None] Image conversion details: src /opt/stack/data/cinder/mnt/e1b4ff1581dc95ea00be9e1617ac671f/volume-102363ca-be08-4f3f-b4a5-ec75ab413a8d, size 1024.00 MB, duration 6.68 sec, destination /opt/stack/data/cinder/mnt/e1b4ff1581dc95ea00be9e1617ac671f/volume-a27fc5ba-590b-46e5-ad31-61f73abe3875 {{(pid=88413) _convert_image /opt/stack/cinder/cinder/image/image_utils.py:536}}
Jul 28 10:37:21 devstack cinder-volume[88413]: INFO cinder.image.image_utils [None req-0ce9c159-ad5b-4bad-a98c-1aff6420460e tempest-GroupSnapshotsTest-2102677433 None] Converted 1024.00 MB image at 153.39 MB/s
Jul 28 10:37:21 devstack cinder-volume[88413]: WARNING cinder.volume.drivers.remotefs [None req-0ce9c159-ad5b-4bad-a98c-1aff6420460e tempest-GroupSnapshotsTest-2102677433 None] /opt/stack/data/cinder/mnt/e1b4ff1581dc95ea00be9e1617ac671f/volume-a27fc5ba-590b-46e5-ad31-61f73abe3875 is being set with open permissions: ugo+rw: NotImplementedError
Jul 28 10:37:21 devstack cinder-volume[88413]: DEBUG oslo_concurrency.processutils [None req-0ce9c159-ad5b-4bad-a98c-1aff6420460e tempest-GroupSnapshotsTest-2102677433 None] Running cmd (subprocess): sudo cinder-rootwrap /etc/cinder/rootwrap.conf chmod ugo+rw /opt/stack/data/cinder/mnt/e1b4ff1581dc95ea00be9e1617ac671f/volume-a27fc5ba-590b-46e5-ad31-61f73abe3875 {{(pid=88413) execute /opt/stack/data/venv/lib/python3.12/site-packages/oslo_concurrency/processutils.py:440}}
Jul 28 10:37:21 devstack sudo[90399]: quobyte : PWD=/ ; USER=root ; COMMAND=/opt/stack/data/venv/bin/cinder-rootwrap /etc/cinder/rootwrap.conf chmod ugo+rw /opt/stack/data/cinder/mnt/e1b4ff1581dc95ea00be9e1617ac671f/volume-a27fc5ba-590b-46e5-ad31-61f73abe3875
Jul 28 10:37:21 devstack sudo[90399]: pam_unix(sudo:session): session opened for user root(uid=0) by (uid=1000)
Jul 28 10:37:22 devstack sudo[90399]: pam_unix(sudo:session): session closed for user root
Jul 28 10:37:22 devstack cinder-volume[88413]: DEBUG oslo_concurrency.processutils [None req-0ce9c159-ad5b-4bad-a98c-1aff6420460e tempest-GroupSnapshotsTest-2102677433 None] CMD "sudo cinder-rootwrap /etc/cinder/rootwrap.conf chmod ugo+rw /opt/stack/data/cinder/mnt/e1b4ff1581dc95ea00be9e1617ac671f/volume-a27fc5ba-590b-46e5-ad31-61f73abe3875" returned: 0 in 0.367s {{(pid=88413) execute /opt/stack/data/venv/lib/python3.12/site-packages/oslo_concurrency/processutils.py:468}}
Jul 28 10:37:22 devstack cinder-volume[88413]: DEBUG cinder.coordination [None req-0ce9c159-ad5b-4bad-a98c-1aff6420460e tempest-GroupSnapshotsTest-2102677433 None] Lock "cinder-quobyte-a27fc5ba-590b-46e5-ad31-61f73abe3875" released by "_copy_volume_from_snapshot" :: held 9.757s {{(pid=88413) __release /opt/stack/cinder/cinder/coordination.py:152}}
Jul 28 10:37:22 devstack cinder-volume[88413]: DEBUG cinder.coordination [None req-0ce9c159-ad5b-4bad-a98c-1aff6420460e tempest-GroupSnapshotsTest-2102677433 None] Lock "cinder-quobyte-c3e6b525-359a-4afa-9171-9dc86be00141-a27fc5ba-590b-46e5-ad31-61f73abe3875" released by "_create_volume_from_snapshot" :: held 9.816s {{(pid=88413) __release /opt/stack/cinder/cinder/coordination.py:152}}
Jul 28 10:37:22 devstack cinder-volume[88413]: DEBUG oslo_concurrency.lockutils [None req-0ce9c159-ad5b-4bad-a98c-1aff6420460e tempest-GroupSnapshotsTest-2102677433 None] Lock "quobyte" "released" by "cinder.volume.drivers.quobyte.QuobyteDriver.create_volume_from_snapshot" :: held 9.839s {{(pid=88413) inner /opt/stack/data/venv/lib/python3.12/site-packages/oslo_concurrency/lockutils.py:544}}
Jul 28 10:37:22 devstack cinder-volume[88413]: DEBUG oslo_concurrency.lockutils [req-840cdd7e-bb62-4dd0-8d49-f52053bb8ddd req-034ea683-847d-4b33-8ae5-1be6192ba65d tempest-TaggedAttachmentsTest-423993782 None] Lock "quobyte" acquired by "cinder.volume.drivers.quobyte.QuobyteDriver.initialize_connection" :: waited 4.916s {{(pid=88413) inner /opt/stack/data/venv/lib/python3.12/site-packages/oslo_concurrency/lockutils.py:525}}
Jul 28 10:37:22 devstack cinder-volume[88413]: DEBUG oslo_concurrency.lockutils [req-840cdd7e-bb62-4dd0-8d49-f52053bb8ddd req-034ea683-847d-4b33-8ae5-1be6192ba65d tempest-TaggedAttachmentsTest-423993782 None] Lock "quobyte" "released" by "cinder.volume.drivers.quobyte.QuobyteDriver.initialize_connection" :: held 0.025s {{(pid=88413) inner /opt/stack/data/venv/lib/python3.12/site-packages/oslo_concurrency/lockutils.py:544}}
Jul 28 10:37:22 devstack cinder-volume[88413]: DEBUG cinder.volume.manager [req-840cdd7e-bb62-4dd0-8d49-f52053bb8ddd req-034ea683-847d-4b33-8ae5-1be6192ba65d tempest-TaggedAttachmentsTest-423993782 None] Connection info returned from driver {'export': 'osci02.corp.quobyte.com/cinder-vol-63f61d39-6f75-4bbd-be1f-515cf27592c7', 'name': 'volume-52c2ba12-d568-4c56-98cc-84ea2344d4fb', 'options': None, 'format': 'qcow2', 'qos_specs': None, 'access_mode': 'rw', 'encrypted': False, 'cacheable': False, 'driver_volume_type': 'quobyte', 'mount_point_base': '/opt/stack/data/cinder/mnt', 'attachment_id': '3958b12c-f23f-4f4d-bec6-9bb0b95fd14c', 'enforce_multipath': True} {{(pid=88413) _connection_create /opt/stack/cinder/cinder/volume/manager.py:4924}}
Jul 28 10:37:22 devstack cinder-volume[88413]: INFO cinder.volume.manager [None req-0ce9c159-ad5b-4bad-a98c-1aff6420460e tempest-GroupSnapshotsTest-2102677433 None] Create group from source-snapshot-6864c477-8912-484d-86ed-4c7cba499763 completed successfully.
Jul 28 10:37:22 devstack cinder-volume[88413]: INFO cinder.volume.manager [req-840cdd7e-bb62-4dd0-8d49-f52053bb8ddd req-034ea683-847d-4b33-8ae5-1be6192ba65d tempest-TaggedAttachmentsTest-423993782 None] attachment_update completed successfully.
Jul 28 10:37:23 devstack cinder-volume[88413]: DEBUG cinder.coordination [None req-e0711937-76a3-402a-808f-8be0ed8a5dea tempest-GroupSnapshotsTest-2102677433 None] Acquiring lock "cinder-quobyte-a27fc5ba-590b-46e5-ad31-61f73abe3875" by "delete_volume" {{(pid=88413) __acquire /opt/stack/cinder/cinder/coordination.py:138}}
Jul 28 10:37:23 devstack cinder-volume[88413]: DEBUG cinder.coordination [None req-e0711937-76a3-402a-808f-8be0ed8a5dea tempest-GroupSnapshotsTest-2102677433 None] Lock "cinder-quobyte-a27fc5ba-590b-46e5-ad31-61f73abe3875" acquired by "delete_volume" :: waited 0.045s {{(pid=88413) __acquire /opt/stack/cinder/cinder/coordination.py:141}}
Jul 28 10:37:23 devstack cinder-volume[88413]: DEBUG oslo.privsep.daemon [-] privsep: reply[39fffc0d-0efa-44ac-8484-9445aa0ea290]: (4, 'qcow2') {{(pid=89968) _call_back /opt/stack/data/venv/lib/python3.12/site-packages/oslo_privsep/daemon.py:580}}
Jul 28 10:37:23 devstack cinder-volume[88413]: DEBUG oslo_concurrency.processutils [None req-e0711937-76a3-402a-808f-8be0ed8a5dea tempest-GroupSnapshotsTest-2102677433 None] Running cmd (subprocess): /opt/stack/data/venv/bin/python3.12 -m oslo_concurrency.prlimit --as=1073741824 --cpu=60 -- sudo cinder-rootwrap /etc/cinder/rootwrap.conf env LC_ALL=C qemu-img info -f qcow2 --output=json --force-share /opt/stack/data/cinder/mnt/e1b4ff1581dc95ea00be9e1617ac671f/volume-a27fc5ba-590b-46e5-ad31-61f73abe3875 {{(pid=88413) execute /opt/stack/data/venv/lib/python3.12/site-packages/oslo_concurrency/processutils.py:440}}
Jul 28 10:37:23 devstack sudo[90822]: quobyte : PWD=/ ; USER=root ; COMMAND=/opt/stack/data/venv/bin/cinder-rootwrap /etc/cinder/rootwrap.conf env LC_ALL=C qemu-img info -f qcow2 --output=json --force-share /opt/stack/data/cinder/mnt/e1b4ff1581dc95ea00be9e1617ac671f/volume-a27fc5ba-590b-46e5-ad31-61f73abe3875
Jul 28 10:37:23 devstack sudo[90822]: pam_unix(sudo:session): session opened for user root(uid=0) by (uid=1000)
Jul 28 10:37:24 devstack sudo[90822]: pam_unix(sudo:session): session closed for user root
Jul 28 10:37:24 devstack cinder-volume[88413]: DEBUG oslo_concurrency.processutils [None req-e0711937-76a3-402a-808f-8be0ed8a5dea tempest-GroupSnapshotsTest-2102677433 None] CMD "/opt/stack/data/venv/bin/python3.12 -m oslo_concurrency.prlimit --as=1073741824 --cpu=60 -- sudo cinder-rootwrap /etc/cinder/rootwrap.conf env LC_ALL=C qemu-img info -f qcow2 --output=json --force-share /opt/stack/data/cinder/mnt/e1b4ff1581dc95ea00be9e1617ac671f/volume-a27fc5ba-590b-46e5-ad31-61f73abe3875" returned: 0 in 0.549s {{(pid=88413) execute /opt/stack/data/venv/lib/python3.12/site-packages/oslo_concurrency/processutils.py:468}}
Jul 28 10:37:24 devstack cinder-volume[88413]: DEBUG oslo_concurrency.processutils [None req-e0711937-76a3-402a-808f-8be0ed8a5dea tempest-GroupSnapshotsTest-2102677433 None] Running cmd (subprocess): sudo cinder-rootwrap /etc/cinder/rootwrap.conf rm -f /opt/stack/data/cinder/mnt/e1b4ff1581dc95ea00be9e1617ac671f/volume-a27fc5ba-590b-46e5-ad31-61f73abe3875 {{(pid=88413) execute /opt/stack/data/venv/lib/python3.12/site-packages/oslo_concurrency/processutils.py:440}}
Jul 28 10:37:24 devstack sudo[90827]: quobyte : PWD=/ ; USER=root ; COMMAND=/opt/stack/data/venv/bin/cinder-rootwrap /etc/cinder/rootwrap.conf rm -f /opt/stack/data/cinder/mnt/e1b4ff1581dc95ea00be9e1617ac671f/volume-a27fc5ba-590b-46e5-ad31-61f73abe3875
Jul 28 10:37:24 devstack sudo[90827]: pam_unix(sudo:session): session opened for user root(uid=0) by (uid=1000)
Jul 28 10:37:24 devstack sudo[90827]: pam_unix(sudo:session): session closed for user root
Jul 28 10:37:24 devstack cinder-volume[88413]: DEBUG oslo_concurrency.processutils [None req-e0711937-76a3-402a-808f-8be0ed8a5dea tempest-GroupSnapshotsTest-2102677433 None] CMD "sudo cinder-rootwrap /etc/cinder/rootwrap.conf rm -f /opt/stack/data/cinder/mnt/e1b4ff1581dc95ea00be9e1617ac671f/volume-a27fc5ba-590b-46e5-ad31-61f73abe3875" returned: 0 in 0.305s {{(pid=88413) execute /opt/stack/data/venv/lib/python3.12/site-packages/oslo_concurrency/processutils.py:468}}
Jul 28 10:37:24 devstack cinder-volume[88413]: DEBUG cinder.coordination [None req-e0711937-76a3-402a-808f-8be0ed8a5dea tempest-GroupSnapshotsTest-2102677433 None] Lock "cinder-quobyte-a27fc5ba-590b-46e5-ad31-61f73abe3875" released by "delete_volume" :: held 0.918s {{(pid=88413) __release /opt/stack/cinder/cinder/coordination.py:152}}
Jul 28 10:37:24 devstack cinder-volume[88413]: DEBUG cinder.quota [None req-e0711937-76a3-402a-808f-8be0ed8a5dea tempest-GroupSnapshotsTest-2102677433 None] Created reservations ['8eb59636-bd43-4629-9886-250160d95035'] {{(pid=88413) reserve /opt/stack/cinder/cinder/quota.py:752}}
Jul 28 10:37:24 devstack cinder-volume[88413]: WARNING cinder.quota [None req-e0711937-76a3-402a-808f-8be0ed8a5dea tempest-GroupSnapshotsTest-2102677433 None] Deprecated: Default quota for resource: volumes_tempest-GroupSnapshotsTest-volume-type-109293013 is set by the default quota flag: quota_volumes_tempest-GroupSnapshotsTest-volume-type-109293013, it is now deprecated. Please use the default quota class for default quota.
Jul 28 10:37:24 devstack cinder-volume[88413]: WARNING cinder.quota [None req-e0711937-76a3-402a-808f-8be0ed8a5dea tempest-GroupSnapshotsTest-2102677433 None] Deprecated: Default quota for resource: gigabytes_tempest-GroupSnapshotsTest-volume-type-109293013 is set by the default quota flag: quota_gigabytes_tempest-GroupSnapshotsTest-volume-type-109293013, it is now deprecated. Please use the default quota class for default quota.
Jul 28 10:37:24 devstack cinder-volume[88413]: DEBUG cinder.quota [None req-e0711937-76a3-402a-808f-8be0ed8a5dea tempest-GroupSnapshotsTest-2102677433 None] Created reservations ['05a7bb91-bc4f-43c6-b02b-4187e745dff3', '2f3c314d-eba6-4a17-b087-491c15ef8610', '98f695be-d571-4314-afe6-5b104fe59c77', '66fa2cb3-77d6-4ebc-91a5-d55c09f9c723'] {{(pid=88413) reserve /opt/stack/cinder/cinder/quota.py:752}}
Jul 28 10:37:24 devstack cinder-volume[88413]: DEBUG oslo_concurrency.lockutils [None req-e0711937-76a3-402a-808f-8be0ed8a5dea tempest-GroupSnapshotsTest-2102677433 None] Acquiring lock "quobyte_ensure" by "cinder.volume.drivers.quobyte.QuobyteDriver._ensure_shares_mounted" {{(pid=88413) inner /opt/stack/data/venv/lib/python3.12/site-packages/oslo_concurrency/lockutils.py:512}}
Jul 28 10:37:24 devstack cinder-volume[88413]: DEBUG oslo_concurrency.lockutils [None req-e0711937-76a3-402a-808f-8be0ed8a5dea tempest-GroupSnapshotsTest-2102677433 None] Lock "quobyte_ensure" acquired by "cinder.volume.drivers.quobyte.QuobyteDriver._ensure_shares_mounted" :: waited 0.001s {{(pid=88413) inner /opt/stack/data/venv/lib/python3.12/site-packages/oslo_concurrency/lockutils.py:525}}
Jul 28 10:37:24 devstack cinder-volume[88413]: DEBUG cinder.volume.drivers.quobyte [None req-e0711937-76a3-402a-808f-8be0ed8a5dea tempest-GroupSnapshotsTest-2102677433 None] Quobyte Volume URL set to: {'osci02.corp.quobyte.com/cinder-vol-63f61d39-6f75-4bbd-be1f-515cf27592c7': None} {{(pid=88413) _load_shares_config /opt/stack/cinder/cinder/volume/drivers/quobyte.py:651}}
Jul 28 10:37:24 devstack cinder-volume[88413]: DEBUG cinder.volume.drivers.quobyte [None req-e0711937-76a3-402a-808f-8be0ed8a5dea tempest-GroupSnapshotsTest-2102677433 None] Available shares ['osci02.corp.quobyte.com/cinder-vol-63f61d39-6f75-4bbd-be1f-515cf27592c7'] {{(pid=88413) _ensure_shares_mounted /opt/stack/cinder/cinder/volume/drivers/quobyte.py:681}}
Jul 28 10:37:24 devstack cinder-volume[88413]: DEBUG oslo_concurrency.lockutils [None req-e0711937-76a3-402a-808f-8be0ed8a5dea tempest-GroupSnapshotsTest-2102677433 None] Lock "quobyte_ensure" "released" by "cinder.volume.drivers.quobyte.QuobyteDriver._ensure_shares_mounted" :: held 0.007s {{(pid=88413) inner /opt/stack/data/venv/lib/python3.12/site-packages/oslo_concurrency/lockutils.py:544}}
Jul 28 10:37:24 devstack cinder-volume[88413]: DEBUG oslo_concurrency.processutils [None req-e0711937-76a3-402a-808f-8be0ed8a5dea tempest-GroupSnapshotsTest-2102677433 None] Running cmd (subprocess): sudo cinder-rootwrap /etc/cinder/rootwrap.conf df --portability --block-size 1 /opt/stack/data/cinder/mnt/e1b4ff1581dc95ea00be9e1617ac671f {{(pid=88413) execute /opt/stack/data/venv/lib/python3.12/site-packages/oslo_concurrency/processutils.py:440}}
Jul 28 10:37:24 devstack sudo[90831]: quobyte : PWD=/ ; USER=root ; COMMAND=/opt/stack/data/venv/bin/cinder-rootwrap /etc/cinder/rootwrap.conf df --portability --block-size 1 /opt/stack/data/cinder/mnt/e1b4ff1581dc95ea00be9e1617ac671f
Jul 28 10:37:24 devstack sudo[90831]: pam_unix(sudo:session): session opened for user root(uid=0) by (uid=1000)
Jul 28 10:37:24 devstack cinder-volume[88413]: INFO cinder.volume.manager [None req-72b2ad74-a84c-4f4b-bf7c-01ff4dff51c9 tempest-GroupSnapshotsTest-2102677433 None] group_snapshot 6864c477-8912-484d-86ed-4c7cba499763: deleting
Jul 28 10:37:24 devstack cinder-volume[88413]: DEBUG cinder.volume.manager [None req-72b2ad74-a84c-4f4b-bf7c-01ff4dff51c9 tempest-GroupSnapshotsTest-2102677433 None] group_snapshot 6864c477-8912-484d-86ed-4c7cba499763: deleting {{(pid=88413) delete_group_snapshot /opt/stack/cinder/cinder/volume/manager.py:4350}}
Jul 28 10:37:24 devstack cinder-volume[88413]: DEBUG cinder.coordination [None req-72b2ad74-a84c-4f4b-bf7c-01ff4dff51c9 tempest-GroupSnapshotsTest-2102677433 None] Acquiring lock "cinder-quobyte-102363ca-be08-4f3f-b4a5-ec75ab413a8d" by "delete_snapshot" {{(pid=88413) __acquire /opt/stack/cinder/cinder/coordination.py:138}}
Jul 28 10:37:24 devstack cinder-volume[88413]: DEBUG cinder.coordination [None req-72b2ad74-a84c-4f4b-bf7c-01ff4dff51c9 tempest-GroupSnapshotsTest-2102677433 None] Lock "cinder-quobyte-102363ca-be08-4f3f-b4a5-ec75ab413a8d" acquired by "delete_snapshot" :: waited 0.025s {{(pid=88413) __acquire /opt/stack/cinder/cinder/coordination.py:141}}
Jul 28 10:37:24 devstack cinder-volume[88413]: DEBUG cinder.coordination [None req-72b2ad74-a84c-4f4b-bf7c-01ff4dff51c9 tempest-GroupSnapshotsTest-2102677433 None] Acquiring lock "cinder-quobyte-c3e6b525-359a-4afa-9171-9dc86be00141" by "_delete_snapshot" {{(pid=88413) __acquire /opt/stack/cinder/cinder/coordination.py:138}}
Jul 28 10:37:24 devstack cinder-volume[88413]: DEBUG cinder.coordination [None req-72b2ad74-a84c-4f4b-bf7c-01ff4dff51c9 tempest-GroupSnapshotsTest-2102677433 None] Lock "cinder-quobyte-c3e6b525-359a-4afa-9171-9dc86be00141" acquired by "_delete_snapshot" :: waited 0.021s {{(pid=88413) __acquire /opt/stack/cinder/cinder/coordination.py:141}}
Jul 28 10:37:24 devstack cinder-volume[88413]: DEBUG cinder.volume.drivers.remotefs [None req-72b2ad74-a84c-4f4b-bf7c-01ff4dff51c9 tempest-GroupSnapshotsTest-2102677433 None] Deleting offline snapshot c3e6b525-359a-4afa-9171-9dc86be00141 of volume 102363ca-be08-4f3f-b4a5-ec75ab413a8d {{(pid=88413) _delete_snapshot /opt/stack/cinder/cinder/volume/drivers/remotefs.py:1288}}
Jul 28 10:37:24 devstack cinder-volume[88413]: DEBUG cinder.volume.drivers.remotefs [None req-72b2ad74-a84c-4f4b-bf7c-01ff4dff51c9 tempest-GroupSnapshotsTest-2102677433 None] snapshot_file for this snap is: volume-102363ca-be08-4f3f-b4a5-ec75ab413a8d.c3e6b525-359a-4afa-9171-9dc86be00141 {{(pid=88413) _delete_snapshot /opt/stack/cinder/cinder/volume/drivers/remotefs.py:1317}}
Jul 28 10:37:24 devstack sudo[90831]: pam_unix(sudo:session): session closed for user root
Jul 28 10:37:24 devstack cinder-volume[88413]: DEBUG oslo_concurrency.processutils [None req-e0711937-76a3-402a-808f-8be0ed8a5dea tempest-GroupSnapshotsTest-2102677433 None] CMD "sudo cinder-rootwrap /etc/cinder/rootwrap.conf df --portability --block-size 1 /opt/stack/data/cinder/mnt/e1b4ff1581dc95ea00be9e1617ac671f" returned: 0 in 0.312s {{(pid=88413) execute /opt/stack/data/venv/lib/python3.12/site-packages/oslo_concurrency/processutils.py:468}}
Jul 28 10:37:24 devstack cinder-volume[88413]: DEBUG cinder.manager [None req-e0711937-76a3-402a-808f-8be0ed8a5dea tempest-GroupSnapshotsTest-2102677433 None] Notifying Schedulers of capabilities ... {{(pid=88413) _publish_service_capabilities /opt/stack/cinder/cinder/manager.py:219}}
Jul 28 10:37:24 devstack cinder-volume[88413]: DEBUG oslo.privsep.daemon [-] privsep: reply[01662ecd-6f1d-4e2c-ba84-8050bd85659a]: (4, 'qcow2') {{(pid=89968) _call_back /opt/stack/data/venv/lib/python3.12/site-packages/oslo_privsep/daemon.py:580}}
Jul 28 10:37:24 devstack cinder-volume[88413]: DEBUG oslo_concurrency.processutils [None req-72b2ad74-a84c-4f4b-bf7c-01ff4dff51c9 tempest-GroupSnapshotsTest-2102677433 None] Running cmd (subprocess): /opt/stack/data/venv/bin/python3.12 -m oslo_concurrency.prlimit --as=1073741824 --cpu=60 -- sudo cinder-rootwrap /etc/cinder/rootwrap.conf env LC_ALL=C qemu-img info -f qcow2 --output=json --force-share /opt/stack/data/cinder/mnt/e1b4ff1581dc95ea00be9e1617ac671f/volume-102363ca-be08-4f3f-b4a5-ec75ab413a8d.c3e6b525-359a-4afa-9171-9dc86be00141 {{(pid=88413) execute /opt/stack/data/venv/lib/python3.12/site-packages/oslo_concurrency/processutils.py:440}}
Jul 28 10:37:24 devstack cinder-volume[88413]: INFO cinder.volume.manager [None req-e0711937-76a3-402a-808f-8be0ed8a5dea tempest-GroupSnapshotsTest-2102677433 None] Delete group completed successfully.
Jul 28 10:37:25 devstack sudo[90834]: quobyte : PWD=/ ; USER=root ; COMMAND=/opt/stack/data/venv/bin/cinder-rootwrap /etc/cinder/rootwrap.conf env LC_ALL=C qemu-img info -f qcow2 --output=json --force-share /opt/stack/data/cinder/mnt/e1b4ff1581dc95ea00be9e1617ac671f/volume-102363ca-be08-4f3f-b4a5-ec75ab413a8d.c3e6b525-359a-4afa-9171-9dc86be00141
Jul 28 10:37:25 devstack sudo[90834]: pam_unix(sudo:session): session opened for user root(uid=0) by (uid=1000)
Jul 28 10:37:25 devstack sudo[90834]: pam_unix(sudo:session): session closed for user root
Jul 28 10:37:25 devstack cinder-volume[88413]: DEBUG oslo_concurrency.processutils [None req-72b2ad74-a84c-4f4b-bf7c-01ff4dff51c9 tempest-GroupSnapshotsTest-2102677433 None] CMD "/opt/stack/data/venv/bin/python3.12 -m oslo_concurrency.prlimit --as=1073741824 --cpu=60 -- sudo cinder-rootwrap /etc/cinder/rootwrap.conf env LC_ALL=C qemu-img info -f qcow2 --output=json --force-share /opt/stack/data/cinder/mnt/e1b4ff1581dc95ea00be9e1617ac671f/volume-102363ca-be08-4f3f-b4a5-ec75ab413a8d.c3e6b525-359a-4afa-9171-9dc86be00141" returned: 0 in 0.702s {{(pid=88413) execute /opt/stack/data/venv/lib/python3.12/site-packages/oslo_concurrency/processutils.py:468}}
Jul 28 10:37:25 devstack cinder-volume[88413]: DEBUG cinder.volume.drivers.remotefs [None req-72b2ad74-a84c-4f4b-bf7c-01ff4dff51c9 tempest-GroupSnapshotsTest-2102677433 None] Fetching qemu-img info with special backing_file_template: (/opt/stack/data/cinder/mnt/[0-9a-f]+/)?(volume-102363ca-be08-4f3f-b4a5-ec75ab413a8d(.(tmp-snap-)?[0-9a-f-]+)?|volume_from_snapshot_cache/(tmp-snap-)?[0-9a-f-]+(.(child-|parent-)[0-9a-f-]+)?)$ {{(pid=88413) _qemu_img_info_base /opt/stack/cinder/cinder/volume/drivers/remotefs.py:896}}
Jul 28 10:37:25 devstack cinder-volume[88413]: DEBUG oslo.privsep.daemon [-] privsep: reply[28840ede-409b-4c25-b53c-fc80145a6e7d]: (4, 'qcow2') {{(pid=89968) _call_back /opt/stack/data/venv/lib/python3.12/site-packages/oslo_privsep/daemon.py:580}}
Jul 28 10:37:25 devstack cinder-volume[88413]: DEBUG oslo_concurrency.processutils [None req-72b2ad74-a84c-4f4b-bf7c-01ff4dff51c9 tempest-GroupSnapshotsTest-2102677433 None] Running cmd (subprocess): /opt/stack/data/venv/bin/python3.12 -m oslo_concurrency.prlimit --as=1073741824 --cpu=60 -- sudo cinder-rootwrap /etc/cinder/rootwrap.conf env LC_ALL=C qemu-img info -f qcow2 --output=json --force-share /opt/stack/data/cinder/mnt/e1b4ff1581dc95ea00be9e1617ac671f/volume-102363ca-be08-4f3f-b4a5-ec75ab413a8d {{(pid=88413) execute /opt/stack/data/venv/lib/python3.12/site-packages/oslo_concurrency/processutils.py:440}}
Jul 28 10:37:25 devstack sudo[90849]: quobyte : PWD=/ ; USER=root ; COMMAND=/opt/stack/data/venv/bin/cinder-rootwrap /etc/cinder/rootwrap.conf env LC_ALL=C qemu-img info -f qcow2 --output=json --force-share /opt/stack/data/cinder/mnt/e1b4ff1581dc95ea00be9e1617ac671f/volume-102363ca-be08-4f3f-b4a5-ec75ab413a8d
Jul 28 10:37:25 devstack sudo[90849]: pam_unix(sudo:session): session opened for user root(uid=0) by (uid=1000)
Jul 28 10:37:26 devstack sudo[90849]: pam_unix(sudo:session): session closed for user root
Jul 28 10:37:26 devstack cinder-volume[88413]: DEBUG oslo_concurrency.processutils [None req-72b2ad74-a84c-4f4b-bf7c-01ff4dff51c9 tempest-GroupSnapshotsTest-2102677433 None] CMD "/opt/stack/data/venv/bin/python3.12 -m oslo_concurrency.prlimit --as=1073741824 --cpu=60 -- sudo cinder-rootwrap /etc/cinder/rootwrap.conf env LC_ALL=C qemu-img info -f qcow2 --output=json --force-share /opt/stack/data/cinder/mnt/e1b4ff1581dc95ea00be9e1617ac671f/volume-102363ca-be08-4f3f-b4a5-ec75ab413a8d" returned: 0 in 0.716s {{(pid=88413) execute /opt/stack/data/venv/lib/python3.12/site-packages/oslo_concurrency/processutils.py:468}}
Jul 28 10:37:26 devstack cinder-volume[88413]: DEBUG oslo_concurrency.processutils [None req-72b2ad74-a84c-4f4b-bf7c-01ff4dff51c9 tempest-GroupSnapshotsTest-2102677433 None] Running cmd (subprocess): sudo cinder-rootwrap /etc/cinder/rootwrap.conf qemu-img commit -d /opt/stack/data/cinder/mnt/e1b4ff1581dc95ea00be9e1617ac671f/volume-102363ca-be08-4f3f-b4a5-ec75ab413a8d.c3e6b525-359a-4afa-9171-9dc86be00141 {{(pid=88413) execute /opt/stack/data/venv/lib/python3.12/site-packages/oslo_concurrency/processutils.py:440}}
Jul 28 10:37:26 devstack sudo[90854]: quobyte : PWD=/ ; USER=root ; COMMAND=/opt/stack/data/venv/bin/cinder-rootwrap /etc/cinder/rootwrap.conf qemu-img commit -d /opt/stack/data/cinder/mnt/e1b4ff1581dc95ea00be9e1617ac671f/volume-102363ca-be08-4f3f-b4a5-ec75ab413a8d.c3e6b525-359a-4afa-9171-9dc86be00141
Jul 28 10:37:26 devstack sudo[90854]: pam_unix(sudo:session): session opened for user root(uid=0) by (uid=1000)
Jul 28 10:37:27 devstack sudo[90854]: pam_unix(sudo:session): session closed for user root
Jul 28 10:37:27 devstack cinder-volume[88413]: DEBUG oslo_concurrency.processutils [None req-72b2ad74-a84c-4f4b-bf7c-01ff4dff51c9 tempest-GroupSnapshotsTest-2102677433 None] CMD "sudo cinder-rootwrap /etc/cinder/rootwrap.conf qemu-img commit -d /opt/stack/data/cinder/mnt/e1b4ff1581dc95ea00be9e1617ac671f/volume-102363ca-be08-4f3f-b4a5-ec75ab413a8d.c3e6b525-359a-4afa-9171-9dc86be00141" returned: 0 in 0.553s {{(pid=88413) execute /opt/stack/data/venv/lib/python3.12/site-packages/oslo_concurrency/processutils.py:468}}
Jul 28 10:37:27 devstack cinder-volume[88413]: DEBUG oslo_concurrency.processutils [None req-72b2ad74-a84c-4f4b-bf7c-01ff4dff51c9 tempest-GroupSnapshotsTest-2102677433 None] Running cmd (subprocess): sudo cinder-rootwrap /etc/cinder/rootwrap.conf rm -f /opt/stack/data/cinder/mnt/e1b4ff1581dc95ea00be9e1617ac671f/volume-102363ca-be08-4f3f-b4a5-ec75ab413a8d.c3e6b525-359a-4afa-9171-9dc86be00141 {{(pid=88413) execute /opt/stack/data/venv/lib/python3.12/site-packages/oslo_concurrency/processutils.py:440}}
Jul 28 10:37:27 devstack sudo[90861]: quobyte : PWD=/ ; USER=root ; COMMAND=/opt/stack/data/venv/bin/cinder-rootwrap /etc/cinder/rootwrap.conf rm -f /opt/stack/data/cinder/mnt/e1b4ff1581dc95ea00be9e1617ac671f/volume-102363ca-be08-4f3f-b4a5-ec75ab413a8d.c3e6b525-359a-4afa-9171-9dc86be00141
Jul 28 10:37:27 devstack sudo[90861]: pam_unix(sudo:session): session opened for user root(uid=0) by (uid=1000)
Jul 28 10:37:27 devstack sudo[90861]: pam_unix(sudo:session): session closed for user root
Jul 28 10:37:27 devstack cinder-volume[88413]: DEBUG oslo_concurrency.processutils [None req-72b2ad74-a84c-4f4b-bf7c-01ff4dff51c9 tempest-GroupSnapshotsTest-2102677433 None] CMD "sudo cinder-rootwrap /etc/cinder/rootwrap.conf rm -f /opt/stack/data/cinder/mnt/e1b4ff1581dc95ea00be9e1617ac671f/volume-102363ca-be08-4f3f-b4a5-ec75ab413a8d.c3e6b525-359a-4afa-9171-9dc86be00141" returned: 0 in 0.432s {{(pid=88413) execute /opt/stack/data/venv/lib/python3.12/site-packages/oslo_concurrency/processutils.py:468}}
Jul 28 10:37:27 devstack cinder-volume[88413]: DEBUG cinder.coordination [None req-72b2ad74-a84c-4f4b-bf7c-01ff4dff51c9 tempest-GroupSnapshotsTest-2102677433 None] Lock "cinder-quobyte-c3e6b525-359a-4afa-9171-9dc86be00141" released by "_delete_snapshot" :: held 2.593s {{(pid=88413) __release /opt/stack/cinder/cinder/coordination.py:152}}
Jul 28 10:37:27 devstack cinder-volume[88413]: DEBUG cinder.coordination [None req-72b2ad74-a84c-4f4b-bf7c-01ff4dff51c9 tempest-GroupSnapshotsTest-2102677433 None] Lock "cinder-quobyte-102363ca-be08-4f3f-b4a5-ec75ab413a8d" released by "delete_snapshot" :: held 2.632s {{(pid=88413) __release /opt/stack/cinder/cinder/coordination.py:152}}
Jul 28 10:37:27 devstack cinder-volume[88413]: WARNING cinder.quota [None req-72b2ad74-a84c-4f4b-bf7c-01ff4dff51c9 tempest-GroupSnapshotsTest-2102677433 None] Deprecated: Default quota for resource: snapshots_tempest-GroupSnapshotsTest-volume-type-109293013 is set by the default quota flag: quota_snapshots_tempest-GroupSnapshotsTest-volume-type-109293013, it is now deprecated. Please use the default quota class for default quota.
Jul 28 10:37:27 devstack cinder-volume[88413]: DEBUG cinder.quota [None req-72b2ad74-a84c-4f4b-bf7c-01ff4dff51c9 tempest-GroupSnapshotsTest-2102677433 None] Created reservations ['a84868dd-9219-4523-af1b-8663bfb7744e', '2476fff7-075e-464b-9073-ed51dd046a14', '4b2cf4bb-a305-4cda-964b-3e227d8e412f', 'a43434ce-85a6-487c-bdd8-701aaa70bdd3'] {{(pid=88413) reserve /opt/stack/cinder/cinder/quota.py:752}}
Jul 28 10:37:27 devstack cinder-volume[88413]: INFO cinder.volume.manager [None req-72b2ad74-a84c-4f4b-bf7c-01ff4dff51c9 tempest-GroupSnapshotsTest-2102677433 None] group_snapshot 6864c477-8912-484d-86ed-4c7cba499763: deleted successfully
Jul 28 10:37:28 devstack cinder-volume[88413]: DEBUG oslo_service.periodic_task [None req-01765e68-5fec-4195-8e5b-4ff2518bf669 None None] Running periodic task VolumeManager.publish_service_capabilities {{(pid=88413) run_periodic_tasks /opt/stack/data/venv/lib/python3.12/site-packages/oslo_service/periodic_task.py:254}}
Jul 28 10:37:28 devstack cinder-volume[88413]: DEBUG oslo_concurrency.lockutils [None req-01765e68-5fec-4195-8e5b-4ff2518bf669 None None] Acquiring lock "quobyte_ensure" by "cinder.volume.drivers.quobyte.QuobyteDriver._ensure_shares_mounted" {{(pid=88413) inner /opt/stack/data/venv/lib/python3.12/site-packages/oslo_concurrency/lockutils.py:512}}
Jul 28 10:37:28 devstack cinder-volume[88413]: DEBUG oslo_concurrency.lockutils [None req-01765e68-5fec-4195-8e5b-4ff2518bf669 None None] Lock "quobyte_ensure" acquired by "cinder.volume.drivers.quobyte.QuobyteDriver._ensure_shares_mounted" :: waited 0.006s {{(pid=88413) inner /opt/stack/data/venv/lib/python3.12/site-packages/oslo_concurrency/lockutils.py:525}}
Jul 28 10:37:28 devstack cinder-volume[88413]: DEBUG cinder.volume.drivers.quobyte [None req-01765e68-5fec-4195-8e5b-4ff2518bf669 None None] Quobyte Volume URL set to: {'osci02.corp.quobyte.com/cinder-vol-63f61d39-6f75-4bbd-be1f-515cf27592c7': None} {{(pid=88413) _load_shares_config /opt/stack/cinder/cinder/volume/drivers/quobyte.py:651}}
Jul 28 10:37:28 devstack cinder-volume[88413]: DEBUG cinder.volume.drivers.quobyte [None req-01765e68-5fec-4195-8e5b-4ff2518bf669 None None] Available shares ['osci02.corp.quobyte.com/cinder-vol-63f61d39-6f75-4bbd-be1f-515cf27592c7'] {{(pid=88413) _ensure_shares_mounted /opt/stack/cinder/cinder/volume/drivers/quobyte.py:681}}
Jul 28 10:37:28 devstack cinder-volume[88413]: DEBUG oslo_concurrency.lockutils [None req-01765e68-5fec-4195-8e5b-4ff2518bf669 None None] Lock "quobyte_ensure" "released" by "cinder.volume.drivers.quobyte.QuobyteDriver._ensure_shares_mounted" :: held 0.011s {{(pid=88413) inner /opt/stack/data/venv/lib/python3.12/site-packages/oslo_concurrency/lockutils.py:544}}
Jul 28 10:37:28 devstack cinder-volume[88413]: DEBUG oslo_concurrency.processutils [None req-01765e68-5fec-4195-8e5b-4ff2518bf669 None None] Running cmd (subprocess): sudo cinder-rootwrap /etc/cinder/rootwrap.conf df --portability --block-size 1 /opt/stack/data/cinder/mnt/e1b4ff1581dc95ea00be9e1617ac671f {{(pid=88413) execute /opt/stack/data/venv/lib/python3.12/site-packages/oslo_concurrency/processutils.py:440}}
Jul 28 10:37:28 devstack sudo[90865]: quobyte : PWD=/ ; USER=root ; COMMAND=/opt/stack/data/venv/bin/cinder-rootwrap /etc/cinder/rootwrap.conf df --portability --block-size 1 /opt/stack/data/cinder/mnt/e1b4ff1581dc95ea00be9e1617ac671f
Jul 28 10:37:28 devstack sudo[90865]: pam_unix(sudo:session): session opened for user root(uid=0) by (uid=1000)
Jul 28 10:37:28 devstack cinder-volume[88413]: DEBUG cinder.coordination [None req-cc862fc7-0355-4136-9166-fb062a8c5851 tempest-GroupSnapshotsTest-2102677433 None] Acquiring lock "cinder-quobyte-102363ca-be08-4f3f-b4a5-ec75ab413a8d" by "delete_volume" {{(pid=88413) __acquire /opt/stack/cinder/cinder/coordination.py:138}}
Jul 28 10:37:28 devstack cinder-volume[88413]: DEBUG cinder.coordination [None req-cc862fc7-0355-4136-9166-fb062a8c5851 tempest-GroupSnapshotsTest-2102677433 None] Lock "cinder-quobyte-102363ca-be08-4f3f-b4a5-ec75ab413a8d" acquired by "delete_volume" :: waited 0.043s {{(pid=88413) __acquire /opt/stack/cinder/cinder/coordination.py:141}}
Jul 28 10:37:28 devstack sudo[90865]: pam_unix(sudo:session): session closed for user root
Jul 28 10:37:28 devstack cinder-volume[88413]: DEBUG oslo_concurrency.processutils [None req-01765e68-5fec-4195-8e5b-4ff2518bf669 None None] CMD "sudo cinder-rootwrap /etc/cinder/rootwrap.conf df --portability --block-size 1 /opt/stack/data/cinder/mnt/e1b4ff1581dc95ea00be9e1617ac671f" returned: 0 in 0.598s {{(pid=88413) execute /opt/stack/data/venv/lib/python3.12/site-packages/oslo_concurrency/processutils.py:468}}
Jul 28 10:37:28 devstack cinder-volume[88413]: DEBUG cinder.manager [None req-01765e68-5fec-4195-8e5b-4ff2518bf669 None None] Notifying Schedulers of capabilities ... {{(pid=88413) _publish_service_capabilities /opt/stack/cinder/cinder/manager.py:219}}
Jul 28 10:37:29 devstack cinder-volume[88413]: DEBUG oslo.privsep.daemon [-] privsep: reply[50fd76f4-4727-437a-baf7-fb0caf7c0554]: (4, 'qcow2') {{(pid=89968) _call_back /opt/stack/data/venv/lib/python3.12/site-packages/oslo_privsep/daemon.py:580}}
Jul 28 10:37:29 devstack cinder-volume[88413]: DEBUG oslo_concurrency.processutils [None req-cc862fc7-0355-4136-9166-fb062a8c5851 tempest-GroupSnapshotsTest-2102677433 None] Running cmd (subprocess): /opt/stack/data/venv/bin/python3.12 -m oslo_concurrency.prlimit --as=1073741824 --cpu=60 -- sudo cinder-rootwrap /etc/cinder/rootwrap.conf env LC_ALL=C qemu-img info -f qcow2 --output=json --force-share /opt/stack/data/cinder/mnt/e1b4ff1581dc95ea00be9e1617ac671f/volume-102363ca-be08-4f3f-b4a5-ec75ab413a8d {{(pid=88413) execute /opt/stack/data/venv/lib/python3.12/site-packages/oslo_concurrency/processutils.py:440}}
Jul 28 10:37:29 devstack sudo[90869]: quobyte : PWD=/ ; USER=root ; COMMAND=/opt/stack/data/venv/bin/cinder-rootwrap /etc/cinder/rootwrap.conf env LC_ALL=C qemu-img info -f qcow2 --output=json --force-share /opt/stack/data/cinder/mnt/e1b4ff1581dc95ea00be9e1617ac671f/volume-102363ca-be08-4f3f-b4a5-ec75ab413a8d
Jul 28 10:37:29 devstack sudo[90869]: pam_unix(sudo:session): session opened for user root(uid=0) by (uid=1000)
Jul 28 10:37:29 devstack sudo[90869]: pam_unix(sudo:session): session closed for user root
Jul 28 10:37:29 devstack cinder-volume[88413]: DEBUG oslo_concurrency.processutils [None req-cc862fc7-0355-4136-9166-fb062a8c5851 tempest-GroupSnapshotsTest-2102677433 None] CMD "/opt/stack/data/venv/bin/python3.12 -m oslo_concurrency.prlimit --as=1073741824 --cpu=60 -- sudo cinder-rootwrap /etc/cinder/rootwrap.conf env LC_ALL=C qemu-img info -f qcow2 --output=json --force-share /opt/stack/data/cinder/mnt/e1b4ff1581dc95ea00be9e1617ac671f/volume-102363ca-be08-4f3f-b4a5-ec75ab413a8d" returned: 0 in 0.844s {{(pid=88413) execute /opt/stack/data/venv/lib/python3.12/site-packages/oslo_concurrency/processutils.py:468}}
Jul 28 10:37:29 devstack cinder-volume[88413]: DEBUG oslo_concurrency.processutils [None req-cc862fc7-0355-4136-9166-fb062a8c5851 tempest-GroupSnapshotsTest-2102677433 None] Running cmd (subprocess): sudo cinder-rootwrap /etc/cinder/rootwrap.conf rm -f /opt/stack/data/cinder/mnt/e1b4ff1581dc95ea00be9e1617ac671f/volume-102363ca-be08-4f3f-b4a5-ec75ab413a8d {{(pid=88413) execute /opt/stack/data/venv/lib/python3.12/site-packages/oslo_concurrency/processutils.py:440}}
Jul 28 10:37:29 devstack sudo[90877]: quobyte : PWD=/ ; USER=root ; COMMAND=/opt/stack/data/venv/bin/cinder-rootwrap /etc/cinder/rootwrap.conf rm -f /opt/stack/data/cinder/mnt/e1b4ff1581dc95ea00be9e1617ac671f/volume-102363ca-be08-4f3f-b4a5-ec75ab413a8d
Jul 28 10:37:29 devstack sudo[90877]: pam_unix(sudo:session): session opened for user root(uid=0) by (uid=1000)
Jul 28 10:37:30 devstack cinder-volume[88413]: DEBUG oslo_concurrency.processutils [None req-cc862fc7-0355-4136-9166-fb062a8c5851 tempest-GroupSnapshotsTest-2102677433 None] CMD "sudo cinder-rootwrap /etc/cinder/rootwrap.conf rm -f /opt/stack/data/cinder/mnt/e1b4ff1581dc95ea00be9e1617ac671f/volume-102363ca-be08-4f3f-b4a5-ec75ab413a8d" returned: 0 in 0.554s {{(pid=88413) execute /opt/stack/data/venv/lib/python3.12/site-packages/oslo_concurrency/processutils.py:468}}
Jul 28 10:37:30 devstack sudo[90877]: pam_unix(sudo:session): session closed for user root
Jul 28 10:37:30 devstack cinder-volume[88413]: DEBUG cinder.coordination [None req-cc862fc7-0355-4136-9166-fb062a8c5851 tempest-GroupSnapshotsTest-2102677433 None] Lock "cinder-quobyte-102363ca-be08-4f3f-b4a5-ec75ab413a8d" released by "delete_volume" :: held 1.582s {{(pid=88413) __release /opt/stack/cinder/cinder/coordination.py:152}}
Jul 28 10:37:30 devstack cinder-volume[88413]: INFO cinder.volume.manager [req-f8ec7088-5e27-4c58-b921-db661f994947 req-f004ff0a-6d7d-4b51-b45d-633cd404a327 tempest-TaggedAttachmentsTest-423993782 None] Terminate volume connection completed successfully.
Jul 28 10:37:30 devstack cinder-volume[88413]: DEBUG cinder.volume.manager [req-f8ec7088-5e27-4c58-b921-db661f994947 req-f004ff0a-6d7d-4b51-b45d-633cd404a327 tempest-TaggedAttachmentsTest-423993782 None] Deleting attachment 3958b12c-f23f-4f4d-bec6-9bb0b95fd14c. {{(pid=88413) attachment_delete /opt/stack/cinder/cinder/volume/manager.py:5055}}
Jul 28 10:37:30 devstack cinder-volume[88413]: DEBUG cinder.quota [None req-cc862fc7-0355-4136-9166-fb062a8c5851 tempest-GroupSnapshotsTest-2102677433 None] Created reservations ['398dd705-4429-40b9-8c0f-c6f407a2a3ba'] {{(pid=88413) reserve /opt/stack/cinder/cinder/quota.py:752}}
Jul 28 10:37:30 devstack cinder-volume[88413]: WARNING cinder.db.api [None req-cc862fc7-0355-4136-9166-fb062a8c5851 tempest-GroupSnapshotsTest-2102677433 None] Reservation would make usage less than 0 for the following resources, so on commit they will be limited to prevent going below 0: ['gigabytes', 'gigabytes_tempest-GroupSnapshotsTest-volume-type-109293013']
Jul 28 10:37:30 devstack cinder-volume[88413]: DEBUG cinder.quota [None req-cc862fc7-0355-4136-9166-fb062a8c5851 tempest-GroupSnapshotsTest-2102677433 None] Created reservations ['6f2c299b-b063-4f97-856b-561346c7ea27', '69830d50-94bd-4932-911c-6b8ce75e59d0', '58131231-5301-4e37-bef3-706a10b756f9', '25bac227-95d4-4a7f-9c61-133b6b656fe9'] {{(pid=88413) reserve /opt/stack/cinder/cinder/quota.py:752}}
Jul 28 10:37:31 devstack cinder-volume[88413]: DEBUG oslo_concurrency.lockutils [None req-cc862fc7-0355-4136-9166-fb062a8c5851 tempest-GroupSnapshotsTest-2102677433 None] Acquiring lock "quobyte_ensure" by "cinder.volume.drivers.quobyte.QuobyteDriver._ensure_shares_mounted" {{(pid=88413) inner /opt/stack/data/venv/lib/python3.12/site-packages/oslo_concurrency/lockutils.py:512}}
Jul 28 10:37:31 devstack cinder-volume[88413]: DEBUG oslo_concurrency.lockutils [None req-cc862fc7-0355-4136-9166-fb062a8c5851 tempest-GroupSnapshotsTest-2102677433 None] Lock "quobyte_ensure" acquired by "cinder.volume.drivers.quobyte.QuobyteDriver._ensure_shares_mounted" :: waited 0.001s {{(pid=88413) inner /opt/stack/data/venv/lib/python3.12/site-packages/oslo_concurrency/lockutils.py:525}}
Jul 28 10:37:31 devstack cinder-volume[88413]: DEBUG cinder.volume.drivers.quobyte [None req-cc862fc7-0355-4136-9166-fb062a8c5851 tempest-GroupSnapshotsTest-2102677433 None] Quobyte Volume URL set to: {'osci02.corp.quobyte.com/cinder-vol-63f61d39-6f75-4bbd-be1f-515cf27592c7': None} {{(pid=88413) _load_shares_config /opt/stack/cinder/cinder/volume/drivers/quobyte.py:651}}
Jul 28 10:37:31 devstack cinder-volume[88413]: DEBUG cinder.volume.drivers.quobyte [None req-cc862fc7-0355-4136-9166-fb062a8c5851 tempest-GroupSnapshotsTest-2102677433 None] Available shares ['osci02.corp.quobyte.com/cinder-vol-63f61d39-6f75-4bbd-be1f-515cf27592c7'] {{(pid=88413) _ensure_shares_mounted /opt/stack/cinder/cinder/volume/drivers/quobyte.py:681}}
Jul 28 10:37:31 devstack cinder-volume[88413]: DEBUG oslo_concurrency.lockutils [None req-cc862fc7-0355-4136-9166-fb062a8c5851 tempest-GroupSnapshotsTest-2102677433 None] Lock "quobyte_ensure" "released" by "cinder.volume.drivers.quobyte.QuobyteDriver._ensure_shares_mounted" :: held 0.011s {{(pid=88413) inner /opt/stack/data/venv/lib/python3.12/site-packages/oslo_concurrency/lockutils.py:544}}
Jul 28 10:37:31 devstack cinder-volume[88413]: DEBUG oslo_concurrency.processutils [None req-cc862fc7-0355-4136-9166-fb062a8c5851 tempest-GroupSnapshotsTest-2102677433 None] Running cmd (subprocess): sudo cinder-rootwrap /etc/cinder/rootwrap.conf df --portability --block-size 1 /opt/stack/data/cinder/mnt/e1b4ff1581dc95ea00be9e1617ac671f {{(pid=88413) execute /opt/stack/data/venv/lib/python3.12/site-packages/oslo_concurrency/processutils.py:440}}
Jul 28 10:37:31 devstack sudo[90912]: quobyte : PWD=/ ; USER=root ; COMMAND=/opt/stack/data/venv/bin/cinder-rootwrap /etc/cinder/rootwrap.conf df --portability --block-size 1 /opt/stack/data/cinder/mnt/e1b4ff1581dc95ea00be9e1617ac671f
Jul 28 10:37:31 devstack sudo[90912]: pam_unix(sudo:session): session opened for user root(uid=0) by (uid=1000)
Jul 28 10:37:31 devstack sudo[90912]: pam_unix(sudo:session): session closed for user root
Jul 28 10:37:31 devstack cinder-volume[88413]: DEBUG oslo_concurrency.processutils [None req-cc862fc7-0355-4136-9166-fb062a8c5851 tempest-GroupSnapshotsTest-2102677433 None] CMD "sudo cinder-rootwrap /etc/cinder/rootwrap.conf df --portability --block-size 1 /opt/stack/data/cinder/mnt/e1b4ff1581dc95ea00be9e1617ac671f" returned: 0 in 0.326s {{(pid=88413) execute /opt/stack/data/venv/lib/python3.12/site-packages/oslo_concurrency/processutils.py:468}}
Jul 28 10:37:31 devstack cinder-volume[88413]: DEBUG cinder.manager [None req-cc862fc7-0355-4136-9166-fb062a8c5851 tempest-GroupSnapshotsTest-2102677433 None] Notifying Schedulers of capabilities ... {{(pid=88413) _publish_service_capabilities /opt/stack/cinder/cinder/manager.py:219}}
Jul 28 10:37:31 devstack cinder-volume[88413]: INFO cinder.volume.manager [None req-cc862fc7-0355-4136-9166-fb062a8c5851 tempest-GroupSnapshotsTest-2102677433 None] Delete group completed successfully.
Jul 28 10:37:32 devstack cinder-volume[88413]: INFO cinder.volume.manager [None req-5a99d720-0bf2-4c2a-b52a-c362eb9491c5 tempest-GroupSnapshotsTest-2102677433 None] Group tempest-GroupSnapshotsTest-Group-1149415154: creating
Jul 28 10:37:32 devstack cinder-volume[88413]: INFO cinder.volume.manager [None req-5a99d720-0bf2-4c2a-b52a-c362eb9491c5 tempest-GroupSnapshotsTest-2102677433 None] Group tempest-GroupSnapshotsTest-Group-1149415154: created successfully
Jul 28 10:37:32 devstack cinder-volume[88413]: INFO cinder.volume.manager [None req-5a99d720-0bf2-4c2a-b52a-c362eb9491c5 tempest-GroupSnapshotsTest-2102677433 None] Create group completed successfully.
Jul 28 10:37:34 devstack cinder-volume[88413]: DEBUG cinder.volume.flows.manager.create_volume [None req-f86a252d-2bc8-4a37-a28d-049f2ff7e0db tempest-GroupSnapshotsTest-2102677433 None] Volume reschedule parameters: True retry: {'num_attempts': 1, 'backends': ['devstack@QuobyteHD#QuobyteHD'], 'hosts': ['devstack@QuobyteHD#QuobyteHD']} {{(pid=88413) get_flow /opt/stack/cinder/cinder/volume/flows/manager/create_volume.py:1397}}
Jul 28 10:37:34 devstack cinder-volume[88413]: DEBUG cinder.volume.manager [None req-f86a252d-2bc8-4a37-a28d-049f2ff7e0db tempest-GroupSnapshotsTest-2102677433 None] Flow 'volume_create_manager' (6f75daa1-b239-40f6-aeb8-6fa096ea5016) transitioned into state 'RUNNING' from state 'PENDING' {{(pid=88413) _flow_receiver /opt/stack/data/venv/lib/python3.12/site-packages/taskflow/listeners/logging.py:160}}
Jul 28 10:37:34 devstack cinder-volume[88413]: DEBUG cinder.volume.manager [None req-f86a252d-2bc8-4a37-a28d-049f2ff7e0db tempest-GroupSnapshotsTest-2102677433 None] Task 'cinder.volume.flows.manager.create_volume.ExtractVolumeRefTask;volume:create' (dfb9d91a-bc63-41c5-ad36-a6c50e056127) transitioned into state 'RUNNING' from state 'PENDING' {{(pid=88413) _task_receiver /opt/stack/data/venv/lib/python3.12/site-packages/taskflow/listeners/logging.py:242}}
