Jul 10 10:05:45 devstack cinder-volume[87234]: DEBUG oslo_concurrency.processutils [None req-cdbd30a3-aca4-42ff-ba26-70d3c770a249 tempest-GroupsV314Test-667406949 None] CMD "sudo cinder-rootwrap /etc/cinder/rootwrap.conf chmod ugo+rw /opt/stack/data/cinder/mnt/c5e2021f47e20b61eec9ec0797097bb0/volume-d0f18e84-2801-4a28-af75-2919488621d9.info" returned: 0 in 0.776s {{(pid=87234) execute /opt/stack/data/venv/lib/python3.12/site-packages/oslo_concurrency/processutils.py:468}}
Jul 10 10:05:45 devstack cinder-volume[87234]: DEBUG cinder.coordination [None req-cdbd30a3-aca4-42ff-ba26-70d3c770a249 tempest-GroupsV314Test-667406949 None] Acquiring lock "cinder-quobyte-b187e0cf-2a43-4809-a1e6-c7ec756b18b5" by "_copy_volume_from_snapshot" {{(pid=87234) __acquire /opt/stack/cinder/cinder/coordination.py:138}}
Jul 10 10:05:45 devstack cinder-volume[87234]: DEBUG cinder.coordination [None req-cdbd30a3-aca4-42ff-ba26-70d3c770a249 tempest-GroupsV314Test-667406949 None] Lock "cinder-quobyte-b187e0cf-2a43-4809-a1e6-c7ec756b18b5" acquired by "_copy_volume_from_snapshot" :: waited 0.020s {{(pid=87234) __acquire /opt/stack/cinder/cinder/coordination.py:141}}
Jul 10 10:05:45 devstack cinder-volume[87234]: DEBUG cinder.volume.drivers.quobyte [None req-cdbd30a3-aca4-42ff-ba26-70d3c770a249 tempest-GroupsV314Test-667406949 None] snapshot: 52141ede-62c2-4769-8da5-7b385cb87388, volume: b187e0cf-2a43-4809-a1e6-c7ec756b18b5, {{(pid=87234) _copy_volume_from_snapshot /opt/stack/cinder/cinder/volume/drivers/quobyte.py:401}}
Jul 10 10:05:45 devstack cinder-volume[87234]: DEBUG oslo_concurrency.lockutils [None req-cdbd30a3-aca4-42ff-ba26-70d3c770a249 tempest-GroupsV314Test-667406949 None] Acquiring lock "quobyte_ensure" by "cinder.volume.drivers.quobyte.QuobyteDriver._ensure_shares_mounted" {{(pid=87234) inner /opt/stack/data/venv/lib/python3.12/site-packages/oslo_concurrency/lockutils.py:511}}
Jul 10 10:05:45 devstack cinder-volume[87234]: DEBUG oslo_concurrency.lockutils [None req-cdbd30a3-aca4-42ff-ba26-70d3c770a249 tempest-GroupsV314Test-667406949 None] Lock "quobyte_ensure" acquired by "cinder.volume.drivers.quobyte.QuobyteDriver._ensure_shares_mounted" :: waited 0.001s {{(pid=87234) inner /opt/stack/data/venv/lib/python3.12/site-packages/oslo_concurrency/lockutils.py:524}}
Jul 10 10:05:45 devstack cinder-volume[87234]: DEBUG cinder.volume.drivers.quobyte [None req-cdbd30a3-aca4-42ff-ba26-70d3c770a249 tempest-GroupsV314Test-667406949 None] Quobyte Volume URL set to: {'osci02.corp.quobyte.com/cinder-vol-7373fad0-27c8-4990-938c-d4bb4c080091': None} {{(pid=87234) _load_shares_config /opt/stack/cinder/cinder/volume/drivers/quobyte.py:617}}
Jul 10 10:05:45 devstack cinder-volume[87234]: DEBUG cinder.volume.drivers.quobyte [None req-cdbd30a3-aca4-42ff-ba26-70d3c770a249 tempest-GroupsV314Test-667406949 None] Available shares ['osci02.corp.quobyte.com/cinder-vol-7373fad0-27c8-4990-938c-d4bb4c080091'] {{(pid=87234) _ensure_shares_mounted /opt/stack/cinder/cinder/volume/drivers/quobyte.py:647}}
Jul 10 10:05:45 devstack cinder-volume[87234]: DEBUG oslo_concurrency.lockutils [None req-cdbd30a3-aca4-42ff-ba26-70d3c770a249 tempest-GroupsV314Test-667406949 None] Lock "quobyte_ensure" "released" by "cinder.volume.drivers.quobyte.QuobyteDriver._ensure_shares_mounted" :: held 0.010s {{(pid=87234) inner /opt/stack/data/venv/lib/python3.12/site-packages/oslo_concurrency/lockutils.py:543}}
Jul 10 10:05:45 devstack cinder-volume[87234]: DEBUG oslo.privsep.daemon [-] privsep: reply[dd556b7a-5707-46c0-99e1-0535d9e7c55f]: (4, 'qcow2') {{(pid=88435) _call_back /opt/stack/data/venv/lib/python3.12/site-packages/oslo_privsep/daemon.py:580}}
Jul 10 10:05:45 devstack cinder-volume[87234]: DEBUG oslo_concurrency.processutils [None req-cdbd30a3-aca4-42ff-ba26-70d3c770a249 tempest-GroupsV314Test-667406949 None] Running cmd (subprocess): /opt/stack/data/venv/bin/python3.12 -m oslo_concurrency.prlimit --as=1073741824 --cpu=60 -- sudo cinder-rootwrap /etc/cinder/rootwrap.conf env LC_ALL=C qemu-img info -f qcow2 --output=json --force-share /opt/stack/data/cinder/mnt/c5e2021f47e20b61eec9ec0797097bb0/volume-d0f18e84-2801-4a28-af75-2919488621d9.52141ede-62c2-4769-8da5-7b385cb87388 {{(pid=87234) execute /opt/stack/data/venv/lib/python3.12/site-packages/oslo_concurrency/processutils.py:440}}
Jul 10 10:05:45 devstack sudo[91462]: quobyte : PWD=/ ; USER=root ; COMMAND=/opt/stack/data/venv/bin/cinder-rootwrap /etc/cinder/rootwrap.conf env LC_ALL=C qemu-img info -f qcow2 --output=json --force-share /opt/stack/data/cinder/mnt/c5e2021f47e20b61eec9ec0797097bb0/volume-d0f18e84-2801-4a28-af75-2919488621d9.52141ede-62c2-4769-8da5-7b385cb87388
Jul 10 10:05:45 devstack sudo[91462]: pam_unix(sudo:session): session opened for user root(uid=0) by (uid=1000)
Jul 10 10:05:46 devstack cinder-volume[87234]: DEBUG cinder.coordination [None req-9406a8db-064e-44b6-8faf-79db9855d860 tempest-DeleteServersTestJSON-351982828 None] Acquiring lock "cinder-d450c457-09e5-43a3-8081-74725cc4a030-delete_volume" by "delete_volume" {{(pid=87234) __acquire /opt/stack/cinder/cinder/coordination.py:138}}
Jul 10 10:05:46 devstack cinder-volume[87234]: DEBUG cinder.coordination [None req-9406a8db-064e-44b6-8faf-79db9855d860 tempest-DeleteServersTestJSON-351982828 None] Lock "cinder-d450c457-09e5-43a3-8081-74725cc4a030-delete_volume" acquired by "delete_volume" :: waited 0.023s {{(pid=87234) __acquire /opt/stack/cinder/cinder/coordination.py:141}}
Jul 10 10:05:46 devstack cinder-volume[87234]: DEBUG cinder.coordination [None req-9406a8db-064e-44b6-8faf-79db9855d860 tempest-DeleteServersTestJSON-351982828 None] Acquiring lock "cinder-quobyte-d450c457-09e5-43a3-8081-74725cc4a030" by "delete_volume" {{(pid=87234) __acquire /opt/stack/cinder/cinder/coordination.py:138}}
Jul 10 10:05:46 devstack cinder-volume[87234]: DEBUG cinder.coordination [None req-9406a8db-064e-44b6-8faf-79db9855d860 tempest-DeleteServersTestJSON-351982828 None] Lock "cinder-quobyte-d450c457-09e5-43a3-8081-74725cc4a030" acquired by "delete_volume" :: waited 0.018s {{(pid=87234) __acquire /opt/stack/cinder/cinder/coordination.py:141}}
Jul 10 10:05:46 devstack cinder-volume[87234]: DEBUG oslo.privsep.daemon [-] privsep: reply[70f327eb-e240-4370-8768-18bd0fcf2b3a]: (4, 'qcow2') {{(pid=88435) _call_back /opt/stack/data/venv/lib/python3.12/site-packages/oslo_privsep/daemon.py:580}}
Jul 10 10:05:46 devstack cinder-volume[87234]: DEBUG oslo_concurrency.processutils [None req-9406a8db-064e-44b6-8faf-79db9855d860 tempest-DeleteServersTestJSON-351982828 None] Running cmd (subprocess): /opt/stack/data/venv/bin/python3.12 -m oslo_concurrency.prlimit --as=1073741824 --cpu=60 -- sudo cinder-rootwrap /etc/cinder/rootwrap.conf env LC_ALL=C qemu-img info -f qcow2 --output=json --force-share /opt/stack/data/cinder/mnt/c5e2021f47e20b61eec9ec0797097bb0/volume-d450c457-09e5-43a3-8081-74725cc4a030 {{(pid=87234) execute /opt/stack/data/venv/lib/python3.12/site-packages/oslo_concurrency/processutils.py:440}}
Jul 10 10:05:46 devstack sudo[91462]: pam_unix(sudo:session): session closed for user root
Jul 10 10:05:46 devstack cinder-volume[87234]: DEBUG oslo_concurrency.processutils [None req-cdbd30a3-aca4-42ff-ba26-70d3c770a249 tempest-GroupsV314Test-667406949 None] CMD "/opt/stack/data/venv/bin/python3.12 -m oslo_concurrency.prlimit --as=1073741824 --cpu=60 -- sudo cinder-rootwrap /etc/cinder/rootwrap.conf env LC_ALL=C qemu-img info -f qcow2 --output=json --force-share /opt/stack/data/cinder/mnt/c5e2021f47e20b61eec9ec0797097bb0/volume-d0f18e84-2801-4a28-af75-2919488621d9.52141ede-62c2-4769-8da5-7b385cb87388" returned: 0 in 0.928s {{(pid=87234) execute /opt/stack/data/venv/lib/python3.12/site-packages/oslo_concurrency/processutils.py:468}}
Jul 10 10:05:46 devstack cinder-volume[87234]: DEBUG cinder.volume.drivers.remotefs [None req-cdbd30a3-aca4-42ff-ba26-70d3c770a249 tempest-GroupsV314Test-667406949 None] Fetching qemu-img info with special backing_file_template: (/opt/stack/data/cinder/mnt/[0-9a-f]+/)?(volume-d0f18e84-2801-4a28-af75-2919488621d9(.(tmp-snap-)?[0-9a-f-]+)?|volume_from_snapshot_cache/(tmp-snap-)?[0-9a-f-]+(.(child-|parent-)[0-9a-f-]+)?)$ {{(pid=87234) _qemu_img_info_base /opt/stack/cinder/cinder/volume/drivers/remotefs.py:896}}
Jul 10 10:05:46 devstack cinder-volume[87234]: DEBUG cinder.volume.drivers.quobyte [None req-cdbd30a3-aca4-42ff-ba26-70d3c770a249 tempest-GroupsV314Test-667406949 None] will copy from snapshot at /opt/stack/data/cinder/mnt/c5e2021f47e20b61eec9ec0797097bb0/volume-d0f18e84-2801-4a28-af75-2919488621d9 {{(pid=87234) _copy_volume_from_snapshot /opt/stack/cinder/cinder/volume/drivers/quobyte.py:420}}
Jul 10 10:05:46 devstack cinder-volume[87234]: DEBUG cinder.volume.drivers.quobyte [None req-cdbd30a3-aca4-42ff-ba26-70d3c770a249 tempest-GroupsV314Test-667406949 None] Creating direct copy from snapshot {{(pid=87234) _copy_volume_from_snapshot /opt/stack/cinder/cinder/volume/drivers/quobyte.py:428}}
Jul 10 10:05:46 devstack cinder-volume[87234]: DEBUG oslo.privsep.daemon [-] privsep: reply[f8c2dcb6-4858-4b6a-8ebb-769a5813ed57]: (4, 'qcow2') {{(pid=88435) _call_back /opt/stack/data/venv/lib/python3.12/site-packages/oslo_privsep/daemon.py:580}}
Jul 10 10:05:46 devstack cinder-volume[87234]: DEBUG oslo_concurrency.processutils [None req-cdbd30a3-aca4-42ff-ba26-70d3c770a249 tempest-GroupsV314Test-667406949 None] Running cmd (subprocess): /opt/stack/data/venv/bin/python3.12 -m oslo_concurrency.prlimit --as=1073741824 --cpu=60 -- sudo cinder-rootwrap /etc/cinder/rootwrap.conf env LC_ALL=C qemu-img info -f qcow2 --output=json /opt/stack/data/cinder/mnt/c5e2021f47e20b61eec9ec0797097bb0/volume-d0f18e84-2801-4a28-af75-2919488621d9 {{(pid=87234) execute /opt/stack/data/venv/lib/python3.12/site-packages/oslo_concurrency/processutils.py:440}}
Jul 10 10:05:46 devstack sudo[91477]: quobyte : PWD=/ ; USER=root ; COMMAND=/opt/stack/data/venv/bin/cinder-rootwrap /etc/cinder/rootwrap.conf env LC_ALL=C qemu-img info -f qcow2 --output=json --force-share /opt/stack/data/cinder/mnt/c5e2021f47e20b61eec9ec0797097bb0/volume-d450c457-09e5-43a3-8081-74725cc4a030
Jul 10 10:05:46 devstack sudo[91477]: pam_unix(sudo:session): session opened for user root(uid=0) by (uid=1000)
Jul 10 10:05:46 devstack sudo[91479]: quobyte : PWD=/ ; USER=root ; COMMAND=/opt/stack/data/venv/bin/cinder-rootwrap /etc/cinder/rootwrap.conf env LC_ALL=C qemu-img info -f qcow2 --output=json /opt/stack/data/cinder/mnt/c5e2021f47e20b61eec9ec0797097bb0/volume-d0f18e84-2801-4a28-af75-2919488621d9
Jul 10 10:05:46 devstack sudo[91479]: pam_unix(sudo:session): session opened for user root(uid=0) by (uid=1000)
Jul 10 10:05:46 devstack cinder-volume[87234]: DEBUG cinder.volume.manager [None req-2653e071-e119-4ff5-9a3a-ef2fdef5fb13 tempest-BackendsCapabilitiesAdminTestsJSON-850314404 None] Obtained capabilities list: {'volume_backend_name': 'QuobyteHD', 'vendor_name': 'Open Source', 'driver_version': '1.1.14', 'storage_protocol': 'quobyte', 'total_capacity_gb': 1775.757713317871, 'free_capacity_gb': 1775.757713317871, 'reserved_percentage': 0, 'QoS_support': False, 'properties': {'thin_provisioning': {'title': 'Thin Provisioning', 'description': 'Sets thin provisioning.', 'type': 'boolean'}, 'compression': {'title': 'Compression', 'description': 'Enables compression.', 'type': 'boolean'}, 'qos': {'title': 'QoS', 'description': 'Enables QoS.', 'type': 'boolean'}, 'replication_enabled': {'title': 'Replication', 'description': 'Enables replication.', 'type': 'boolean'}}}. {{(pid=87234) get_capabilities /opt/stack/cinder/cinder/volume/manager.py:4830}}
Jul 10 10:05:47 devstack cinder-volume[87234]: DEBUG cinder.volume.manager [None req-631be3eb-d6d1-4047-830f-12e12bb3fc04 tempest-BackendsCapabilitiesAdminTestsJSON-850314404 None] Obtained capabilities list: {'volume_backend_name': 'QuobyteHD', 'vendor_name': 'Open Source', 'driver_version': '1.1.14', 'storage_protocol': 'quobyte', 'total_capacity_gb': 1775.757713317871, 'free_capacity_gb': 1775.757713317871, 'reserved_percentage': 0, 'QoS_support': False, 'properties': {'thin_provisioning': {'title': 'Thin Provisioning', 'description': 'Sets thin provisioning.', 'type': 'boolean'}, 'compression': {'title': 'Compression', 'description': 'Enables compression.', 'type': 'boolean'}, 'qos': {'title': 'QoS', 'description': 'Enables QoS.', 'type': 'boolean'}, 'replication_enabled': {'title': 'Replication', 'description': 'Enables replication.', 'type': 'boolean'}}}. {{(pid=87234) get_capabilities /opt/stack/cinder/cinder/volume/manager.py:4830}}
Jul 10 10:05:47 devstack sudo[91477]: pam_unix(sudo:session): session closed for user root
Jul 10 10:05:47 devstack cinder-volume[87234]: DEBUG oslo_concurrency.processutils [None req-9406a8db-064e-44b6-8faf-79db9855d860 tempest-DeleteServersTestJSON-351982828 None] CMD "/opt/stack/data/venv/bin/python3.12 -m oslo_concurrency.prlimit --as=1073741824 --cpu=60 -- sudo cinder-rootwrap /etc/cinder/rootwrap.conf env LC_ALL=C qemu-img info -f qcow2 --output=json --force-share /opt/stack/data/cinder/mnt/c5e2021f47e20b61eec9ec0797097bb0/volume-d450c457-09e5-43a3-8081-74725cc4a030" returned: 0 in 1.167s {{(pid=87234) execute /opt/stack/data/venv/lib/python3.12/site-packages/oslo_concurrency/processutils.py:468}}
Jul 10 10:05:47 devstack cinder-volume[87234]: DEBUG oslo_concurrency.processutils [None req-9406a8db-064e-44b6-8faf-79db9855d860 tempest-DeleteServersTestJSON-351982828 None] Running cmd (subprocess): sudo cinder-rootwrap /etc/cinder/rootwrap.conf rm -f /opt/stack/data/cinder/mnt/c5e2021f47e20b61eec9ec0797097bb0/volume-d450c457-09e5-43a3-8081-74725cc4a030 {{(pid=87234) execute /opt/stack/data/venv/lib/python3.12/site-packages/oslo_concurrency/processutils.py:440}}
Jul 10 10:05:47 devstack sudo[91491]: quobyte : PWD=/ ; USER=root ; COMMAND=/opt/stack/data/venv/bin/cinder-rootwrap /etc/cinder/rootwrap.conf rm -f /opt/stack/data/cinder/mnt/c5e2021f47e20b61eec9ec0797097bb0/volume-d450c457-09e5-43a3-8081-74725cc4a030
Jul 10 10:05:47 devstack sudo[91491]: pam_unix(sudo:session): session opened for user root(uid=0) by (uid=1000)
Jul 10 10:05:47 devstack sudo[91479]: pam_unix(sudo:session): session closed for user root
Jul 10 10:05:47 devstack cinder-volume[87234]: DEBUG oslo_concurrency.processutils [None req-cdbd30a3-aca4-42ff-ba26-70d3c770a249 tempest-GroupsV314Test-667406949 None] CMD "/opt/stack/data/venv/bin/python3.12 -m oslo_concurrency.prlimit --as=1073741824 --cpu=60 -- sudo cinder-rootwrap /etc/cinder/rootwrap.conf env LC_ALL=C qemu-img info -f qcow2 --output=json /opt/stack/data/cinder/mnt/c5e2021f47e20b61eec9ec0797097bb0/volume-d0f18e84-2801-4a28-af75-2919488621d9" returned: 0 in 1.112s {{(pid=87234) execute /opt/stack/data/venv/lib/python3.12/site-packages/oslo_concurrency/processutils.py:468}}
Jul 10 10:05:47 devstack cinder-volume[87234]: DEBUG cinder.utils [None req-cdbd30a3-aca4-42ff-ba26-70d3c770a249 tempest-GroupsV314Test-667406949 None] Path /opt/stack/data/cinder/mnt/c5e2021f47e20b61eec9ec0797097bb0/volume-b187e0cf-2a43-4809-a1e6-c7ec756b18b5 not found in is_blk_device check {{(pid=87234) is_blk_device /opt/stack/cinder/cinder/utils.py:615}}
Jul 10 10:05:47 devstack cinder-volume[87234]: DEBUG oslo_concurrency.processutils [None req-cdbd30a3-aca4-42ff-ba26-70d3c770a249 tempest-GroupsV314Test-667406949 None] Running cmd (subprocess): sudo cinder-rootwrap /etc/cinder/rootwrap.conf qemu-img convert -O qcow2 /opt/stack/data/cinder/mnt/c5e2021f47e20b61eec9ec0797097bb0/volume-d0f18e84-2801-4a28-af75-2919488621d9 /opt/stack/data/cinder/mnt/c5e2021f47e20b61eec9ec0797097bb0/volume-b187e0cf-2a43-4809-a1e6-c7ec756b18b5 {{(pid=87234) execute /opt/stack/data/venv/lib/python3.12/site-packages/oslo_concurrency/processutils.py:440}}
Jul 10 10:05:47 devstack sudo[91494]: quobyte : PWD=/ ; USER=root ; COMMAND=/opt/stack/data/venv/bin/cinder-rootwrap /etc/cinder/rootwrap.conf qemu-img convert -O qcow2 /opt/stack/data/cinder/mnt/c5e2021f47e20b61eec9ec0797097bb0/volume-d0f18e84-2801-4a28-af75-2919488621d9 /opt/stack/data/cinder/mnt/c5e2021f47e20b61eec9ec0797097bb0/volume-b187e0cf-2a43-4809-a1e6-c7ec756b18b5
Jul 10 10:05:47 devstack sudo[91494]: pam_unix(sudo:session): session opened for user root(uid=0) by (uid=1000)
Jul 10 10:05:48 devstack sudo[91491]: pam_unix(sudo:session): session closed for user root
Jul 10 10:05:48 devstack cinder-volume[87234]: DEBUG oslo_concurrency.processutils [None req-9406a8db-064e-44b6-8faf-79db9855d860 tempest-DeleteServersTestJSON-351982828 None] CMD "sudo cinder-rootwrap /etc/cinder/rootwrap.conf rm -f /opt/stack/data/cinder/mnt/c5e2021f47e20b61eec9ec0797097bb0/volume-d450c457-09e5-43a3-8081-74725cc4a030" returned: 0 in 0.938s {{(pid=87234) execute /opt/stack/data/venv/lib/python3.12/site-packages/oslo_concurrency/processutils.py:468}}
Jul 10 10:05:48 devstack cinder-volume[87234]: DEBUG cinder.coordination [None req-9406a8db-064e-44b6-8faf-79db9855d860 tempest-DeleteServersTestJSON-351982828 None] Lock "cinder-quobyte-d450c457-09e5-43a3-8081-74725cc4a030" released by "delete_volume" :: held 2.167s {{(pid=87234) __release /opt/stack/cinder/cinder/coordination.py:152}}
Jul 10 10:05:48 devstack cinder-volume[87234]: DEBUG cinder.quota [None req-9406a8db-064e-44b6-8faf-79db9855d860 tempest-DeleteServersTestJSON-351982828 None] Created reservations ['6b8e7e0e-a6fb-4360-9124-e85cc2bea190', '72226591-7229-4639-9ff8-fcdd96246d51', '1bdf649c-3855-41c0-872a-17331832ed29', '9ea35bd6-bd26-4cb3-bbea-7a56ddc7c960'] {{(pid=87234) reserve /opt/stack/cinder/cinder/quota.py:752}}
Jul 10 10:05:48 devstack cinder-volume[87234]: DEBUG oslo_concurrency.lockutils [None req-9406a8db-064e-44b6-8faf-79db9855d860 tempest-DeleteServersTestJSON-351982828 None] Acquiring lock "quobyte_ensure" by "cinder.volume.drivers.quobyte.QuobyteDriver._ensure_shares_mounted" {{(pid=87234) inner /opt/stack/data/venv/lib/python3.12/site-packages/oslo_concurrency/lockutils.py:511}}
Jul 10 10:05:48 devstack cinder-volume[87234]: DEBUG oslo_concurrency.lockutils [None req-9406a8db-064e-44b6-8faf-79db9855d860 tempest-DeleteServersTestJSON-351982828 None] Lock "quobyte_ensure" acquired by "cinder.volume.drivers.quobyte.QuobyteDriver._ensure_shares_mounted" :: waited 0.002s {{(pid=87234) inner /opt/stack/data/venv/lib/python3.12/site-packages/oslo_concurrency/lockutils.py:524}}
Jul 10 10:05:48 devstack cinder-volume[87234]: DEBUG cinder.volume.drivers.quobyte [None req-9406a8db-064e-44b6-8faf-79db9855d860 tempest-DeleteServersTestJSON-351982828 None] Quobyte Volume URL set to: {'osci02.corp.quobyte.com/cinder-vol-7373fad0-27c8-4990-938c-d4bb4c080091': None} {{(pid=87234) _load_shares_config /opt/stack/cinder/cinder/volume/drivers/quobyte.py:617}}
Jul 10 10:05:48 devstack cinder-volume[87234]: DEBUG cinder.volume.drivers.quobyte [None req-9406a8db-064e-44b6-8faf-79db9855d860 tempest-DeleteServersTestJSON-351982828 None] Available shares ['osci02.corp.quobyte.com/cinder-vol-7373fad0-27c8-4990-938c-d4bb4c080091'] {{(pid=87234) _ensure_shares_mounted /opt/stack/cinder/cinder/volume/drivers/quobyte.py:647}}
Jul 10 10:05:48 devstack cinder-volume[87234]: DEBUG oslo_concurrency.lockutils [None req-9406a8db-064e-44b6-8faf-79db9855d860 tempest-DeleteServersTestJSON-351982828 None] Lock "quobyte_ensure" "released" by "cinder.volume.drivers.quobyte.QuobyteDriver._ensure_shares_mounted" :: held 0.010s {{(pid=87234) inner /opt/stack/data/venv/lib/python3.12/site-packages/oslo_concurrency/lockutils.py:543}}
Jul 10 10:05:48 devstack cinder-volume[87234]: DEBUG oslo_concurrency.processutils [None req-9406a8db-064e-44b6-8faf-79db9855d860 tempest-DeleteServersTestJSON-351982828 None] Running cmd (subprocess): sudo cinder-rootwrap /etc/cinder/rootwrap.conf df --portability --block-size 1 /opt/stack/data/cinder/mnt/c5e2021f47e20b61eec9ec0797097bb0 {{(pid=87234) execute /opt/stack/data/venv/lib/python3.12/site-packages/oslo_concurrency/processutils.py:440}}
Jul 10 10:05:48 devstack sudo[91500]: quobyte : PWD=/ ; USER=root ; COMMAND=/opt/stack/data/venv/bin/cinder-rootwrap /etc/cinder/rootwrap.conf df --portability --block-size 1 /opt/stack/data/cinder/mnt/c5e2021f47e20b61eec9ec0797097bb0
Jul 10 10:05:48 devstack sudo[91500]: pam_unix(sudo:session): session opened for user root(uid=0) by (uid=1000)
Jul 10 10:05:51 devstack sudo[91500]: pam_unix(sudo:session): session closed for user root
Jul 10 10:05:51 devstack cinder-volume[87234]: DEBUG oslo_concurrency.processutils [None req-9406a8db-064e-44b6-8faf-79db9855d860 tempest-DeleteServersTestJSON-351982828 None] CMD "sudo cinder-rootwrap /etc/cinder/rootwrap.conf df --portability --block-size 1 /opt/stack/data/cinder/mnt/c5e2021f47e20b61eec9ec0797097bb0" returned: 0 in 2.540s {{(pid=87234) execute /opt/stack/data/venv/lib/python3.12/site-packages/oslo_concurrency/processutils.py:468}}
Jul 10 10:05:51 devstack cinder-volume[87234]: DEBUG cinder.manager [None req-9406a8db-064e-44b6-8faf-79db9855d860 tempest-DeleteServersTestJSON-351982828 None] Notifying Schedulers of capabilities ... {{(pid=87234) _publish_service_capabilities /opt/stack/cinder/cinder/manager.py:219}}
Jul 10 10:05:51 devstack cinder-volume[87234]: INFO cinder.volume.manager [None req-9406a8db-064e-44b6-8faf-79db9855d860 tempest-DeleteServersTestJSON-351982828 None] Deleted volume successfully.
Jul 10 10:05:51 devstack cinder-volume[87234]: DEBUG dbcounter [-] [87234] Writing DB stats cinder:SELECT=54,cinder:INSERT=10,cinder:UPDATE=59,cinder:DELETE=7 {{(pid=87234) stat_writer /opt/stack/data/venv/lib/python3.12/site-packages/dbcounter.py:115}}
Jul 10 10:05:51 devstack cinder-volume[87234]: DEBUG cinder.coordination [None req-9406a8db-064e-44b6-8faf-79db9855d860 tempest-DeleteServersTestJSON-351982828 None] Lock "cinder-d450c457-09e5-43a3-8081-74725cc4a030-delete_volume" released by "delete_volume" :: held 5.141s {{(pid=87234) __release /opt/stack/cinder/cinder/coordination.py:152}}
Jul 10 10:05:52 devstack cinder-volume[87234]: DEBUG dbcounter [-] [87234] Writing DB stats cinder:UPDATE=64,cinder:SELECT=51,cinder:INSERT=18,cinder:DELETE=4 {{(pid=87234) stat_writer /opt/stack/data/venv/lib/python3.12/site-packages/dbcounter.py:115}}
Jul 10 10:05:54 devstack sudo[91494]: pam_unix(sudo:session): session closed for user root
Jul 10 10:05:54 devstack cinder-volume[87234]: DEBUG oslo_concurrency.processutils [None req-cdbd30a3-aca4-42ff-ba26-70d3c770a249 tempest-GroupsV314Test-667406949 None] CMD "sudo cinder-rootwrap /etc/cinder/rootwrap.conf qemu-img convert -O qcow2 /opt/stack/data/cinder/mnt/c5e2021f47e20b61eec9ec0797097bb0/volume-d0f18e84-2801-4a28-af75-2919488621d9 /opt/stack/data/cinder/mnt/c5e2021f47e20b61eec9ec0797097bb0/volume-b187e0cf-2a43-4809-a1e6-c7ec756b18b5" returned: 0 in 7.474s {{(pid=87234) execute /opt/stack/data/venv/lib/python3.12/site-packages/oslo_concurrency/processutils.py:468}}
Jul 10 10:05:54 devstack cinder-volume[87234]: DEBUG oslo.privsep.daemon [-] privsep: reply[837ce759-99d0-4778-8b08-95182e775af1]: (4, 'qcow2') {{(pid=88435) _call_back /opt/stack/data/venv/lib/python3.12/site-packages/oslo_privsep/daemon.py:580}}
Jul 10 10:05:54 devstack cinder-volume[87234]: DEBUG oslo_concurrency.processutils [None req-cdbd30a3-aca4-42ff-ba26-70d3c770a249 tempest-GroupsV314Test-667406949 None] Running cmd (subprocess): /opt/stack/data/venv/bin/python3.12 -m oslo_concurrency.prlimit --as=1073741824 --cpu=60 -- sudo cinder-rootwrap /etc/cinder/rootwrap.conf env LC_ALL=C qemu-img info -f qcow2 --output=json /opt/stack/data/cinder/mnt/c5e2021f47e20b61eec9ec0797097bb0/volume-d0f18e84-2801-4a28-af75-2919488621d9 {{(pid=87234) execute /opt/stack/data/venv/lib/python3.12/site-packages/oslo_concurrency/processutils.py:440}}
Jul 10 10:05:55 devstack sudo[91525]: quobyte : PWD=/ ; USER=root ; COMMAND=/opt/stack/data/venv/bin/cinder-rootwrap /etc/cinder/rootwrap.conf env LC_ALL=C qemu-img info -f qcow2 --output=json /opt/stack/data/cinder/mnt/c5e2021f47e20b61eec9ec0797097bb0/volume-d0f18e84-2801-4a28-af75-2919488621d9
Jul 10 10:05:55 devstack sudo[91525]: pam_unix(sudo:session): session opened for user root(uid=0) by (uid=1000)
Jul 10 10:05:56 devstack sudo[91525]: pam_unix(sudo:session): session closed for user root
Jul 10 10:05:56 devstack cinder-volume[87234]: DEBUG oslo_concurrency.processutils [None req-cdbd30a3-aca4-42ff-ba26-70d3c770a249 tempest-GroupsV314Test-667406949 None] CMD "/opt/stack/data/venv/bin/python3.12 -m oslo_concurrency.prlimit --as=1073741824 --cpu=60 -- sudo cinder-rootwrap /etc/cinder/rootwrap.conf env LC_ALL=C qemu-img info -f qcow2 --output=json /opt/stack/data/cinder/mnt/c5e2021f47e20b61eec9ec0797097bb0/volume-d0f18e84-2801-4a28-af75-2919488621d9" returned: 0 in 1.360s {{(pid=87234) execute /opt/stack/data/venv/lib/python3.12/site-packages/oslo_concurrency/processutils.py:468}}
Jul 10 10:05:56 devstack cinder-volume[87234]: DEBUG cinder.image.image_utils [None req-cdbd30a3-aca4-42ff-ba26-70d3c770a249 tempest-GroupsV314Test-667406949 None] Image conversion details: src /opt/stack/data/cinder/mnt/c5e2021f47e20b61eec9ec0797097bb0/volume-d0f18e84-2801-4a28-af75-2919488621d9, size 1024.00 MB, duration 7.48 sec, destination /opt/stack/data/cinder/mnt/c5e2021f47e20b61eec9ec0797097bb0/volume-b187e0cf-2a43-4809-a1e6-c7ec756b18b5 {{(pid=87234) _convert_image /opt/stack/cinder/cinder/image/image_utils.py:536}}
Jul 10 10:05:56 devstack cinder-volume[87234]: INFO cinder.image.image_utils [None req-cdbd30a3-aca4-42ff-ba26-70d3c770a249 tempest-GroupsV314Test-667406949 None] Converted 1024.00 MB image at 136.98 MB/s
Jul 10 10:05:56 devstack cinder-volume[87234]: WARNING cinder.volume.drivers.remotefs [None req-cdbd30a3-aca4-42ff-ba26-70d3c770a249 tempest-GroupsV314Test-667406949 None] /opt/stack/data/cinder/mnt/c5e2021f47e20b61eec9ec0797097bb0/volume-b187e0cf-2a43-4809-a1e6-c7ec756b18b5 is being set with open permissions: ugo+rw: NotImplementedError
Jul 10 10:05:56 devstack cinder-volume[87234]: DEBUG oslo_concurrency.processutils [None req-cdbd30a3-aca4-42ff-ba26-70d3c770a249 tempest-GroupsV314Test-667406949 None] Running cmd (subprocess): sudo cinder-rootwrap /etc/cinder/rootwrap.conf chmod ugo+rw /opt/stack/data/cinder/mnt/c5e2021f47e20b61eec9ec0797097bb0/volume-b187e0cf-2a43-4809-a1e6-c7ec756b18b5 {{(pid=87234) execute /opt/stack/data/venv/lib/python3.12/site-packages/oslo_concurrency/processutils.py:440}}
Jul 10 10:05:56 devstack sudo[91531]: quobyte : PWD=/ ; USER=root ; COMMAND=/opt/stack/data/venv/bin/cinder-rootwrap /etc/cinder/rootwrap.conf chmod ugo+rw /opt/stack/data/cinder/mnt/c5e2021f47e20b61eec9ec0797097bb0/volume-b187e0cf-2a43-4809-a1e6-c7ec756b18b5
Jul 10 10:05:56 devstack sudo[91531]: pam_unix(sudo:session): session opened for user root(uid=0) by (uid=1000)
Jul 10 10:05:57 devstack sudo[91531]: pam_unix(sudo:session): session closed for user root
Jul 10 10:05:57 devstack cinder-volume[87234]: DEBUG oslo_concurrency.processutils [None req-cdbd30a3-aca4-42ff-ba26-70d3c770a249 tempest-GroupsV314Test-667406949 None] CMD "sudo cinder-rootwrap /etc/cinder/rootwrap.conf chmod ugo+rw /opt/stack/data/cinder/mnt/c5e2021f47e20b61eec9ec0797097bb0/volume-b187e0cf-2a43-4809-a1e6-c7ec756b18b5" returned: 0 in 1.262s {{(pid=87234) execute /opt/stack/data/venv/lib/python3.12/site-packages/oslo_concurrency/processutils.py:468}}
Jul 10 10:05:57 devstack cinder-volume[87234]: DEBUG cinder.coordination [None req-cdbd30a3-aca4-42ff-ba26-70d3c770a249 tempest-GroupsV314Test-667406949 None] Lock "cinder-quobyte-b187e0cf-2a43-4809-a1e6-c7ec756b18b5" released by "_copy_volume_from_snapshot" :: held 12.296s {{(pid=87234) __release /opt/stack/cinder/cinder/coordination.py:152}}
Jul 10 10:05:57 devstack cinder-volume[87234]: DEBUG cinder.coordination [None req-cdbd30a3-aca4-42ff-ba26-70d3c770a249 tempest-GroupsV314Test-667406949 None] Acquiring lock "cinder-quobyte-52141ede-62c2-4769-8da5-7b385cb87388" by "_delete_snapshot" {{(pid=87234) __acquire /opt/stack/cinder/cinder/coordination.py:138}}
Jul 10 10:05:57 devstack cinder-volume[87234]: DEBUG cinder.coordination [None req-cdbd30a3-aca4-42ff-ba26-70d3c770a249 tempest-GroupsV314Test-667406949 None] Lock "cinder-quobyte-52141ede-62c2-4769-8da5-7b385cb87388" acquired by "_delete_snapshot" :: waited 0.019s {{(pid=87234) __acquire /opt/stack/cinder/cinder/coordination.py:141}}
Jul 10 10:05:57 devstack cinder-volume[87234]: DEBUG cinder.volume.drivers.remotefs [None req-cdbd30a3-aca4-42ff-ba26-70d3c770a249 tempest-GroupsV314Test-667406949 None] Deleting offline snapshot 52141ede-62c2-4769-8da5-7b385cb87388 of volume d0f18e84-2801-4a28-af75-2919488621d9 {{(pid=87234) _delete_snapshot /opt/stack/cinder/cinder/volume/drivers/remotefs.py:1288}}
Jul 10 10:05:57 devstack cinder-volume[87234]: DEBUG cinder.volume.drivers.remotefs [None req-cdbd30a3-aca4-42ff-ba26-70d3c770a249 tempest-GroupsV314Test-667406949 None] snapshot_file for this snap is: volume-d0f18e84-2801-4a28-af75-2919488621d9.52141ede-62c2-4769-8da5-7b385cb87388 {{(pid=87234) _delete_snapshot /opt/stack/cinder/cinder/volume/drivers/remotefs.py:1317}}
Jul 10 10:05:57 devstack cinder-volume[87234]: DEBUG oslo.privsep.daemon [-] privsep: reply[c3857f75-6b00-4fdb-a131-42f2fa031833]: (4, 'qcow2') {{(pid=88435) _call_back /opt/stack/data/venv/lib/python3.12/site-packages/oslo_privsep/daemon.py:580}}
Jul 10 10:05:57 devstack cinder-volume[87234]: DEBUG oslo_concurrency.processutils [None req-cdbd30a3-aca4-42ff-ba26-70d3c770a249 tempest-GroupsV314Test-667406949 None] Running cmd (subprocess): /opt/stack/data/venv/bin/python3.12 -m oslo_concurrency.prlimit --as=1073741824 --cpu=60 -- sudo cinder-rootwrap /etc/cinder/rootwrap.conf env LC_ALL=C qemu-img info -f qcow2 --output=json --force-share /opt/stack/data/cinder/mnt/c5e2021f47e20b61eec9ec0797097bb0/volume-d0f18e84-2801-4a28-af75-2919488621d9.52141ede-62c2-4769-8da5-7b385cb87388 {{(pid=87234) execute /opt/stack/data/venv/lib/python3.12/site-packages/oslo_concurrency/processutils.py:440}}
Jul 10 10:05:57 devstack sudo[91544]: quobyte : PWD=/ ; USER=root ; COMMAND=/opt/stack/data/venv/bin/cinder-rootwrap /etc/cinder/rootwrap.conf env LC_ALL=C qemu-img info -f qcow2 --output=json --force-share /opt/stack/data/cinder/mnt/c5e2021f47e20b61eec9ec0797097bb0/volume-d0f18e84-2801-4a28-af75-2919488621d9.52141ede-62c2-4769-8da5-7b385cb87388
Jul 10 10:05:57 devstack sudo[91544]: pam_unix(sudo:session): session opened for user root(uid=0) by (uid=1000)
Jul 10 10:05:58 devstack sudo[91544]: pam_unix(sudo:session): session closed for user root
Jul 10 10:05:58 devstack cinder-volume[87234]: DEBUG oslo_concurrency.processutils [None req-cdbd30a3-aca4-42ff-ba26-70d3c770a249 tempest-GroupsV314Test-667406949 None] CMD "/opt/stack/data/venv/bin/python3.12 -m oslo_concurrency.prlimit --as=1073741824 --cpu=60 -- sudo cinder-rootwrap /etc/cinder/rootwrap.conf env LC_ALL=C qemu-img info -f qcow2 --output=json --force-share /opt/stack/data/cinder/mnt/c5e2021f47e20b61eec9ec0797097bb0/volume-d0f18e84-2801-4a28-af75-2919488621d9.52141ede-62c2-4769-8da5-7b385cb87388" returned: 0 in 1.233s {{(pid=87234) execute /opt/stack/data/venv/lib/python3.12/site-packages/oslo_concurrency/processutils.py:468}}
Jul 10 10:05:58 devstack cinder-volume[87234]: DEBUG cinder.volume.drivers.remotefs [None req-cdbd30a3-aca4-42ff-ba26-70d3c770a249 tempest-GroupsV314Test-667406949 None] Fetching qemu-img info with special backing_file_template: (/opt/stack/data/cinder/mnt/[0-9a-f]+/)?(volume-d0f18e84-2801-4a28-af75-2919488621d9(.(tmp-snap-)?[0-9a-f-]+)?|volume_from_snapshot_cache/(tmp-snap-)?[0-9a-f-]+(.(child-|parent-)[0-9a-f-]+)?)$ {{(pid=87234) _qemu_img_info_base /opt/stack/cinder/cinder/volume/drivers/remotefs.py:896}}
Jul 10 10:05:58 devstack cinder-volume[87234]: DEBUG oslo.privsep.daemon [-] privsep: reply[bf17f249-2145-4384-9bd0-28c76c5132af]: (4, 'qcow2') {{(pid=88435) _call_back /opt/stack/data/venv/lib/python3.12/site-packages/oslo_privsep/daemon.py:580}}
Jul 10 10:05:58 devstack cinder-volume[87234]: DEBUG oslo_concurrency.processutils [None req-cdbd30a3-aca4-42ff-ba26-70d3c770a249 tempest-GroupsV314Test-667406949 None] Running cmd (subprocess): /opt/stack/data/venv/bin/python3.12 -m oslo_concurrency.prlimit --as=1073741824 --cpu=60 -- sudo cinder-rootwrap /etc/cinder/rootwrap.conf env LC_ALL=C qemu-img info -f qcow2 --output=json --force-share /opt/stack/data/cinder/mnt/c5e2021f47e20b61eec9ec0797097bb0/volume-d0f18e84-2801-4a28-af75-2919488621d9 {{(pid=87234) execute /opt/stack/data/venv/lib/python3.12/site-packages/oslo_concurrency/processutils.py:440}}
Jul 10 10:05:59 devstack sudo[91551]: quobyte : PWD=/ ; USER=root ; COMMAND=/opt/stack/data/venv/bin/cinder-rootwrap /etc/cinder/rootwrap.conf env LC_ALL=C qemu-img info -f qcow2 --output=json --force-share /opt/stack/data/cinder/mnt/c5e2021f47e20b61eec9ec0797097bb0/volume-d0f18e84-2801-4a28-af75-2919488621d9
Jul 10 10:05:59 devstack sudo[91551]: pam_unix(sudo:session): session opened for user root(uid=0) by (uid=1000)
Jul 10 10:05:59 devstack sudo[91551]: pam_unix(sudo:session): session closed for user root
Jul 10 10:05:59 devstack cinder-volume[87234]: DEBUG oslo_concurrency.processutils [None req-cdbd30a3-aca4-42ff-ba26-70d3c770a249 tempest-GroupsV314Test-667406949 None] CMD "/opt/stack/data/venv/bin/python3.12 -m oslo_concurrency.prlimit --as=1073741824 --cpu=60 -- sudo cinder-rootwrap /etc/cinder/rootwrap.conf env LC_ALL=C qemu-img info -f qcow2 --output=json --force-share /opt/stack/data/cinder/mnt/c5e2021f47e20b61eec9ec0797097bb0/volume-d0f18e84-2801-4a28-af75-2919488621d9" returned: 0 in 1.062s {{(pid=87234) execute /opt/stack/data/venv/lib/python3.12/site-packages/oslo_concurrency/processutils.py:468}}
Jul 10 10:05:59 devstack cinder-volume[87234]: DEBUG oslo_concurrency.processutils [None req-cdbd30a3-aca4-42ff-ba26-70d3c770a249 tempest-GroupsV314Test-667406949 None] Running cmd (subprocess): sudo cinder-rootwrap /etc/cinder/rootwrap.conf qemu-img commit -d /opt/stack/data/cinder/mnt/c5e2021f47e20b61eec9ec0797097bb0/volume-d0f18e84-2801-4a28-af75-2919488621d9.52141ede-62c2-4769-8da5-7b385cb87388 {{(pid=87234) execute /opt/stack/data/venv/lib/python3.12/site-packages/oslo_concurrency/processutils.py:440}}
Jul 10 10:05:59 devstack sudo[91556]: quobyte : PWD=/ ; USER=root ; COMMAND=/opt/stack/data/venv/bin/cinder-rootwrap /etc/cinder/rootwrap.conf qemu-img commit -d /opt/stack/data/cinder/mnt/c5e2021f47e20b61eec9ec0797097bb0/volume-d0f18e84-2801-4a28-af75-2919488621d9.52141ede-62c2-4769-8da5-7b385cb87388
Jul 10 10:05:59 devstack sudo[91556]: pam_unix(sudo:session): session opened for user root(uid=0) by (uid=1000)
Jul 10 10:06:00 devstack sudo[91556]: pam_unix(sudo:session): session closed for user root
Jul 10 10:06:00 devstack cinder-volume[87234]: DEBUG oslo_concurrency.processutils [None req-cdbd30a3-aca4-42ff-ba26-70d3c770a249 tempest-GroupsV314Test-667406949 None] CMD "sudo cinder-rootwrap /etc/cinder/rootwrap.conf qemu-img commit -d /opt/stack/data/cinder/mnt/c5e2021f47e20b61eec9ec0797097bb0/volume-d0f18e84-2801-4a28-af75-2919488621d9.52141ede-62c2-4769-8da5-7b385cb87388" returned: 0 in 0.955s {{(pid=87234) execute /opt/stack/data/venv/lib/python3.12/site-packages/oslo_concurrency/processutils.py:468}}
Jul 10 10:06:00 devstack cinder-volume[87234]: DEBUG oslo_concurrency.processutils [None req-cdbd30a3-aca4-42ff-ba26-70d3c770a249 tempest-GroupsV314Test-667406949 None] Running cmd (subprocess): sudo cinder-rootwrap /etc/cinder/rootwrap.conf rm -f /opt/stack/data/cinder/mnt/c5e2021f47e20b61eec9ec0797097bb0/volume-d0f18e84-2801-4a28-af75-2919488621d9.52141ede-62c2-4769-8da5-7b385cb87388 {{(pid=87234) execute /opt/stack/data/venv/lib/python3.12/site-packages/oslo_concurrency/processutils.py:440}}
Jul 10 10:06:00 devstack sudo[91571]: quobyte : PWD=/ ; USER=root ; COMMAND=/opt/stack/data/venv/bin/cinder-rootwrap /etc/cinder/rootwrap.conf rm -f /opt/stack/data/cinder/mnt/c5e2021f47e20b61eec9ec0797097bb0/volume-d0f18e84-2801-4a28-af75-2919488621d9.52141ede-62c2-4769-8da5-7b385cb87388
Jul 10 10:06:00 devstack sudo[91571]: pam_unix(sudo:session): session opened for user root(uid=0) by (uid=1000)
Jul 10 10:06:01 devstack sudo[91571]: pam_unix(sudo:session): session closed for user root
Jul 10 10:06:01 devstack cinder-volume[87234]: DEBUG oslo_concurrency.processutils [None req-cdbd30a3-aca4-42ff-ba26-70d3c770a249 tempest-GroupsV314Test-667406949 None] CMD "sudo cinder-rootwrap /etc/cinder/rootwrap.conf rm -f /opt/stack/data/cinder/mnt/c5e2021f47e20b61eec9ec0797097bb0/volume-d0f18e84-2801-4a28-af75-2919488621d9.52141ede-62c2-4769-8da5-7b385cb87388" returned: 0 in 0.821s {{(pid=87234) execute /opt/stack/data/venv/lib/python3.12/site-packages/oslo_concurrency/processutils.py:468}}
Jul 10 10:06:01 devstack cinder-volume[87234]: DEBUG cinder.coordination [None req-cdbd30a3-aca4-42ff-ba26-70d3c770a249 tempest-GroupsV314Test-667406949 None] Lock "cinder-quobyte-52141ede-62c2-4769-8da5-7b385cb87388" released by "_delete_snapshot" :: held 4.247s {{(pid=87234) __release /opt/stack/cinder/cinder/coordination.py:152}}
Jul 10 10:06:01 devstack cinder-volume[87234]: DEBUG oslo_concurrency.lockutils [None req-cdbd30a3-aca4-42ff-ba26-70d3c770a249 tempest-GroupsV314Test-667406949 None] Lock "quobyte" "released" by "cinder.volume.drivers.quobyte.QuobyteDriver.create_cloned_volume" :: held 22.885s {{(pid=87234) inner /opt/stack/data/venv/lib/python3.12/site-packages/oslo_concurrency/lockutils.py:543}}
Jul 10 10:06:01 devstack cinder-volume[87234]: INFO cinder.volume.manager [None req-cdbd30a3-aca4-42ff-ba26-70d3c770a249 tempest-GroupsV314Test-667406949 None] Create group from source-group-0b3cddfc-18b0-4359-b39a-3d49beb2e90b completed successfully.
Jul 10 10:06:02 devstack cinder-volume[87234]: DEBUG cinder.coordination [None req-4512d064-3e52-4793-8ed3-d5b32f1c9fdc tempest-GroupsV314Test-667406949 None] Acquiring lock "cinder-quobyte-b187e0cf-2a43-4809-a1e6-c7ec756b18b5" by "delete_volume" {{(pid=87234) __acquire /opt/stack/cinder/cinder/coordination.py:138}}
Jul 10 10:06:02 devstack cinder-volume[87234]: DEBUG cinder.coordination [None req-4512d064-3e52-4793-8ed3-d5b32f1c9fdc tempest-GroupsV314Test-667406949 None] Lock "cinder-quobyte-b187e0cf-2a43-4809-a1e6-c7ec756b18b5" acquired by "delete_volume" :: waited 0.027s {{(pid=87234) __acquire /opt/stack/cinder/cinder/coordination.py:141}}
Jul 10 10:06:02 devstack cinder-volume[87234]: DEBUG oslo.privsep.daemon [-] privsep: reply[bbaf1407-b507-4122-a449-31708740989d]: (4, 'qcow2') {{(pid=88435) _call_back /opt/stack/data/venv/lib/python3.12/site-packages/oslo_privsep/daemon.py:580}}
Jul 10 10:06:02 devstack cinder-volume[87234]: DEBUG oslo_concurrency.processutils [None req-4512d064-3e52-4793-8ed3-d5b32f1c9fdc tempest-GroupsV314Test-667406949 None] Running cmd (subprocess): /opt/stack/data/venv/bin/python3.12 -m oslo_concurrency.prlimit --as=1073741824 --cpu=60 -- sudo cinder-rootwrap /etc/cinder/rootwrap.conf env LC_ALL=C qemu-img info -f qcow2 --output=json --force-share /opt/stack/data/cinder/mnt/c5e2021f47e20b61eec9ec0797097bb0/volume-b187e0cf-2a43-4809-a1e6-c7ec756b18b5 {{(pid=87234) execute /opt/stack/data/venv/lib/python3.12/site-packages/oslo_concurrency/processutils.py:440}}
Jul 10 10:06:02 devstack sudo[91574]: quobyte : PWD=/ ; USER=root ; COMMAND=/opt/stack/data/venv/bin/cinder-rootwrap /etc/cinder/rootwrap.conf env LC_ALL=C qemu-img info -f qcow2 --output=json --force-share /opt/stack/data/cinder/mnt/c5e2021f47e20b61eec9ec0797097bb0/volume-b187e0cf-2a43-4809-a1e6-c7ec756b18b5
Jul 10 10:06:02 devstack sudo[91574]: pam_unix(sudo:session): session opened for user root(uid=0) by (uid=1000)
Jul 10 10:06:03 devstack sudo[91574]: pam_unix(sudo:session): session closed for user root
Jul 10 10:06:03 devstack cinder-volume[87234]: DEBUG oslo_concurrency.processutils [None req-4512d064-3e52-4793-8ed3-d5b32f1c9fdc tempest-GroupsV314Test-667406949 None] CMD "/opt/stack/data/venv/bin/python3.12 -m oslo_concurrency.prlimit --as=1073741824 --cpu=60 -- sudo cinder-rootwrap /etc/cinder/rootwrap.conf env LC_ALL=C qemu-img info -f qcow2 --output=json --force-share /opt/stack/data/cinder/mnt/c5e2021f47e20b61eec9ec0797097bb0/volume-b187e0cf-2a43-4809-a1e6-c7ec756b18b5" returned: 0 in 0.887s {{(pid=87234) execute /opt/stack/data/venv/lib/python3.12/site-packages/oslo_concurrency/processutils.py:468}}
Jul 10 10:06:03 devstack cinder-volume[87234]: DEBUG oslo_concurrency.processutils [None req-4512d064-3e52-4793-8ed3-d5b32f1c9fdc tempest-GroupsV314Test-667406949 None] Running cmd (subprocess): sudo cinder-rootwrap /etc/cinder/rootwrap.conf rm -f /opt/stack/data/cinder/mnt/c5e2021f47e20b61eec9ec0797097bb0/volume-b187e0cf-2a43-4809-a1e6-c7ec756b18b5 {{(pid=87234) execute /opt/stack/data/venv/lib/python3.12/site-packages/oslo_concurrency/processutils.py:440}}
Jul 10 10:06:03 devstack sudo[91579]: quobyte : PWD=/ ; USER=root ; COMMAND=/opt/stack/data/venv/bin/cinder-rootwrap /etc/cinder/rootwrap.conf rm -f /opt/stack/data/cinder/mnt/c5e2021f47e20b61eec9ec0797097bb0/volume-b187e0cf-2a43-4809-a1e6-c7ec756b18b5
Jul 10 10:06:03 devstack sudo[91579]: pam_unix(sudo:session): session opened for user root(uid=0) by (uid=1000)
Jul 10 10:06:04 devstack sudo[91579]: pam_unix(sudo:session): session closed for user root
Jul 10 10:06:04 devstack cinder-volume[87234]: DEBUG oslo_concurrency.processutils [None req-4512d064-3e52-4793-8ed3-d5b32f1c9fdc tempest-GroupsV314Test-667406949 None] CMD "sudo cinder-rootwrap /etc/cinder/rootwrap.conf rm -f /opt/stack/data/cinder/mnt/c5e2021f47e20b61eec9ec0797097bb0/volume-b187e0cf-2a43-4809-a1e6-c7ec756b18b5" returned: 0 in 0.684s {{(pid=87234) execute /opt/stack/data/venv/lib/python3.12/site-packages/oslo_concurrency/processutils.py:468}}
Jul 10 10:06:04 devstack cinder-volume[87234]: DEBUG cinder.coordination [None req-4512d064-3e52-4793-8ed3-d5b32f1c9fdc tempest-GroupsV314Test-667406949 None] Lock "cinder-quobyte-b187e0cf-2a43-4809-a1e6-c7ec756b18b5" released by "delete_volume" :: held 1.637s {{(pid=87234) __release /opt/stack/cinder/cinder/coordination.py:152}}
Jul 10 10:06:04 devstack cinder-volume[87234]: DEBUG cinder.quota [None req-4512d064-3e52-4793-8ed3-d5b32f1c9fdc tempest-GroupsV314Test-667406949 None] Created reservations ['8bf5e81f-1c96-4d2e-a5c4-43f060bf2fe4'] {{(pid=87234) reserve /opt/stack/cinder/cinder/quota.py:752}}
Jul 10 10:06:04 devstack cinder-volume[87234]: WARNING cinder.quota [None req-4512d064-3e52-4793-8ed3-d5b32f1c9fdc tempest-GroupsV314Test-667406949 None] Deprecated: Default quota for resource: volumes_tempest-GroupsV314Test-volume-type-1108359392 is set by the default quota flag: quota_volumes_tempest-GroupsV314Test-volume-type-1108359392, it is now deprecated. Please use the default quota class for default quota.
Jul 10 10:06:04 devstack cinder-volume[87234]: WARNING cinder.quota [None req-4512d064-3e52-4793-8ed3-d5b32f1c9fdc tempest-GroupsV314Test-667406949 None] Deprecated: Default quota for resource: gigabytes_tempest-GroupsV314Test-volume-type-1108359392 is set by the default quota flag: quota_gigabytes_tempest-GroupsV314Test-volume-type-1108359392, it is now deprecated. Please use the default quota class for default quota.
Jul 10 10:06:04 devstack cinder-volume[87234]: DEBUG cinder.quota [None req-4512d064-3e52-4793-8ed3-d5b32f1c9fdc tempest-GroupsV314Test-667406949 None] Created reservations ['bb86680e-e986-4287-8626-caf0dbcb8a47', '8aa1f58d-82be-4af3-8a12-cbf6be22e749', 'a9397127-964a-4d37-bae7-f606dc21ea52', 'decde1bf-0241-4d96-a140-ddc94834d408'] {{(pid=87234) reserve /opt/stack/cinder/cinder/quota.py:752}}
Jul 10 10:06:04 devstack cinder-volume[87234]: DEBUG oslo_concurrency.lockutils [None req-4512d064-3e52-4793-8ed3-d5b32f1c9fdc tempest-GroupsV314Test-667406949 None] Acquiring lock "quobyte_ensure" by "cinder.volume.drivers.quobyte.QuobyteDriver._ensure_shares_mounted" {{(pid=87234) inner /opt/stack/data/venv/lib/python3.12/site-packages/oslo_concurrency/lockutils.py:511}}
Jul 10 10:06:04 devstack cinder-volume[87234]: DEBUG oslo_concurrency.lockutils [None req-4512d064-3e52-4793-8ed3-d5b32f1c9fdc tempest-GroupsV314Test-667406949 None] Lock "quobyte_ensure" acquired by "cinder.volume.drivers.quobyte.QuobyteDriver._ensure_shares_mounted" :: waited 0.001s {{(pid=87234) inner /opt/stack/data/venv/lib/python3.12/site-packages/oslo_concurrency/lockutils.py:524}}
Jul 10 10:06:04 devstack cinder-volume[87234]: DEBUG cinder.volume.drivers.quobyte [None req-4512d064-3e52-4793-8ed3-d5b32f1c9fdc tempest-GroupsV314Test-667406949 None] Quobyte Volume URL set to: {'osci02.corp.quobyte.com/cinder-vol-7373fad0-27c8-4990-938c-d4bb4c080091': None} {{(pid=87234) _load_shares_config /opt/stack/cinder/cinder/volume/drivers/quobyte.py:617}}
Jul 10 10:06:04 devstack cinder-volume[87234]: DEBUG cinder.volume.drivers.quobyte [None req-4512d064-3e52-4793-8ed3-d5b32f1c9fdc tempest-GroupsV314Test-667406949 None] Available shares ['osci02.corp.quobyte.com/cinder-vol-7373fad0-27c8-4990-938c-d4bb4c080091'] {{(pid=87234) _ensure_shares_mounted /opt/stack/cinder/cinder/volume/drivers/quobyte.py:647}}
Jul 10 10:06:04 devstack cinder-volume[87234]: DEBUG oslo_concurrency.lockutils [None req-4512d064-3e52-4793-8ed3-d5b32f1c9fdc tempest-GroupsV314Test-667406949 None] Lock "quobyte_ensure" "released" by "cinder.volume.drivers.quobyte.QuobyteDriver._ensure_shares_mounted" :: held 0.010s {{(pid=87234) inner /opt/stack/data/venv/lib/python3.12/site-packages/oslo_concurrency/lockutils.py:543}}
Jul 10 10:06:04 devstack cinder-volume[87234]: DEBUG oslo_concurrency.processutils [None req-4512d064-3e52-4793-8ed3-d5b32f1c9fdc tempest-GroupsV314Test-667406949 None] Running cmd (subprocess): sudo cinder-rootwrap /etc/cinder/rootwrap.conf df --portability --block-size 1 /opt/stack/data/cinder/mnt/c5e2021f47e20b61eec9ec0797097bb0 {{(pid=87234) execute /opt/stack/data/venv/lib/python3.12/site-packages/oslo_concurrency/processutils.py:440}}
Jul 10 10:06:04 devstack sudo[91582]: quobyte : PWD=/ ; USER=root ; COMMAND=/opt/stack/data/venv/bin/cinder-rootwrap /etc/cinder/rootwrap.conf df --portability --block-size 1 /opt/stack/data/cinder/mnt/c5e2021f47e20b61eec9ec0797097bb0
Jul 10 10:06:04 devstack sudo[91582]: pam_unix(sudo:session): session opened for user root(uid=0) by (uid=1000)
Jul 10 10:06:05 devstack sudo[91582]: pam_unix(sudo:session): session closed for user root
Jul 10 10:06:05 devstack cinder-volume[87234]: DEBUG oslo_concurrency.processutils [None req-4512d064-3e52-4793-8ed3-d5b32f1c9fdc tempest-GroupsV314Test-667406949 None] CMD "sudo cinder-rootwrap /etc/cinder/rootwrap.conf df --portability --block-size 1 /opt/stack/data/cinder/mnt/c5e2021f47e20b61eec9ec0797097bb0" returned: 0 in 0.756s {{(pid=87234) execute /opt/stack/data/venv/lib/python3.12/site-packages/oslo_concurrency/processutils.py:468}}
Jul 10 10:06:05 devstack cinder-volume[87234]: DEBUG cinder.manager [None req-4512d064-3e52-4793-8ed3-d5b32f1c9fdc tempest-GroupsV314Test-667406949 None] Notifying Schedulers of capabilities ... {{(pid=87234) _publish_service_capabilities /opt/stack/cinder/cinder/manager.py:219}}
Jul 10 10:06:05 devstack cinder-volume[87234]: INFO cinder.volume.manager [None req-4512d064-3e52-4793-8ed3-d5b32f1c9fdc tempest-GroupsV314Test-667406949 None] Delete group completed successfully.
Jul 10 10:06:05 devstack cinder-volume[87234]: DEBUG cinder.coordination [None req-25b12231-cbaa-416b-bf30-419dbc65e95b tempest-GroupsV314Test-667406949 None] Acquiring lock "cinder-quobyte-d0f18e84-2801-4a28-af75-2919488621d9" by "delete_volume" {{(pid=87234) __acquire /opt/stack/cinder/cinder/coordination.py:138}}
Jul 10 10:06:05 devstack cinder-volume[87234]: DEBUG cinder.coordination [None req-25b12231-cbaa-416b-bf30-419dbc65e95b tempest-GroupsV314Test-667406949 None] Lock "cinder-quobyte-d0f18e84-2801-4a28-af75-2919488621d9" acquired by "delete_volume" :: waited 0.024s {{(pid=87234) __acquire /opt/stack/cinder/cinder/coordination.py:141}}
Jul 10 10:06:05 devstack cinder-volume[87234]: DEBUG oslo.privsep.daemon [-] privsep: reply[26981505-93df-4771-9a0e-9eb3b07ee131]: (4, 'qcow2') {{(pid=88435) _call_back /opt/stack/data/venv/lib/python3.12/site-packages/oslo_privsep/daemon.py:580}}
Jul 10 10:06:05 devstack cinder-volume[87234]: DEBUG oslo_concurrency.processutils [None req-25b12231-cbaa-416b-bf30-419dbc65e95b tempest-GroupsV314Test-667406949 None] Running cmd (subprocess): /opt/stack/data/venv/bin/python3.12 -m oslo_concurrency.prlimit --as=1073741824 --cpu=60 -- sudo cinder-rootwrap /etc/cinder/rootwrap.conf env LC_ALL=C qemu-img info -f qcow2 --output=json --force-share /opt/stack/data/cinder/mnt/c5e2021f47e20b61eec9ec0797097bb0/volume-d0f18e84-2801-4a28-af75-2919488621d9 {{(pid=87234) execute /opt/stack/data/venv/lib/python3.12/site-packages/oslo_concurrency/processutils.py:440}}
Jul 10 10:06:05 devstack sudo[91586]: quobyte : PWD=/ ; USER=root ; COMMAND=/opt/stack/data/venv/bin/cinder-rootwrap /etc/cinder/rootwrap.conf env LC_ALL=C qemu-img info -f qcow2 --output=json --force-share /opt/stack/data/cinder/mnt/c5e2021f47e20b61eec9ec0797097bb0/volume-d0f18e84-2801-4a28-af75-2919488621d9
Jul 10 10:06:05 devstack sudo[91586]: pam_unix(sudo:session): session opened for user root(uid=0) by (uid=1000)
Jul 10 10:06:06 devstack sudo[91586]: pam_unix(sudo:session): session closed for user root
Jul 10 10:06:06 devstack cinder-volume[87234]: DEBUG oslo_concurrency.processutils [None req-25b12231-cbaa-416b-bf30-419dbc65e95b tempest-GroupsV314Test-667406949 None] CMD "/opt/stack/data/venv/bin/python3.12 -m oslo_concurrency.prlimit --as=1073741824 --cpu=60 -- sudo cinder-rootwrap /etc/cinder/rootwrap.conf env LC_ALL=C qemu-img info -f qcow2 --output=json --force-share /opt/stack/data/cinder/mnt/c5e2021f47e20b61eec9ec0797097bb0/volume-d0f18e84-2801-4a28-af75-2919488621d9" returned: 0 in 1.065s {{(pid=87234) execute /opt/stack/data/venv/lib/python3.12/site-packages/oslo_concurrency/processutils.py:468}}
