Jan 23 01:48:40 devstack cinder-volume[82633]: DEBUG cinder.volume.manager [req-65a5e289-ad80-4540-9a65-f536b07889c6 req-a7b6e847-692f-4936-931d-39ac58975fb3 tempest-TaggedAttachmentsTest-661505004 None] Connection info returned from driver {'export': 'osci02.corp.quobyte.com/cinder-vol-881c9e4f-813a-4fce-8b88-db7a12d6996d', 'name': 'volume-ef8e78a5-a633-4b66-b5ed-ae9f8007e157', 'options': None, 'format': 'qcow2', 'qos_specs': None, 'access_mode': 'rw', 'encrypted': False, 'cacheable': False, 'driver_volume_type': 'quobyte', 'mount_point_base': '/opt/stack/data/cinder/mnt', 'attachment_id': 'fc54f23a-6f37-4079-831c-9cad9f20fa89', 'enforce_multipath': True} {{(pid=82633) _connection_create /opt/stack/cinder/cinder/volume/manager.py:4893}}
Jan 23 01:48:40 devstack cinder-volume[82633]: WARNING cinder.volume.volume_utils [req-65a5e289-ad80-4540-9a65-f536b07889c6 req-a7b6e847-692f-4936-931d-39ac58975fb3 tempest-TaggedAttachmentsTest-661505004 None] Volume driver (QuobyteDriver 1.1.13) is currently unsupported and may be removed in the next release of OpenStack. Use at your own risk.
Jan 23 01:48:40 devstack sudo[85635]: quobyte : PWD=/ ; USER=root ; COMMAND=/opt/stack/data/venv/bin/cinder-rootwrap /etc/cinder/rootwrap.conf env LC_ALL=C qemu-img info -f qcow2 --output=json --force-share /opt/stack/data/cinder/mnt/4f2de75286f477f372f7ce4c34097769/volume-b416229a-9aad-450b-9380-60c60c65a6cd
Jan 23 01:48:40 devstack sudo[85635]: pam_unix(sudo:session): session opened for user root(uid=0) by (uid=1000)
Jan 23 01:48:40 devstack cinder-volume[82633]: INFO cinder.volume.manager [req-65a5e289-ad80-4540-9a65-f536b07889c6 req-a7b6e847-692f-4936-931d-39ac58975fb3 tempest-TaggedAttachmentsTest-661505004 None] attachment_update completed successfully.
Jan 23 01:48:41 devstack sudo[85636]: quobyte : PWD=/ ; USER=root ; COMMAND=/opt/stack/data/venv/bin/cinder-rootwrap /etc/cinder/rootwrap.conf env LC_ALL=C qemu-img info -f qcow2 --output=json --force-share /opt/stack/data/cinder/mnt/4f2de75286f477f372f7ce4c34097769/volume-08438558-26e8-45e9-a9f4-4b756a657b90.1f623f09-a421-4b02-a0ae-58c65dbd0a9d
Jan 23 01:48:41 devstack sudo[85636]: pam_unix(sudo:session): session opened for user root(uid=0) by (uid=1000)
Jan 23 01:48:41 devstack sudo[85635]: pam_unix(sudo:session): session closed for user root
Jan 23 01:48:41 devstack cinder-volume[82633]: DEBUG oslo_concurrency.processutils [None req-64667883-7578-428e-a969-745a93d13234 tempest-VolumesAssistedSnapshotsTest-1592416732 None] CMD "/opt/stack/data/venv/bin/python3.10 -m oslo_concurrency.prlimit --as=1073741824 --cpu=60 -- sudo cinder-rootwrap /etc/cinder/rootwrap.conf env LC_ALL=C qemu-img info -f qcow2 --output=json --force-share /opt/stack/data/cinder/mnt/4f2de75286f477f372f7ce4c34097769/volume-b416229a-9aad-450b-9380-60c60c65a6cd" returned: 0 in 0.716s {{(pid=82633) execute /opt/stack/data/venv/lib/python3.10/site-packages/oslo_concurrency/processutils.py:372}}
Jan 23 01:48:41 devstack cinder-volume[82633]: DEBUG oslo_concurrency.processutils [None req-64667883-7578-428e-a969-745a93d13234 tempest-VolumesAssistedSnapshotsTest-1592416732 None] Running cmd (subprocess): sudo cinder-rootwrap /etc/cinder/rootwrap.conf rm -f /opt/stack/data/cinder/mnt/4f2de75286f477f372f7ce4c34097769/volume-b416229a-9aad-450b-9380-60c60c65a6cd {{(pid=82633) execute /opt/stack/data/venv/lib/python3.10/site-packages/oslo_concurrency/processutils.py:349}}
Jan 23 01:48:41 devstack sudo[85665]: quobyte : PWD=/ ; USER=root ; COMMAND=/opt/stack/data/venv/bin/cinder-rootwrap /etc/cinder/rootwrap.conf rm -f /opt/stack/data/cinder/mnt/4f2de75286f477f372f7ce4c34097769/volume-b416229a-9aad-450b-9380-60c60c65a6cd
Jan 23 01:48:41 devstack sudo[85665]: pam_unix(sudo:session): session opened for user root(uid=0) by (uid=1000)
Jan 23 01:48:41 devstack sudo[85636]: pam_unix(sudo:session): session closed for user root
Jan 23 01:48:41 devstack cinder-volume[82633]: DEBUG oslo_concurrency.processutils [None req-0b612a3a-eed9-48a6-ab17-5e29f7aeeebc tempest-SnapshotsActionsTest-490634280 None] CMD "/opt/stack/data/venv/bin/python3.10 -m oslo_concurrency.prlimit --as=1073741824 --cpu=60 -- sudo cinder-rootwrap /etc/cinder/rootwrap.conf env LC_ALL=C qemu-img info -f qcow2 --output=json --force-share /opt/stack/data/cinder/mnt/4f2de75286f477f372f7ce4c34097769/volume-08438558-26e8-45e9-a9f4-4b756a657b90.1f623f09-a421-4b02-a0ae-58c65dbd0a9d" returned: 0 in 1.040s {{(pid=82633) execute /opt/stack/data/venv/lib/python3.10/site-packages/oslo_concurrency/processutils.py:372}}
Jan 23 01:48:41 devstack cinder-volume[82633]: DEBUG cinder.volume.drivers.remotefs [None req-0b612a3a-eed9-48a6-ab17-5e29f7aeeebc tempest-SnapshotsActionsTest-490634280 None] Fetching qemu-img info with special backing_file_template: (/opt/stack/data/cinder/mnt/[0-9a-f]+/)?(volume-08438558-26e8-45e9-a9f4-4b756a657b90(.(tmp-snap-)?[0-9a-f-]+)?|volume_from_snapshot_cache/(tmp-snap-)?[0-9a-f-]+(.(child-|parent-)[0-9a-f-]+)?)$ {{(pid=82633) _qemu_img_info_base /opt/stack/cinder/cinder/volume/drivers/remotefs.py:898}}
Jan 23 01:48:41 devstack cinder-volume[82633]: DEBUG oslo_concurrency.processutils [None req-0b612a3a-eed9-48a6-ab17-5e29f7aeeebc tempest-SnapshotsActionsTest-490634280 None] Running cmd (subprocess): sudo cinder-rootwrap /etc/cinder/rootwrap.conf qemu-img create -f qcow2 -o backing_file=/opt/stack/data/cinder/mnt/4f2de75286f477f372f7ce4c34097769/volume-08438558-26e8-45e9-a9f4-4b756a657b90.1f623f09-a421-4b02-a0ae-58c65dbd0a9d,backing_fmt=qcow2 /opt/stack/data/cinder/mnt/4f2de75286f477f372f7ce4c34097769/volume-08438558-26e8-45e9-a9f4-4b756a657b90.bc1deae7-8bf3-49a5-a2e8-cf6feeeab246 1G {{(pid=82633) execute /opt/stack/data/venv/lib/python3.10/site-packages/oslo_concurrency/processutils.py:349}}
Jan 23 01:48:41 devstack sudo[85714]: quobyte : PWD=/ ; USER=root ; COMMAND=/opt/stack/data/venv/bin/cinder-rootwrap /etc/cinder/rootwrap.conf qemu-img create -f qcow2 -o backing_file=/opt/stack/data/cinder/mnt/4f2de75286f477f372f7ce4c34097769/volume-08438558-26e8-45e9-a9f4-4b756a657b90.1f623f09-a421-4b02-a0ae-58c65dbd0a9d,backing_fmt=qcow2 /opt/stack/data/cinder/mnt/4f2de75286f477f372f7ce4c34097769/volume-08438558-26e8-45e9-a9f4-4b756a657b90.bc1deae7-8bf3-49a5-a2e8-cf6feeeab246 1G
Jan 23 01:48:41 devstack sudo[85714]: pam_unix(sudo:session): session opened for user root(uid=0) by (uid=1000)
Jan 23 01:48:42 devstack sudo[85665]: pam_unix(sudo:session): session closed for user root
Jan 23 01:48:42 devstack cinder-volume[82633]: DEBUG oslo_concurrency.processutils [None req-64667883-7578-428e-a969-745a93d13234 tempest-VolumesAssistedSnapshotsTest-1592416732 None] CMD "sudo cinder-rootwrap /etc/cinder/rootwrap.conf rm -f /opt/stack/data/cinder/mnt/4f2de75286f477f372f7ce4c34097769/volume-b416229a-9aad-450b-9380-60c60c65a6cd" returned: 0 in 0.873s {{(pid=82633) execute /opt/stack/data/venv/lib/python3.10/site-packages/oslo_concurrency/processutils.py:372}}
Jan 23 01:48:42 devstack cinder-volume[82633]: DEBUG cinder.coordination [None req-64667883-7578-428e-a969-745a93d13234 tempest-VolumesAssistedSnapshotsTest-1592416732 None] Lock "cinder-quobyte-b416229a-9aad-450b-9380-60c60c65a6cd" released by "delete_volume" :: held 1.697s {{(pid=82633) __release /opt/stack/cinder/cinder/coordination.py:157}}
Jan 23 01:48:42 devstack cinder-volume[82633]: DEBUG cinder.quota [None req-64667883-7578-428e-a969-745a93d13234 tempest-VolumesAssistedSnapshotsTest-1592416732 None] Created reservations ['52407177-de98-4792-ad1a-3c3ed7e7618d', 'be7118ee-8fd8-4bc4-85e9-c7c63954ddf6', '9fb2cf93-fb84-4403-a655-b4093c4d71ee', 'a4e5c3ee-183d-4606-b71b-542b2a32e004'] {{(pid=82633) reserve /opt/stack/cinder/cinder/quota.py:752}}
Jan 23 01:48:42 devstack cinder-volume[82633]: DEBUG oslo_concurrency.lockutils [None req-64667883-7578-428e-a969-745a93d13234 tempest-VolumesAssistedSnapshotsTest-1592416732 None] Acquiring lock "quobyte_ensure" by "cinder.volume.drivers.quobyte.QuobyteDriver._ensure_shares_mounted" {{(pid=82633) inner /opt/stack/data/venv/lib/python3.10/site-packages/oslo_concurrency/lockutils.py:405}}
Jan 23 01:48:42 devstack cinder-volume[82633]: DEBUG oslo_concurrency.lockutils [None req-64667883-7578-428e-a969-745a93d13234 tempest-VolumesAssistedSnapshotsTest-1592416732 None] Lock "quobyte_ensure" acquired by "cinder.volume.drivers.quobyte.QuobyteDriver._ensure_shares_mounted" :: waited 0.001s {{(pid=82633) inner /opt/stack/data/venv/lib/python3.10/site-packages/oslo_concurrency/lockutils.py:410}}
Jan 23 01:48:42 devstack cinder-volume[82633]: DEBUG cinder.volume.drivers.quobyte [None req-64667883-7578-428e-a969-745a93d13234 tempest-VolumesAssistedSnapshotsTest-1592416732 None] Quobyte Volume URL set to: {'osci02.corp.quobyte.com/cinder-vol-881c9e4f-813a-4fce-8b88-db7a12d6996d': None} {{(pid=82633) _load_shares_config /opt/stack/cinder/cinder/volume/drivers/quobyte.py:611}}
Jan 23 01:48:42 devstack cinder-volume[82633]: DEBUG cinder.volume.drivers.quobyte [None req-64667883-7578-428e-a969-745a93d13234 tempest-VolumesAssistedSnapshotsTest-1592416732 None] Available shares ['osci02.corp.quobyte.com/cinder-vol-881c9e4f-813a-4fce-8b88-db7a12d6996d'] {{(pid=82633) _ensure_shares_mounted /opt/stack/cinder/cinder/volume/drivers/quobyte.py:641}}
Jan 23 01:48:42 devstack cinder-volume[82633]: DEBUG oslo_concurrency.lockutils [None req-64667883-7578-428e-a969-745a93d13234 tempest-VolumesAssistedSnapshotsTest-1592416732 None] Lock "quobyte_ensure" "released" by "cinder.volume.drivers.quobyte.QuobyteDriver._ensure_shares_mounted" :: held 0.007s {{(pid=82633) inner /opt/stack/data/venv/lib/python3.10/site-packages/oslo_concurrency/lockutils.py:424}}
Jan 23 01:48:42 devstack cinder-volume[82633]: DEBUG oslo_concurrency.processutils [None req-64667883-7578-428e-a969-745a93d13234 tempest-VolumesAssistedSnapshotsTest-1592416732 None] Running cmd (subprocess): sudo cinder-rootwrap /etc/cinder/rootwrap.conf df --portability --block-size 1 /opt/stack/data/cinder/mnt/4f2de75286f477f372f7ce4c34097769 {{(pid=82633) execute /opt/stack/data/venv/lib/python3.10/site-packages/oslo_concurrency/processutils.py:349}}
Jan 23 01:48:42 devstack sudo[86039]: quobyte : PWD=/ ; USER=root ; COMMAND=/opt/stack/data/venv/bin/cinder-rootwrap /etc/cinder/rootwrap.conf df --portability --block-size 1 /opt/stack/data/cinder/mnt/4f2de75286f477f372f7ce4c34097769
Jan 23 01:48:42 devstack sudo[86039]: pam_unix(sudo:session): session opened for user root(uid=0) by (uid=1000)
Jan 23 01:48:42 devstack sudo[85714]: pam_unix(sudo:session): session closed for user root
Jan 23 01:48:42 devstack cinder-volume[82633]: DEBUG oslo_concurrency.processutils [None req-0b612a3a-eed9-48a6-ab17-5e29f7aeeebc tempest-SnapshotsActionsTest-490634280 None] CMD "sudo cinder-rootwrap /etc/cinder/rootwrap.conf qemu-img create -f qcow2 -o backing_file=/opt/stack/data/cinder/mnt/4f2de75286f477f372f7ce4c34097769/volume-08438558-26e8-45e9-a9f4-4b756a657b90.1f623f09-a421-4b02-a0ae-58c65dbd0a9d,backing_fmt=qcow2 /opt/stack/data/cinder/mnt/4f2de75286f477f372f7ce4c34097769/volume-08438558-26e8-45e9-a9f4-4b756a657b90.bc1deae7-8bf3-49a5-a2e8-cf6feeeab246 1G" returned: 0 in 0.995s {{(pid=82633) execute /opt/stack/data/venv/lib/python3.10/site-packages/oslo_concurrency/processutils.py:372}}
Jan 23 01:48:42 devstack cinder-volume[82633]: DEBUG oslo_concurrency.processutils [None req-0b612a3a-eed9-48a6-ab17-5e29f7aeeebc tempest-SnapshotsActionsTest-490634280 None] Running cmd (subprocess): sudo cinder-rootwrap /etc/cinder/rootwrap.conf qemu-img rebase -u -b volume-08438558-26e8-45e9-a9f4-4b756a657b90.1f623f09-a421-4b02-a0ae-58c65dbd0a9d -F qcow2 /opt/stack/data/cinder/mnt/4f2de75286f477f372f7ce4c34097769/volume-08438558-26e8-45e9-a9f4-4b756a657b90.bc1deae7-8bf3-49a5-a2e8-cf6feeeab246 {{(pid=82633) execute /opt/stack/data/venv/lib/python3.10/site-packages/oslo_concurrency/processutils.py:349}}
Jan 23 01:48:42 devstack sudo[86042]: quobyte : PWD=/ ; USER=root ; COMMAND=/opt/stack/data/venv/bin/cinder-rootwrap /etc/cinder/rootwrap.conf qemu-img rebase -u -b volume-08438558-26e8-45e9-a9f4-4b756a657b90.1f623f09-a421-4b02-a0ae-58c65dbd0a9d -F qcow2 /opt/stack/data/cinder/mnt/4f2de75286f477f372f7ce4c34097769/volume-08438558-26e8-45e9-a9f4-4b756a657b90.bc1deae7-8bf3-49a5-a2e8-cf6feeeab246
Jan 23 01:48:42 devstack sudo[86042]: pam_unix(sudo:session): session opened for user root(uid=0) by (uid=1000)
Jan 23 01:48:43 devstack sudo[86039]: pam_unix(sudo:session): session closed for user root
Jan 23 01:48:43 devstack cinder-volume[82633]: DEBUG oslo_concurrency.processutils [None req-64667883-7578-428e-a969-745a93d13234 tempest-VolumesAssistedSnapshotsTest-1592416732 None] CMD "sudo cinder-rootwrap /etc/cinder/rootwrap.conf df --portability --block-size 1 /opt/stack/data/cinder/mnt/4f2de75286f477f372f7ce4c34097769" returned: 0 in 0.854s {{(pid=82633) execute /opt/stack/data/venv/lib/python3.10/site-packages/oslo_concurrency/processutils.py:372}}
Jan 23 01:48:43 devstack cinder-volume[82633]: DEBUG cinder.manager [None req-64667883-7578-428e-a969-745a93d13234 tempest-VolumesAssistedSnapshotsTest-1592416732 None] Notifying Schedulers of capabilities ... {{(pid=82633) _publish_service_capabilities /opt/stack/cinder/cinder/manager.py:202}}
Jan 23 01:48:43 devstack cinder-volume[82633]: INFO cinder.volume.manager [None req-64667883-7578-428e-a969-745a93d13234 tempest-VolumesAssistedSnapshotsTest-1592416732 None] Deleted volume successfully.
Jan 23 01:48:43 devstack cinder-volume[82633]: DEBUG cinder.coordination [None req-64667883-7578-428e-a969-745a93d13234 tempest-VolumesAssistedSnapshotsTest-1592416732 None] Lock "cinder-b416229a-9aad-450b-9380-60c60c65a6cd-delete_volume" released by "delete_volume" :: held 2.819s {{(pid=82633) __release /opt/stack/cinder/cinder/coordination.py:157}}
Jan 23 01:48:43 devstack sudo[86042]: pam_unix(sudo:session): session closed for user root
Jan 23 01:48:43 devstack cinder-volume[82633]: DEBUG oslo_concurrency.processutils [None req-0b612a3a-eed9-48a6-ab17-5e29f7aeeebc tempest-SnapshotsActionsTest-490634280 None] CMD "sudo cinder-rootwrap /etc/cinder/rootwrap.conf qemu-img rebase -u -b volume-08438558-26e8-45e9-a9f4-4b756a657b90.1f623f09-a421-4b02-a0ae-58c65dbd0a9d -F qcow2 /opt/stack/data/cinder/mnt/4f2de75286f477f372f7ce4c34097769/volume-08438558-26e8-45e9-a9f4-4b756a657b90.bc1deae7-8bf3-49a5-a2e8-cf6feeeab246" returned: 0 in 0.986s {{(pid=82633) execute /opt/stack/data/venv/lib/python3.10/site-packages/oslo_concurrency/processutils.py:372}}
Jan 23 01:48:43 devstack cinder-volume[82633]: WARNING cinder.volume.drivers.remotefs [None req-0b612a3a-eed9-48a6-ab17-5e29f7aeeebc tempest-SnapshotsActionsTest-490634280 None] /opt/stack/data/cinder/mnt/4f2de75286f477f372f7ce4c34097769/volume-08438558-26e8-45e9-a9f4-4b756a657b90.bc1deae7-8bf3-49a5-a2e8-cf6feeeab246 is being set with open permissions: ugo+rw
Jan 23 01:48:43 devstack cinder-volume[82633]: DEBUG oslo_concurrency.processutils [None req-0b612a3a-eed9-48a6-ab17-5e29f7aeeebc tempest-SnapshotsActionsTest-490634280 None] Running cmd (subprocess): sudo cinder-rootwrap /etc/cinder/rootwrap.conf chmod ugo+rw /opt/stack/data/cinder/mnt/4f2de75286f477f372f7ce4c34097769/volume-08438558-26e8-45e9-a9f4-4b756a657b90.bc1deae7-8bf3-49a5-a2e8-cf6feeeab246 {{(pid=82633) execute /opt/stack/data/venv/lib/python3.10/site-packages/oslo_concurrency/processutils.py:349}}
Jan 23 01:48:43 devstack sudo[86048]: quobyte : PWD=/ ; USER=root ; COMMAND=/opt/stack/data/venv/bin/cinder-rootwrap /etc/cinder/rootwrap.conf chmod ugo+rw /opt/stack/data/cinder/mnt/4f2de75286f477f372f7ce4c34097769/volume-08438558-26e8-45e9-a9f4-4b756a657b90.bc1deae7-8bf3-49a5-a2e8-cf6feeeab246
Jan 23 01:48:43 devstack sudo[86048]: pam_unix(sudo:session): session opened for user root(uid=0) by (uid=1000)
Jan 23 01:48:44 devstack sudo[86048]: pam_unix(sudo:session): session closed for user root
Jan 23 01:48:44 devstack cinder-volume[82633]: DEBUG oslo_concurrency.processutils [None req-0b612a3a-eed9-48a6-ab17-5e29f7aeeebc tempest-SnapshotsActionsTest-490634280 None] CMD "sudo cinder-rootwrap /etc/cinder/rootwrap.conf chmod ugo+rw /opt/stack/data/cinder/mnt/4f2de75286f477f372f7ce4c34097769/volume-08438558-26e8-45e9-a9f4-4b756a657b90.bc1deae7-8bf3-49a5-a2e8-cf6feeeab246" returned: 0 in 0.799s {{(pid=82633) execute /opt/stack/data/venv/lib/python3.10/site-packages/oslo_concurrency/processutils.py:372}}
Jan 23 01:48:44 devstack cinder-volume[82633]: DEBUG oslo_concurrency.lockutils [None req-0b612a3a-eed9-48a6-ab17-5e29f7aeeebc tempest-SnapshotsActionsTest-490634280 None] Lock "quobyte" "released" by "cinder.volume.drivers.quobyte.QuobyteDriver.create_snapshot" :: held 3.912s {{(pid=82633) inner /opt/stack/data/venv/lib/python3.10/site-packages/oslo_concurrency/lockutils.py:424}}
Jan 23 01:48:44 devstack cinder-volume[82633]: INFO cinder.volume.manager [None req-0b612a3a-eed9-48a6-ab17-5e29f7aeeebc tempest-SnapshotsActionsTest-490634280 None] Create snapshot completed successfully
Jan 23 01:48:45 devstack cinder-volume[82633]: DEBUG cinder.coordination [None req-7e2d5116-5de9-4480-9771-69be6c53f22c tempest-SnapshotsActionsTest-1960908657 None] Acquiring lock "cinder-bc1deae7-8bf3-49a5-a2e8-cf6feeeab246-delete_snapshot" by "delete_snapshot" {{(pid=82633) __acquire /opt/stack/cinder/cinder/coordination.py:143}}
Jan 23 01:48:45 devstack cinder-volume[82633]: DEBUG cinder.coordination [None req-7e2d5116-5de9-4480-9771-69be6c53f22c tempest-SnapshotsActionsTest-1960908657 None] Lock "cinder-bc1deae7-8bf3-49a5-a2e8-cf6feeeab246-delete_snapshot" acquired by "delete_snapshot" :: waited 0.023s {{(pid=82633) __acquire /opt/stack/cinder/cinder/coordination.py:146}}
Jan 23 01:48:45 devstack cinder-volume[82633]: WARNING cinder.volume.volume_utils [None req-7e2d5116-5de9-4480-9771-69be6c53f22c tempest-SnapshotsActionsTest-1960908657 None] Volume driver (QuobyteDriver 1.1.13) is currently unsupported and may be removed in the next release of OpenStack. Use at your own risk.
Jan 23 01:48:45 devstack cinder-volume[82633]: DEBUG cinder.coordination [None req-7e2d5116-5de9-4480-9771-69be6c53f22c tempest-SnapshotsActionsTest-1960908657 None] Acquiring lock "cinder-quobyte-08438558-26e8-45e9-a9f4-4b756a657b90" by "delete_snapshot" {{(pid=82633) __acquire /opt/stack/cinder/cinder/coordination.py:143}}
Jan 23 01:48:45 devstack cinder-volume[82633]: DEBUG cinder.coordination [None req-7e2d5116-5de9-4480-9771-69be6c53f22c tempest-SnapshotsActionsTest-1960908657 None] Lock "cinder-quobyte-08438558-26e8-45e9-a9f4-4b756a657b90" acquired by "delete_snapshot" :: waited 0.013s {{(pid=82633) __acquire /opt/stack/cinder/cinder/coordination.py:146}}
Jan 23 01:48:45 devstack cinder-volume[82633]: DEBUG cinder.coordination [None req-7e2d5116-5de9-4480-9771-69be6c53f22c tempest-SnapshotsActionsTest-1960908657 None] Acquiring lock "cinder-quobyte-bc1deae7-8bf3-49a5-a2e8-cf6feeeab246" by "_delete_snapshot" {{(pid=82633) __acquire /opt/stack/cinder/cinder/coordination.py:143}}
Jan 23 01:48:45 devstack cinder-volume[82633]: DEBUG cinder.coordination [None req-7e2d5116-5de9-4480-9771-69be6c53f22c tempest-SnapshotsActionsTest-1960908657 None] Lock "cinder-quobyte-bc1deae7-8bf3-49a5-a2e8-cf6feeeab246" acquired by "_delete_snapshot" :: waited 0.010s {{(pid=82633) __acquire /opt/stack/cinder/cinder/coordination.py:146}}
Jan 23 01:48:45 devstack cinder-volume[82633]: DEBUG cinder.volume.drivers.remotefs [None req-7e2d5116-5de9-4480-9771-69be6c53f22c tempest-SnapshotsActionsTest-1960908657 None] Deleting offline snapshot bc1deae7-8bf3-49a5-a2e8-cf6feeeab246 of volume 08438558-26e8-45e9-a9f4-4b756a657b90 {{(pid=82633) _delete_snapshot /opt/stack/cinder/cinder/volume/drivers/remotefs.py:1290}}
Jan 23 01:48:45 devstack cinder-volume[82633]: DEBUG cinder.volume.drivers.remotefs [None req-7e2d5116-5de9-4480-9771-69be6c53f22c tempest-SnapshotsActionsTest-1960908657 None] snapshot_file for this snap is: volume-08438558-26e8-45e9-a9f4-4b756a657b90.bc1deae7-8bf3-49a5-a2e8-cf6feeeab246 {{(pid=82633) _delete_snapshot /opt/stack/cinder/cinder/volume/drivers/remotefs.py:1319}}
Jan 23 01:48:45 devstack cinder-volume[82633]: DEBUG oslo.privsep.daemon [-] privsep: reply[206d4bcd-79cd-4c89-92b9-b8c4f9edb4d8]: (4, 'qcow2') {{(pid=83551) _call_back /opt/stack/data/venv/lib/python3.10/site-packages/oslo_privsep/daemon.py:515}}
Jan 23 01:48:45 devstack cinder-volume[82633]: DEBUG oslo_concurrency.processutils [None req-7e2d5116-5de9-4480-9771-69be6c53f22c tempest-SnapshotsActionsTest-1960908657 None] Running cmd (subprocess): /opt/stack/data/venv/bin/python3.10 -m oslo_concurrency.prlimit --as=1073741824 --cpu=60 -- sudo cinder-rootwrap /etc/cinder/rootwrap.conf env LC_ALL=C qemu-img info -f qcow2 --output=json --force-share /opt/stack/data/cinder/mnt/4f2de75286f477f372f7ce4c34097769/volume-08438558-26e8-45e9-a9f4-4b756a657b90.bc1deae7-8bf3-49a5-a2e8-cf6feeeab246 {{(pid=82633) execute /opt/stack/data/venv/lib/python3.10/site-packages/oslo_concurrency/processutils.py:349}}
Jan 23 01:48:45 devstack sudo[86090]: quobyte : PWD=/ ; USER=root ; COMMAND=/opt/stack/data/venv/bin/cinder-rootwrap /etc/cinder/rootwrap.conf env LC_ALL=C qemu-img info -f qcow2 --output=json --force-share /opt/stack/data/cinder/mnt/4f2de75286f477f372f7ce4c34097769/volume-08438558-26e8-45e9-a9f4-4b756a657b90.bc1deae7-8bf3-49a5-a2e8-cf6feeeab246
Jan 23 01:48:45 devstack sudo[86090]: pam_unix(sudo:session): session opened for user root(uid=0) by (uid=1000)
Jan 23 01:48:46 devstack sudo[86090]: pam_unix(sudo:session): session closed for user root
Jan 23 01:48:46 devstack cinder-volume[82633]: DEBUG oslo_concurrency.processutils [None req-7e2d5116-5de9-4480-9771-69be6c53f22c tempest-SnapshotsActionsTest-1960908657 None] CMD "/opt/stack/data/venv/bin/python3.10 -m oslo_concurrency.prlimit --as=1073741824 --cpu=60 -- sudo cinder-rootwrap /etc/cinder/rootwrap.conf env LC_ALL=C qemu-img info -f qcow2 --output=json --force-share /opt/stack/data/cinder/mnt/4f2de75286f477f372f7ce4c34097769/volume-08438558-26e8-45e9-a9f4-4b756a657b90.bc1deae7-8bf3-49a5-a2e8-cf6feeeab246" returned: 0 in 1.054s {{(pid=82633) execute /opt/stack/data/venv/lib/python3.10/site-packages/oslo_concurrency/processutils.py:372}}
Jan 23 01:48:46 devstack cinder-volume[82633]: DEBUG cinder.volume.drivers.remotefs [None req-7e2d5116-5de9-4480-9771-69be6c53f22c tempest-SnapshotsActionsTest-1960908657 None] Fetching qemu-img info with special backing_file_template: (/opt/stack/data/cinder/mnt/[0-9a-f]+/)?(volume-08438558-26e8-45e9-a9f4-4b756a657b90(.(tmp-snap-)?[0-9a-f-]+)?|volume_from_snapshot_cache/(tmp-snap-)?[0-9a-f-]+(.(child-|parent-)[0-9a-f-]+)?)$ {{(pid=82633) _qemu_img_info_base /opt/stack/cinder/cinder/volume/drivers/remotefs.py:898}}
Jan 23 01:48:46 devstack cinder-volume[82633]: DEBUG oslo.privsep.daemon [-] privsep: reply[b8ec31ad-2775-4b37-ab52-a3df3b40bf21]: (4, 'qcow2') {{(pid=83551) _call_back /opt/stack/data/venv/lib/python3.10/site-packages/oslo_privsep/daemon.py:515}}
Jan 23 01:48:46 devstack cinder-volume[82633]: DEBUG oslo_concurrency.processutils [None req-7e2d5116-5de9-4480-9771-69be6c53f22c tempest-SnapshotsActionsTest-1960908657 None] Running cmd (subprocess): /opt/stack/data/venv/bin/python3.10 -m oslo_concurrency.prlimit --as=1073741824 --cpu=60 -- sudo cinder-rootwrap /etc/cinder/rootwrap.conf env LC_ALL=C qemu-img info -f qcow2 --output=json --force-share /opt/stack/data/cinder/mnt/4f2de75286f477f372f7ce4c34097769/volume-08438558-26e8-45e9-a9f4-4b756a657b90.1f623f09-a421-4b02-a0ae-58c65dbd0a9d {{(pid=82633) execute /opt/stack/data/venv/lib/python3.10/site-packages/oslo_concurrency/processutils.py:349}}
Jan 23 01:48:47 devstack sudo[86101]: quobyte : PWD=/ ; USER=root ; COMMAND=/opt/stack/data/venv/bin/cinder-rootwrap /etc/cinder/rootwrap.conf env LC_ALL=C qemu-img info -f qcow2 --output=json --force-share /opt/stack/data/cinder/mnt/4f2de75286f477f372f7ce4c34097769/volume-08438558-26e8-45e9-a9f4-4b756a657b90.1f623f09-a421-4b02-a0ae-58c65dbd0a9d
Jan 23 01:48:47 devstack sudo[86101]: pam_unix(sudo:session): session opened for user root(uid=0) by (uid=1000)
Jan 23 01:48:47 devstack sudo[86101]: pam_unix(sudo:session): session closed for user root
Jan 23 01:48:47 devstack cinder-volume[82633]: DEBUG oslo_concurrency.processutils [None req-7e2d5116-5de9-4480-9771-69be6c53f22c tempest-SnapshotsActionsTest-1960908657 None] CMD "/opt/stack/data/venv/bin/python3.10 -m oslo_concurrency.prlimit --as=1073741824 --cpu=60 -- sudo cinder-rootwrap /etc/cinder/rootwrap.conf env LC_ALL=C qemu-img info -f qcow2 --output=json --force-share /opt/stack/data/cinder/mnt/4f2de75286f477f372f7ce4c34097769/volume-08438558-26e8-45e9-a9f4-4b756a657b90.1f623f09-a421-4b02-a0ae-58c65dbd0a9d" returned: 0 in 0.831s {{(pid=82633) execute /opt/stack/data/venv/lib/python3.10/site-packages/oslo_concurrency/processutils.py:372}}
Jan 23 01:48:47 devstack cinder-volume[82633]: DEBUG cinder.volume.drivers.remotefs [None req-7e2d5116-5de9-4480-9771-69be6c53f22c tempest-SnapshotsActionsTest-1960908657 None] Fetching qemu-img info with special backing_file_template: (/opt/stack/data/cinder/mnt/[0-9a-f]+/)?(volume-08438558-26e8-45e9-a9f4-4b756a657b90(.(tmp-snap-)?[0-9a-f-]+)?|volume_from_snapshot_cache/(tmp-snap-)?[0-9a-f-]+(.(child-|parent-)[0-9a-f-]+)?)$ {{(pid=82633) _qemu_img_info_base /opt/stack/cinder/cinder/volume/drivers/remotefs.py:898}}
Jan 23 01:48:47 devstack cinder-volume[82633]: DEBUG oslo_concurrency.processutils [None req-7e2d5116-5de9-4480-9771-69be6c53f22c tempest-SnapshotsActionsTest-1960908657 None] Running cmd (subprocess): sudo cinder-rootwrap /etc/cinder/rootwrap.conf qemu-img commit -d /opt/stack/data/cinder/mnt/4f2de75286f477f372f7ce4c34097769/volume-08438558-26e8-45e9-a9f4-4b756a657b90.bc1deae7-8bf3-49a5-a2e8-cf6feeeab246 {{(pid=82633) execute /opt/stack/data/venv/lib/python3.10/site-packages/oslo_concurrency/processutils.py:349}}
Jan 23 01:48:47 devstack sudo[86107]: quobyte : PWD=/ ; USER=root ; COMMAND=/opt/stack/data/venv/bin/cinder-rootwrap /etc/cinder/rootwrap.conf qemu-img commit -d /opt/stack/data/cinder/mnt/4f2de75286f477f372f7ce4c34097769/volume-08438558-26e8-45e9-a9f4-4b756a657b90.bc1deae7-8bf3-49a5-a2e8-cf6feeeab246
Jan 23 01:48:47 devstack sudo[86107]: pam_unix(sudo:session): session opened for user root(uid=0) by (uid=1000)
Jan 23 01:48:48 devstack sudo[86107]: pam_unix(sudo:session): session closed for user root
Jan 23 01:48:48 devstack cinder-volume[82633]: DEBUG oslo_concurrency.processutils [None req-7e2d5116-5de9-4480-9771-69be6c53f22c tempest-SnapshotsActionsTest-1960908657 None] CMD "sudo cinder-rootwrap /etc/cinder/rootwrap.conf qemu-img commit -d /opt/stack/data/cinder/mnt/4f2de75286f477f372f7ce4c34097769/volume-08438558-26e8-45e9-a9f4-4b756a657b90.bc1deae7-8bf3-49a5-a2e8-cf6feeeab246" returned: 0 in 0.733s {{(pid=82633) execute /opt/stack/data/venv/lib/python3.10/site-packages/oslo_concurrency/processutils.py:372}}
Jan 23 01:48:48 devstack cinder-volume[82633]: DEBUG oslo_concurrency.processutils [None req-7e2d5116-5de9-4480-9771-69be6c53f22c tempest-SnapshotsActionsTest-1960908657 None] Running cmd (subprocess): sudo cinder-rootwrap /etc/cinder/rootwrap.conf rm -f /opt/stack/data/cinder/mnt/4f2de75286f477f372f7ce4c34097769/volume-08438558-26e8-45e9-a9f4-4b756a657b90.bc1deae7-8bf3-49a5-a2e8-cf6feeeab246 {{(pid=82633) execute /opt/stack/data/venv/lib/python3.10/site-packages/oslo_concurrency/processutils.py:349}}
Jan 23 01:48:48 devstack sudo[86112]: quobyte : PWD=/ ; USER=root ; COMMAND=/opt/stack/data/venv/bin/cinder-rootwrap /etc/cinder/rootwrap.conf rm -f /opt/stack/data/cinder/mnt/4f2de75286f477f372f7ce4c34097769/volume-08438558-26e8-45e9-a9f4-4b756a657b90.bc1deae7-8bf3-49a5-a2e8-cf6feeeab246
Jan 23 01:48:48 devstack sudo[86112]: pam_unix(sudo:session): session opened for user root(uid=0) by (uid=1000)
Jan 23 01:48:49 devstack sudo[86112]: pam_unix(sudo:session): session closed for user root
Jan 23 01:48:49 devstack cinder-volume[82633]: DEBUG oslo_concurrency.processutils [None req-7e2d5116-5de9-4480-9771-69be6c53f22c tempest-SnapshotsActionsTest-1960908657 None] CMD "sudo cinder-rootwrap /etc/cinder/rootwrap.conf rm -f /opt/stack/data/cinder/mnt/4f2de75286f477f372f7ce4c34097769/volume-08438558-26e8-45e9-a9f4-4b756a657b90.bc1deae7-8bf3-49a5-a2e8-cf6feeeab246" returned: 0 in 0.689s {{(pid=82633) execute /opt/stack/data/venv/lib/python3.10/site-packages/oslo_concurrency/processutils.py:372}}
Jan 23 01:48:49 devstack cinder-volume[82633]: DEBUG cinder.coordination [None req-7e2d5116-5de9-4480-9771-69be6c53f22c tempest-SnapshotsActionsTest-1960908657 None] Lock "cinder-quobyte-bc1deae7-8bf3-49a5-a2e8-cf6feeeab246" released by "_delete_snapshot" :: held 3.447s {{(pid=82633) __release /opt/stack/cinder/cinder/coordination.py:157}}
Jan 23 01:48:49 devstack cinder-volume[82633]: DEBUG cinder.coordination [None req-7e2d5116-5de9-4480-9771-69be6c53f22c tempest-SnapshotsActionsTest-1960908657 None] Lock "cinder-quobyte-08438558-26e8-45e9-a9f4-4b756a657b90" released by "delete_snapshot" :: held 3.470s {{(pid=82633) __release /opt/stack/cinder/cinder/coordination.py:157}}
Jan 23 01:48:49 devstack cinder-volume[82633]: DEBUG cinder.quota [None req-7e2d5116-5de9-4480-9771-69be6c53f22c tempest-SnapshotsActionsTest-1960908657 None] Created reservations ['9062c0dc-888b-48e6-b002-e7c4b1bd47f4', 'c7d283cb-cce8-407f-859e-51f9199c21d6', '589cd147-1f21-46ce-8687-15e5d480abeb', '72d69698-5bb8-4bba-ab8e-552b8c1e8caa'] {{(pid=82633) reserve /opt/stack/cinder/cinder/quota.py:752}}
Jan 23 01:48:49 devstack cinder-volume[82633]: INFO cinder.volume.manager [None req-7e2d5116-5de9-4480-9771-69be6c53f22c tempest-SnapshotsActionsTest-1960908657 None] Delete snapshot completed successfully.
Jan 23 01:48:49 devstack cinder-volume[82633]: DEBUG cinder.coordination [None req-7e2d5116-5de9-4480-9771-69be6c53f22c tempest-SnapshotsActionsTest-1960908657 None] Lock "cinder-bc1deae7-8bf3-49a5-a2e8-cf6feeeab246-delete_snapshot" released by "delete_snapshot" :: held 3.616s {{(pid=82633) __release /opt/stack/cinder/cinder/coordination.py:157}}
Jan 23 01:48:49 devstack cinder-volume[82633]: WARNING cinder.volume.volume_utils [req-69837f1a-86f9-4fa7-8031-19ceb6bd4109 req-eb472967-360d-40a4-a93f-e32d0ddc9b37 tempest-TaggedAttachmentsTest-661505004 None] Volume driver (QuobyteDriver 1.1.13) is currently unsupported and may be removed in the next release of OpenStack. Use at your own risk.
Jan 23 01:48:50 devstack cinder-volume[82633]: WARNING cinder.volume.volume_utils [req-69837f1a-86f9-4fa7-8031-19ceb6bd4109 req-eb472967-360d-40a4-a93f-e32d0ddc9b37 tempest-TaggedAttachmentsTest-661505004 None] Volume driver (QuobyteDriver 1.1.13) is currently unsupported and may be removed in the next release of OpenStack. Use at your own risk.
Jan 23 01:48:50 devstack cinder-volume[82633]: INFO cinder.volume.manager [req-69837f1a-86f9-4fa7-8031-19ceb6bd4109 req-eb472967-360d-40a4-a93f-e32d0ddc9b37 tempest-TaggedAttachmentsTest-661505004 None] Terminate volume connection completed successfully.
Jan 23 01:48:50 devstack cinder-volume[82633]: DEBUG cinder.volume.manager [req-69837f1a-86f9-4fa7-8031-19ceb6bd4109 req-eb472967-360d-40a4-a93f-e32d0ddc9b37 tempest-TaggedAttachmentsTest-661505004 None] Deleting attachment fc54f23a-6f37-4079-831c-9cad9f20fa89. {{(pid=82633) attachment_delete /opt/stack/cinder/cinder/volume/manager.py:5024}}
Jan 23 01:48:50 devstack cinder-volume[82633]: WARNING cinder.volume.volume_utils [None req-477cf286-8afc-4015-b92f-803465cf5a8a tempest-SnapshotsActionsTest-490634280 None] Volume driver (QuobyteDriver 1.1.13) is currently unsupported and may be removed in the next release of OpenStack. Use at your own risk.
Jan 23 01:48:50 devstack cinder-volume[82633]: DEBUG oslo_concurrency.lockutils [None req-477cf286-8afc-4015-b92f-803465cf5a8a tempest-SnapshotsActionsTest-490634280 None] Acquiring lock "quobyte" by "cinder.volume.drivers.quobyte.QuobyteDriver.create_snapshot" {{(pid=82633) inner /opt/stack/data/venv/lib/python3.10/site-packages/oslo_concurrency/lockutils.py:405}}
Jan 23 01:48:50 devstack cinder-volume[82633]: DEBUG oslo_concurrency.lockutils [None req-477cf286-8afc-4015-b92f-803465cf5a8a tempest-SnapshotsActionsTest-490634280 None] Lock "quobyte" acquired by "cinder.volume.drivers.quobyte.QuobyteDriver.create_snapshot" :: waited 0.000s {{(pid=82633) inner /opt/stack/data/venv/lib/python3.10/site-packages/oslo_concurrency/lockutils.py:410}}
Jan 23 01:48:50 devstack cinder-volume[82633]: DEBUG cinder.volume.drivers.remotefs [None req-477cf286-8afc-4015-b92f-803465cf5a8a tempest-SnapshotsActionsTest-490634280 None] Creating offline snapshot cf3cb209-a4b4-40da-b7af-97d21cfec11c of volume 08438558-26e8-45e9-a9f4-4b756a657b90 {{(pid=82633) _create_snapshot /opt/stack/cinder/cinder/volume/drivers/remotefs.py:1817}}
Jan 23 01:48:50 devstack cinder-volume[82633]: DEBUG oslo.privsep.daemon [-] privsep: reply[ae64033f-975d-412a-9b81-66621a2bac30]: (4, 'qcow2') {{(pid=83551) _call_back /opt/stack/data/venv/lib/python3.10/site-packages/oslo_privsep/daemon.py:515}}
Jan 23 01:48:50 devstack cinder-volume[82633]: DEBUG oslo_concurrency.processutils [None req-477cf286-8afc-4015-b92f-803465cf5a8a tempest-SnapshotsActionsTest-490634280 None] Running cmd (subprocess): /opt/stack/data/venv/bin/python3.10 -m oslo_concurrency.prlimit --as=1073741824 --cpu=60 -- sudo cinder-rootwrap /etc/cinder/rootwrap.conf env LC_ALL=C qemu-img info -f qcow2 --output=json --force-share /opt/stack/data/cinder/mnt/4f2de75286f477f372f7ce4c34097769/volume-08438558-26e8-45e9-a9f4-4b756a657b90.1f623f09-a421-4b02-a0ae-58c65dbd0a9d {{(pid=82633) execute /opt/stack/data/venv/lib/python3.10/site-packages/oslo_concurrency/processutils.py:349}}
Jan 23 01:48:50 devstack sudo[86146]: quobyte : PWD=/ ; USER=root ; COMMAND=/opt/stack/data/venv/bin/cinder-rootwrap /etc/cinder/rootwrap.conf env LC_ALL=C qemu-img info -f qcow2 --output=json --force-share /opt/stack/data/cinder/mnt/4f2de75286f477f372f7ce4c34097769/volume-08438558-26e8-45e9-a9f4-4b756a657b90.1f623f09-a421-4b02-a0ae-58c65dbd0a9d
Jan 23 01:48:50 devstack sudo[86146]: pam_unix(sudo:session): session opened for user root(uid=0) by (uid=1000)
Jan 23 01:48:51 devstack sudo[86146]: pam_unix(sudo:session): session closed for user root
Jan 23 01:48:51 devstack cinder-volume[82633]: DEBUG oslo_concurrency.processutils [None req-477cf286-8afc-4015-b92f-803465cf5a8a tempest-SnapshotsActionsTest-490634280 None] CMD "/opt/stack/data/venv/bin/python3.10 -m oslo_concurrency.prlimit --as=1073741824 --cpu=60 -- sudo cinder-rootwrap /etc/cinder/rootwrap.conf env LC_ALL=C qemu-img info -f qcow2 --output=json --force-share /opt/stack/data/cinder/mnt/4f2de75286f477f372f7ce4c34097769/volume-08438558-26e8-45e9-a9f4-4b756a657b90.1f623f09-a421-4b02-a0ae-58c65dbd0a9d" returned: 0 in 0.967s {{(pid=82633) execute /opt/stack/data/venv/lib/python3.10/site-packages/oslo_concurrency/processutils.py:372}}
Jan 23 01:48:51 devstack cinder-volume[82633]: DEBUG cinder.volume.drivers.remotefs [None req-477cf286-8afc-4015-b92f-803465cf5a8a tempest-SnapshotsActionsTest-490634280 None] Fetching qemu-img info with special backing_file_template: (/opt/stack/data/cinder/mnt/[0-9a-f]+/)?(volume-08438558-26e8-45e9-a9f4-4b756a657b90(.(tmp-snap-)?[0-9a-f-]+)?|volume_from_snapshot_cache/(tmp-snap-)?[0-9a-f-]+(.(child-|parent-)[0-9a-f-]+)?)$ {{(pid=82633) _qemu_img_info_base /opt/stack/cinder/cinder/volume/drivers/remotefs.py:898}}
Jan 23 01:48:51 devstack cinder-volume[82633]: DEBUG oslo_concurrency.processutils [None req-477cf286-8afc-4015-b92f-803465cf5a8a tempest-SnapshotsActionsTest-490634280 None] Running cmd (subprocess): sudo cinder-rootwrap /etc/cinder/rootwrap.conf qemu-img create -f qcow2 -o backing_file=/opt/stack/data/cinder/mnt/4f2de75286f477f372f7ce4c34097769/volume-08438558-26e8-45e9-a9f4-4b756a657b90.1f623f09-a421-4b02-a0ae-58c65dbd0a9d,backing_fmt=qcow2 /opt/stack/data/cinder/mnt/4f2de75286f477f372f7ce4c34097769/volume-08438558-26e8-45e9-a9f4-4b756a657b90.cf3cb209-a4b4-40da-b7af-97d21cfec11c 1G {{(pid=82633) execute /opt/stack/data/venv/lib/python3.10/site-packages/oslo_concurrency/processutils.py:349}}
Jan 23 01:48:51 devstack sudo[86151]: quobyte : PWD=/ ; USER=root ; COMMAND=/opt/stack/data/venv/bin/cinder-rootwrap /etc/cinder/rootwrap.conf qemu-img create -f qcow2 -o backing_file=/opt/stack/data/cinder/mnt/4f2de75286f477f372f7ce4c34097769/volume-08438558-26e8-45e9-a9f4-4b756a657b90.1f623f09-a421-4b02-a0ae-58c65dbd0a9d,backing_fmt=qcow2 /opt/stack/data/cinder/mnt/4f2de75286f477f372f7ce4c34097769/volume-08438558-26e8-45e9-a9f4-4b756a657b90.cf3cb209-a4b4-40da-b7af-97d21cfec11c 1G
Jan 23 01:48:51 devstack sudo[86151]: pam_unix(sudo:session): session opened for user root(uid=0) by (uid=1000)
Jan 23 01:48:52 devstack sudo[86151]: pam_unix(sudo:session): session closed for user root
Jan 23 01:48:52 devstack cinder-volume[82633]: DEBUG oslo_concurrency.processutils [None req-477cf286-8afc-4015-b92f-803465cf5a8a tempest-SnapshotsActionsTest-490634280 None] CMD "sudo cinder-rootwrap /etc/cinder/rootwrap.conf qemu-img create -f qcow2 -o backing_file=/opt/stack/data/cinder/mnt/4f2de75286f477f372f7ce4c34097769/volume-08438558-26e8-45e9-a9f4-4b756a657b90.1f623f09-a421-4b02-a0ae-58c65dbd0a9d,backing_fmt=qcow2 /opt/stack/data/cinder/mnt/4f2de75286f477f372f7ce4c34097769/volume-08438558-26e8-45e9-a9f4-4b756a657b90.cf3cb209-a4b4-40da-b7af-97d21cfec11c 1G" returned: 0 in 0.830s {{(pid=82633) execute /opt/stack/data/venv/lib/python3.10/site-packages/oslo_concurrency/processutils.py:372}}
Jan 23 01:48:52 devstack cinder-volume[82633]: DEBUG oslo_concurrency.processutils [None req-477cf286-8afc-4015-b92f-803465cf5a8a tempest-SnapshotsActionsTest-490634280 None] Running cmd (subprocess): sudo cinder-rootwrap /etc/cinder/rootwrap.conf qemu-img rebase -u -b volume-08438558-26e8-45e9-a9f4-4b756a657b90.1f623f09-a421-4b02-a0ae-58c65dbd0a9d -F qcow2 /opt/stack/data/cinder/mnt/4f2de75286f477f372f7ce4c34097769/volume-08438558-26e8-45e9-a9f4-4b756a657b90.cf3cb209-a4b4-40da-b7af-97d21cfec11c {{(pid=82633) execute /opt/stack/data/venv/lib/python3.10/site-packages/oslo_concurrency/processutils.py:349}}
Jan 23 01:48:52 devstack sudo[86156]: quobyte : PWD=/ ; USER=root ; COMMAND=/opt/stack/data/venv/bin/cinder-rootwrap /etc/cinder/rootwrap.conf qemu-img rebase -u -b volume-08438558-26e8-45e9-a9f4-4b756a657b90.1f623f09-a421-4b02-a0ae-58c65dbd0a9d -F qcow2 /opt/stack/data/cinder/mnt/4f2de75286f477f372f7ce4c34097769/volume-08438558-26e8-45e9-a9f4-4b756a657b90.cf3cb209-a4b4-40da-b7af-97d21cfec11c
Jan 23 01:48:52 devstack sudo[86156]: pam_unix(sudo:session): session opened for user root(uid=0) by (uid=1000)
Jan 23 01:48:52 devstack sudo[86156]: pam_unix(sudo:session): session closed for user root
Jan 23 01:48:52 devstack cinder-volume[82633]: DEBUG oslo_concurrency.processutils [None req-477cf286-8afc-4015-b92f-803465cf5a8a tempest-SnapshotsActionsTest-490634280 None] CMD "sudo cinder-rootwrap /etc/cinder/rootwrap.conf qemu-img rebase -u -b volume-08438558-26e8-45e9-a9f4-4b756a657b90.1f623f09-a421-4b02-a0ae-58c65dbd0a9d -F qcow2 /opt/stack/data/cinder/mnt/4f2de75286f477f372f7ce4c34097769/volume-08438558-26e8-45e9-a9f4-4b756a657b90.cf3cb209-a4b4-40da-b7af-97d21cfec11c" returned: 0 in 0.939s {{(pid=82633) execute /opt/stack/data/venv/lib/python3.10/site-packages/oslo_concurrency/processutils.py:372}}
Jan 23 01:48:52 devstack cinder-volume[82633]: WARNING cinder.volume.drivers.remotefs [None req-477cf286-8afc-4015-b92f-803465cf5a8a tempest-SnapshotsActionsTest-490634280 None] /opt/stack/data/cinder/mnt/4f2de75286f477f372f7ce4c34097769/volume-08438558-26e8-45e9-a9f4-4b756a657b90.cf3cb209-a4b4-40da-b7af-97d21cfec11c is being set with open permissions: ugo+rw
Jan 23 01:48:52 devstack cinder-volume[82633]: DEBUG oslo_concurrency.processutils [None req-477cf286-8afc-4015-b92f-803465cf5a8a tempest-SnapshotsActionsTest-490634280 None] Running cmd (subprocess): sudo cinder-rootwrap /etc/cinder/rootwrap.conf chmod ugo+rw /opt/stack/data/cinder/mnt/4f2de75286f477f372f7ce4c34097769/volume-08438558-26e8-45e9-a9f4-4b756a657b90.cf3cb209-a4b4-40da-b7af-97d21cfec11c {{(pid=82633) execute /opt/stack/data/venv/lib/python3.10/site-packages/oslo_concurrency/processutils.py:349}}
Jan 23 01:48:52 devstack sudo[86161]: quobyte : PWD=/ ; USER=root ; COMMAND=/opt/stack/data/venv/bin/cinder-rootwrap /etc/cinder/rootwrap.conf chmod ugo+rw /opt/stack/data/cinder/mnt/4f2de75286f477f372f7ce4c34097769/volume-08438558-26e8-45e9-a9f4-4b756a657b90.cf3cb209-a4b4-40da-b7af-97d21cfec11c
Jan 23 01:48:52 devstack sudo[86161]: pam_unix(sudo:session): session opened for user root(uid=0) by (uid=1000)
Jan 23 01:48:53 devstack sudo[86161]: pam_unix(sudo:session): session closed for user root
Jan 23 01:48:53 devstack cinder-volume[82633]: DEBUG oslo_concurrency.processutils [None req-477cf286-8afc-4015-b92f-803465cf5a8a tempest-SnapshotsActionsTest-490634280 None] CMD "sudo cinder-rootwrap /etc/cinder/rootwrap.conf chmod ugo+rw /opt/stack/data/cinder/mnt/4f2de75286f477f372f7ce4c34097769/volume-08438558-26e8-45e9-a9f4-4b756a657b90.cf3cb209-a4b4-40da-b7af-97d21cfec11c" returned: 0 in 0.838s {{(pid=82633) execute /opt/stack/data/venv/lib/python3.10/site-packages/oslo_concurrency/processutils.py:372}}
Jan 23 01:48:53 devstack cinder-volume[82633]: DEBUG oslo_concurrency.lockutils [None req-477cf286-8afc-4015-b92f-803465cf5a8a tempest-SnapshotsActionsTest-490634280 None] Lock "quobyte" "released" by "cinder.volume.drivers.quobyte.QuobyteDriver.create_snapshot" :: held 3.664s {{(pid=82633) inner /opt/stack/data/venv/lib/python3.10/site-packages/oslo_concurrency/lockutils.py:424}}
Jan 23 01:48:53 devstack cinder-volume[82633]: INFO cinder.volume.manager [None req-477cf286-8afc-4015-b92f-803465cf5a8a tempest-SnapshotsActionsTest-490634280 None] Create snapshot completed successfully
Jan 23 01:48:54 devstack cinder-volume[82633]: DEBUG cinder.coordination [None req-d8861358-0cb4-4552-9fb4-c6746a35621e tempest-SnapshotsActionsTest-1960908657 None] Acquiring lock "cinder-cf3cb209-a4b4-40da-b7af-97d21cfec11c-delete_snapshot" by "delete_snapshot" {{(pid=82633) __acquire /opt/stack/cinder/cinder/coordination.py:143}}
Jan 23 01:48:54 devstack cinder-volume[82633]: DEBUG cinder.coordination [None req-d8861358-0cb4-4552-9fb4-c6746a35621e tempest-SnapshotsActionsTest-1960908657 None] Lock "cinder-cf3cb209-a4b4-40da-b7af-97d21cfec11c-delete_snapshot" acquired by "delete_snapshot" :: waited 0.041s {{(pid=82633) __acquire /opt/stack/cinder/cinder/coordination.py:146}}
Jan 23 01:48:54 devstack cinder-volume[82633]: WARNING cinder.volume.volume_utils [None req-d8861358-0cb4-4552-9fb4-c6746a35621e tempest-SnapshotsActionsTest-1960908657 None] Volume driver (QuobyteDriver 1.1.13) is currently unsupported and may be removed in the next release of OpenStack. Use at your own risk.
Jan 23 01:48:54 devstack cinder-volume[82633]: DEBUG cinder.coordination [None req-d8861358-0cb4-4552-9fb4-c6746a35621e tempest-SnapshotsActionsTest-1960908657 None] Acquiring lock "cinder-quobyte-08438558-26e8-45e9-a9f4-4b756a657b90" by "delete_snapshot" {{(pid=82633) __acquire /opt/stack/cinder/cinder/coordination.py:143}}
Jan 23 01:48:54 devstack cinder-volume[82633]: DEBUG cinder.coordination [None req-d8861358-0cb4-4552-9fb4-c6746a35621e tempest-SnapshotsActionsTest-1960908657 None] Lock "cinder-quobyte-08438558-26e8-45e9-a9f4-4b756a657b90" acquired by "delete_snapshot" :: waited 0.020s {{(pid=82633) __acquire /opt/stack/cinder/cinder/coordination.py:146}}
Jan 23 01:48:54 devstack cinder-volume[82633]: DEBUG cinder.coordination [None req-d8861358-0cb4-4552-9fb4-c6746a35621e tempest-SnapshotsActionsTest-1960908657 None] Acquiring lock "cinder-quobyte-cf3cb209-a4b4-40da-b7af-97d21cfec11c" by "_delete_snapshot" {{(pid=82633) __acquire /opt/stack/cinder/cinder/coordination.py:143}}
Jan 23 01:48:54 devstack cinder-volume[82633]: DEBUG cinder.coordination [None req-d8861358-0cb4-4552-9fb4-c6746a35621e tempest-SnapshotsActionsTest-1960908657 None] Lock "cinder-quobyte-cf3cb209-a4b4-40da-b7af-97d21cfec11c" acquired by "_delete_snapshot" :: waited 0.016s {{(pid=82633) __acquire /opt/stack/cinder/cinder/coordination.py:146}}
Jan 23 01:48:54 devstack cinder-volume[82633]: DEBUG cinder.volume.drivers.remotefs [None req-d8861358-0cb4-4552-9fb4-c6746a35621e tempest-SnapshotsActionsTest-1960908657 None] Deleting offline snapshot cf3cb209-a4b4-40da-b7af-97d21cfec11c of volume 08438558-26e8-45e9-a9f4-4b756a657b90 {{(pid=82633) _delete_snapshot /opt/stack/cinder/cinder/volume/drivers/remotefs.py:1290}}
Jan 23 01:48:54 devstack cinder-volume[82633]: DEBUG cinder.volume.drivers.remotefs [None req-d8861358-0cb4-4552-9fb4-c6746a35621e tempest-SnapshotsActionsTest-1960908657 None] snapshot_file for this snap is: volume-08438558-26e8-45e9-a9f4-4b756a657b90.cf3cb209-a4b4-40da-b7af-97d21cfec11c {{(pid=82633) _delete_snapshot /opt/stack/cinder/cinder/volume/drivers/remotefs.py:1319}}
Jan 23 01:48:54 devstack cinder-volume[82633]: DEBUG oslo.privsep.daemon [-] privsep: reply[2eec7349-48b5-409a-a1ef-d66fc87faf7c]: (4, 'qcow2') {{(pid=83551) _call_back /opt/stack/data/venv/lib/python3.10/site-packages/oslo_privsep/daemon.py:515}}
Jan 23 01:48:54 devstack cinder-volume[82633]: DEBUG oslo_concurrency.processutils [None req-d8861358-0cb4-4552-9fb4-c6746a35621e tempest-SnapshotsActionsTest-1960908657 None] Running cmd (subprocess): /opt/stack/data/venv/bin/python3.10 -m oslo_concurrency.prlimit --as=1073741824 --cpu=60 -- sudo cinder-rootwrap /etc/cinder/rootwrap.conf env LC_ALL=C qemu-img info -f qcow2 --output=json --force-share /opt/stack/data/cinder/mnt/4f2de75286f477f372f7ce4c34097769/volume-08438558-26e8-45e9-a9f4-4b756a657b90.cf3cb209-a4b4-40da-b7af-97d21cfec11c {{(pid=82633) execute /opt/stack/data/venv/lib/python3.10/site-packages/oslo_concurrency/processutils.py:349}}
Jan 23 01:48:54 devstack sudo[86166]: quobyte : PWD=/ ; USER=root ; COMMAND=/opt/stack/data/venv/bin/cinder-rootwrap /etc/cinder/rootwrap.conf env LC_ALL=C qemu-img info -f qcow2 --output=json --force-share /opt/stack/data/cinder/mnt/4f2de75286f477f372f7ce4c34097769/volume-08438558-26e8-45e9-a9f4-4b756a657b90.cf3cb209-a4b4-40da-b7af-97d21cfec11c
Jan 23 01:48:54 devstack sudo[86166]: pam_unix(sudo:session): session opened for user root(uid=0) by (uid=1000)
Jan 23 01:48:55 devstack sudo[86166]: pam_unix(sudo:session): session closed for user root
Jan 23 01:48:55 devstack cinder-volume[82633]: DEBUG oslo_concurrency.processutils [None req-d8861358-0cb4-4552-9fb4-c6746a35621e tempest-SnapshotsActionsTest-1960908657 None] CMD "/opt/stack/data/venv/bin/python3.10 -m oslo_concurrency.prlimit --as=1073741824 --cpu=60 -- sudo cinder-rootwrap /etc/cinder/rootwrap.conf env LC_ALL=C qemu-img info -f qcow2 --output=json --force-share /opt/stack/data/cinder/mnt/4f2de75286f477f372f7ce4c34097769/volume-08438558-26e8-45e9-a9f4-4b756a657b90.cf3cb209-a4b4-40da-b7af-97d21cfec11c" returned: 0 in 1.237s {{(pid=82633) execute /opt/stack/data/venv/lib/python3.10/site-packages/oslo_concurrency/processutils.py:372}}
Jan 23 01:48:55 devstack cinder-volume[82633]: DEBUG cinder.volume.drivers.remotefs [None req-d8861358-0cb4-4552-9fb4-c6746a35621e tempest-SnapshotsActionsTest-1960908657 None] Fetching qemu-img info with special backing_file_template: (/opt/stack/data/cinder/mnt/[0-9a-f]+/)?(volume-08438558-26e8-45e9-a9f4-4b756a657b90(.(tmp-snap-)?[0-9a-f-]+)?|volume_from_snapshot_cache/(tmp-snap-)?[0-9a-f-]+(.(child-|parent-)[0-9a-f-]+)?)$ {{(pid=82633) _qemu_img_info_base /opt/stack/cinder/cinder/volume/drivers/remotefs.py:898}}
Jan 23 01:48:55 devstack cinder-volume[82633]: DEBUG oslo.privsep.daemon [-] privsep: reply[2a2dd06e-d314-486e-a9b1-1109442d7b1b]: (4, 'qcow2') {{(pid=83551) _call_back /opt/stack/data/venv/lib/python3.10/site-packages/oslo_privsep/daemon.py:515}}
Jan 23 01:48:55 devstack cinder-volume[82633]: DEBUG oslo_concurrency.processutils [None req-d8861358-0cb4-4552-9fb4-c6746a35621e tempest-SnapshotsActionsTest-1960908657 None] Running cmd (subprocess): /opt/stack/data/venv/bin/python3.10 -m oslo_concurrency.prlimit --as=1073741824 --cpu=60 -- sudo cinder-rootwrap /etc/cinder/rootwrap.conf env LC_ALL=C qemu-img info -f qcow2 --output=json --force-share /opt/stack/data/cinder/mnt/4f2de75286f477f372f7ce4c34097769/volume-08438558-26e8-45e9-a9f4-4b756a657b90.1f623f09-a421-4b02-a0ae-58c65dbd0a9d {{(pid=82633) execute /opt/stack/data/venv/lib/python3.10/site-packages/oslo_concurrency/processutils.py:349}}
Jan 23 01:48:56 devstack sudo[86185]: quobyte : PWD=/ ; USER=root ; COMMAND=/opt/stack/data/venv/bin/cinder-rootwrap /etc/cinder/rootwrap.conf env LC_ALL=C qemu-img info -f qcow2 --output=json --force-share /opt/stack/data/cinder/mnt/4f2de75286f477f372f7ce4c34097769/volume-08438558-26e8-45e9-a9f4-4b756a657b90.1f623f09-a421-4b02-a0ae-58c65dbd0a9d
Jan 23 01:48:56 devstack sudo[86185]: pam_unix(sudo:session): session opened for user root(uid=0) by (uid=1000)
Jan 23 01:48:56 devstack sudo[86185]: pam_unix(sudo:session): session closed for user root
Jan 23 01:48:56 devstack cinder-volume[82633]: DEBUG oslo_concurrency.processutils [None req-d8861358-0cb4-4552-9fb4-c6746a35621e tempest-SnapshotsActionsTest-1960908657 None] CMD "/opt/stack/data/venv/bin/python3.10 -m oslo_concurrency.prlimit --as=1073741824 --cpu=60 -- sudo cinder-rootwrap /etc/cinder/rootwrap.conf env LC_ALL=C qemu-img info -f qcow2 --output=json --force-share /opt/stack/data/cinder/mnt/4f2de75286f477f372f7ce4c34097769/volume-08438558-26e8-45e9-a9f4-4b756a657b90.1f623f09-a421-4b02-a0ae-58c65dbd0a9d" returned: 0 in 0.814s {{(pid=82633) execute /opt/stack/data/venv/lib/python3.10/site-packages/oslo_concurrency/processutils.py:372}}
