Aug 14 16:54:58 devstack cinder-volume[94220]: DEBUG cinder.volume.drivers.quobyte [None req-964734bc-cf3d-430a-8cc5-b436b4934af6 tempest-VolumesExtendTest-1384472580 None] ==> create_volume: call "{'self': , 'volume': Volume(_name_id=None,admin_metadata=,attach_status='detached',availability_zone='nova',bootable=False,cluster=,cluster_name=None,consistencygroup=,consistencygroup_id=None,created_at=2026-08-14T14:54:57Z,deleted=False,deleted_at=None,display_description=None,display_name='tempest-VolumesExtendTest-Volume-1897984351',ec2_id=None,encryption_key_id=None,glance_metadata=,group=,group_id=None,host='devstack@QuobyteHD#QuobyteHD',id=823d1be8-1f90-4eca-9f94-2ada69fe5f1b,launched_at=None,metadata={},migration_status=None,multiattach=False,previous_status=None,project_id='da383c3b974646cdbf4dff5f722fae4e',provider_auth=None,provider_geometry=None,provider_id=None,provider_location=None,replication_driver_data=None,replication_extended_status=None,replication_status=None,scheduled_at=2026-08-14T14:54:58Z,service_uuid=None,shared_targets=True,size=1,snapshot_id=None,snapshots=,source_volid=None,status='creating',terminated_at=None,updated_at=2026-08-14T14:54:58Z,use_quota=True,user_id='c0c765e6a65544f3a0bdf368f18c27e5',volume_attachment=VolumeAttachmentList,volume_type=VolumeType(99420665-0a1e-4ce6-9be3-2e4101758972),volume_type_id=99420665-0a1e-4ce6-9be3-2e4101758972)}" {{(pid=94220) trace_logging_wrapper /opt/stack/cinder/cinder/volume/volume_utils.py:1497}}
Aug 14 16:54:58 devstack cinder-volume[94220]: DEBUG cinder.volume.drivers.remotefs [None req-964734bc-cf3d-430a-8cc5-b436b4934af6 tempest-VolumesExtendTest-1384472580 None] Creating volume 823d1be8-1f90-4eca-9f94-2ada69fe5f1b {{(pid=94220) create_volume /opt/stack/cinder/cinder/volume/drivers/remotefs.py:292}}
Aug 14 16:54:58 devstack cinder-volume[94220]: DEBUG oslo_concurrency.lockutils [None req-964734bc-cf3d-430a-8cc5-b436b4934af6 tempest-VolumesExtendTest-1384472580 None] Acquiring lock "quobyte_ensure" by "cinder.volume.drivers.quobyte.QuobyteDriver._ensure_shares_mounted" {{(pid=94220) inner /opt/stack/data/venv/lib/python3.12/site-packages/oslo_concurrency/lockutils.py:512}}
Aug 14 16:54:58 devstack cinder-volume[94220]: DEBUG oslo_concurrency.lockutils [None req-964734bc-cf3d-430a-8cc5-b436b4934af6 tempest-VolumesExtendTest-1384472580 None] Lock "quobyte_ensure" acquired by "cinder.volume.drivers.quobyte.QuobyteDriver._ensure_shares_mounted" :: waited 0.000s {{(pid=94220) inner /opt/stack/data/venv/lib/python3.12/site-packages/oslo_concurrency/lockutils.py:525}}
Aug 14 16:54:58 devstack cinder-volume[94220]: DEBUG cinder.volume.drivers.quobyte [None req-964734bc-cf3d-430a-8cc5-b436b4934af6 tempest-VolumesExtendTest-1384472580 None] Quobyte Volume URL set to: {'osci02.corp.quobyte.com/cinder-vol-451c12cd-96cb-487f-82d0-d3080ad1d1dd': None} {{(pid=94220) _load_shares_config /opt/stack/cinder/cinder/volume/drivers/quobyte.py:665}}
Aug 14 16:54:58 devstack cinder-volume[94220]: DEBUG cinder.volume.drivers.quobyte [None req-964734bc-cf3d-430a-8cc5-b436b4934af6 tempest-VolumesExtendTest-1384472580 None] Available shares ['osci02.corp.quobyte.com/cinder-vol-451c12cd-96cb-487f-82d0-d3080ad1d1dd'] {{(pid=94220) _ensure_shares_mounted /opt/stack/cinder/cinder/volume/drivers/quobyte.py:695}}
Aug 14 16:54:58 devstack cinder-volume[94220]: DEBUG oslo_concurrency.lockutils [None req-964734bc-cf3d-430a-8cc5-b436b4934af6 tempest-VolumesExtendTest-1384472580 None] Lock "quobyte_ensure" "released" by "cinder.volume.drivers.quobyte.QuobyteDriver._ensure_shares_mounted" :: held 0.006s {{(pid=94220) inner /opt/stack/data/venv/lib/python3.12/site-packages/oslo_concurrency/lockutils.py:544}}
Aug 14 16:54:58 devstack cinder-volume[94220]: DEBUG cinder.volume.drivers.quobyte [None req-964734bc-cf3d-430a-8cc5-b436b4934af6 tempest-VolumesExtendTest-1384472580 None] Selected osci02.corp.quobyte.com/cinder-vol-451c12cd-96cb-487f-82d0-d3080ad1d1dd as target Quobyte volume. {{(pid=94220) _find_share /opt/stack/cinder/cinder/volume/drivers/quobyte.py:716}}
Aug 14 16:54:58 devstack cinder-volume[94220]: INFO cinder.volume.drivers.remotefs [None req-964734bc-cf3d-430a-8cc5-b436b4934af6 tempest-VolumesExtendTest-1384472580 None] casted to osci02.corp.quobyte.com/cinder-vol-451c12cd-96cb-487f-82d0-d3080ad1d1dd
Aug 14 16:54:58 devstack cinder-volume[94220]: DEBUG oslo_concurrency.processutils [None req-964734bc-cf3d-430a-8cc5-b436b4934af6 tempest-VolumesExtendTest-1384472580 None] Running cmd (subprocess): sudo cinder-rootwrap /etc/cinder/rootwrap.conf qemu-img create -f qcow2 -o preallocation=metadata /opt/stack/data/cinder/mnt/a3b4d298673f44f0ae4e3cb18ca9b20f/volume-823d1be8-1f90-4eca-9f94-2ada69fe5f1b 1073741824 {{(pid=94220) execute /opt/stack/data/venv/lib/python3.12/site-packages/oslo_concurrency/processutils.py:440}}
Aug 14 16:54:58 devstack sudo[103873]: quobyte : PWD=/ ; USER=root ; COMMAND=/opt/stack/data/venv/bin/cinder-rootwrap /etc/cinder/rootwrap.conf qemu-img create -f qcow2 -o preallocation=metadata /opt/stack/data/cinder/mnt/a3b4d298673f44f0ae4e3cb18ca9b20f/volume-823d1be8-1f90-4eca-9f94-2ada69fe5f1b 1073741824
Aug 14 16:54:58 devstack sudo[103873]: pam_unix(sudo:session): session opened for user root(uid=0) by (uid=1000)
Aug 14 16:54:58 devstack sudo[103873]: pam_unix(sudo:session): session closed for user root
Aug 14 16:54:58 devstack cinder-volume[94220]: DEBUG oslo_concurrency.processutils [None req-964734bc-cf3d-430a-8cc5-b436b4934af6 tempest-VolumesExtendTest-1384472580 None] CMD "sudo cinder-rootwrap /etc/cinder/rootwrap.conf qemu-img create -f qcow2 -o preallocation=metadata /opt/stack/data/cinder/mnt/a3b4d298673f44f0ae4e3cb18ca9b20f/volume-823d1be8-1f90-4eca-9f94-2ada69fe5f1b 1073741824" returned: 0 in 0.582s {{(pid=94220) execute /opt/stack/data/venv/lib/python3.12/site-packages/oslo_concurrency/processutils.py:468}}
Aug 14 16:54:58 devstack cinder-volume[94220]: DEBUG oslo_concurrency.processutils [None req-964734bc-cf3d-430a-8cc5-b436b4934af6 tempest-VolumesExtendTest-1384472580 None] Running cmd (subprocess): sudo cinder-rootwrap /etc/cinder/rootwrap.conf chmod ugo+rw /opt/stack/data/cinder/mnt/a3b4d298673f44f0ae4e3cb18ca9b20f/volume-823d1be8-1f90-4eca-9f94-2ada69fe5f1b {{(pid=94220) execute /opt/stack/data/venv/lib/python3.12/site-packages/oslo_concurrency/processutils.py:440}}
Aug 14 16:54:58 devstack sudo[103878]: quobyte : PWD=/ ; USER=root ; COMMAND=/opt/stack/data/venv/bin/cinder-rootwrap /etc/cinder/rootwrap.conf chmod ugo+rw /opt/stack/data/cinder/mnt/a3b4d298673f44f0ae4e3cb18ca9b20f/volume-823d1be8-1f90-4eca-9f94-2ada69fe5f1b
Aug 14 16:54:58 devstack sudo[103878]: pam_unix(sudo:session): session opened for user root(uid=0) by (uid=1000)
Aug 14 16:54:59 devstack sudo[103878]: pam_unix(sudo:session): session closed for user root
Aug 14 16:54:59 devstack cinder-volume[94220]: DEBUG oslo_concurrency.processutils [None req-964734bc-cf3d-430a-8cc5-b436b4934af6 tempest-VolumesExtendTest-1384472580 None] CMD "sudo cinder-rootwrap /etc/cinder/rootwrap.conf chmod ugo+rw /opt/stack/data/cinder/mnt/a3b4d298673f44f0ae4e3cb18ca9b20f/volume-823d1be8-1f90-4eca-9f94-2ada69fe5f1b" returned: 0 in 0.397s {{(pid=94220) execute /opt/stack/data/venv/lib/python3.12/site-packages/oslo_concurrency/processutils.py:468}}
Aug 14 16:54:59 devstack cinder-volume[94220]: DEBUG cinder.volume.drivers.quobyte [None req-964734bc-cf3d-430a-8cc5-b436b4934af6 tempest-VolumesExtendTest-1384472580 None] <== create_volume: return (1050ms) {'provider_location': 'osci02.corp.quobyte.com/cinder-vol-451c12cd-96cb-487f-82d0-d3080ad1d1dd'} {{(pid=94220) trace_logging_wrapper /opt/stack/cinder/cinder/volume/volume_utils.py:1522}}
Aug 14 16:54:59 devstack cinder-volume[94220]: DEBUG oslo_concurrency.lockutils [None req-964734bc-cf3d-430a-8cc5-b436b4934af6 tempest-VolumesExtendTest-1384472580 None] Lock "quobyte" "released" by "cinder.volume.drivers.quobyte.QuobyteDriver.create_volume" :: held 1.054s {{(pid=94220) inner /opt/stack/data/venv/lib/python3.12/site-packages/oslo_concurrency/lockutils.py:544}}
Aug 14 16:54:59 devstack cinder-volume[94220]: DEBUG cinder.volume.manager [None req-964734bc-cf3d-430a-8cc5-b436b4934af6 tempest-VolumesExtendTest-1384472580 None] Task 'cinder.volume.flows.manager.create_volume.CreateVolumeFromSpecTask;volume:create' (0b6d54ae-3082-400f-8e4c-4a5254ee7b54) transitioned into state 'SUCCESS' from state 'RUNNING' with result '{'status': 'creating', 'volume_name': 'volume-823d1be8-1f90-4eca-9f94-2ada69fe5f1b', 'volume_size': 1}' {{(pid=94220) _task_receiver /opt/stack/data/venv/lib/python3.12/site-packages/taskflow/listeners/logging.py:218}}
Aug 14 16:54:59 devstack cinder-volume[94220]: DEBUG cinder.volume.manager [None req-964734bc-cf3d-430a-8cc5-b436b4934af6 tempest-VolumesExtendTest-1384472580 None] Task 'cinder.volume.flows.manager.create_volume.CreateVolumeOnFinishTask;volume:create, create.end' (ca912b56-da78-4324-9a06-9391bcfbca60) transitioned into state 'RUNNING' from state 'PENDING' {{(pid=94220) _task_receiver /opt/stack/data/venv/lib/python3.12/site-packages/taskflow/listeners/logging.py:242}}
Aug 14 16:54:59 devstack cinder-volume[94220]: INFO cinder.volume.flows.manager.create_volume [None req-964734bc-cf3d-430a-8cc5-b436b4934af6 tempest-VolumesExtendTest-1384472580 None] Volume volume-823d1be8-1f90-4eca-9f94-2ada69fe5f1b (823d1be8-1f90-4eca-9f94-2ada69fe5f1b): created successfully
Aug 14 16:54:59 devstack cinder-volume[94220]: DEBUG cinder.volume.manager [None req-964734bc-cf3d-430a-8cc5-b436b4934af6 tempest-VolumesExtendTest-1384472580 None] Task 'cinder.volume.flows.manager.create_volume.CreateVolumeOnFinishTask;volume:create, create.end' (ca912b56-da78-4324-9a06-9391bcfbca60) transitioned into state 'SUCCESS' from state 'RUNNING' with result 'None' {{(pid=94220) _task_receiver /opt/stack/data/venv/lib/python3.12/site-packages/taskflow/listeners/logging.py:218}}
Aug 14 16:54:59 devstack cinder-volume[94220]: DEBUG cinder.volume.manager [None req-964734bc-cf3d-430a-8cc5-b436b4934af6 tempest-VolumesExtendTest-1384472580 None] Flow 'volume_create_manager' (7b976d77-dee8-4b04-bdba-798b20d38994) transitioned into state 'SUCCESS' from state 'RUNNING' {{(pid=94220) _flow_receiver /opt/stack/data/venv/lib/python3.12/site-packages/taskflow/listeners/logging.py:160}}
Aug 14 16:54:59 devstack cinder-volume[94220]: INFO cinder.volume.manager [None req-964734bc-cf3d-430a-8cc5-b436b4934af6 tempest-VolumesExtendTest-1384472580 None] Created volume successfully.
Aug 14 16:55:00 devstack cinder-volume[94220]: DEBUG oslo_concurrency.lockutils [None req-b67c38bd-7329-4298-a539-9dbd3c3d0025 tempest-VolumesExtendTest-1384472580 None] Acquiring lock "quobyte" by "cinder.volume.drivers.quobyte.QuobyteDriver.create_snapshot" {{(pid=94220) inner /opt/stack/data/venv/lib/python3.12/site-packages/oslo_concurrency/lockutils.py:512}}
Aug 14 16:55:00 devstack cinder-volume[94220]: DEBUG oslo_concurrency.lockutils [None req-b67c38bd-7329-4298-a539-9dbd3c3d0025 tempest-VolumesExtendTest-1384472580 None] Lock "quobyte" acquired by "cinder.volume.drivers.quobyte.QuobyteDriver.create_snapshot" :: waited 0.001s {{(pid=94220) inner /opt/stack/data/venv/lib/python3.12/site-packages/oslo_concurrency/lockutils.py:525}}
Aug 14 16:55:00 devstack cinder-volume[94220]: DEBUG cinder.volume.drivers.remotefs [None req-b67c38bd-7329-4298-a539-9dbd3c3d0025 tempest-VolumesExtendTest-1384472580 None] Creating offline snapshot 3b2f5d08-666f-4ace-8a4b-9660d972a7f8 of volume 823d1be8-1f90-4eca-9f94-2ada69fe5f1b {{(pid=94220) _create_snapshot /opt/stack/cinder/cinder/volume/drivers/remotefs.py:1816}}
Aug 14 16:55:00 devstack cinder-volume[94220]: DEBUG oslo.privsep.daemon [-] privsep: reply[a7984e0a-6bce-4b68-805d-2eb75ddc35f8]: (4, 'qcow2') {{(pid=95925) _call_back /opt/stack/data/venv/lib/python3.12/site-packages/oslo_privsep/daemon.py:580}}
Aug 14 16:55:00 devstack cinder-volume[94220]: DEBUG oslo_concurrency.processutils [None req-b67c38bd-7329-4298-a539-9dbd3c3d0025 tempest-VolumesExtendTest-1384472580 None] Running cmd (subprocess): /opt/stack/data/venv/bin/python3.12 -m oslo_concurrency.prlimit --as=1073741824 --cpu=60 -- sudo cinder-rootwrap /etc/cinder/rootwrap.conf env LC_ALL=C qemu-img info -f qcow2 --output=json --force-share /opt/stack/data/cinder/mnt/a3b4d298673f44f0ae4e3cb18ca9b20f/volume-823d1be8-1f90-4eca-9f94-2ada69fe5f1b {{(pid=94220) execute /opt/stack/data/venv/lib/python3.12/site-packages/oslo_concurrency/processutils.py:440}}
Aug 14 16:55:00 devstack sudo[103881]: quobyte : PWD=/ ; USER=root ; COMMAND=/opt/stack/data/venv/bin/cinder-rootwrap /etc/cinder/rootwrap.conf env LC_ALL=C qemu-img info -f qcow2 --output=json --force-share /opt/stack/data/cinder/mnt/a3b4d298673f44f0ae4e3cb18ca9b20f/volume-823d1be8-1f90-4eca-9f94-2ada69fe5f1b
Aug 14 16:55:00 devstack sudo[103881]: pam_unix(sudo:session): session opened for user root(uid=0) by (uid=1000)
Aug 14 16:55:00 devstack sudo[103881]: pam_unix(sudo:session): session closed for user root
Aug 14 16:55:00 devstack cinder-volume[94220]: DEBUG oslo_concurrency.processutils [None req-b67c38bd-7329-4298-a539-9dbd3c3d0025 tempest-VolumesExtendTest-1384472580 None] CMD "/opt/stack/data/venv/bin/python3.12 -m oslo_concurrency.prlimit --as=1073741824 --cpu=60 -- sudo cinder-rootwrap /etc/cinder/rootwrap.conf env LC_ALL=C qemu-img info -f qcow2 --output=json --force-share /opt/stack/data/cinder/mnt/a3b4d298673f44f0ae4e3cb18ca9b20f/volume-823d1be8-1f90-4eca-9f94-2ada69fe5f1b" returned: 0 in 0.489s {{(pid=94220) execute /opt/stack/data/venv/lib/python3.12/site-packages/oslo_concurrency/processutils.py:468}}
Aug 14 16:55:00 devstack cinder-volume[94220]: DEBUG oslo_concurrency.processutils [None req-b67c38bd-7329-4298-a539-9dbd3c3d0025 tempest-VolumesExtendTest-1384472580 None] Running cmd (subprocess): sudo cinder-rootwrap /etc/cinder/rootwrap.conf qemu-img create -f qcow2 -o backing_file=/opt/stack/data/cinder/mnt/a3b4d298673f44f0ae4e3cb18ca9b20f/volume-823d1be8-1f90-4eca-9f94-2ada69fe5f1b,backing_fmt=qcow2 /opt/stack/data/cinder/mnt/a3b4d298673f44f0ae4e3cb18ca9b20f/volume-823d1be8-1f90-4eca-9f94-2ada69fe5f1b.3b2f5d08-666f-4ace-8a4b-9660d972a7f8 1G {{(pid=94220) execute /opt/stack/data/venv/lib/python3.12/site-packages/oslo_concurrency/processutils.py:440}}
Aug 14 16:55:00 devstack sudo[103888]: quobyte : PWD=/ ; USER=root ; COMMAND=/opt/stack/data/venv/bin/cinder-rootwrap /etc/cinder/rootwrap.conf qemu-img create -f qcow2 -o backing_file=/opt/stack/data/cinder/mnt/a3b4d298673f44f0ae4e3cb18ca9b20f/volume-823d1be8-1f90-4eca-9f94-2ada69fe5f1b,backing_fmt=qcow2 /opt/stack/data/cinder/mnt/a3b4d298673f44f0ae4e3cb18ca9b20f/volume-823d1be8-1f90-4eca-9f94-2ada69fe5f1b.3b2f5d08-666f-4ace-8a4b-9660d972a7f8 1G
Aug 14 16:55:00 devstack sudo[103888]: pam_unix(sudo:session): session opened for user root(uid=0) by (uid=1000)
Aug 14 16:55:01 devstack sudo[103888]: pam_unix(sudo:session): session closed for user root
Aug 14 16:55:01 devstack cinder-volume[94220]: DEBUG oslo_concurrency.processutils [None req-b67c38bd-7329-4298-a539-9dbd3c3d0025 tempest-VolumesExtendTest-1384472580 None] CMD "sudo cinder-rootwrap /etc/cinder/rootwrap.conf qemu-img create -f qcow2 -o backing_file=/opt/stack/data/cinder/mnt/a3b4d298673f44f0ae4e3cb18ca9b20f/volume-823d1be8-1f90-4eca-9f94-2ada69fe5f1b,backing_fmt=qcow2 /opt/stack/data/cinder/mnt/a3b4d298673f44f0ae4e3cb18ca9b20f/volume-823d1be8-1f90-4eca-9f94-2ada69fe5f1b.3b2f5d08-666f-4ace-8a4b-9660d972a7f8 1G" returned: 0 in 0.736s {{(pid=94220) execute /opt/stack/data/venv/lib/python3.12/site-packages/oslo_concurrency/processutils.py:468}}
Aug 14 16:55:01 devstack cinder-volume[94220]: DEBUG oslo_concurrency.processutils [None req-b67c38bd-7329-4298-a539-9dbd3c3d0025 tempest-VolumesExtendTest-1384472580 None] Running cmd (subprocess): sudo cinder-rootwrap /etc/cinder/rootwrap.conf qemu-img rebase -u -b volume-823d1be8-1f90-4eca-9f94-2ada69fe5f1b -F qcow2 /opt/stack/data/cinder/mnt/a3b4d298673f44f0ae4e3cb18ca9b20f/volume-823d1be8-1f90-4eca-9f94-2ada69fe5f1b.3b2f5d08-666f-4ace-8a4b-9660d972a7f8 {{(pid=94220) execute /opt/stack/data/venv/lib/python3.12/site-packages/oslo_concurrency/processutils.py:440}}
Aug 14 16:55:01 devstack sudo[103962]: quobyte : PWD=/ ; USER=root ; COMMAND=/opt/stack/data/venv/bin/cinder-rootwrap /etc/cinder/rootwrap.conf qemu-img rebase -u -b volume-823d1be8-1f90-4eca-9f94-2ada69fe5f1b -F qcow2 /opt/stack/data/cinder/mnt/a3b4d298673f44f0ae4e3cb18ca9b20f/volume-823d1be8-1f90-4eca-9f94-2ada69fe5f1b.3b2f5d08-666f-4ace-8a4b-9660d972a7f8
Aug 14 16:55:01 devstack sudo[103962]: pam_unix(sudo:session): session opened for user root(uid=0) by (uid=1000)
Aug 14 16:55:02 devstack sudo[103962]: pam_unix(sudo:session): session closed for user root
Aug 14 16:55:02 devstack cinder-volume[94220]: DEBUG oslo_concurrency.processutils [None req-b67c38bd-7329-4298-a539-9dbd3c3d0025 tempest-VolumesExtendTest-1384472580 None] CMD "sudo cinder-rootwrap /etc/cinder/rootwrap.conf qemu-img rebase -u -b volume-823d1be8-1f90-4eca-9f94-2ada69fe5f1b -F qcow2 /opt/stack/data/cinder/mnt/a3b4d298673f44f0ae4e3cb18ca9b20f/volume-823d1be8-1f90-4eca-9f94-2ada69fe5f1b.3b2f5d08-666f-4ace-8a4b-9660d972a7f8" returned: 0 in 0.677s {{(pid=94220) execute /opt/stack/data/venv/lib/python3.12/site-packages/oslo_concurrency/processutils.py:468}}
Aug 14 16:55:02 devstack cinder-volume[94220]: WARNING cinder.volume.drivers.remotefs [None req-b67c38bd-7329-4298-a539-9dbd3c3d0025 tempest-VolumesExtendTest-1384472580 None] /opt/stack/data/cinder/mnt/a3b4d298673f44f0ae4e3cb18ca9b20f/volume-823d1be8-1f90-4eca-9f94-2ada69fe5f1b.3b2f5d08-666f-4ace-8a4b-9660d972a7f8 is being set with open permissions: ugo+rw
Aug 14 16:55:02 devstack cinder-volume[94220]: DEBUG oslo_concurrency.processutils [None req-b67c38bd-7329-4298-a539-9dbd3c3d0025 tempest-VolumesExtendTest-1384472580 None] Running cmd (subprocess): sudo cinder-rootwrap /etc/cinder/rootwrap.conf chmod ugo+rw /opt/stack/data/cinder/mnt/a3b4d298673f44f0ae4e3cb18ca9b20f/volume-823d1be8-1f90-4eca-9f94-2ada69fe5f1b.3b2f5d08-666f-4ace-8a4b-9660d972a7f8 {{(pid=94220) execute /opt/stack/data/venv/lib/python3.12/site-packages/oslo_concurrency/processutils.py:440}}
Aug 14 16:55:02 devstack sudo[104163]: quobyte : PWD=/ ; USER=root ; COMMAND=/opt/stack/data/venv/bin/cinder-rootwrap /etc/cinder/rootwrap.conf chmod ugo+rw /opt/stack/data/cinder/mnt/a3b4d298673f44f0ae4e3cb18ca9b20f/volume-823d1be8-1f90-4eca-9f94-2ada69fe5f1b.3b2f5d08-666f-4ace-8a4b-9660d972a7f8
Aug 14 16:55:02 devstack sudo[104163]: pam_unix(sudo:session): session opened for user root(uid=0) by (uid=1000)
Aug 14 16:55:02 devstack sudo[104163]: pam_unix(sudo:session): session closed for user root
Aug 14 16:55:02 devstack cinder-volume[94220]: DEBUG oslo_concurrency.processutils [None req-b67c38bd-7329-4298-a539-9dbd3c3d0025 tempest-VolumesExtendTest-1384472580 None] CMD "sudo cinder-rootwrap /etc/cinder/rootwrap.conf chmod ugo+rw /opt/stack/data/cinder/mnt/a3b4d298673f44f0ae4e3cb18ca9b20f/volume-823d1be8-1f90-4eca-9f94-2ada69fe5f1b.3b2f5d08-666f-4ace-8a4b-9660d972a7f8" returned: 0 in 0.357s {{(pid=94220) execute /opt/stack/data/venv/lib/python3.12/site-packages/oslo_concurrency/processutils.py:468}}
Aug 14 16:55:02 devstack cinder-volume[94220]: DEBUG oslo_concurrency.processutils [None req-b67c38bd-7329-4298-a539-9dbd3c3d0025 tempest-VolumesExtendTest-1384472580 None] Running cmd (subprocess): sudo cinder-rootwrap /etc/cinder/rootwrap.conf truncate -s0 /opt/stack/data/cinder/mnt/a3b4d298673f44f0ae4e3cb18ca9b20f/volume-823d1be8-1f90-4eca-9f94-2ada69fe5f1b.info {{(pid=94220) execute /opt/stack/data/venv/lib/python3.12/site-packages/oslo_concurrency/processutils.py:440}}
Aug 14 16:55:02 devstack sudo[104257]: quobyte : PWD=/ ; USER=root ; COMMAND=/opt/stack/data/venv/bin/cinder-rootwrap /etc/cinder/rootwrap.conf truncate -s0 /opt/stack/data/cinder/mnt/a3b4d298673f44f0ae4e3cb18ca9b20f/volume-823d1be8-1f90-4eca-9f94-2ada69fe5f1b.info
Aug 14 16:55:02 devstack sudo[104257]: pam_unix(sudo:session): session opened for user root(uid=0) by (uid=1000)
Aug 14 16:55:02 devstack sudo[104257]: pam_unix(sudo:session): session closed for user root
Aug 14 16:55:02 devstack cinder-volume[94220]: DEBUG oslo_concurrency.processutils [None req-b67c38bd-7329-4298-a539-9dbd3c3d0025 tempest-VolumesExtendTest-1384472580 None] CMD "sudo cinder-rootwrap /etc/cinder/rootwrap.conf truncate -s0 /opt/stack/data/cinder/mnt/a3b4d298673f44f0ae4e3cb18ca9b20f/volume-823d1be8-1f90-4eca-9f94-2ada69fe5f1b.info" returned: 0 in 0.362s {{(pid=94220) execute /opt/stack/data/venv/lib/python3.12/site-packages/oslo_concurrency/processutils.py:468}}
Aug 14 16:55:02 devstack cinder-volume[94220]: WARNING cinder.volume.drivers.remotefs [None req-b67c38bd-7329-4298-a539-9dbd3c3d0025 tempest-VolumesExtendTest-1384472580 None] /opt/stack/data/cinder/mnt/a3b4d298673f44f0ae4e3cb18ca9b20f/volume-823d1be8-1f90-4eca-9f94-2ada69fe5f1b.info is being set with open permissions: ugo+rw
Aug 14 16:55:02 devstack cinder-volume[94220]: DEBUG oslo_concurrency.processutils [None req-b67c38bd-7329-4298-a539-9dbd3c3d0025 tempest-VolumesExtendTest-1384472580 None] Running cmd (subprocess): sudo cinder-rootwrap /etc/cinder/rootwrap.conf chmod ugo+rw /opt/stack/data/cinder/mnt/a3b4d298673f44f0ae4e3cb18ca9b20f/volume-823d1be8-1f90-4eca-9f94-2ada69fe5f1b.info {{(pid=94220) execute /opt/stack/data/venv/lib/python3.12/site-packages/oslo_concurrency/processutils.py:440}}
Aug 14 16:55:02 devstack sudo[104260]: quobyte : PWD=/ ; USER=root ; COMMAND=/opt/stack/data/venv/bin/cinder-rootwrap /etc/cinder/rootwrap.conf chmod ugo+rw /opt/stack/data/cinder/mnt/a3b4d298673f44f0ae4e3cb18ca9b20f/volume-823d1be8-1f90-4eca-9f94-2ada69fe5f1b.info
Aug 14 16:55:02 devstack sudo[104260]: pam_unix(sudo:session): session opened for user root(uid=0) by (uid=1000)
Aug 14 16:55:03 devstack sudo[104260]: pam_unix(sudo:session): session closed for user root
Aug 14 16:55:03 devstack cinder-volume[94220]: DEBUG oslo_concurrency.processutils [None req-b67c38bd-7329-4298-a539-9dbd3c3d0025 tempest-VolumesExtendTest-1384472580 None] CMD "sudo cinder-rootwrap /etc/cinder/rootwrap.conf chmod ugo+rw /opt/stack/data/cinder/mnt/a3b4d298673f44f0ae4e3cb18ca9b20f/volume-823d1be8-1f90-4eca-9f94-2ada69fe5f1b.info" returned: 0 in 0.456s {{(pid=94220) execute /opt/stack/data/venv/lib/python3.12/site-packages/oslo_concurrency/processutils.py:468}}
Aug 14 16:55:03 devstack cinder-volume[94220]: DEBUG oslo_concurrency.lockutils [None req-b67c38bd-7329-4298-a539-9dbd3c3d0025 tempest-VolumesExtendTest-1384472580 None] Lock "quobyte" "released" by "cinder.volume.drivers.quobyte.QuobyteDriver.create_snapshot" :: held 3.231s {{(pid=94220) inner /opt/stack/data/venv/lib/python3.12/site-packages/oslo_concurrency/lockutils.py:544}}
Aug 14 16:55:03 devstack cinder-volume[94220]: INFO cinder.volume.manager [None req-b67c38bd-7329-4298-a539-9dbd3c3d0025 tempest-VolumesExtendTest-1384472580 None] Create snapshot completed successfully
Aug 14 16:55:04 devstack cinder-volume[94220]: DEBUG oslo_concurrency.lockutils [None req-53a56bfc-07f3-476c-af7f-46c67876543d tempest-VolumesExtendTest-1384472580 None] Acquiring lock "quobyte" by "cinder.volume.drivers.quobyte.QuobyteDriver.extend_volume" {{(pid=94220) inner /opt/stack/data/venv/lib/python3.12/site-packages/oslo_concurrency/lockutils.py:512}}
Aug 14 16:55:04 devstack cinder-volume[94220]: DEBUG oslo_concurrency.lockutils [None req-53a56bfc-07f3-476c-af7f-46c67876543d tempest-VolumesExtendTest-1384472580 None] Lock "quobyte" acquired by "cinder.volume.drivers.quobyte.QuobyteDriver.extend_volume" :: waited 0.002s {{(pid=94220) inner /opt/stack/data/venv/lib/python3.12/site-packages/oslo_concurrency/lockutils.py:525}}
Aug 14 16:55:04 devstack cinder-volume[94220]: DEBUG oslo.privsep.daemon [-] privsep: reply[31cae9c3-8287-491a-b512-a332db1c3759]: (4, 'qcow2') {{(pid=95925) _call_back /opt/stack/data/venv/lib/python3.12/site-packages/oslo_privsep/daemon.py:580}}
Aug 14 16:55:04 devstack cinder-volume[94220]: DEBUG oslo_concurrency.processutils [None req-53a56bfc-07f3-476c-af7f-46c67876543d tempest-VolumesExtendTest-1384472580 None] Running cmd (subprocess): /opt/stack/data/venv/bin/python3.12 -m oslo_concurrency.prlimit --as=1073741824 --cpu=60 -- sudo cinder-rootwrap /etc/cinder/rootwrap.conf env LC_ALL=C qemu-img info -f qcow2 --output=json --force-share /opt/stack/data/cinder/mnt/a3b4d298673f44f0ae4e3cb18ca9b20f/volume-823d1be8-1f90-4eca-9f94-2ada69fe5f1b {{(pid=94220) execute /opt/stack/data/venv/lib/python3.12/site-packages/oslo_concurrency/processutils.py:440}}
Aug 14 16:55:04 devstack sudo[104285]: quobyte : PWD=/ ; USER=root ; COMMAND=/opt/stack/data/venv/bin/cinder-rootwrap /etc/cinder/rootwrap.conf env LC_ALL=C qemu-img info -f qcow2 --output=json --force-share /opt/stack/data/cinder/mnt/a3b4d298673f44f0ae4e3cb18ca9b20f/volume-823d1be8-1f90-4eca-9f94-2ada69fe5f1b
Aug 14 16:55:04 devstack sudo[104285]: pam_unix(sudo:session): session opened for user root(uid=0) by (uid=1000)
Aug 14 16:55:05 devstack sudo[104285]: pam_unix(sudo:session): session closed for user root
Aug 14 16:55:05 devstack cinder-volume[94220]: DEBUG oslo_concurrency.processutils [None req-53a56bfc-07f3-476c-af7f-46c67876543d tempest-VolumesExtendTest-1384472580 None] CMD "/opt/stack/data/venv/bin/python3.12 -m oslo_concurrency.prlimit --as=1073741824 --cpu=60 -- sudo cinder-rootwrap /etc/cinder/rootwrap.conf env LC_ALL=C qemu-img info -f qcow2 --output=json --force-share /opt/stack/data/cinder/mnt/a3b4d298673f44f0ae4e3cb18ca9b20f/volume-823d1be8-1f90-4eca-9f94-2ada69fe5f1b" returned: 0 in 0.412s {{(pid=94220) execute /opt/stack/data/venv/lib/python3.12/site-packages/oslo_concurrency/processutils.py:468}}
Aug 14 16:55:05 devstack cinder-volume[94220]: DEBUG oslo_concurrency.processutils [None req-53a56bfc-07f3-476c-af7f-46c67876543d tempest-VolumesExtendTest-1384472580 None] Running cmd (subprocess): qemu-img resize /opt/stack/data/cinder/mnt/a3b4d298673f44f0ae4e3cb18ca9b20f/volume-823d1be8-1f90-4eca-9f94-2ada69fe5f1b.3b2f5d08-666f-4ace-8a4b-9660d972a7f8 2G {{(pid=94220) execute /opt/stack/data/venv/lib/python3.12/site-packages/oslo_concurrency/processutils.py:440}}
Aug 14 16:55:05 devstack cinder-volume[94220]: DEBUG oslo_concurrency.processutils [None req-53a56bfc-07f3-476c-af7f-46c67876543d tempest-VolumesExtendTest-1384472580 None] CMD "qemu-img resize /opt/stack/data/cinder/mnt/a3b4d298673f44f0ae4e3cb18ca9b20f/volume-823d1be8-1f90-4eca-9f94-2ada69fe5f1b.3b2f5d08-666f-4ace-8a4b-9660d972a7f8 2G" returned: 0 in 0.207s {{(pid=94220) execute /opt/stack/data/venv/lib/python3.12/site-packages/oslo_concurrency/processutils.py:468}}
Aug 14 16:55:05 devstack cinder-volume[94220]: DEBUG oslo_concurrency.lockutils [None req-53a56bfc-07f3-476c-af7f-46c67876543d tempest-VolumesExtendTest-1384472580 None] Lock "quobyte" "released" by "cinder.volume.drivers.quobyte.QuobyteDriver.extend_volume" :: held 0.656s {{(pid=94220) inner /opt/stack/data/venv/lib/python3.12/site-packages/oslo_concurrency/lockutils.py:544}}
Aug 14 16:55:05 devstack cinder-volume[94220]: INFO cinder.volume.manager [None req-53a56bfc-07f3-476c-af7f-46c67876543d tempest-VolumesExtendTest-1384472580 None] Extend volume completed successfully.
Aug 14 16:55:05 devstack cinder-volume[94220]: DEBUG cinder.coordination [None req-8f7d112f-990e-4306-adf3-36eec1532776 tempest-AttachVolumeShelveTestJSON-708515423 None] Acquiring lock "cinder-9a7cf920-a760-4347-a0e3-4153ca3bc4ba-delete_volume" by "delete_volume" {{(pid=94220) __acquire /opt/stack/cinder/cinder/coordination.py:138}}
Aug 14 16:55:05 devstack cinder-volume[94220]: DEBUG cinder.coordination [None req-8f7d112f-990e-4306-adf3-36eec1532776 tempest-AttachVolumeShelveTestJSON-708515423 None] Lock "cinder-9a7cf920-a760-4347-a0e3-4153ca3bc4ba-delete_volume" acquired by "delete_volume" :: waited 0.029s {{(pid=94220) __acquire /opt/stack/cinder/cinder/coordination.py:141}}
Aug 14 16:55:05 devstack cinder-volume[94220]: DEBUG cinder.coordination [None req-8f7d112f-990e-4306-adf3-36eec1532776 tempest-AttachVolumeShelveTestJSON-708515423 None] Acquiring lock "cinder-quobyte-9a7cf920-a760-4347-a0e3-4153ca3bc4ba" by "delete_volume" {{(pid=94220) __acquire /opt/stack/cinder/cinder/coordination.py:138}}
Aug 14 16:55:05 devstack cinder-volume[94220]: DEBUG cinder.coordination [None req-8f7d112f-990e-4306-adf3-36eec1532776 tempest-AttachVolumeShelveTestJSON-708515423 None] Lock "cinder-quobyte-9a7cf920-a760-4347-a0e3-4153ca3bc4ba" acquired by "delete_volume" :: waited 0.016s {{(pid=94220) __acquire /opt/stack/cinder/cinder/coordination.py:141}}
Aug 14 16:55:05 devstack cinder-volume[94220]: DEBUG oslo.privsep.daemon [-] privsep: reply[1f8aab69-a681-4ba1-9918-06acc7d11296]: (4, 'qcow2') {{(pid=95925) _call_back /opt/stack/data/venv/lib/python3.12/site-packages/oslo_privsep/daemon.py:580}}
Aug 14 16:55:05 devstack cinder-volume[94220]: DEBUG cinder.coordination [None req-e1c7275f-e016-471e-861e-4bcee3a26780 tempest-VolumesExtendTest-1384472580 None] Acquiring lock "cinder-3b2f5d08-666f-4ace-8a4b-9660d972a7f8-delete_snapshot" by "delete_snapshot" {{(pid=94220) __acquire /opt/stack/cinder/cinder/coordination.py:138}}
Aug 14 16:55:05 devstack cinder-volume[94220]: DEBUG oslo_concurrency.processutils [None req-8f7d112f-990e-4306-adf3-36eec1532776 tempest-AttachVolumeShelveTestJSON-708515423 None] Running cmd (subprocess): /opt/stack/data/venv/bin/python3.12 -m oslo_concurrency.prlimit --as=1073741824 --cpu=60 -- sudo cinder-rootwrap /etc/cinder/rootwrap.conf env LC_ALL=C qemu-img info -f qcow2 --output=json --force-share /opt/stack/data/cinder/mnt/a3b4d298673f44f0ae4e3cb18ca9b20f/volume-9a7cf920-a760-4347-a0e3-4153ca3bc4ba {{(pid=94220) execute /opt/stack/data/venv/lib/python3.12/site-packages/oslo_concurrency/processutils.py:440}}
Aug 14 16:55:06 devstack cinder-volume[94220]: DEBUG cinder.coordination [None req-e1c7275f-e016-471e-861e-4bcee3a26780 tempest-VolumesExtendTest-1384472580 None] Lock "cinder-3b2f5d08-666f-4ace-8a4b-9660d972a7f8-delete_snapshot" acquired by "delete_snapshot" :: waited 0.050s {{(pid=94220) __acquire /opt/stack/cinder/cinder/coordination.py:141}}
Aug 14 16:55:06 devstack cinder-volume[94220]: DEBUG cinder.coordination [None req-e1c7275f-e016-471e-861e-4bcee3a26780 tempest-VolumesExtendTest-1384472580 None] Acquiring lock "cinder-quobyte-823d1be8-1f90-4eca-9f94-2ada69fe5f1b" by "delete_snapshot" {{(pid=94220) __acquire /opt/stack/cinder/cinder/coordination.py:138}}
Aug 14 16:55:06 devstack cinder-volume[94220]: DEBUG cinder.coordination [None req-e1c7275f-e016-471e-861e-4bcee3a26780 tempest-VolumesExtendTest-1384472580 None] Lock "cinder-quobyte-823d1be8-1f90-4eca-9f94-2ada69fe5f1b" acquired by "delete_snapshot" :: waited 0.021s {{(pid=94220) __acquire /opt/stack/cinder/cinder/coordination.py:141}}
Aug 14 16:55:06 devstack cinder-volume[94220]: DEBUG cinder.coordination [None req-e1c7275f-e016-471e-861e-4bcee3a26780 tempest-VolumesExtendTest-1384472580 None] Acquiring lock "cinder-quobyte-3b2f5d08-666f-4ace-8a4b-9660d972a7f8" by "_delete_snapshot" {{(pid=94220) __acquire /opt/stack/cinder/cinder/coordination.py:138}}
Aug 14 16:55:06 devstack cinder-volume[94220]: DEBUG cinder.coordination [None req-e1c7275f-e016-471e-861e-4bcee3a26780 tempest-VolumesExtendTest-1384472580 None] Lock "cinder-quobyte-3b2f5d08-666f-4ace-8a4b-9660d972a7f8" acquired by "_delete_snapshot" :: waited 0.019s {{(pid=94220) __acquire /opt/stack/cinder/cinder/coordination.py:141}}
Aug 14 16:55:06 devstack cinder-volume[94220]: DEBUG cinder.volume.drivers.remotefs [None req-e1c7275f-e016-471e-861e-4bcee3a26780 tempest-VolumesExtendTest-1384472580 None] Deleting offline snapshot 3b2f5d08-666f-4ace-8a4b-9660d972a7f8 of volume 823d1be8-1f90-4eca-9f94-2ada69fe5f1b {{(pid=94220) _delete_snapshot /opt/stack/cinder/cinder/volume/drivers/remotefs.py:1288}}
Aug 14 16:55:06 devstack cinder-volume[94220]: DEBUG cinder.volume.drivers.remotefs [None req-e1c7275f-e016-471e-861e-4bcee3a26780 tempest-VolumesExtendTest-1384472580 None] snapshot_file for this snap is: volume-823d1be8-1f90-4eca-9f94-2ada69fe5f1b.3b2f5d08-666f-4ace-8a4b-9660d972a7f8 {{(pid=94220) _delete_snapshot /opt/stack/cinder/cinder/volume/drivers/remotefs.py:1317}}
Aug 14 16:55:06 devstack sudo[104293]: quobyte : PWD=/ ; USER=root ; COMMAND=/opt/stack/data/venv/bin/cinder-rootwrap /etc/cinder/rootwrap.conf env LC_ALL=C qemu-img info -f qcow2 --output=json --force-share /opt/stack/data/cinder/mnt/a3b4d298673f44f0ae4e3cb18ca9b20f/volume-9a7cf920-a760-4347-a0e3-4153ca3bc4ba
Aug 14 16:55:06 devstack sudo[104293]: pam_unix(sudo:session): session opened for user root(uid=0) by (uid=1000)
Aug 14 16:55:06 devstack cinder-volume[94220]: DEBUG oslo.privsep.daemon [-] privsep: reply[dbb2d7ee-d060-4a32-a8ac-eb2444bc9e56]: (4, 'qcow2') {{(pid=95925) _call_back /opt/stack/data/venv/lib/python3.12/site-packages/oslo_privsep/daemon.py:580}}
Aug 14 16:55:06 devstack cinder-volume[94220]: DEBUG oslo_concurrency.processutils [None req-e1c7275f-e016-471e-861e-4bcee3a26780 tempest-VolumesExtendTest-1384472580 None] Running cmd (subprocess): /opt/stack/data/venv/bin/python3.12 -m oslo_concurrency.prlimit --as=1073741824 --cpu=60 -- sudo cinder-rootwrap /etc/cinder/rootwrap.conf env LC_ALL=C qemu-img info -f qcow2 --output=json --force-share /opt/stack/data/cinder/mnt/a3b4d298673f44f0ae4e3cb18ca9b20f/volume-823d1be8-1f90-4eca-9f94-2ada69fe5f1b.3b2f5d08-666f-4ace-8a4b-9660d972a7f8 {{(pid=94220) execute /opt/stack/data/venv/lib/python3.12/site-packages/oslo_concurrency/processutils.py:440}}
Aug 14 16:55:06 devstack sudo[104295]: quobyte : PWD=/ ; USER=root ; COMMAND=/opt/stack/data/venv/bin/cinder-rootwrap /etc/cinder/rootwrap.conf env LC_ALL=C qemu-img info -f qcow2 --output=json --force-share /opt/stack/data/cinder/mnt/a3b4d298673f44f0ae4e3cb18ca9b20f/volume-823d1be8-1f90-4eca-9f94-2ada69fe5f1b.3b2f5d08-666f-4ace-8a4b-9660d972a7f8
Aug 14 16:55:06 devstack sudo[104295]: pam_unix(sudo:session): session opened for user root(uid=0) by (uid=1000)
Aug 14 16:55:06 devstack sudo[104293]: pam_unix(sudo:session): session closed for user root
Aug 14 16:55:06 devstack cinder-volume[94220]: DEBUG oslo_concurrency.processutils [None req-8f7d112f-990e-4306-adf3-36eec1532776 tempest-AttachVolumeShelveTestJSON-708515423 None] CMD "/opt/stack/data/venv/bin/python3.12 -m oslo_concurrency.prlimit --as=1073741824 --cpu=60 -- sudo cinder-rootwrap /etc/cinder/rootwrap.conf env LC_ALL=C qemu-img info -f qcow2 --output=json --force-share /opt/stack/data/cinder/mnt/a3b4d298673f44f0ae4e3cb18ca9b20f/volume-9a7cf920-a760-4347-a0e3-4153ca3bc4ba" returned: 0 in 0.399s {{(pid=94220) execute /opt/stack/data/venv/lib/python3.12/site-packages/oslo_concurrency/processutils.py:468}}
Aug 14 16:55:06 devstack cinder-volume[94220]: DEBUG oslo_concurrency.processutils [None req-8f7d112f-990e-4306-adf3-36eec1532776 tempest-AttachVolumeShelveTestJSON-708515423 None] Running cmd (subprocess): sudo cinder-rootwrap /etc/cinder/rootwrap.conf rm -f /opt/stack/data/cinder/mnt/a3b4d298673f44f0ae4e3cb18ca9b20f/volume-9a7cf920-a760-4347-a0e3-4153ca3bc4ba {{(pid=94220) execute /opt/stack/data/venv/lib/python3.12/site-packages/oslo_concurrency/processutils.py:440}}
Aug 14 16:55:06 devstack sudo[104300]: quobyte : PWD=/ ; USER=root ; COMMAND=/opt/stack/data/venv/bin/cinder-rootwrap /etc/cinder/rootwrap.conf rm -f /opt/stack/data/cinder/mnt/a3b4d298673f44f0ae4e3cb18ca9b20f/volume-9a7cf920-a760-4347-a0e3-4153ca3bc4ba
Aug 14 16:55:06 devstack sudo[104300]: pam_unix(sudo:session): session opened for user root(uid=0) by (uid=1000)
Aug 14 16:55:06 devstack sudo[104295]: pam_unix(sudo:session): session closed for user root
Aug 14 16:55:06 devstack cinder-volume[94220]: DEBUG oslo_concurrency.processutils [None req-e1c7275f-e016-471e-861e-4bcee3a26780 tempest-VolumesExtendTest-1384472580 None] CMD "/opt/stack/data/venv/bin/python3.12 -m oslo_concurrency.prlimit --as=1073741824 --cpu=60 -- sudo cinder-rootwrap /etc/cinder/rootwrap.conf env LC_ALL=C qemu-img info -f qcow2 --output=json --force-share /opt/stack/data/cinder/mnt/a3b4d298673f44f0ae4e3cb18ca9b20f/volume-823d1be8-1f90-4eca-9f94-2ada69fe5f1b.3b2f5d08-666f-4ace-8a4b-9660d972a7f8" returned: 0 in 0.515s {{(pid=94220) execute /opt/stack/data/venv/lib/python3.12/site-packages/oslo_concurrency/processutils.py:468}}
Aug 14 16:55:06 devstack cinder-volume[94220]: DEBUG cinder.volume.drivers.remotefs [None req-e1c7275f-e016-471e-861e-4bcee3a26780 tempest-VolumesExtendTest-1384472580 None] Fetching qemu-img info with special backing_file_template: (/opt/stack/data/cinder/mnt/[0-9a-f]+/)?(volume-823d1be8-1f90-4eca-9f94-2ada69fe5f1b(.(tmp-snap-)?[0-9a-f-]+)?|volume_from_snapshot_cache/(tmp-snap-)?[0-9a-f-]+(.(child-|parent-)[0-9a-f-]+)?)$ {{(pid=94220) _qemu_img_info_base /opt/stack/cinder/cinder/volume/drivers/remotefs.py:896}}
Aug 14 16:55:06 devstack cinder-volume[94220]: DEBUG oslo.privsep.daemon [-] privsep: reply[ffb7935c-1f42-4b40-83dc-39b191688090]: (4, 'qcow2') {{(pid=95925) _call_back /opt/stack/data/venv/lib/python3.12/site-packages/oslo_privsep/daemon.py:580}}
Aug 14 16:55:06 devstack cinder-volume[94220]: DEBUG oslo_concurrency.processutils [None req-e1c7275f-e016-471e-861e-4bcee3a26780 tempest-VolumesExtendTest-1384472580 None] Running cmd (subprocess): /opt/stack/data/venv/bin/python3.12 -m oslo_concurrency.prlimit --as=1073741824 --cpu=60 -- sudo cinder-rootwrap /etc/cinder/rootwrap.conf env LC_ALL=C qemu-img info -f qcow2 --output=json --force-share /opt/stack/data/cinder/mnt/a3b4d298673f44f0ae4e3cb18ca9b20f/volume-823d1be8-1f90-4eca-9f94-2ada69fe5f1b {{(pid=94220) execute /opt/stack/data/venv/lib/python3.12/site-packages/oslo_concurrency/processutils.py:440}}
Aug 14 16:55:06 devstack sudo[104300]: pam_unix(sudo:session): session closed for user root
Aug 14 16:55:06 devstack cinder-volume[94220]: DEBUG oslo_concurrency.processutils [None req-8f7d112f-990e-4306-adf3-36eec1532776 tempest-AttachVolumeShelveTestJSON-708515423 None] CMD "sudo cinder-rootwrap /etc/cinder/rootwrap.conf rm -f /opt/stack/data/cinder/mnt/a3b4d298673f44f0ae4e3cb18ca9b20f/volume-9a7cf920-a760-4347-a0e3-4153ca3bc4ba" returned: 0 in 0.423s {{(pid=94220) execute /opt/stack/data/venv/lib/python3.12/site-packages/oslo_concurrency/processutils.py:468}}
Aug 14 16:55:06 devstack cinder-volume[94220]: DEBUG cinder.coordination [None req-8f7d112f-990e-4306-adf3-36eec1532776 tempest-AttachVolumeShelveTestJSON-708515423 None] Lock "cinder-quobyte-9a7cf920-a760-4347-a0e3-4153ca3bc4ba" released by "delete_volume" :: held 0.886s {{(pid=94220) __release /opt/stack/cinder/cinder/coordination.py:152}}
Aug 14 16:55:06 devstack sudo[104305]: quobyte : PWD=/ ; USER=root ; COMMAND=/opt/stack/data/venv/bin/cinder-rootwrap /etc/cinder/rootwrap.conf env LC_ALL=C qemu-img info -f qcow2 --output=json --force-share /opt/stack/data/cinder/mnt/a3b4d298673f44f0ae4e3cb18ca9b20f/volume-823d1be8-1f90-4eca-9f94-2ada69fe5f1b
Aug 14 16:55:06 devstack sudo[104305]: pam_unix(sudo:session): session opened for user root(uid=0) by (uid=1000)
Aug 14 16:55:06 devstack cinder-volume[94220]: DEBUG cinder.quota [None req-8f7d112f-990e-4306-adf3-36eec1532776 tempest-AttachVolumeShelveTestJSON-708515423 None] Created reservations ['3ec8e39d-364f-46d2-9fb0-37c80f90680f', '088dc0d0-7d5b-4f7d-9d15-6de86388c959', 'cafdb435-2808-4a25-9fa0-cff1f7c49c2a', 'd6b1ebff-9356-41f2-83f5-6f39b4feca3f'] {{(pid=94220) reserve /opt/stack/cinder/cinder/quota.py:752}}
Aug 14 16:55:06 devstack cinder-volume[94220]: DEBUG oslo_concurrency.lockutils [None req-8f7d112f-990e-4306-adf3-36eec1532776 tempest-AttachVolumeShelveTestJSON-708515423 None] Acquiring lock "quobyte_ensure" by "cinder.volume.drivers.quobyte.QuobyteDriver._ensure_shares_mounted" {{(pid=94220) inner /opt/stack/data/venv/lib/python3.12/site-packages/oslo_concurrency/lockutils.py:512}}
Aug 14 16:55:06 devstack cinder-volume[94220]: DEBUG oslo_concurrency.lockutils [None req-8f7d112f-990e-4306-adf3-36eec1532776 tempest-AttachVolumeShelveTestJSON-708515423 None] Lock "quobyte_ensure" acquired by "cinder.volume.drivers.quobyte.QuobyteDriver._ensure_shares_mounted" :: waited 0.001s {{(pid=94220) inner /opt/stack/data/venv/lib/python3.12/site-packages/oslo_concurrency/lockutils.py:525}}
Aug 14 16:55:06 devstack cinder-volume[94220]: DEBUG cinder.volume.drivers.quobyte [None req-8f7d112f-990e-4306-adf3-36eec1532776 tempest-AttachVolumeShelveTestJSON-708515423 None] Quobyte Volume URL set to: {'osci02.corp.quobyte.com/cinder-vol-451c12cd-96cb-487f-82d0-d3080ad1d1dd': None} {{(pid=94220) _load_shares_config /opt/stack/cinder/cinder/volume/drivers/quobyte.py:665}}
Aug 14 16:55:06 devstack cinder-volume[94220]: DEBUG cinder.volume.drivers.quobyte [None req-8f7d112f-990e-4306-adf3-36eec1532776 tempest-AttachVolumeShelveTestJSON-708515423 None] Available shares ['osci02.corp.quobyte.com/cinder-vol-451c12cd-96cb-487f-82d0-d3080ad1d1dd'] {{(pid=94220) _ensure_shares_mounted /opt/stack/cinder/cinder/volume/drivers/quobyte.py:695}}
Aug 14 16:55:06 devstack cinder-volume[94220]: DEBUG oslo_concurrency.lockutils [None req-8f7d112f-990e-4306-adf3-36eec1532776 tempest-AttachVolumeShelveTestJSON-708515423 None] Lock "quobyte_ensure" "released" by "cinder.volume.drivers.quobyte.QuobyteDriver._ensure_shares_mounted" :: held 0.010s {{(pid=94220) inner /opt/stack/data/venv/lib/python3.12/site-packages/oslo_concurrency/lockutils.py:544}}
Aug 14 16:55:06 devstack cinder-volume[94220]: DEBUG oslo_concurrency.processutils [None req-8f7d112f-990e-4306-adf3-36eec1532776 tempest-AttachVolumeShelveTestJSON-708515423 None] Running cmd (subprocess): sudo cinder-rootwrap /etc/cinder/rootwrap.conf df --portability --block-size 1 /opt/stack/data/cinder/mnt/a3b4d298673f44f0ae4e3cb18ca9b20f {{(pid=94220) execute /opt/stack/data/venv/lib/python3.12/site-packages/oslo_concurrency/processutils.py:440}}
Aug 14 16:55:07 devstack sudo[104308]: quobyte : PWD=/ ; USER=root ; COMMAND=/opt/stack/data/venv/bin/cinder-rootwrap /etc/cinder/rootwrap.conf df --portability --block-size 1 /opt/stack/data/cinder/mnt/a3b4d298673f44f0ae4e3cb18ca9b20f
Aug 14 16:55:07 devstack sudo[104308]: pam_unix(sudo:session): session opened for user root(uid=0) by (uid=1000)
Aug 14 16:55:07 devstack sudo[104305]: pam_unix(sudo:session): session closed for user root
Aug 14 16:55:07 devstack cinder-volume[94220]: DEBUG oslo_concurrency.processutils [None req-e1c7275f-e016-471e-861e-4bcee3a26780 tempest-VolumesExtendTest-1384472580 None] CMD "/opt/stack/data/venv/bin/python3.12 -m oslo_concurrency.prlimit --as=1073741824 --cpu=60 -- sudo cinder-rootwrap /etc/cinder/rootwrap.conf env LC_ALL=C qemu-img info -f qcow2 --output=json --force-share /opt/stack/data/cinder/mnt/a3b4d298673f44f0ae4e3cb18ca9b20f/volume-823d1be8-1f90-4eca-9f94-2ada69fe5f1b" returned: 0 in 0.588s {{(pid=94220) execute /opt/stack/data/venv/lib/python3.12/site-packages/oslo_concurrency/processutils.py:468}}
Aug 14 16:55:07 devstack cinder-volume[94220]: DEBUG oslo_concurrency.processutils [None req-e1c7275f-e016-471e-861e-4bcee3a26780 tempest-VolumesExtendTest-1384472580 None] Running cmd (subprocess): sudo cinder-rootwrap /etc/cinder/rootwrap.conf qemu-img commit -d /opt/stack/data/cinder/mnt/a3b4d298673f44f0ae4e3cb18ca9b20f/volume-823d1be8-1f90-4eca-9f94-2ada69fe5f1b.3b2f5d08-666f-4ace-8a4b-9660d972a7f8 {{(pid=94220) execute /opt/stack/data/venv/lib/python3.12/site-packages/oslo_concurrency/processutils.py:440}}
Aug 14 16:55:07 devstack sudo[104308]: pam_unix(sudo:session): session closed for user root
Aug 14 16:55:07 devstack cinder-volume[94220]: DEBUG oslo_concurrency.processutils [None req-8f7d112f-990e-4306-adf3-36eec1532776 tempest-AttachVolumeShelveTestJSON-708515423 None] CMD "sudo cinder-rootwrap /etc/cinder/rootwrap.conf df --portability --block-size 1 /opt/stack/data/cinder/mnt/a3b4d298673f44f0ae4e3cb18ca9b20f" returned: 0 in 0.335s {{(pid=94220) execute /opt/stack/data/venv/lib/python3.12/site-packages/oslo_concurrency/processutils.py:468}}
Aug 14 16:55:07 devstack cinder-volume[94220]: DEBUG cinder.manager [None req-8f7d112f-990e-4306-adf3-36eec1532776 tempest-AttachVolumeShelveTestJSON-708515423 None] Notifying Schedulers of capabilities ... {{(pid=94220) _publish_service_capabilities /opt/stack/cinder/cinder/manager.py:219}}
Aug 14 16:55:07 devstack cinder-volume[94220]: INFO cinder.volume.manager [None req-8f7d112f-990e-4306-adf3-36eec1532776 tempest-AttachVolumeShelveTestJSON-708515423 None] Deleted volume successfully.
Aug 14 16:55:07 devstack sudo[104314]: quobyte : PWD=/ ; USER=root ; COMMAND=/opt/stack/data/venv/bin/cinder-rootwrap /etc/cinder/rootwrap.conf qemu-img commit -d /opt/stack/data/cinder/mnt/a3b4d298673f44f0ae4e3cb18ca9b20f/volume-823d1be8-1f90-4eca-9f94-2ada69fe5f1b.3b2f5d08-666f-4ace-8a4b-9660d972a7f8
Aug 14 16:55:07 devstack sudo[104314]: pam_unix(sudo:session): session opened for user root(uid=0) by (uid=1000)
Aug 14 16:55:07 devstack cinder-volume[94220]: DEBUG cinder.coordination [None req-8f7d112f-990e-4306-adf3-36eec1532776 tempest-AttachVolumeShelveTestJSON-708515423 None] Lock "cinder-9a7cf920-a760-4347-a0e3-4153ca3bc4ba-delete_volume" released by "delete_volume" :: held 1.484s {{(pid=94220) __release /opt/stack/cinder/cinder/coordination.py:152}}
Aug 14 16:55:07 devstack sudo[104314]: pam_unix(sudo:session): session closed for user root
Aug 14 16:55:07 devstack cinder-volume[94220]: DEBUG oslo_concurrency.processutils [None req-e1c7275f-e016-471e-861e-4bcee3a26780 tempest-VolumesExtendTest-1384472580 None] CMD "sudo cinder-rootwrap /etc/cinder/rootwrap.conf qemu-img commit -d /opt/stack/data/cinder/mnt/a3b4d298673f44f0ae4e3cb18ca9b20f/volume-823d1be8-1f90-4eca-9f94-2ada69fe5f1b.3b2f5d08-666f-4ace-8a4b-9660d972a7f8" returned: 0 in 0.464s {{(pid=94220) execute /opt/stack/data/venv/lib/python3.12/site-packages/oslo_concurrency/processutils.py:468}}
Aug 14 16:55:07 devstack cinder-volume[94220]: DEBUG oslo_concurrency.processutils [None req-e1c7275f-e016-471e-861e-4bcee3a26780 tempest-VolumesExtendTest-1384472580 None] Running cmd (subprocess): sudo cinder-rootwrap /etc/cinder/rootwrap.conf rm -f /opt/stack/data/cinder/mnt/a3b4d298673f44f0ae4e3cb18ca9b20f/volume-823d1be8-1f90-4eca-9f94-2ada69fe5f1b.3b2f5d08-666f-4ace-8a4b-9660d972a7f8 {{(pid=94220) execute /opt/stack/data/venv/lib/python3.12/site-packages/oslo_concurrency/processutils.py:440}}
Aug 14 16:55:07 devstack sudo[104320]: quobyte : PWD=/ ; USER=root ; COMMAND=/opt/stack/data/venv/bin/cinder-rootwrap /etc/cinder/rootwrap.conf rm -f /opt/stack/data/cinder/mnt/a3b4d298673f44f0ae4e3cb18ca9b20f/volume-823d1be8-1f90-4eca-9f94-2ada69fe5f1b.3b2f5d08-666f-4ace-8a4b-9660d972a7f8
Aug 14 16:55:07 devstack sudo[104320]: pam_unix(sudo:session): session opened for user root(uid=0) by (uid=1000)
Aug 14 16:55:08 devstack sudo[104320]: pam_unix(sudo:session): session closed for user root
Aug 14 16:55:08 devstack cinder-volume[94220]: DEBUG oslo_concurrency.processutils [None req-e1c7275f-e016-471e-861e-4bcee3a26780 tempest-VolumesExtendTest-1384472580 None] CMD "sudo cinder-rootwrap /etc/cinder/rootwrap.conf rm -f /opt/stack/data/cinder/mnt/a3b4d298673f44f0ae4e3cb18ca9b20f/volume-823d1be8-1f90-4eca-9f94-2ada69fe5f1b.3b2f5d08-666f-4ace-8a4b-9660d972a7f8" returned: 0 in 0.287s {{(pid=94220) execute /opt/stack/data/venv/lib/python3.12/site-packages/oslo_concurrency/processutils.py:468}}
Aug 14 16:55:08 devstack cinder-volume[94220]: DEBUG cinder.coordination [None req-e1c7275f-e016-471e-861e-4bcee3a26780 tempest-VolumesExtendTest-1384472580 None] Lock "cinder-quobyte-3b2f5d08-666f-4ace-8a4b-9660d972a7f8" released by "_delete_snapshot" :: held 2.044s {{(pid=94220) __release /opt/stack/cinder/cinder/coordination.py:152}}
Aug 14 16:55:08 devstack cinder-volume[94220]: DEBUG cinder.coordination [None req-e1c7275f-e016-471e-861e-4bcee3a26780 tempest-VolumesExtendTest-1384472580 None] Lock "cinder-quobyte-823d1be8-1f90-4eca-9f94-2ada69fe5f1b" released by "delete_snapshot" :: held 2.073s {{(pid=94220) __release /opt/stack/cinder/cinder/coordination.py:152}}
Aug 14 16:55:08 devstack cinder-volume[94220]: DEBUG cinder.quota [None req-e1c7275f-e016-471e-861e-4bcee3a26780 tempest-VolumesExtendTest-1384472580 None] Created reservations ['dd0bb815-e259-4788-84b9-7454c9a2330e', '8998126b-eb90-43ae-8644-516ad4b871cd', '1ee1085f-1aed-4342-bcc3-ccbc957c50ae', 'd3702931-7db5-42a0-81f9-8b5531447f22'] {{(pid=94220) reserve /opt/stack/cinder/cinder/quota.py:752}}
Aug 14 16:55:08 devstack cinder-volume[94220]: INFO cinder.volume.manager [None req-e1c7275f-e016-471e-861e-4bcee3a26780 tempest-VolumesExtendTest-1384472580 None] Delete snapshot completed successfully.
Aug 14 16:55:08 devstack cinder-volume[94220]: DEBUG cinder.coordination [None req-e1c7275f-e016-471e-861e-4bcee3a26780 tempest-VolumesExtendTest-1384472580 None] Lock "cinder-3b2f5d08-666f-4ace-8a4b-9660d972a7f8-delete_snapshot" released by "delete_snapshot" :: held 2.264s {{(pid=94220) __release /opt/stack/cinder/cinder/coordination.py:152}}
Aug 14 16:55:09 devstack cinder-volume[94220]: DEBUG cinder.coordination [None req-3ea6e2c1-a324-4a3f-a86f-6a96b6378b97 tempest-VolumesExtendTest-1384472580 None] Acquiring lock "cinder-823d1be8-1f90-4eca-9f94-2ada69fe5f1b-delete_volume" by "delete_volume" {{(pid=94220) __acquire /opt/stack/cinder/cinder/coordination.py:138}}
Aug 14 16:55:09 devstack cinder-volume[94220]: DEBUG cinder.coordination [None req-3ea6e2c1-a324-4a3f-a86f-6a96b6378b97 tempest-VolumesExtendTest-1384472580 None] Lock "cinder-823d1be8-1f90-4eca-9f94-2ada69fe5f1b-delete_volume" acquired by "delete_volume" :: waited 0.022s {{(pid=94220) __acquire /opt/stack/cinder/cinder/coordination.py:141}}
