Jul 17 14:56:47 devstack cinder-volume[87780]: DEBUG oslo_concurrency.lockutils [None req-b7f03a99-5fd5-4e75-88b1-79d769b18235 tempest-VolumeQuotasNegativeTestJSON-1329573829 None] Acquiring lock "quobyte_ensure" by "cinder.volume.drivers.quobyte.QuobyteDriver._ensure_shares_mounted" {{(pid=87780) inner /opt/stack/data/venv/lib/python3.12/site-packages/oslo_concurrency/lockutils.py:512}}
Jul 17 14:56:47 devstack cinder-volume[87780]: DEBUG oslo_concurrency.lockutils [None req-b7f03a99-5fd5-4e75-88b1-79d769b18235 tempest-VolumeQuotasNegativeTestJSON-1329573829 None] Lock "quobyte_ensure" acquired by "cinder.volume.drivers.quobyte.QuobyteDriver._ensure_shares_mounted" :: waited 0.001s {{(pid=87780) inner /opt/stack/data/venv/lib/python3.12/site-packages/oslo_concurrency/lockutils.py:525}}
Jul 17 14:56:47 devstack cinder-volume[87780]: DEBUG cinder.volume.drivers.quobyte [None req-b7f03a99-5fd5-4e75-88b1-79d769b18235 tempest-VolumeQuotasNegativeTestJSON-1329573829 None] Quobyte Volume URL set to: {'osci02.corp.quobyte.com/cinder-vol-2db87778-d67a-47a1-9e61-522d3b26451d': None} {{(pid=87780) _load_shares_config /opt/stack/cinder/cinder/volume/drivers/quobyte.py:651}}
Jul 17 14:56:47 devstack sudo[95757]: quobyte : PWD=/ ; USER=root ; COMMAND=/opt/stack/data/venv/bin/cinder-rootwrap /etc/cinder/rootwrap.conf env LC_ALL=C qemu-img info -f qcow2 --output=json --force-share /opt/stack/data/cinder/mnt/d0170fc461297592619e399a320ca886/volume-292fa16a-1071-424f-a06d-7c34754b21bf.bde27a47-18d1-4cb8-b19e-b76ec6edcb53
Jul 17 14:56:47 devstack sudo[95757]: pam_unix(sudo:session): session opened for user root(uid=0) by (uid=1000)
Jul 17 14:56:47 devstack cinder-volume[87780]: DEBUG cinder.volume.drivers.quobyte [None req-b7f03a99-5fd5-4e75-88b1-79d769b18235 tempest-VolumeQuotasNegativeTestJSON-1329573829 None] Available shares ['osci02.corp.quobyte.com/cinder-vol-2db87778-d67a-47a1-9e61-522d3b26451d'] {{(pid=87780) _ensure_shares_mounted /opt/stack/cinder/cinder/volume/drivers/quobyte.py:681}}
Jul 17 14:56:47 devstack cinder-volume[87780]: DEBUG oslo_concurrency.lockutils [None req-b7f03a99-5fd5-4e75-88b1-79d769b18235 tempest-VolumeQuotasNegativeTestJSON-1329573829 None] Lock "quobyte_ensure" "released" by "cinder.volume.drivers.quobyte.QuobyteDriver._ensure_shares_mounted" :: held 0.020s {{(pid=87780) inner /opt/stack/data/venv/lib/python3.12/site-packages/oslo_concurrency/lockutils.py:544}}
Jul 17 14:56:47 devstack cinder-volume[87780]: DEBUG oslo_concurrency.processutils [None req-b7f03a99-5fd5-4e75-88b1-79d769b18235 tempest-VolumeQuotasNegativeTestJSON-1329573829 None] Running cmd (subprocess): sudo cinder-rootwrap /etc/cinder/rootwrap.conf df --portability --block-size 1 /opt/stack/data/cinder/mnt/d0170fc461297592619e399a320ca886 {{(pid=87780) execute /opt/stack/data/venv/lib/python3.12/site-packages/oslo_concurrency/processutils.py:440}}
Jul 17 14:56:47 devstack sudo[95761]: quobyte : PWD=/ ; USER=root ; COMMAND=/opt/stack/data/venv/bin/cinder-rootwrap /etc/cinder/rootwrap.conf df --portability --block-size 1 /opt/stack/data/cinder/mnt/d0170fc461297592619e399a320ca886
Jul 17 14:56:47 devstack sudo[95761]: pam_unix(sudo:session): session opened for user root(uid=0) by (uid=1000)
Jul 17 14:56:47 devstack sudo[95761]: pam_unix(sudo:session): session closed for user root
Jul 17 14:56:47 devstack cinder-volume[87780]: DEBUG oslo_concurrency.processutils [None req-b7f03a99-5fd5-4e75-88b1-79d769b18235 tempest-VolumeQuotasNegativeTestJSON-1329573829 None] CMD "sudo cinder-rootwrap /etc/cinder/rootwrap.conf df --portability --block-size 1 /opt/stack/data/cinder/mnt/d0170fc461297592619e399a320ca886" returned: 0 in 0.362s {{(pid=87780) execute /opt/stack/data/venv/lib/python3.12/site-packages/oslo_concurrency/processutils.py:468}}
Jul 17 14:56:47 devstack cinder-volume[87780]: DEBUG cinder.manager [None req-b7f03a99-5fd5-4e75-88b1-79d769b18235 tempest-VolumeQuotasNegativeTestJSON-1329573829 None] Notifying Schedulers of capabilities ... {{(pid=87780) _publish_service_capabilities /opt/stack/cinder/cinder/manager.py:219}}
Jul 17 14:56:47 devstack cinder-volume[87780]: INFO cinder.volume.manager [None req-b7f03a99-5fd5-4e75-88b1-79d769b18235 tempest-VolumeQuotasNegativeTestJSON-1329573829 None] Deleted volume successfully.
Jul 17 14:56:47 devstack cinder-volume[87780]: DEBUG cinder.coordination [None req-b7f03a99-5fd5-4e75-88b1-79d769b18235 tempest-VolumeQuotasNegativeTestJSON-1329573829 None] Lock "cinder-ecc85738-8d64-43c2-b1e3-7de5861a1cb2-delete_volume" released by "delete_volume" :: held 1.566s {{(pid=87780) __release /opt/stack/cinder/cinder/coordination.py:152}}
Jul 17 14:56:47 devstack sudo[95757]: pam_unix(sudo:session): session closed for user root
Jul 17 14:56:47 devstack cinder-volume[87780]: DEBUG oslo_concurrency.processutils [None req-2d983a65-0152-4dbe-906e-c1c9833ff26b tempest-SnapshotsActionsTest-251473490 None] CMD "/opt/stack/data/venv/bin/python3.12 -m oslo_concurrency.prlimit --as=1073741824 --cpu=60 -- sudo cinder-rootwrap /etc/cinder/rootwrap.conf env LC_ALL=C qemu-img info -f qcow2 --output=json --force-share /opt/stack/data/cinder/mnt/d0170fc461297592619e399a320ca886/volume-292fa16a-1071-424f-a06d-7c34754b21bf.bde27a47-18d1-4cb8-b19e-b76ec6edcb53" returned: 0 in 0.665s {{(pid=87780) execute /opt/stack/data/venv/lib/python3.12/site-packages/oslo_concurrency/processutils.py:468}}
Jul 17 14:56:47 devstack cinder-volume[87780]: DEBUG cinder.volume.drivers.remotefs [None req-2d983a65-0152-4dbe-906e-c1c9833ff26b tempest-SnapshotsActionsTest-251473490 None] Fetching qemu-img info with special backing_file_template: (/opt/stack/data/cinder/mnt/[0-9a-f]+/)?(volume-292fa16a-1071-424f-a06d-7c34754b21bf(.(tmp-snap-)?[0-9a-f-]+)?|volume_from_snapshot_cache/(tmp-snap-)?[0-9a-f-]+(.(child-|parent-)[0-9a-f-]+)?)$ {{(pid=87780) _qemu_img_info_base /opt/stack/cinder/cinder/volume/drivers/remotefs.py:896}}
Jul 17 14:56:47 devstack cinder-volume[87780]: DEBUG oslo.privsep.daemon [-] privsep: reply[d7244e0d-b2c0-47ab-ae17-dfd0b1f1dd0c]: (4, 'qcow2') {{(pid=89171) _call_back /opt/stack/data/venv/lib/python3.12/site-packages/oslo_privsep/daemon.py:580}}
Jul 17 14:56:47 devstack cinder-volume[87780]: DEBUG oslo_concurrency.processutils [None req-2d983a65-0152-4dbe-906e-c1c9833ff26b tempest-SnapshotsActionsTest-251473490 None] Running cmd (subprocess): /opt/stack/data/venv/bin/python3.12 -m oslo_concurrency.prlimit --as=1073741824 --cpu=60 -- sudo cinder-rootwrap /etc/cinder/rootwrap.conf env LC_ALL=C qemu-img info -f qcow2 --output=json --force-share /opt/stack/data/cinder/mnt/d0170fc461297592619e399a320ca886/volume-292fa16a-1071-424f-a06d-7c34754b21bf.a678deb1-b95d-4981-b1a3-aea205149269 {{(pid=87780) execute /opt/stack/data/venv/lib/python3.12/site-packages/oslo_concurrency/processutils.py:440}}
Jul 17 14:56:48 devstack sudo[95767]: quobyte : PWD=/ ; USER=root ; COMMAND=/opt/stack/data/venv/bin/cinder-rootwrap /etc/cinder/rootwrap.conf env LC_ALL=C qemu-img info -f qcow2 --output=json --force-share /opt/stack/data/cinder/mnt/d0170fc461297592619e399a320ca886/volume-292fa16a-1071-424f-a06d-7c34754b21bf.a678deb1-b95d-4981-b1a3-aea205149269
Jul 17 14:56:48 devstack sudo[95767]: pam_unix(sudo:session): session opened for user root(uid=0) by (uid=1000)
Jul 17 14:56:48 devstack sudo[95767]: pam_unix(sudo:session): session closed for user root
Jul 17 14:56:48 devstack cinder-volume[87780]: DEBUG oslo_concurrency.processutils [None req-2d983a65-0152-4dbe-906e-c1c9833ff26b tempest-SnapshotsActionsTest-251473490 None] CMD "/opt/stack/data/venv/bin/python3.12 -m oslo_concurrency.prlimit --as=1073741824 --cpu=60 -- sudo cinder-rootwrap /etc/cinder/rootwrap.conf env LC_ALL=C qemu-img info -f qcow2 --output=json --force-share /opt/stack/data/cinder/mnt/d0170fc461297592619e399a320ca886/volume-292fa16a-1071-424f-a06d-7c34754b21bf.a678deb1-b95d-4981-b1a3-aea205149269" returned: 0 in 0.519s {{(pid=87780) execute /opt/stack/data/venv/lib/python3.12/site-packages/oslo_concurrency/processutils.py:468}}
Jul 17 14:56:48 devstack cinder-volume[87780]: DEBUG cinder.volume.drivers.remotefs [None req-2d983a65-0152-4dbe-906e-c1c9833ff26b tempest-SnapshotsActionsTest-251473490 None] Fetching qemu-img info with special backing_file_template: (/opt/stack/data/cinder/mnt/[0-9a-f]+/)?(volume-292fa16a-1071-424f-a06d-7c34754b21bf(.(tmp-snap-)?[0-9a-f-]+)?|volume_from_snapshot_cache/(tmp-snap-)?[0-9a-f-]+(.(child-|parent-)[0-9a-f-]+)?)$ {{(pid=87780) _qemu_img_info_base /opt/stack/cinder/cinder/volume/drivers/remotefs.py:896}}
Jul 17 14:56:48 devstack cinder-volume[87780]: DEBUG oslo_concurrency.processutils [None req-2d983a65-0152-4dbe-906e-c1c9833ff26b tempest-SnapshotsActionsTest-251473490 None] Running cmd (subprocess): sudo cinder-rootwrap /etc/cinder/rootwrap.conf qemu-img commit -d /opt/stack/data/cinder/mnt/d0170fc461297592619e399a320ca886/volume-292fa16a-1071-424f-a06d-7c34754b21bf.bde27a47-18d1-4cb8-b19e-b76ec6edcb53 {{(pid=87780) execute /opt/stack/data/venv/lib/python3.12/site-packages/oslo_concurrency/processutils.py:440}}
Jul 17 14:56:48 devstack sudo[95773]: quobyte : PWD=/ ; USER=root ; COMMAND=/opt/stack/data/venv/bin/cinder-rootwrap /etc/cinder/rootwrap.conf qemu-img commit -d /opt/stack/data/cinder/mnt/d0170fc461297592619e399a320ca886/volume-292fa16a-1071-424f-a06d-7c34754b21bf.bde27a47-18d1-4cb8-b19e-b76ec6edcb53
Jul 17 14:56:48 devstack sudo[95773]: pam_unix(sudo:session): session opened for user root(uid=0) by (uid=1000)
Jul 17 14:56:48 devstack sudo[95773]: pam_unix(sudo:session): session closed for user root
Jul 17 14:56:48 devstack cinder-volume[87780]: DEBUG oslo_concurrency.processutils [None req-2d983a65-0152-4dbe-906e-c1c9833ff26b tempest-SnapshotsActionsTest-251473490 None] CMD "sudo cinder-rootwrap /etc/cinder/rootwrap.conf qemu-img commit -d /opt/stack/data/cinder/mnt/d0170fc461297592619e399a320ca886/volume-292fa16a-1071-424f-a06d-7c34754b21bf.bde27a47-18d1-4cb8-b19e-b76ec6edcb53" returned: 0 in 0.549s {{(pid=87780) execute /opt/stack/data/venv/lib/python3.12/site-packages/oslo_concurrency/processutils.py:468}}
Jul 17 14:56:48 devstack cinder-volume[87780]: DEBUG oslo_concurrency.processutils [None req-2d983a65-0152-4dbe-906e-c1c9833ff26b tempest-SnapshotsActionsTest-251473490 None] Running cmd (subprocess): sudo cinder-rootwrap /etc/cinder/rootwrap.conf rm -f /opt/stack/data/cinder/mnt/d0170fc461297592619e399a320ca886/volume-292fa16a-1071-424f-a06d-7c34754b21bf.bde27a47-18d1-4cb8-b19e-b76ec6edcb53 {{(pid=87780) execute /opt/stack/data/venv/lib/python3.12/site-packages/oslo_concurrency/processutils.py:440}}
Jul 17 14:56:48 devstack sudo[95779]: quobyte : PWD=/ ; USER=root ; COMMAND=/opt/stack/data/venv/bin/cinder-rootwrap /etc/cinder/rootwrap.conf rm -f /opt/stack/data/cinder/mnt/d0170fc461297592619e399a320ca886/volume-292fa16a-1071-424f-a06d-7c34754b21bf.bde27a47-18d1-4cb8-b19e-b76ec6edcb53
Jul 17 14:56:48 devstack sudo[95779]: pam_unix(sudo:session): session opened for user root(uid=0) by (uid=1000)
Jul 17 14:56:49 devstack sudo[95779]: pam_unix(sudo:session): session closed for user root
Jul 17 14:56:49 devstack cinder-volume[87780]: DEBUG oslo_concurrency.processutils [None req-2d983a65-0152-4dbe-906e-c1c9833ff26b tempest-SnapshotsActionsTest-251473490 None] CMD "sudo cinder-rootwrap /etc/cinder/rootwrap.conf rm -f /opt/stack/data/cinder/mnt/d0170fc461297592619e399a320ca886/volume-292fa16a-1071-424f-a06d-7c34754b21bf.bde27a47-18d1-4cb8-b19e-b76ec6edcb53" returned: 0 in 0.343s {{(pid=87780) execute /opt/stack/data/venv/lib/python3.12/site-packages/oslo_concurrency/processutils.py:468}}
Jul 17 14:56:49 devstack cinder-volume[87780]: DEBUG cinder.coordination [None req-2d983a65-0152-4dbe-906e-c1c9833ff26b tempest-SnapshotsActionsTest-251473490 None] Lock "cinder-quobyte-bde27a47-18d1-4cb8-b19e-b76ec6edcb53" released by "_delete_snapshot" :: held 2.206s {{(pid=87780) __release /opt/stack/cinder/cinder/coordination.py:152}}
Jul 17 14:56:49 devstack cinder-volume[87780]: DEBUG cinder.coordination [None req-2d983a65-0152-4dbe-906e-c1c9833ff26b tempest-SnapshotsActionsTest-251473490 None] Lock "cinder-quobyte-292fa16a-1071-424f-a06d-7c34754b21bf" released by "delete_snapshot" :: held 2.240s {{(pid=87780) __release /opt/stack/cinder/cinder/coordination.py:152}}
Jul 17 14:56:49 devstack cinder-volume[87780]: DEBUG cinder.quota [None req-2d983a65-0152-4dbe-906e-c1c9833ff26b tempest-SnapshotsActionsTest-251473490 None] Created reservations ['4cc4dca4-9616-4257-a868-5dcd0f21caa3', '974eadb1-93eb-4ac2-85b4-76e152e5078c', '99a8a453-8210-48c7-9d59-85dd349be111', '56297e32-4188-41f6-bb28-f24fa97e044a'] {{(pid=87780) reserve /opt/stack/cinder/cinder/quota.py:752}}
Jul 17 14:56:49 devstack cinder-volume[87780]: INFO cinder.volume.manager [None req-2d983a65-0152-4dbe-906e-c1c9833ff26b tempest-SnapshotsActionsTest-251473490 None] Delete snapshot completed successfully.
Jul 17 14:56:49 devstack cinder-volume[87780]: DEBUG cinder.coordination [None req-2d983a65-0152-4dbe-906e-c1c9833ff26b tempest-SnapshotsActionsTest-251473490 None] Lock "cinder-bde27a47-18d1-4cb8-b19e-b76ec6edcb53-delete_snapshot" released by "delete_snapshot" :: held 2.454s {{(pid=87780) __release /opt/stack/cinder/cinder/coordination.py:152}}
Jul 17 14:56:50 devstack cinder-volume[87780]: DEBUG cinder.coordination [None req-42c95ff4-9b05-454e-a4fa-3968e36cda7a tempest-SnapshotsActionsTest-982333126 None] Acquiring lock "cinder-a678deb1-b95d-4981-b1a3-aea205149269-delete_snapshot" by "delete_snapshot" {{(pid=87780) __acquire /opt/stack/cinder/cinder/coordination.py:138}}
Jul 17 14:56:50 devstack cinder-volume[87780]: DEBUG cinder.coordination [None req-42c95ff4-9b05-454e-a4fa-3968e36cda7a tempest-SnapshotsActionsTest-982333126 None] Lock "cinder-a678deb1-b95d-4981-b1a3-aea205149269-delete_snapshot" acquired by "delete_snapshot" :: waited 0.043s {{(pid=87780) __acquire /opt/stack/cinder/cinder/coordination.py:141}}
Jul 17 14:56:50 devstack cinder-volume[87780]: DEBUG cinder.coordination [None req-42c95ff4-9b05-454e-a4fa-3968e36cda7a tempest-SnapshotsActionsTest-982333126 None] Acquiring lock "cinder-quobyte-292fa16a-1071-424f-a06d-7c34754b21bf" by "delete_snapshot" {{(pid=87780) __acquire /opt/stack/cinder/cinder/coordination.py:138}}
Jul 17 14:56:50 devstack cinder-volume[87780]: DEBUG cinder.coordination [None req-42c95ff4-9b05-454e-a4fa-3968e36cda7a tempest-SnapshotsActionsTest-982333126 None] Lock "cinder-quobyte-292fa16a-1071-424f-a06d-7c34754b21bf" acquired by "delete_snapshot" :: waited 0.033s {{(pid=87780) __acquire /opt/stack/cinder/cinder/coordination.py:141}}
Jul 17 14:56:50 devstack cinder-volume[87780]: DEBUG cinder.coordination [None req-42c95ff4-9b05-454e-a4fa-3968e36cda7a tempest-SnapshotsActionsTest-982333126 None] Acquiring lock "cinder-quobyte-a678deb1-b95d-4981-b1a3-aea205149269" by "_delete_snapshot" {{(pid=87780) __acquire /opt/stack/cinder/cinder/coordination.py:138}}
Jul 17 14:56:50 devstack cinder-volume[87780]: DEBUG cinder.coordination [None req-42c95ff4-9b05-454e-a4fa-3968e36cda7a tempest-SnapshotsActionsTest-982333126 None] Lock "cinder-quobyte-a678deb1-b95d-4981-b1a3-aea205149269" acquired by "_delete_snapshot" :: waited 0.026s {{(pid=87780) __acquire /opt/stack/cinder/cinder/coordination.py:141}}
Jul 17 14:56:50 devstack cinder-volume[87780]: DEBUG cinder.volume.drivers.remotefs [None req-42c95ff4-9b05-454e-a4fa-3968e36cda7a tempest-SnapshotsActionsTest-982333126 None] Deleting offline snapshot a678deb1-b95d-4981-b1a3-aea205149269 of volume 292fa16a-1071-424f-a06d-7c34754b21bf {{(pid=87780) _delete_snapshot /opt/stack/cinder/cinder/volume/drivers/remotefs.py:1288}}
Jul 17 14:56:50 devstack cinder-volume[87780]: DEBUG cinder.volume.drivers.remotefs [None req-42c95ff4-9b05-454e-a4fa-3968e36cda7a tempest-SnapshotsActionsTest-982333126 None] snapshot_file for this snap is: volume-292fa16a-1071-424f-a06d-7c34754b21bf.a678deb1-b95d-4981-b1a3-aea205149269 {{(pid=87780) _delete_snapshot /opt/stack/cinder/cinder/volume/drivers/remotefs.py:1317}}
Jul 17 14:56:50 devstack cinder-volume[87780]: DEBUG oslo.privsep.daemon [-] privsep: reply[00695fcc-da56-43bc-8bbc-619013ddcdb9]: (4, 'qcow2') {{(pid=89171) _call_back /opt/stack/data/venv/lib/python3.12/site-packages/oslo_privsep/daemon.py:580}}
Jul 17 14:56:50 devstack cinder-volume[87780]: DEBUG oslo_concurrency.processutils [None req-42c95ff4-9b05-454e-a4fa-3968e36cda7a tempest-SnapshotsActionsTest-982333126 None] Running cmd (subprocess): /opt/stack/data/venv/bin/python3.12 -m oslo_concurrency.prlimit --as=1073741824 --cpu=60 -- sudo cinder-rootwrap /etc/cinder/rootwrap.conf env LC_ALL=C qemu-img info -f qcow2 --output=json --force-share /opt/stack/data/cinder/mnt/d0170fc461297592619e399a320ca886/volume-292fa16a-1071-424f-a06d-7c34754b21bf.a678deb1-b95d-4981-b1a3-aea205149269 {{(pid=87780) execute /opt/stack/data/venv/lib/python3.12/site-packages/oslo_concurrency/processutils.py:440}}
Jul 17 14:56:51 devstack sudo[95784]: quobyte : PWD=/ ; USER=root ; COMMAND=/opt/stack/data/venv/bin/cinder-rootwrap /etc/cinder/rootwrap.conf env LC_ALL=C qemu-img info -f qcow2 --output=json --force-share /opt/stack/data/cinder/mnt/d0170fc461297592619e399a320ca886/volume-292fa16a-1071-424f-a06d-7c34754b21bf.a678deb1-b95d-4981-b1a3-aea205149269
Jul 17 14:56:51 devstack sudo[95784]: pam_unix(sudo:session): session opened for user root(uid=0) by (uid=1000)
Jul 17 14:56:51 devstack sudo[95784]: pam_unix(sudo:session): session closed for user root
Jul 17 14:56:51 devstack cinder-volume[87780]: DEBUG oslo_concurrency.processutils [None req-42c95ff4-9b05-454e-a4fa-3968e36cda7a tempest-SnapshotsActionsTest-982333126 None] CMD "/opt/stack/data/venv/bin/python3.12 -m oslo_concurrency.prlimit --as=1073741824 --cpu=60 -- sudo cinder-rootwrap /etc/cinder/rootwrap.conf env LC_ALL=C qemu-img info -f qcow2 --output=json --force-share /opt/stack/data/cinder/mnt/d0170fc461297592619e399a320ca886/volume-292fa16a-1071-424f-a06d-7c34754b21bf.a678deb1-b95d-4981-b1a3-aea205149269" returned: 0 in 0.509s {{(pid=87780) execute /opt/stack/data/venv/lib/python3.12/site-packages/oslo_concurrency/processutils.py:468}}
Jul 17 14:56:51 devstack cinder-volume[87780]: DEBUG cinder.volume.drivers.remotefs [None req-42c95ff4-9b05-454e-a4fa-3968e36cda7a tempest-SnapshotsActionsTest-982333126 None] Fetching qemu-img info with special backing_file_template: (/opt/stack/data/cinder/mnt/[0-9a-f]+/)?(volume-292fa16a-1071-424f-a06d-7c34754b21bf(.(tmp-snap-)?[0-9a-f-]+)?|volume_from_snapshot_cache/(tmp-snap-)?[0-9a-f-]+(.(child-|parent-)[0-9a-f-]+)?)$ {{(pid=87780) _qemu_img_info_base /opt/stack/cinder/cinder/volume/drivers/remotefs.py:896}}
Jul 17 14:56:51 devstack cinder-volume[87780]: DEBUG oslo.privsep.daemon [-] privsep: reply[e7755a13-8d8d-48ec-b322-7c4e5480c9b9]: (4, 'qcow2') {{(pid=89171) _call_back /opt/stack/data/venv/lib/python3.12/site-packages/oslo_privsep/daemon.py:580}}
Jul 17 14:56:51 devstack cinder-volume[87780]: DEBUG oslo_concurrency.processutils [None req-42c95ff4-9b05-454e-a4fa-3968e36cda7a tempest-SnapshotsActionsTest-982333126 None] Running cmd (subprocess): /opt/stack/data/venv/bin/python3.12 -m oslo_concurrency.prlimit --as=1073741824 --cpu=60 -- sudo cinder-rootwrap /etc/cinder/rootwrap.conf env LC_ALL=C qemu-img info -f qcow2 --output=json --force-share /opt/stack/data/cinder/mnt/d0170fc461297592619e399a320ca886/volume-292fa16a-1071-424f-a06d-7c34754b21bf {{(pid=87780) execute /opt/stack/data/venv/lib/python3.12/site-packages/oslo_concurrency/processutils.py:440}}
Jul 17 14:56:51 devstack sudo[95789]: quobyte : PWD=/ ; USER=root ; COMMAND=/opt/stack/data/venv/bin/cinder-rootwrap /etc/cinder/rootwrap.conf env LC_ALL=C qemu-img info -f qcow2 --output=json --force-share /opt/stack/data/cinder/mnt/d0170fc461297592619e399a320ca886/volume-292fa16a-1071-424f-a06d-7c34754b21bf
Jul 17 14:56:51 devstack sudo[95789]: pam_unix(sudo:session): session opened for user root(uid=0) by (uid=1000)
Jul 17 14:56:52 devstack sudo[95789]: pam_unix(sudo:session): session closed for user root
Jul 17 14:56:52 devstack cinder-volume[87780]: DEBUG oslo_concurrency.processutils [None req-42c95ff4-9b05-454e-a4fa-3968e36cda7a tempest-SnapshotsActionsTest-982333126 None] CMD "/opt/stack/data/venv/bin/python3.12 -m oslo_concurrency.prlimit --as=1073741824 --cpu=60 -- sudo cinder-rootwrap /etc/cinder/rootwrap.conf env LC_ALL=C qemu-img info -f qcow2 --output=json --force-share /opt/stack/data/cinder/mnt/d0170fc461297592619e399a320ca886/volume-292fa16a-1071-424f-a06d-7c34754b21bf" returned: 0 in 0.585s {{(pid=87780) execute /opt/stack/data/venv/lib/python3.12/site-packages/oslo_concurrency/processutils.py:468}}
Jul 17 14:56:52 devstack cinder-volume[87780]: DEBUG oslo_concurrency.processutils [None req-42c95ff4-9b05-454e-a4fa-3968e36cda7a tempest-SnapshotsActionsTest-982333126 None] Running cmd (subprocess): sudo cinder-rootwrap /etc/cinder/rootwrap.conf qemu-img commit -d /opt/stack/data/cinder/mnt/d0170fc461297592619e399a320ca886/volume-292fa16a-1071-424f-a06d-7c34754b21bf.a678deb1-b95d-4981-b1a3-aea205149269 {{(pid=87780) execute /opt/stack/data/venv/lib/python3.12/site-packages/oslo_concurrency/processutils.py:440}}
Jul 17 14:56:52 devstack sudo[95795]: quobyte : PWD=/ ; USER=root ; COMMAND=/opt/stack/data/venv/bin/cinder-rootwrap /etc/cinder/rootwrap.conf qemu-img commit -d /opt/stack/data/cinder/mnt/d0170fc461297592619e399a320ca886/volume-292fa16a-1071-424f-a06d-7c34754b21bf.a678deb1-b95d-4981-b1a3-aea205149269
Jul 17 14:56:52 devstack sudo[95795]: pam_unix(sudo:session): session opened for user root(uid=0) by (uid=1000)
Jul 17 14:56:52 devstack sudo[95795]: pam_unix(sudo:session): session closed for user root
Jul 17 14:56:52 devstack cinder-volume[87780]: DEBUG oslo_concurrency.processutils [None req-42c95ff4-9b05-454e-a4fa-3968e36cda7a tempest-SnapshotsActionsTest-982333126 None] CMD "sudo cinder-rootwrap /etc/cinder/rootwrap.conf qemu-img commit -d /opt/stack/data/cinder/mnt/d0170fc461297592619e399a320ca886/volume-292fa16a-1071-424f-a06d-7c34754b21bf.a678deb1-b95d-4981-b1a3-aea205149269" returned: 0 in 0.420s {{(pid=87780) execute /opt/stack/data/venv/lib/python3.12/site-packages/oslo_concurrency/processutils.py:468}}
Jul 17 14:56:52 devstack cinder-volume[87780]: DEBUG oslo_concurrency.processutils [None req-42c95ff4-9b05-454e-a4fa-3968e36cda7a tempest-SnapshotsActionsTest-982333126 None] Running cmd (subprocess): sudo cinder-rootwrap /etc/cinder/rootwrap.conf rm -f /opt/stack/data/cinder/mnt/d0170fc461297592619e399a320ca886/volume-292fa16a-1071-424f-a06d-7c34754b21bf.a678deb1-b95d-4981-b1a3-aea205149269 {{(pid=87780) execute /opt/stack/data/venv/lib/python3.12/site-packages/oslo_concurrency/processutils.py:440}}
Jul 17 14:56:52 devstack sudo[95800]: quobyte : PWD=/ ; USER=root ; COMMAND=/opt/stack/data/venv/bin/cinder-rootwrap /etc/cinder/rootwrap.conf rm -f /opt/stack/data/cinder/mnt/d0170fc461297592619e399a320ca886/volume-292fa16a-1071-424f-a06d-7c34754b21bf.a678deb1-b95d-4981-b1a3-aea205149269
Jul 17 14:56:52 devstack sudo[95800]: pam_unix(sudo:session): session opened for user root(uid=0) by (uid=1000)
Jul 17 14:56:52 devstack sudo[95800]: pam_unix(sudo:session): session closed for user root
Jul 17 14:56:52 devstack cinder-volume[87780]: DEBUG oslo_concurrency.processutils [None req-42c95ff4-9b05-454e-a4fa-3968e36cda7a tempest-SnapshotsActionsTest-982333126 None] CMD "sudo cinder-rootwrap /etc/cinder/rootwrap.conf rm -f /opt/stack/data/cinder/mnt/d0170fc461297592619e399a320ca886/volume-292fa16a-1071-424f-a06d-7c34754b21bf.a678deb1-b95d-4981-b1a3-aea205149269" returned: 0 in 0.327s {{(pid=87780) execute /opt/stack/data/venv/lib/python3.12/site-packages/oslo_concurrency/processutils.py:468}}
Jul 17 14:56:52 devstack cinder-volume[87780]: DEBUG cinder.coordination [None req-42c95ff4-9b05-454e-a4fa-3968e36cda7a tempest-SnapshotsActionsTest-982333126 None] Lock "cinder-quobyte-a678deb1-b95d-4981-b1a3-aea205149269" released by "_delete_snapshot" :: held 1.987s {{(pid=87780) __release /opt/stack/cinder/cinder/coordination.py:152}}
Jul 17 14:56:52 devstack cinder-volume[87780]: DEBUG cinder.coordination [None req-42c95ff4-9b05-454e-a4fa-3968e36cda7a tempest-SnapshotsActionsTest-982333126 None] Lock "cinder-quobyte-292fa16a-1071-424f-a06d-7c34754b21bf" released by "delete_snapshot" :: held 2.023s {{(pid=87780) __release /opt/stack/cinder/cinder/coordination.py:152}}
Jul 17 14:56:52 devstack cinder-volume[87780]: DEBUG cinder.quota [None req-42c95ff4-9b05-454e-a4fa-3968e36cda7a tempest-SnapshotsActionsTest-982333126 None] Created reservations ['060c154a-3292-4f03-864e-366440e2f51a', 'fdb2d210-a9e8-4586-9162-4df385d4684f', 'da17ad03-c646-4479-8977-67aa3da24002', 'b2252b59-5377-48b7-8805-3b0e8b5f2aff'] {{(pid=87780) reserve /opt/stack/cinder/cinder/quota.py:752}}
Jul 17 14:56:53 devstack cinder-volume[87780]: INFO cinder.volume.manager [None req-42c95ff4-9b05-454e-a4fa-3968e36cda7a tempest-SnapshotsActionsTest-982333126 None] Delete snapshot completed successfully.
Jul 17 14:56:53 devstack cinder-volume[87780]: DEBUG cinder.coordination [None req-42c95ff4-9b05-454e-a4fa-3968e36cda7a tempest-SnapshotsActionsTest-982333126 None] Lock "cinder-a678deb1-b95d-4981-b1a3-aea205149269-delete_snapshot" released by "delete_snapshot" :: held 2.226s {{(pid=87780) __release /opt/stack/cinder/cinder/coordination.py:152}}
Jul 17 14:56:54 devstack cinder-volume[87780]: DEBUG cinder.coordination [None req-8a9913ea-04f5-416f-8b63-fddc9db3d069 tempest-SnapshotsActionsTest-982333126 None] Acquiring lock "cinder-292fa16a-1071-424f-a06d-7c34754b21bf-delete_volume" by "delete_volume" {{(pid=87780) __acquire /opt/stack/cinder/cinder/coordination.py:138}}
Jul 17 14:56:54 devstack cinder-volume[87780]: DEBUG cinder.coordination [None req-8a9913ea-04f5-416f-8b63-fddc9db3d069 tempest-SnapshotsActionsTest-982333126 None] Lock "cinder-292fa16a-1071-424f-a06d-7c34754b21bf-delete_volume" acquired by "delete_volume" :: waited 0.025s {{(pid=87780) __acquire /opt/stack/cinder/cinder/coordination.py:141}}
Jul 17 14:56:54 devstack cinder-volume[87780]: DEBUG cinder.coordination [None req-8a9913ea-04f5-416f-8b63-fddc9db3d069 tempest-SnapshotsActionsTest-982333126 None] Acquiring lock "cinder-quobyte-292fa16a-1071-424f-a06d-7c34754b21bf" by "delete_volume" {{(pid=87780) __acquire /opt/stack/cinder/cinder/coordination.py:138}}
Jul 17 14:56:54 devstack cinder-volume[87780]: DEBUG cinder.coordination [None req-8a9913ea-04f5-416f-8b63-fddc9db3d069 tempest-SnapshotsActionsTest-982333126 None] Lock "cinder-quobyte-292fa16a-1071-424f-a06d-7c34754b21bf" acquired by "delete_volume" :: waited 0.024s {{(pid=87780) __acquire /opt/stack/cinder/cinder/coordination.py:141}}
Jul 17 14:56:54 devstack cinder-volume[87780]: DEBUG oslo.privsep.daemon [-] privsep: reply[1e54bd3f-d9e0-40b2-adca-c4313f9c032f]: (4, 'qcow2') {{(pid=89171) _call_back /opt/stack/data/venv/lib/python3.12/site-packages/oslo_privsep/daemon.py:580}}
Jul 17 14:56:54 devstack cinder-volume[87780]: DEBUG oslo_concurrency.processutils [None req-8a9913ea-04f5-416f-8b63-fddc9db3d069 tempest-SnapshotsActionsTest-982333126 None] Running cmd (subprocess): /opt/stack/data/venv/bin/python3.12 -m oslo_concurrency.prlimit --as=1073741824 --cpu=60 -- sudo cinder-rootwrap /etc/cinder/rootwrap.conf env LC_ALL=C qemu-img info -f qcow2 --output=json --force-share /opt/stack/data/cinder/mnt/d0170fc461297592619e399a320ca886/volume-292fa16a-1071-424f-a06d-7c34754b21bf {{(pid=87780) execute /opt/stack/data/venv/lib/python3.12/site-packages/oslo_concurrency/processutils.py:440}}
Jul 17 14:56:54 devstack sudo[95803]: quobyte : PWD=/ ; USER=root ; COMMAND=/opt/stack/data/venv/bin/cinder-rootwrap /etc/cinder/rootwrap.conf env LC_ALL=C qemu-img info -f qcow2 --output=json --force-share /opt/stack/data/cinder/mnt/d0170fc461297592619e399a320ca886/volume-292fa16a-1071-424f-a06d-7c34754b21bf
Jul 17 14:56:54 devstack sudo[95803]: pam_unix(sudo:session): session opened for user root(uid=0) by (uid=1000)
Jul 17 14:56:54 devstack sudo[95803]: pam_unix(sudo:session): session closed for user root
Jul 17 14:56:54 devstack cinder-volume[87780]: DEBUG oslo_concurrency.processutils [None req-8a9913ea-04f5-416f-8b63-fddc9db3d069 tempest-SnapshotsActionsTest-982333126 None] CMD "/opt/stack/data/venv/bin/python3.12 -m oslo_concurrency.prlimit --as=1073741824 --cpu=60 -- sudo cinder-rootwrap /etc/cinder/rootwrap.conf env LC_ALL=C qemu-img info -f qcow2 --output=json --force-share /opt/stack/data/cinder/mnt/d0170fc461297592619e399a320ca886/volume-292fa16a-1071-424f-a06d-7c34754b21bf" returned: 0 in 0.494s {{(pid=87780) execute /opt/stack/data/venv/lib/python3.12/site-packages/oslo_concurrency/processutils.py:468}}
Jul 17 14:56:54 devstack cinder-volume[87780]: DEBUG oslo_concurrency.processutils [None req-8a9913ea-04f5-416f-8b63-fddc9db3d069 tempest-SnapshotsActionsTest-982333126 None] Running cmd (subprocess): sudo cinder-rootwrap /etc/cinder/rootwrap.conf rm -f /opt/stack/data/cinder/mnt/d0170fc461297592619e399a320ca886/volume-292fa16a-1071-424f-a06d-7c34754b21bf {{(pid=87780) execute /opt/stack/data/venv/lib/python3.12/site-packages/oslo_concurrency/processutils.py:440}}
Jul 17 14:56:54 devstack sudo[95808]: quobyte : PWD=/ ; USER=root ; COMMAND=/opt/stack/data/venv/bin/cinder-rootwrap /etc/cinder/rootwrap.conf rm -f /opt/stack/data/cinder/mnt/d0170fc461297592619e399a320ca886/volume-292fa16a-1071-424f-a06d-7c34754b21bf
Jul 17 14:56:54 devstack sudo[95808]: pam_unix(sudo:session): session opened for user root(uid=0) by (uid=1000)
Jul 17 14:56:54 devstack cinder-volume[87780]: DEBUG cinder.volume.flows.manager.create_volume [None req-cc8591ec-99be-47e1-81d0-aa32e732ad4b tempest-AbsoluteLimitsTests-1821364847 None] Volume reschedule parameters: True retry: {'num_attempts': 1, 'backends': ['devstack@QuobyteHD#QuobyteHD'], 'hosts': ['devstack@QuobyteHD#QuobyteHD']} {{(pid=87780) get_flow /opt/stack/cinder/cinder/volume/flows/manager/create_volume.py:1397}}
Jul 17 14:56:54 devstack cinder-volume[87780]: DEBUG cinder.volume.manager [None req-cc8591ec-99be-47e1-81d0-aa32e732ad4b tempest-AbsoluteLimitsTests-1821364847 None] Flow 'volume_create_manager' (a776815f-bd85-4c20-964b-24de1bc0eb47) transitioned into state 'RUNNING' from state 'PENDING' {{(pid=87780) _flow_receiver /opt/stack/data/venv/lib/python3.12/site-packages/taskflow/listeners/logging.py:160}}
Jul 17 14:56:54 devstack cinder-volume[87780]: DEBUG cinder.volume.manager [None req-cc8591ec-99be-47e1-81d0-aa32e732ad4b tempest-AbsoluteLimitsTests-1821364847 None] Task 'cinder.volume.flows.manager.create_volume.ExtractVolumeRefTask;volume:create' (ed79b050-29d0-4600-a874-d22eae8a2fe5) transitioned into state 'RUNNING' from state 'PENDING' {{(pid=87780) _task_receiver /opt/stack/data/venv/lib/python3.12/site-packages/taskflow/listeners/logging.py:242}}
Jul 17 14:56:54 devstack cinder-volume[87780]: DEBUG cinder.volume.manager [None req-cc8591ec-99be-47e1-81d0-aa32e732ad4b tempest-AbsoluteLimitsTests-1821364847 None] Task 'cinder.volume.flows.manager.create_volume.ExtractVolumeRefTask;volume:create' (ed79b050-29d0-4600-a874-d22eae8a2fe5) transitioned into state 'SUCCESS' from state 'RUNNING' with result 'Volume(_name_id=None,admin_metadata=,attach_status='detached',availability_zone='nova',bootable=False,cluster=,cluster_name=None,consistencygroup=,consistencygroup_id=None,created_at=2026-07-17T12:56:54Z,deleted=False,deleted_at=None,display_description=None,display_name='tempest-AbsoluteLimitsTests-Volume-1685646553',ec2_id=None,encryption_key_id=None,glance_metadata=,group=,group_id=None,host='devstack@QuobyteHD#QuobyteHD',id=e046d30a-34fc-4f5f-b0d0-d346ceeae5b0,launched_at=None,metadata={},migration_status=None,multiattach=False,previous_status=None,project_id='4384e0754f034e9fa140e651cc9fb8b0',provider_auth=None,provider_geometry=None,provider_id=None,provider_location=None,replication_driver_data=None,replication_extended_status=None,replication_status=None,scheduled_at=2026-07-17T12:56:55Z,service_uuid=None,shared_targets=True,size=1,snapshot_id=None,snapshots=,source_volid=None,status='creating',terminated_at=None,updated_at=2026-07-17T12:56:55Z,use_quota=True,user_id='b56a1bbcba26455cad87e1a39099eea9',volume_attachment=VolumeAttachmentList,volume_type=VolumeType(999abaed-7418-4473-9f3e-06be8d4616f9),volume_type_id=999abaed-7418-4473-9f3e-06be8d4616f9)' {{(pid=87780) _task_receiver /opt/stack/data/venv/lib/python3.12/site-packages/taskflow/listeners/logging.py:218}}
Jul 17 14:56:54 devstack cinder-volume[87780]: DEBUG cinder.volume.manager [None req-cc8591ec-99be-47e1-81d0-aa32e732ad4b tempest-AbsoluteLimitsTests-1821364847 None] Task 'cinder.volume.flows.manager.create_volume.OnFailureRescheduleTask;volume:create' (78989582-de00-4067-ad5b-1acb9e6d104d) transitioned into state 'RUNNING' from state 'PENDING' {{(pid=87780) _task_receiver /opt/stack/data/venv/lib/python3.12/site-packages/taskflow/listeners/logging.py:242}}
Jul 17 14:56:54 devstack cinder-volume[87780]: DEBUG cinder.volume.manager [None req-cc8591ec-99be-47e1-81d0-aa32e732ad4b tempest-AbsoluteLimitsTests-1821364847 None] Task 'cinder.volume.flows.manager.create_volume.OnFailureRescheduleTask;volume:create' (78989582-de00-4067-ad5b-1acb9e6d104d) transitioned into state 'SUCCESS' from state 'RUNNING' with result 'None' {{(pid=87780) _task_receiver /opt/stack/data/venv/lib/python3.12/site-packages/taskflow/listeners/logging.py:218}}
Jul 17 14:56:54 devstack cinder-volume[87780]: DEBUG cinder.volume.manager [None req-cc8591ec-99be-47e1-81d0-aa32e732ad4b tempest-AbsoluteLimitsTests-1821364847 None] Task 'cinder.volume.flows.manager.create_volume.ExtractVolumeSpecTask;volume:create' (92f44675-a484-4a67-a5b3-8d45a96207a2) transitioned into state 'RUNNING' from state 'PENDING' {{(pid=87780) _task_receiver /opt/stack/data/venv/lib/python3.12/site-packages/taskflow/listeners/logging.py:242}}
Jul 17 14:56:54 devstack cinder-volume[87780]: DEBUG cinder.volume.manager [None req-cc8591ec-99be-47e1-81d0-aa32e732ad4b tempest-AbsoluteLimitsTests-1821364847 None] Task 'cinder.volume.flows.manager.create_volume.ExtractVolumeSpecTask;volume:create' (92f44675-a484-4a67-a5b3-8d45a96207a2) transitioned into state 'SUCCESS' from state 'RUNNING' with result '{'status': 'creating', 'type': 'raw', 'volume_id': 'e046d30a-34fc-4f5f-b0d0-d346ceeae5b0', 'volume_name': 'volume-e046d30a-34fc-4f5f-b0d0-d346ceeae5b0', 'volume_size': 1}' {{(pid=87780) _task_receiver /opt/stack/data/venv/lib/python3.12/site-packages/taskflow/listeners/logging.py:218}}
Jul 17 14:56:54 devstack cinder-volume[87780]: DEBUG cinder.volume.manager [None req-cc8591ec-99be-47e1-81d0-aa32e732ad4b tempest-AbsoluteLimitsTests-1821364847 None] Task 'cinder.volume.flows.manager.create_volume.NotifyVolumeActionTask;volume:create, create.start' (6078f12c-9560-4989-8ad4-dcd707acd368) transitioned into state 'RUNNING' from state 'PENDING' {{(pid=87780) _task_receiver /opt/stack/data/venv/lib/python3.12/site-packages/taskflow/listeners/logging.py:242}}
Jul 17 14:56:54 devstack cinder-volume[87780]: DEBUG cinder.volume.manager [None req-cc8591ec-99be-47e1-81d0-aa32e732ad4b tempest-AbsoluteLimitsTests-1821364847 None] Task 'cinder.volume.flows.manager.create_volume.NotifyVolumeActionTask;volume:create, create.start' (6078f12c-9560-4989-8ad4-dcd707acd368) transitioned into state 'SUCCESS' from state 'RUNNING' with result 'None' {{(pid=87780) _task_receiver /opt/stack/data/venv/lib/python3.12/site-packages/taskflow/listeners/logging.py:218}}
Jul 17 14:56:54 devstack cinder-volume[87780]: DEBUG cinder.volume.manager [None req-cc8591ec-99be-47e1-81d0-aa32e732ad4b tempest-AbsoluteLimitsTests-1821364847 None] Task 'cinder.volume.flows.manager.create_volume.CreateVolumeFromSpecTask;volume:create' (905584ea-1768-434e-8c46-528673b4c089) transitioned into state 'RUNNING' from state 'PENDING' {{(pid=87780) _task_receiver /opt/stack/data/venv/lib/python3.12/site-packages/taskflow/listeners/logging.py:242}}
Jul 17 14:56:54 devstack cinder-volume[87780]: INFO cinder.volume.flows.manager.create_volume [None req-cc8591ec-99be-47e1-81d0-aa32e732ad4b tempest-AbsoluteLimitsTests-1821364847 None] Volume e046d30a-34fc-4f5f-b0d0-d346ceeae5b0: being created as raw with specification: {'status': 'creating', 'volume_name': 'volume-e046d30a-34fc-4f5f-b0d0-d346ceeae5b0', 'volume_size': 1}
Jul 17 14:56:54 devstack cinder-volume[87780]: DEBUG oslo_concurrency.lockutils [None req-cc8591ec-99be-47e1-81d0-aa32e732ad4b tempest-AbsoluteLimitsTests-1821364847 None] Acquiring lock "quobyte" by "cinder.volume.drivers.quobyte.QuobyteDriver.create_volume" {{(pid=87780) inner /opt/stack/data/venv/lib/python3.12/site-packages/oslo_concurrency/lockutils.py:512}}
Jul 17 14:56:54 devstack cinder-volume[87780]: DEBUG oslo_concurrency.lockutils [None req-cc8591ec-99be-47e1-81d0-aa32e732ad4b tempest-AbsoluteLimitsTests-1821364847 None] Lock "quobyte" acquired by "cinder.volume.drivers.quobyte.QuobyteDriver.create_volume" :: waited 0.001s {{(pid=87780) inner /opt/stack/data/venv/lib/python3.12/site-packages/oslo_concurrency/lockutils.py:525}}
Jul 17 14:56:54 devstack cinder-volume[87780]: DEBUG cinder.volume.drivers.quobyte [None req-cc8591ec-99be-47e1-81d0-aa32e732ad4b tempest-AbsoluteLimitsTests-1821364847 None] ==> create_volume: call "{'self': , 'volume': Volume(_name_id=None,admin_metadata=,attach_status='detached',availability_zone='nova',bootable=False,cluster=,cluster_name=None,consistencygroup=,consistencygroup_id=None,created_at=2026-07-17T12:56:54Z,deleted=False,deleted_at=None,display_description=None,display_name='tempest-AbsoluteLimitsTests-Volume-1685646553',ec2_id=None,encryption_key_id=None,glance_metadata=,group=,group_id=None,host='devstack@QuobyteHD#QuobyteHD',id=e046d30a-34fc-4f5f-b0d0-d346ceeae5b0,launched_at=None,metadata={},migration_status=None,multiattach=False,previous_status=None,project_id='4384e0754f034e9fa140e651cc9fb8b0',provider_auth=None,provider_geometry=None,provider_id=None,provider_location=None,replication_driver_data=None,replication_extended_status=None,replication_status=None,scheduled_at=2026-07-17T12:56:55Z,service_uuid=None,shared_targets=True,size=1,snapshot_id=None,snapshots=,source_volid=None,status='creating',terminated_at=None,updated_at=2026-07-17T12:56:55Z,use_quota=True,user_id='b56a1bbcba26455cad87e1a39099eea9',volume_attachment=VolumeAttachmentList,volume_type=VolumeType(999abaed-7418-4473-9f3e-06be8d4616f9),volume_type_id=999abaed-7418-4473-9f3e-06be8d4616f9)}" {{(pid=87780) trace_logging_wrapper /opt/stack/cinder/cinder/volume/volume_utils.py:1497}}
Jul 17 14:56:54 devstack cinder-volume[87780]: DEBUG cinder.volume.drivers.remotefs [None req-cc8591ec-99be-47e1-81d0-aa32e732ad4b tempest-AbsoluteLimitsTests-1821364847 None] Creating volume e046d30a-34fc-4f5f-b0d0-d346ceeae5b0 {{(pid=87780) create_volume /opt/stack/cinder/cinder/volume/drivers/remotefs.py:292}}
Jul 17 14:56:54 devstack cinder-volume[87780]: DEBUG oslo_concurrency.lockutils [None req-cc8591ec-99be-47e1-81d0-aa32e732ad4b tempest-AbsoluteLimitsTests-1821364847 None] Acquiring lock "quobyte_ensure" by "cinder.volume.drivers.quobyte.QuobyteDriver._ensure_shares_mounted" {{(pid=87780) inner /opt/stack/data/venv/lib/python3.12/site-packages/oslo_concurrency/lockutils.py:512}}
Jul 17 14:56:54 devstack cinder-volume[87780]: DEBUG oslo_concurrency.lockutils [None req-cc8591ec-99be-47e1-81d0-aa32e732ad4b tempest-AbsoluteLimitsTests-1821364847 None] Lock "quobyte_ensure" acquired by "cinder.volume.drivers.quobyte.QuobyteDriver._ensure_shares_mounted" :: waited 0.000s {{(pid=87780) inner /opt/stack/data/venv/lib/python3.12/site-packages/oslo_concurrency/lockutils.py:525}}
Jul 17 14:56:54 devstack cinder-volume[87780]: DEBUG cinder.volume.drivers.quobyte [None req-cc8591ec-99be-47e1-81d0-aa32e732ad4b tempest-AbsoluteLimitsTests-1821364847 None] Quobyte Volume URL set to: {'osci02.corp.quobyte.com/cinder-vol-2db87778-d67a-47a1-9e61-522d3b26451d': None} {{(pid=87780) _load_shares_config /opt/stack/cinder/cinder/volume/drivers/quobyte.py:651}}
Jul 17 14:56:54 devstack cinder-volume[87780]: DEBUG cinder.volume.drivers.quobyte [None req-cc8591ec-99be-47e1-81d0-aa32e732ad4b tempest-AbsoluteLimitsTests-1821364847 None] Available shares ['osci02.corp.quobyte.com/cinder-vol-2db87778-d67a-47a1-9e61-522d3b26451d'] {{(pid=87780) _ensure_shares_mounted /opt/stack/cinder/cinder/volume/drivers/quobyte.py:681}}
Jul 17 14:56:54 devstack cinder-volume[87780]: DEBUG oslo_concurrency.lockutils [None req-cc8591ec-99be-47e1-81d0-aa32e732ad4b tempest-AbsoluteLimitsTests-1821364847 None] Lock "quobyte_ensure" "released" by "cinder.volume.drivers.quobyte.QuobyteDriver._ensure_shares_mounted" :: held 0.005s {{(pid=87780) inner /opt/stack/data/venv/lib/python3.12/site-packages/oslo_concurrency/lockutils.py:544}}
Jul 17 14:56:54 devstack cinder-volume[87780]: DEBUG cinder.volume.drivers.quobyte [None req-cc8591ec-99be-47e1-81d0-aa32e732ad4b tempest-AbsoluteLimitsTests-1821364847 None] Selected osci02.corp.quobyte.com/cinder-vol-2db87778-d67a-47a1-9e61-522d3b26451d as target Quobyte volume. {{(pid=87780) _find_share /opt/stack/cinder/cinder/volume/drivers/quobyte.py:702}}
Jul 17 14:56:54 devstack cinder-volume[87780]: INFO cinder.volume.drivers.remotefs [None req-cc8591ec-99be-47e1-81d0-aa32e732ad4b tempest-AbsoluteLimitsTests-1821364847 None] casted to osci02.corp.quobyte.com/cinder-vol-2db87778-d67a-47a1-9e61-522d3b26451d
Jul 17 14:56:54 devstack cinder-volume[87780]: DEBUG oslo_concurrency.processutils [None req-cc8591ec-99be-47e1-81d0-aa32e732ad4b tempest-AbsoluteLimitsTests-1821364847 None] Running cmd (subprocess): sudo cinder-rootwrap /etc/cinder/rootwrap.conf qemu-img create -f qcow2 -o preallocation=metadata /opt/stack/data/cinder/mnt/d0170fc461297592619e399a320ca886/volume-e046d30a-34fc-4f5f-b0d0-d346ceeae5b0 1073741824 {{(pid=87780) execute /opt/stack/data/venv/lib/python3.12/site-packages/oslo_concurrency/processutils.py:440}}
Jul 17 14:56:54 devstack sudo[95810]: quobyte : PWD=/ ; USER=root ; COMMAND=/opt/stack/data/venv/bin/cinder-rootwrap /etc/cinder/rootwrap.conf qemu-img create -f qcow2 -o preallocation=metadata /opt/stack/data/cinder/mnt/d0170fc461297592619e399a320ca886/volume-e046d30a-34fc-4f5f-b0d0-d346ceeae5b0 1073741824
Jul 17 14:56:55 devstack sudo[95810]: pam_unix(sudo:session): session opened for user root(uid=0) by (uid=1000)
Jul 17 14:56:55 devstack sudo[95808]: pam_unix(sudo:session): session closed for user root
Jul 17 14:56:55 devstack cinder-volume[87780]: DEBUG oslo_concurrency.processutils [None req-8a9913ea-04f5-416f-8b63-fddc9db3d069 tempest-SnapshotsActionsTest-982333126 None] CMD "sudo cinder-rootwrap /etc/cinder/rootwrap.conf rm -f /opt/stack/data/cinder/mnt/d0170fc461297592619e399a320ca886/volume-292fa16a-1071-424f-a06d-7c34754b21bf" returned: 0 in 0.345s {{(pid=87780) execute /opt/stack/data/venv/lib/python3.12/site-packages/oslo_concurrency/processutils.py:468}}
Jul 17 14:56:55 devstack cinder-volume[87780]: DEBUG cinder.coordination [None req-8a9913ea-04f5-416f-8b63-fddc9db3d069 tempest-SnapshotsActionsTest-982333126 None] Lock "cinder-quobyte-292fa16a-1071-424f-a06d-7c34754b21bf" released by "delete_volume" :: held 0.948s {{(pid=87780) __release /opt/stack/cinder/cinder/coordination.py:152}}
Jul 17 14:56:55 devstack cinder-volume[87780]: DEBUG cinder.quota [None req-8a9913ea-04f5-416f-8b63-fddc9db3d069 tempest-SnapshotsActionsTest-982333126 None] Created reservations ['379d99bf-8f1d-4e04-857a-3d2bdcdc40b5', 'bc8c52ba-6c4d-419c-9752-07f77b093ba5', 'e4036327-3ea0-4c3e-952d-0971f365d4e0', '647e177d-46aa-46a4-9ef6-2d7afe78b3a1'] {{(pid=87780) reserve /opt/stack/cinder/cinder/quota.py:752}}
Jul 17 14:56:55 devstack cinder-volume[87780]: DEBUG oslo_concurrency.lockutils [None req-8a9913ea-04f5-416f-8b63-fddc9db3d069 tempest-SnapshotsActionsTest-982333126 None] Acquiring lock "quobyte_ensure" by "cinder.volume.drivers.quobyte.QuobyteDriver._ensure_shares_mounted" {{(pid=87780) inner /opt/stack/data/venv/lib/python3.12/site-packages/oslo_concurrency/lockutils.py:512}}
Jul 17 14:56:55 devstack cinder-volume[87780]: DEBUG oslo_concurrency.lockutils [None req-8a9913ea-04f5-416f-8b63-fddc9db3d069 tempest-SnapshotsActionsTest-982333126 None] Lock "quobyte_ensure" acquired by "cinder.volume.drivers.quobyte.QuobyteDriver._ensure_shares_mounted" :: waited 0.001s {{(pid=87780) inner /opt/stack/data/venv/lib/python3.12/site-packages/oslo_concurrency/lockutils.py:525}}
Jul 17 14:56:55 devstack cinder-volume[87780]: DEBUG cinder.volume.drivers.quobyte [None req-8a9913ea-04f5-416f-8b63-fddc9db3d069 tempest-SnapshotsActionsTest-982333126 None] Quobyte Volume URL set to: {'osci02.corp.quobyte.com/cinder-vol-2db87778-d67a-47a1-9e61-522d3b26451d': None} {{(pid=87780) _load_shares_config /opt/stack/cinder/cinder/volume/drivers/quobyte.py:651}}
Jul 17 14:56:55 devstack cinder-volume[87780]: DEBUG cinder.volume.drivers.quobyte [None req-8a9913ea-04f5-416f-8b63-fddc9db3d069 tempest-SnapshotsActionsTest-982333126 None] Available shares ['osci02.corp.quobyte.com/cinder-vol-2db87778-d67a-47a1-9e61-522d3b26451d'] {{(pid=87780) _ensure_shares_mounted /opt/stack/cinder/cinder/volume/drivers/quobyte.py:681}}
Jul 17 14:56:55 devstack cinder-volume[87780]: DEBUG oslo_concurrency.lockutils [None req-8a9913ea-04f5-416f-8b63-fddc9db3d069 tempest-SnapshotsActionsTest-982333126 None] Lock "quobyte_ensure" "released" by "cinder.volume.drivers.quobyte.QuobyteDriver._ensure_shares_mounted" :: held 0.008s {{(pid=87780) inner /opt/stack/data/venv/lib/python3.12/site-packages/oslo_concurrency/lockutils.py:544}}
Jul 17 14:56:55 devstack cinder-volume[87780]: DEBUG oslo_concurrency.processutils [None req-8a9913ea-04f5-416f-8b63-fddc9db3d069 tempest-SnapshotsActionsTest-982333126 None] Running cmd (subprocess): sudo cinder-rootwrap /etc/cinder/rootwrap.conf df --portability --block-size 1 /opt/stack/data/cinder/mnt/d0170fc461297592619e399a320ca886 {{(pid=87780) execute /opt/stack/data/venv/lib/python3.12/site-packages/oslo_concurrency/processutils.py:440}}
Jul 17 14:56:55 devstack sudo[95816]: quobyte : PWD=/ ; USER=root ; COMMAND=/opt/stack/data/venv/bin/cinder-rootwrap /etc/cinder/rootwrap.conf df --portability --block-size 1 /opt/stack/data/cinder/mnt/d0170fc461297592619e399a320ca886
Jul 17 14:56:55 devstack sudo[95816]: pam_unix(sudo:session): session opened for user root(uid=0) by (uid=1000)
Jul 17 14:56:55 devstack sudo[95810]: pam_unix(sudo:session): session closed for user root
Jul 17 14:56:55 devstack cinder-volume[87780]: DEBUG oslo_concurrency.processutils [None req-cc8591ec-99be-47e1-81d0-aa32e732ad4b tempest-AbsoluteLimitsTests-1821364847 None] CMD "sudo cinder-rootwrap /etc/cinder/rootwrap.conf qemu-img create -f qcow2 -o preallocation=metadata /opt/stack/data/cinder/mnt/d0170fc461297592619e399a320ca886/volume-e046d30a-34fc-4f5f-b0d0-d346ceeae5b0 1073741824" returned: 0 in 0.583s {{(pid=87780) execute /opt/stack/data/venv/lib/python3.12/site-packages/oslo_concurrency/processutils.py:468}}
Jul 17 14:56:55 devstack cinder-volume[87780]: DEBUG oslo_concurrency.processutils [None req-cc8591ec-99be-47e1-81d0-aa32e732ad4b tempest-AbsoluteLimitsTests-1821364847 None] Running cmd (subprocess): sudo cinder-rootwrap /etc/cinder/rootwrap.conf chmod ugo+rw /opt/stack/data/cinder/mnt/d0170fc461297592619e399a320ca886/volume-e046d30a-34fc-4f5f-b0d0-d346ceeae5b0 {{(pid=87780) execute /opt/stack/data/venv/lib/python3.12/site-packages/oslo_concurrency/processutils.py:440}}
Jul 17 14:56:55 devstack sudo[95818]: quobyte : PWD=/ ; USER=root ; COMMAND=/opt/stack/data/venv/bin/cinder-rootwrap /etc/cinder/rootwrap.conf chmod ugo+rw /opt/stack/data/cinder/mnt/d0170fc461297592619e399a320ca886/volume-e046d30a-34fc-4f5f-b0d0-d346ceeae5b0
Jul 17 14:56:55 devstack sudo[95818]: pam_unix(sudo:session): session opened for user root(uid=0) by (uid=1000)
Jul 17 14:56:55 devstack sudo[95816]: pam_unix(sudo:session): session closed for user root
Jul 17 14:56:55 devstack cinder-volume[87780]: DEBUG oslo_concurrency.processutils [None req-8a9913ea-04f5-416f-8b63-fddc9db3d069 tempest-SnapshotsActionsTest-982333126 None] CMD "sudo cinder-rootwrap /etc/cinder/rootwrap.conf df --portability --block-size 1 /opt/stack/data/cinder/mnt/d0170fc461297592619e399a320ca886" returned: 0 in 0.375s {{(pid=87780) execute /opt/stack/data/venv/lib/python3.12/site-packages/oslo_concurrency/processutils.py:468}}
Jul 17 14:56:55 devstack cinder-volume[87780]: DEBUG cinder.manager [None req-8a9913ea-04f5-416f-8b63-fddc9db3d069 tempest-SnapshotsActionsTest-982333126 None] Notifying Schedulers of capabilities ... {{(pid=87780) _publish_service_capabilities /opt/stack/cinder/cinder/manager.py:219}}
Jul 17 14:56:55 devstack cinder-volume[87780]: INFO cinder.volume.manager [None req-8a9913ea-04f5-416f-8b63-fddc9db3d069 tempest-SnapshotsActionsTest-982333126 None] Deleted volume successfully.
Jul 17 14:56:55 devstack cinder-volume[87780]: DEBUG cinder.coordination [None req-8a9913ea-04f5-416f-8b63-fddc9db3d069 tempest-SnapshotsActionsTest-982333126 None] Lock "cinder-292fa16a-1071-424f-a06d-7c34754b21bf-delete_volume" released by "delete_volume" :: held 1.675s {{(pid=87780) __release /opt/stack/cinder/cinder/coordination.py:152}}
Jul 17 14:56:55 devstack sudo[95818]: pam_unix(sudo:session): session closed for user root
Jul 17 14:56:55 devstack cinder-volume[87780]: DEBUG oslo_concurrency.processutils [None req-cc8591ec-99be-47e1-81d0-aa32e732ad4b tempest-AbsoluteLimitsTests-1821364847 None] CMD "sudo cinder-rootwrap /etc/cinder/rootwrap.conf chmod ugo+rw /opt/stack/data/cinder/mnt/d0170fc461297592619e399a320ca886/volume-e046d30a-34fc-4f5f-b0d0-d346ceeae5b0" returned: 0 in 0.358s {{(pid=87780) execute /opt/stack/data/venv/lib/python3.12/site-packages/oslo_concurrency/processutils.py:468}}
