Jul 17 14:55:50 devstack sudo[95128]: quobyte : PWD=/ ; USER=root ; COMMAND=/opt/stack/data/venv/bin/cinder-rootwrap /etc/cinder/rootwrap.conf df --portability --block-size 1 /opt/stack/data/cinder/mnt/d0170fc461297592619e399a320ca886
Jul 17 14:55:50 devstack sudo[95128]: pam_unix(sudo:session): session opened for user root(uid=0) by (uid=1000)
Jul 17 14:55:50 devstack cinder-volume[87780]: INFO cinder.volume.manager [None req-ea62c106-f478-484c-bccf-c261428de470 tempest-GroupsTest-249173695 None] Delete group completed successfully.
Jul 17 14:55:50 devstack cinder-volume[87780]: DEBUG oslo_concurrency.lockutils [None req-ebd3e6b0-a0f7-48d9-9589-9337182e3c22 tempest-GroupsV314Test-1946530796 None] Acquiring lock "quobyte" by "cinder.volume.drivers.quobyte.QuobyteDriver.create_cloned_volume" {{(pid=87780) inner /opt/stack/data/venv/lib/python3.12/site-packages/oslo_concurrency/lockutils.py:512}}
Jul 17 14:55:50 devstack cinder-volume[87780]: DEBUG oslo_concurrency.lockutils [None req-ebd3e6b0-a0f7-48d9-9589-9337182e3c22 tempest-GroupsV314Test-1946530796 None] Lock "quobyte" acquired by "cinder.volume.drivers.quobyte.QuobyteDriver.create_cloned_volume" :: waited 0.001s {{(pid=87780) inner /opt/stack/data/venv/lib/python3.12/site-packages/oslo_concurrency/lockutils.py:525}}
Jul 17 14:55:50 devstack cinder-volume[87780]: INFO cinder.volume.drivers.remotefs [None req-ebd3e6b0-a0f7-48d9-9589-9337182e3c22 tempest-GroupsV314Test-1946530796 None] Cloning volume 67dfa597-1598-4a05-a0ca-de06ddde357e to volume 8f378b6c-91ae-42e2-b1d2-a2d7736052bf
Jul 17 14:55:50 devstack cinder-volume[87780]: DEBUG cinder.volume.drivers.remotefs [None req-ebd3e6b0-a0f7-48d9-9589-9337182e3c22 tempest-GroupsV314Test-1946530796 None] Creating offline snapshot abb7691b-76da-46ef-8a46-473835f2f559 of volume 67dfa597-1598-4a05-a0ca-de06ddde357e {{(pid=87780) _create_snapshot /opt/stack/cinder/cinder/volume/drivers/remotefs.py:1816}}
Jul 17 14:55:50 devstack cinder-volume[87780]: DEBUG oslo.privsep.daemon [-] privsep: reply[4c90b19d-2dbe-4439-8920-2783326f11d4]: (4, 'qcow2') {{(pid=89171) _call_back /opt/stack/data/venv/lib/python3.12/site-packages/oslo_privsep/daemon.py:580}}
Jul 17 14:55:50 devstack cinder-volume[87780]: DEBUG oslo_concurrency.processutils [None req-ebd3e6b0-a0f7-48d9-9589-9337182e3c22 tempest-GroupsV314Test-1946530796 None] Running cmd (subprocess): /opt/stack/data/venv/bin/python3.12 -m oslo_concurrency.prlimit --as=1073741824 --cpu=60 -- sudo cinder-rootwrap /etc/cinder/rootwrap.conf env LC_ALL=C qemu-img info -f qcow2 --output=json --force-share /opt/stack/data/cinder/mnt/d0170fc461297592619e399a320ca886/volume-67dfa597-1598-4a05-a0ca-de06ddde357e {{(pid=87780) execute /opt/stack/data/venv/lib/python3.12/site-packages/oslo_concurrency/processutils.py:440}}
Jul 17 14:55:50 devstack sudo[95128]: pam_unix(sudo:session): session closed for user root
Jul 17 14:55:50 devstack cinder-volume[87780]: DEBUG oslo_concurrency.processutils [None req-b71251e8-bb2e-437e-8b64-17f751c48bec tempest-GroupsTest-249173695 None] CMD "sudo cinder-rootwrap /etc/cinder/rootwrap.conf df --portability --block-size 1 /opt/stack/data/cinder/mnt/d0170fc461297592619e399a320ca886" returned: 0 in 0.439s {{(pid=87780) execute /opt/stack/data/venv/lib/python3.12/site-packages/oslo_concurrency/processutils.py:468}}
Jul 17 14:55:50 devstack cinder-volume[87780]: DEBUG cinder.manager [None req-b71251e8-bb2e-437e-8b64-17f751c48bec tempest-GroupsTest-249173695 None] Notifying Schedulers of capabilities ... {{(pid=87780) _publish_service_capabilities /opt/stack/cinder/cinder/manager.py:219}}
Jul 17 14:55:50 devstack cinder-volume[87780]: INFO cinder.volume.manager [None req-b71251e8-bb2e-437e-8b64-17f751c48bec tempest-GroupsTest-249173695 None] Delete group completed successfully.
Jul 17 14:55:50 devstack sudo[95130]: quobyte : PWD=/ ; USER=root ; COMMAND=/opt/stack/data/venv/bin/cinder-rootwrap /etc/cinder/rootwrap.conf env LC_ALL=C qemu-img info -f qcow2 --output=json --force-share /opt/stack/data/cinder/mnt/d0170fc461297592619e399a320ca886/volume-67dfa597-1598-4a05-a0ca-de06ddde357e
Jul 17 14:55:50 devstack sudo[95130]: pam_unix(sudo:session): session opened for user root(uid=0) by (uid=1000)
Jul 17 14:55:50 devstack sudo[95130]: pam_unix(sudo:session): session closed for user root
Jul 17 14:55:50 devstack cinder-volume[87780]: DEBUG oslo_concurrency.processutils [None req-ebd3e6b0-a0f7-48d9-9589-9337182e3c22 tempest-GroupsV314Test-1946530796 None] CMD "/opt/stack/data/venv/bin/python3.12 -m oslo_concurrency.prlimit --as=1073741824 --cpu=60 -- sudo cinder-rootwrap /etc/cinder/rootwrap.conf env LC_ALL=C qemu-img info -f qcow2 --output=json --force-share /opt/stack/data/cinder/mnt/d0170fc461297592619e399a320ca886/volume-67dfa597-1598-4a05-a0ca-de06ddde357e" returned: 0 in 0.580s {{(pid=87780) execute /opt/stack/data/venv/lib/python3.12/site-packages/oslo_concurrency/processutils.py:468}}
Jul 17 14:55:50 devstack cinder-volume[87780]: DEBUG oslo_concurrency.processutils [None req-ebd3e6b0-a0f7-48d9-9589-9337182e3c22 tempest-GroupsV314Test-1946530796 None] Running cmd (subprocess): sudo cinder-rootwrap /etc/cinder/rootwrap.conf qemu-img create -f qcow2 -o backing_file=/opt/stack/data/cinder/mnt/d0170fc461297592619e399a320ca886/volume-67dfa597-1598-4a05-a0ca-de06ddde357e,backing_fmt=qcow2 /opt/stack/data/cinder/mnt/d0170fc461297592619e399a320ca886/volume-67dfa597-1598-4a05-a0ca-de06ddde357e.abb7691b-76da-46ef-8a46-473835f2f559 1G {{(pid=87780) execute /opt/stack/data/venv/lib/python3.12/site-packages/oslo_concurrency/processutils.py:440}}
Jul 17 14:55:51 devstack sudo[95142]: quobyte : PWD=/ ; USER=root ; COMMAND=/opt/stack/data/venv/bin/cinder-rootwrap /etc/cinder/rootwrap.conf qemu-img create -f qcow2 -o backing_file=/opt/stack/data/cinder/mnt/d0170fc461297592619e399a320ca886/volume-67dfa597-1598-4a05-a0ca-de06ddde357e,backing_fmt=qcow2 /opt/stack/data/cinder/mnt/d0170fc461297592619e399a320ca886/volume-67dfa597-1598-4a05-a0ca-de06ddde357e.abb7691b-76da-46ef-8a46-473835f2f559 1G
Jul 17 14:55:51 devstack sudo[95142]: pam_unix(sudo:session): session opened for user root(uid=0) by (uid=1000)
Jul 17 14:55:51 devstack sudo[95142]: pam_unix(sudo:session): session closed for user root
Jul 17 14:55:51 devstack cinder-volume[87780]: DEBUG oslo_concurrency.processutils [None req-ebd3e6b0-a0f7-48d9-9589-9337182e3c22 tempest-GroupsV314Test-1946530796 None] CMD "sudo cinder-rootwrap /etc/cinder/rootwrap.conf qemu-img create -f qcow2 -o backing_file=/opt/stack/data/cinder/mnt/d0170fc461297592619e399a320ca886/volume-67dfa597-1598-4a05-a0ca-de06ddde357e,backing_fmt=qcow2 /opt/stack/data/cinder/mnt/d0170fc461297592619e399a320ca886/volume-67dfa597-1598-4a05-a0ca-de06ddde357e.abb7691b-76da-46ef-8a46-473835f2f559 1G" returned: 0 in 0.593s {{(pid=87780) execute /opt/stack/data/venv/lib/python3.12/site-packages/oslo_concurrency/processutils.py:468}}
Jul 17 14:55:51 devstack cinder-volume[87780]: DEBUG oslo_concurrency.processutils [None req-ebd3e6b0-a0f7-48d9-9589-9337182e3c22 tempest-GroupsV314Test-1946530796 None] Running cmd (subprocess): sudo cinder-rootwrap /etc/cinder/rootwrap.conf qemu-img rebase -u -b volume-67dfa597-1598-4a05-a0ca-de06ddde357e -F qcow2 /opt/stack/data/cinder/mnt/d0170fc461297592619e399a320ca886/volume-67dfa597-1598-4a05-a0ca-de06ddde357e.abb7691b-76da-46ef-8a46-473835f2f559 {{(pid=87780) execute /opt/stack/data/venv/lib/python3.12/site-packages/oslo_concurrency/processutils.py:440}}
Jul 17 14:55:51 devstack sudo[95148]: quobyte : PWD=/ ; USER=root ; COMMAND=/opt/stack/data/venv/bin/cinder-rootwrap /etc/cinder/rootwrap.conf qemu-img rebase -u -b volume-67dfa597-1598-4a05-a0ca-de06ddde357e -F qcow2 /opt/stack/data/cinder/mnt/d0170fc461297592619e399a320ca886/volume-67dfa597-1598-4a05-a0ca-de06ddde357e.abb7691b-76da-46ef-8a46-473835f2f559
Jul 17 14:55:51 devstack sudo[95148]: pam_unix(sudo:session): session opened for user root(uid=0) by (uid=1000)
Jul 17 14:55:51 devstack cinder-volume[87780]: INFO cinder.volume.manager [None req-66cbd3e6-efb3-4fca-871e-18b3ab64e81b tempest-GroupsTest-249173695 None] Group tempest-GroupsTest-Group-1489645388: creating
Jul 17 14:55:51 devstack cinder-volume[87780]: INFO cinder.volume.manager [None req-66cbd3e6-efb3-4fca-871e-18b3ab64e81b tempest-GroupsTest-249173695 None] Group tempest-GroupsTest-Group-1489645388: created successfully
Jul 17 14:55:51 devstack cinder-volume[87780]: INFO cinder.volume.manager [None req-66cbd3e6-efb3-4fca-871e-18b3ab64e81b tempest-GroupsTest-249173695 None] Create group completed successfully.
Jul 17 14:55:52 devstack sudo[95148]: pam_unix(sudo:session): session closed for user root
Jul 17 14:55:52 devstack cinder-volume[87780]: DEBUG oslo_concurrency.processutils [None req-ebd3e6b0-a0f7-48d9-9589-9337182e3c22 tempest-GroupsV314Test-1946530796 None] CMD "sudo cinder-rootwrap /etc/cinder/rootwrap.conf qemu-img rebase -u -b volume-67dfa597-1598-4a05-a0ca-de06ddde357e -F qcow2 /opt/stack/data/cinder/mnt/d0170fc461297592619e399a320ca886/volume-67dfa597-1598-4a05-a0ca-de06ddde357e.abb7691b-76da-46ef-8a46-473835f2f559" returned: 0 in 0.455s {{(pid=87780) execute /opt/stack/data/venv/lib/python3.12/site-packages/oslo_concurrency/processutils.py:468}}
Jul 17 14:55:52 devstack cinder-volume[87780]: WARNING cinder.volume.drivers.remotefs [None req-ebd3e6b0-a0f7-48d9-9589-9337182e3c22 tempest-GroupsV314Test-1946530796 None] /opt/stack/data/cinder/mnt/d0170fc461297592619e399a320ca886/volume-67dfa597-1598-4a05-a0ca-de06ddde357e.abb7691b-76da-46ef-8a46-473835f2f559 is being set with open permissions: ugo+rw: NotImplementedError
Jul 17 14:55:52 devstack cinder-volume[87780]: DEBUG oslo_concurrency.processutils [None req-ebd3e6b0-a0f7-48d9-9589-9337182e3c22 tempest-GroupsV314Test-1946530796 None] Running cmd (subprocess): sudo cinder-rootwrap /etc/cinder/rootwrap.conf chmod ugo+rw /opt/stack/data/cinder/mnt/d0170fc461297592619e399a320ca886/volume-67dfa597-1598-4a05-a0ca-de06ddde357e.abb7691b-76da-46ef-8a46-473835f2f559 {{(pid=87780) execute /opt/stack/data/venv/lib/python3.12/site-packages/oslo_concurrency/processutils.py:440}}
Jul 17 14:55:52 devstack sudo[95153]: quobyte : PWD=/ ; USER=root ; COMMAND=/opt/stack/data/venv/bin/cinder-rootwrap /etc/cinder/rootwrap.conf chmod ugo+rw /opt/stack/data/cinder/mnt/d0170fc461297592619e399a320ca886/volume-67dfa597-1598-4a05-a0ca-de06ddde357e.abb7691b-76da-46ef-8a46-473835f2f559
Jul 17 14:55:52 devstack sudo[95153]: pam_unix(sudo:session): session opened for user root(uid=0) by (uid=1000)
Jul 17 14:55:52 devstack sudo[95153]: pam_unix(sudo:session): session closed for user root
Jul 17 14:55:52 devstack cinder-volume[87780]: DEBUG oslo_concurrency.processutils [None req-ebd3e6b0-a0f7-48d9-9589-9337182e3c22 tempest-GroupsV314Test-1946530796 None] CMD "sudo cinder-rootwrap /etc/cinder/rootwrap.conf chmod ugo+rw /opt/stack/data/cinder/mnt/d0170fc461297592619e399a320ca886/volume-67dfa597-1598-4a05-a0ca-de06ddde357e.abb7691b-76da-46ef-8a46-473835f2f559" returned: 0 in 0.259s {{(pid=87780) execute /opt/stack/data/venv/lib/python3.12/site-packages/oslo_concurrency/processutils.py:468}}
Jul 17 14:55:52 devstack cinder-volume[87780]: DEBUG oslo_concurrency.processutils [None req-ebd3e6b0-a0f7-48d9-9589-9337182e3c22 tempest-GroupsV314Test-1946530796 None] Running cmd (subprocess): sudo cinder-rootwrap /etc/cinder/rootwrap.conf truncate -s0 /opt/stack/data/cinder/mnt/d0170fc461297592619e399a320ca886/volume-67dfa597-1598-4a05-a0ca-de06ddde357e.info {{(pid=87780) execute /opt/stack/data/venv/lib/python3.12/site-packages/oslo_concurrency/processutils.py:440}}
Jul 17 14:55:52 devstack sudo[95156]: quobyte : PWD=/ ; USER=root ; COMMAND=/opt/stack/data/venv/bin/cinder-rootwrap /etc/cinder/rootwrap.conf truncate -s0 /opt/stack/data/cinder/mnt/d0170fc461297592619e399a320ca886/volume-67dfa597-1598-4a05-a0ca-de06ddde357e.info
Jul 17 14:55:52 devstack sudo[95156]: pam_unix(sudo:session): session opened for user root(uid=0) by (uid=1000)
Jul 17 14:55:52 devstack sudo[95156]: pam_unix(sudo:session): session closed for user root
Jul 17 14:55:52 devstack cinder-volume[87780]: DEBUG oslo_concurrency.processutils [None req-ebd3e6b0-a0f7-48d9-9589-9337182e3c22 tempest-GroupsV314Test-1946530796 None] CMD "sudo cinder-rootwrap /etc/cinder/rootwrap.conf truncate -s0 /opt/stack/data/cinder/mnt/d0170fc461297592619e399a320ca886/volume-67dfa597-1598-4a05-a0ca-de06ddde357e.info" returned: 0 in 0.274s {{(pid=87780) execute /opt/stack/data/venv/lib/python3.12/site-packages/oslo_concurrency/processutils.py:468}}
Jul 17 14:55:52 devstack cinder-volume[87780]: WARNING cinder.volume.drivers.remotefs [None req-ebd3e6b0-a0f7-48d9-9589-9337182e3c22 tempest-GroupsV314Test-1946530796 None] /opt/stack/data/cinder/mnt/d0170fc461297592619e399a320ca886/volume-67dfa597-1598-4a05-a0ca-de06ddde357e.info is being set with open permissions: ugo+rw: NotImplementedError
Jul 17 14:55:52 devstack cinder-volume[87780]: DEBUG oslo_concurrency.processutils [None req-ebd3e6b0-a0f7-48d9-9589-9337182e3c22 tempest-GroupsV314Test-1946530796 None] Running cmd (subprocess): sudo cinder-rootwrap /etc/cinder/rootwrap.conf chmod ugo+rw /opt/stack/data/cinder/mnt/d0170fc461297592619e399a320ca886/volume-67dfa597-1598-4a05-a0ca-de06ddde357e.info {{(pid=87780) execute /opt/stack/data/venv/lib/python3.12/site-packages/oslo_concurrency/processutils.py:440}}
Jul 17 14:55:52 devstack sudo[95159]: quobyte : PWD=/ ; USER=root ; COMMAND=/opt/stack/data/venv/bin/cinder-rootwrap /etc/cinder/rootwrap.conf chmod ugo+rw /opt/stack/data/cinder/mnt/d0170fc461297592619e399a320ca886/volume-67dfa597-1598-4a05-a0ca-de06ddde357e.info
Jul 17 14:55:52 devstack sudo[95159]: pam_unix(sudo:session): session opened for user root(uid=0) by (uid=1000)
Jul 17 14:55:52 devstack sudo[95159]: pam_unix(sudo:session): session closed for user root
Jul 17 14:55:52 devstack cinder-volume[87780]: DEBUG oslo_concurrency.processutils [None req-ebd3e6b0-a0f7-48d9-9589-9337182e3c22 tempest-GroupsV314Test-1946530796 None] CMD "sudo cinder-rootwrap /etc/cinder/rootwrap.conf chmod ugo+rw /opt/stack/data/cinder/mnt/d0170fc461297592619e399a320ca886/volume-67dfa597-1598-4a05-a0ca-de06ddde357e.info" returned: 0 in 0.305s {{(pid=87780) execute /opt/stack/data/venv/lib/python3.12/site-packages/oslo_concurrency/processutils.py:468}}
Jul 17 14:55:52 devstack cinder-volume[87780]: DEBUG cinder.coordination [None req-ebd3e6b0-a0f7-48d9-9589-9337182e3c22 tempest-GroupsV314Test-1946530796 None] Acquiring lock "cinder-quobyte-8f378b6c-91ae-42e2-b1d2-a2d7736052bf" by "_copy_volume_from_snapshot" {{(pid=87780) __acquire /opt/stack/cinder/cinder/coordination.py:138}}
Jul 17 14:55:52 devstack cinder-volume[87780]: DEBUG cinder.coordination [None req-ebd3e6b0-a0f7-48d9-9589-9337182e3c22 tempest-GroupsV314Test-1946530796 None] Lock "cinder-quobyte-8f378b6c-91ae-42e2-b1d2-a2d7736052bf" acquired by "_copy_volume_from_snapshot" :: waited 0.026s {{(pid=87780) __acquire /opt/stack/cinder/cinder/coordination.py:141}}
Jul 17 14:55:52 devstack cinder-volume[87780]: DEBUG cinder.volume.drivers.quobyte [None req-ebd3e6b0-a0f7-48d9-9589-9337182e3c22 tempest-GroupsV314Test-1946530796 None] snapshot: abb7691b-76da-46ef-8a46-473835f2f559, volume: 8f378b6c-91ae-42e2-b1d2-a2d7736052bf, {{(pid=87780) _copy_volume_from_snapshot /opt/stack/cinder/cinder/volume/drivers/quobyte.py:403}}
Jul 17 14:55:53 devstack cinder-volume[87780]: DEBUG oslo_concurrency.lockutils [None req-ebd3e6b0-a0f7-48d9-9589-9337182e3c22 tempest-GroupsV314Test-1946530796 None] Acquiring lock "quobyte_ensure" by "cinder.volume.drivers.quobyte.QuobyteDriver._ensure_shares_mounted" {{(pid=87780) inner /opt/stack/data/venv/lib/python3.12/site-packages/oslo_concurrency/lockutils.py:512}}
Jul 17 14:55:53 devstack cinder-volume[87780]: DEBUG oslo_concurrency.lockutils [None req-ebd3e6b0-a0f7-48d9-9589-9337182e3c22 tempest-GroupsV314Test-1946530796 None] Lock "quobyte_ensure" acquired by "cinder.volume.drivers.quobyte.QuobyteDriver._ensure_shares_mounted" :: waited 0.001s {{(pid=87780) inner /opt/stack/data/venv/lib/python3.12/site-packages/oslo_concurrency/lockutils.py:525}}
Jul 17 14:55:53 devstack cinder-volume[87780]: DEBUG cinder.volume.drivers.quobyte [None req-ebd3e6b0-a0f7-48d9-9589-9337182e3c22 tempest-GroupsV314Test-1946530796 None] Quobyte Volume URL set to: {'osci02.corp.quobyte.com/cinder-vol-2db87778-d67a-47a1-9e61-522d3b26451d': None} {{(pid=87780) _load_shares_config /opt/stack/cinder/cinder/volume/drivers/quobyte.py:651}}
Jul 17 14:55:53 devstack cinder-volume[87780]: DEBUG cinder.volume.drivers.quobyte [None req-ebd3e6b0-a0f7-48d9-9589-9337182e3c22 tempest-GroupsV314Test-1946530796 None] Available shares ['osci02.corp.quobyte.com/cinder-vol-2db87778-d67a-47a1-9e61-522d3b26451d'] {{(pid=87780) _ensure_shares_mounted /opt/stack/cinder/cinder/volume/drivers/quobyte.py:681}}
Jul 17 14:55:53 devstack cinder-volume[87780]: DEBUG oslo_concurrency.lockutils [None req-ebd3e6b0-a0f7-48d9-9589-9337182e3c22 tempest-GroupsV314Test-1946530796 None] Lock "quobyte_ensure" "released" by "cinder.volume.drivers.quobyte.QuobyteDriver._ensure_shares_mounted" :: held 0.006s {{(pid=87780) inner /opt/stack/data/venv/lib/python3.12/site-packages/oslo_concurrency/lockutils.py:544}}
Jul 17 14:55:53 devstack cinder-volume[87780]: DEBUG oslo.privsep.daemon [-] privsep: reply[d46b8425-30cd-4a61-b506-e6b0d01cdec0]: (4, 'qcow2') {{(pid=89171) _call_back /opt/stack/data/venv/lib/python3.12/site-packages/oslo_privsep/daemon.py:580}}
Jul 17 14:55:53 devstack cinder-volume[87780]: DEBUG oslo_concurrency.processutils [None req-ebd3e6b0-a0f7-48d9-9589-9337182e3c22 tempest-GroupsV314Test-1946530796 None] Running cmd (subprocess): /opt/stack/data/venv/bin/python3.12 -m oslo_concurrency.prlimit --as=1073741824 --cpu=60 -- sudo cinder-rootwrap /etc/cinder/rootwrap.conf env LC_ALL=C qemu-img info -f qcow2 --output=json --force-share /opt/stack/data/cinder/mnt/d0170fc461297592619e399a320ca886/volume-67dfa597-1598-4a05-a0ca-de06ddde357e.abb7691b-76da-46ef-8a46-473835f2f559 {{(pid=87780) execute /opt/stack/data/venv/lib/python3.12/site-packages/oslo_concurrency/processutils.py:440}}
Jul 17 14:55:53 devstack sudo[95162]: quobyte : PWD=/ ; USER=root ; COMMAND=/opt/stack/data/venv/bin/cinder-rootwrap /etc/cinder/rootwrap.conf env LC_ALL=C qemu-img info -f qcow2 --output=json --force-share /opt/stack/data/cinder/mnt/d0170fc461297592619e399a320ca886/volume-67dfa597-1598-4a05-a0ca-de06ddde357e.abb7691b-76da-46ef-8a46-473835f2f559
Jul 17 14:55:53 devstack sudo[95162]: pam_unix(sudo:session): session opened for user root(uid=0) by (uid=1000)
Jul 17 14:55:53 devstack sudo[95162]: pam_unix(sudo:session): session closed for user root
Jul 17 14:55:53 devstack cinder-volume[87780]: DEBUG oslo_concurrency.processutils [None req-ebd3e6b0-a0f7-48d9-9589-9337182e3c22 tempest-GroupsV314Test-1946530796 None] CMD "/opt/stack/data/venv/bin/python3.12 -m oslo_concurrency.prlimit --as=1073741824 --cpu=60 -- sudo cinder-rootwrap /etc/cinder/rootwrap.conf env LC_ALL=C qemu-img info -f qcow2 --output=json --force-share /opt/stack/data/cinder/mnt/d0170fc461297592619e399a320ca886/volume-67dfa597-1598-4a05-a0ca-de06ddde357e.abb7691b-76da-46ef-8a46-473835f2f559" returned: 0 in 0.507s {{(pid=87780) execute /opt/stack/data/venv/lib/python3.12/site-packages/oslo_concurrency/processutils.py:468}}
Jul 17 14:55:53 devstack cinder-volume[87780]: DEBUG cinder.volume.drivers.remotefs [None req-ebd3e6b0-a0f7-48d9-9589-9337182e3c22 tempest-GroupsV314Test-1946530796 None] Fetching qemu-img info with special backing_file_template: (/opt/stack/data/cinder/mnt/[0-9a-f]+/)?(volume-67dfa597-1598-4a05-a0ca-de06ddde357e(.(tmp-snap-)?[0-9a-f-]+)?|volume_from_snapshot_cache/(tmp-snap-)?[0-9a-f-]+(.(child-|parent-)[0-9a-f-]+)?)$ {{(pid=87780) _qemu_img_info_base /opt/stack/cinder/cinder/volume/drivers/remotefs.py:896}}
Jul 17 14:55:53 devstack cinder-volume[87780]: DEBUG cinder.volume.drivers.quobyte [None req-ebd3e6b0-a0f7-48d9-9589-9337182e3c22 tempest-GroupsV314Test-1946530796 None] will copy from snapshot at /opt/stack/data/cinder/mnt/d0170fc461297592619e399a320ca886/volume-67dfa597-1598-4a05-a0ca-de06ddde357e {{(pid=87780) _copy_volume_from_snapshot /opt/stack/cinder/cinder/volume/drivers/quobyte.py:422}}
Jul 17 14:55:53 devstack cinder-volume[87780]: DEBUG cinder.volume.drivers.quobyte [None req-ebd3e6b0-a0f7-48d9-9589-9337182e3c22 tempest-GroupsV314Test-1946530796 None] Creating direct copy from snapshot {{(pid=87780) _copy_volume_from_snapshot /opt/stack/cinder/cinder/volume/drivers/quobyte.py:430}}
Jul 17 14:55:53 devstack cinder-volume[87780]: DEBUG oslo.privsep.daemon [-] privsep: reply[a49b5181-d896-4841-984a-156fb5b20472]: (4, 'qcow2') {{(pid=89171) _call_back /opt/stack/data/venv/lib/python3.12/site-packages/oslo_privsep/daemon.py:580}}
Jul 17 14:55:53 devstack cinder-volume[87780]: DEBUG oslo_concurrency.processutils [None req-ebd3e6b0-a0f7-48d9-9589-9337182e3c22 tempest-GroupsV314Test-1946530796 None] Running cmd (subprocess): /opt/stack/data/venv/bin/python3.12 -m oslo_concurrency.prlimit --as=1073741824 --cpu=60 -- sudo cinder-rootwrap /etc/cinder/rootwrap.conf env LC_ALL=C qemu-img info -f qcow2 --output=json /opt/stack/data/cinder/mnt/d0170fc461297592619e399a320ca886/volume-67dfa597-1598-4a05-a0ca-de06ddde357e {{(pid=87780) execute /opt/stack/data/venv/lib/python3.12/site-packages/oslo_concurrency/processutils.py:440}}
Jul 17 14:55:53 devstack cinder-volume[87780]: DEBUG cinder.volume.flows.manager.create_volume [None req-441714c0-a6c2-42f2-9734-9bd870584b5e tempest-GroupsTest-249173695 None] Volume reschedule parameters: True retry: {'num_attempts': 1, 'backends': ['devstack@QuobyteHD#QuobyteHD'], 'hosts': ['devstack@QuobyteHD#QuobyteHD']} {{(pid=87780) get_flow /opt/stack/cinder/cinder/volume/flows/manager/create_volume.py:1397}}
Jul 17 14:55:53 devstack cinder-volume[87780]: DEBUG cinder.volume.manager [None req-441714c0-a6c2-42f2-9734-9bd870584b5e tempest-GroupsTest-249173695 None] Flow 'volume_create_manager' (2476226a-e7df-4fd7-a194-5008fda9aef8) transitioned into state 'RUNNING' from state 'PENDING' {{(pid=87780) _flow_receiver /opt/stack/data/venv/lib/python3.12/site-packages/taskflow/listeners/logging.py:160}}
Jul 17 14:55:53 devstack cinder-volume[87780]: DEBUG cinder.volume.manager [None req-441714c0-a6c2-42f2-9734-9bd870584b5e tempest-GroupsTest-249173695 None] Task 'cinder.volume.flows.manager.create_volume.ExtractVolumeRefTask;volume:create' (8cc51156-4b30-4965-aef4-8fc00ec32c82) transitioned into state 'RUNNING' from state 'PENDING' {{(pid=87780) _task_receiver /opt/stack/data/venv/lib/python3.12/site-packages/taskflow/listeners/logging.py:242}}
Jul 17 14:55:53 devstack sudo[95167]: quobyte : PWD=/ ; USER=root ; COMMAND=/opt/stack/data/venv/bin/cinder-rootwrap /etc/cinder/rootwrap.conf env LC_ALL=C qemu-img info -f qcow2 --output=json /opt/stack/data/cinder/mnt/d0170fc461297592619e399a320ca886/volume-67dfa597-1598-4a05-a0ca-de06ddde357e
Jul 17 14:55:53 devstack sudo[95167]: pam_unix(sudo:session): session opened for user root(uid=0) by (uid=1000)
Jul 17 14:55:53 devstack cinder-volume[87780]: DEBUG cinder.volume.manager [None req-441714c0-a6c2-42f2-9734-9bd870584b5e tempest-GroupsTest-249173695 None] Task 'cinder.volume.flows.manager.create_volume.ExtractVolumeRefTask;volume:create' (8cc51156-4b30-4965-aef4-8fc00ec32c82) transitioned into state 'SUCCESS' from state 'RUNNING' with result 'Volume(_name_id=None,admin_metadata=,attach_status='detached',availability_zone='nova',bootable=False,cluster=,cluster_name=None,consistencygroup=,consistencygroup_id=None,created_at=2026-07-17T12:55:53Z,deleted=False,deleted_at=None,display_description=None,display_name='tempest-volume-287602197',ec2_id=None,encryption_key_id=None,glance_metadata=,group=,group_id=189bbf9a-3e84-4a31-8972-c36689c81f0d,host='devstack@QuobyteHD#QuobyteHD',id=0158d3b7-7866-4abd-904e-d40869e758c8,launched_at=None,metadata={},migration_status=None,multiattach=False,previous_status=None,project_id='1ac3849363f94df08dd5cc61d8e2fc50',provider_auth=None,provider_geometry=None,provider_id=None,provider_location=None,replication_driver_data=None,replication_extended_status=None,replication_status=None,scheduled_at=2026-07-17T12:55:54Z,service_uuid=None,shared_targets=True,size=1,snapshot_id=None,snapshots=,source_volid=None,status='creating',terminated_at=None,updated_at=2026-07-17T12:55:54Z,use_quota=True,user_id='0bc183fc833844ef92837a0412cf3304',volume_attachment=VolumeAttachmentList,volume_type=VolumeType(7b1ccfbe-462a-4066-ac6e-54f642b0b03a),volume_type_id=7b1ccfbe-462a-4066-ac6e-54f642b0b03a)' {{(pid=87780) _task_receiver /opt/stack/data/venv/lib/python3.12/site-packages/taskflow/listeners/logging.py:218}}
Jul 17 14:55:53 devstack cinder-volume[87780]: DEBUG cinder.volume.manager [None req-441714c0-a6c2-42f2-9734-9bd870584b5e tempest-GroupsTest-249173695 None] Task 'cinder.volume.flows.manager.create_volume.OnFailureRescheduleTask;volume:create' (2576c10b-06da-4e3b-b0a6-f32e3f834a31) transitioned into state 'RUNNING' from state 'PENDING' {{(pid=87780) _task_receiver /opt/stack/data/venv/lib/python3.12/site-packages/taskflow/listeners/logging.py:242}}
Jul 17 14:55:53 devstack cinder-volume[87780]: DEBUG cinder.volume.manager [None req-441714c0-a6c2-42f2-9734-9bd870584b5e tempest-GroupsTest-249173695 None] Task 'cinder.volume.flows.manager.create_volume.OnFailureRescheduleTask;volume:create' (2576c10b-06da-4e3b-b0a6-f32e3f834a31) transitioned into state 'SUCCESS' from state 'RUNNING' with result 'None' {{(pid=87780) _task_receiver /opt/stack/data/venv/lib/python3.12/site-packages/taskflow/listeners/logging.py:218}}
Jul 17 14:55:53 devstack cinder-volume[87780]: DEBUG cinder.volume.manager [None req-441714c0-a6c2-42f2-9734-9bd870584b5e tempest-GroupsTest-249173695 None] Task 'cinder.volume.flows.manager.create_volume.ExtractVolumeSpecTask;volume:create' (cdd77ca3-adc9-4025-9950-1e799cb96bd1) transitioned into state 'RUNNING' from state 'PENDING' {{(pid=87780) _task_receiver /opt/stack/data/venv/lib/python3.12/site-packages/taskflow/listeners/logging.py:242}}
Jul 17 14:55:53 devstack cinder-volume[87780]: DEBUG cinder.volume.manager [None req-441714c0-a6c2-42f2-9734-9bd870584b5e tempest-GroupsTest-249173695 None] Task 'cinder.volume.flows.manager.create_volume.ExtractVolumeSpecTask;volume:create' (cdd77ca3-adc9-4025-9950-1e799cb96bd1) transitioned into state 'SUCCESS' from state 'RUNNING' with result '{'status': 'creating', 'type': 'raw', 'volume_id': '0158d3b7-7866-4abd-904e-d40869e758c8', 'volume_name': 'volume-0158d3b7-7866-4abd-904e-d40869e758c8', 'volume_size': 1}' {{(pid=87780) _task_receiver /opt/stack/data/venv/lib/python3.12/site-packages/taskflow/listeners/logging.py:218}}
Jul 17 14:55:53 devstack cinder-volume[87780]: DEBUG cinder.volume.manager [None req-441714c0-a6c2-42f2-9734-9bd870584b5e tempest-GroupsTest-249173695 None] Task 'cinder.volume.flows.manager.create_volume.NotifyVolumeActionTask;volume:create, create.start' (8b20c55e-06d1-4618-a3cf-644effbfb726) transitioned into state 'RUNNING' from state 'PENDING' {{(pid=87780) _task_receiver /opt/stack/data/venv/lib/python3.12/site-packages/taskflow/listeners/logging.py:242}}
Jul 17 14:55:53 devstack cinder-volume[87780]: DEBUG cinder.volume.manager [None req-441714c0-a6c2-42f2-9734-9bd870584b5e tempest-GroupsTest-249173695 None] Task 'cinder.volume.flows.manager.create_volume.NotifyVolumeActionTask;volume:create, create.start' (8b20c55e-06d1-4618-a3cf-644effbfb726) transitioned into state 'SUCCESS' from state 'RUNNING' with result 'None' {{(pid=87780) _task_receiver /opt/stack/data/venv/lib/python3.12/site-packages/taskflow/listeners/logging.py:218}}
Jul 17 14:55:53 devstack cinder-volume[87780]: DEBUG cinder.volume.manager [None req-441714c0-a6c2-42f2-9734-9bd870584b5e tempest-GroupsTest-249173695 None] Task 'cinder.volume.flows.manager.create_volume.CreateVolumeFromSpecTask;volume:create' (1e88894f-d502-4c0b-a9b8-0faf22e3d445) transitioned into state 'RUNNING' from state 'PENDING' {{(pid=87780) _task_receiver /opt/stack/data/venv/lib/python3.12/site-packages/taskflow/listeners/logging.py:242}}
Jul 17 14:55:53 devstack cinder-volume[87780]: INFO cinder.volume.flows.manager.create_volume [None req-441714c0-a6c2-42f2-9734-9bd870584b5e tempest-GroupsTest-249173695 None] Volume 0158d3b7-7866-4abd-904e-d40869e758c8: being created as raw with specification: {'status': 'creating', 'volume_name': 'volume-0158d3b7-7866-4abd-904e-d40869e758c8', 'volume_size': 1}
Jul 17 14:55:53 devstack cinder-volume[87780]: DEBUG oslo_concurrency.lockutils [None req-441714c0-a6c2-42f2-9734-9bd870584b5e tempest-GroupsTest-249173695 None] Acquiring lock "quobyte" by "cinder.volume.drivers.quobyte.QuobyteDriver.create_volume" {{(pid=87780) inner /opt/stack/data/venv/lib/python3.12/site-packages/oslo_concurrency/lockutils.py:512}}
Jul 17 14:55:54 devstack sudo[95167]: pam_unix(sudo:session): session closed for user root
Jul 17 14:55:54 devstack cinder-volume[87780]: DEBUG oslo_concurrency.processutils [None req-ebd3e6b0-a0f7-48d9-9589-9337182e3c22 tempest-GroupsV314Test-1946530796 None] CMD "/opt/stack/data/venv/bin/python3.12 -m oslo_concurrency.prlimit --as=1073741824 --cpu=60 -- sudo cinder-rootwrap /etc/cinder/rootwrap.conf env LC_ALL=C qemu-img info -f qcow2 --output=json /opt/stack/data/cinder/mnt/d0170fc461297592619e399a320ca886/volume-67dfa597-1598-4a05-a0ca-de06ddde357e" returned: 0 in 0.555s {{(pid=87780) execute /opt/stack/data/venv/lib/python3.12/site-packages/oslo_concurrency/processutils.py:468}}
Jul 17 14:55:54 devstack cinder-volume[87780]: DEBUG cinder.utils [None req-ebd3e6b0-a0f7-48d9-9589-9337182e3c22 tempest-GroupsV314Test-1946530796 None] Path /opt/stack/data/cinder/mnt/d0170fc461297592619e399a320ca886/volume-8f378b6c-91ae-42e2-b1d2-a2d7736052bf not found in is_blk_device check {{(pid=87780) is_blk_device /opt/stack/cinder/cinder/utils.py:615}}
Jul 17 14:55:54 devstack cinder-volume[87780]: DEBUG oslo_concurrency.processutils [None req-ebd3e6b0-a0f7-48d9-9589-9337182e3c22 tempest-GroupsV314Test-1946530796 None] Running cmd (subprocess): sudo cinder-rootwrap /etc/cinder/rootwrap.conf qemu-img convert -O qcow2 /opt/stack/data/cinder/mnt/d0170fc461297592619e399a320ca886/volume-67dfa597-1598-4a05-a0ca-de06ddde357e /opt/stack/data/cinder/mnt/d0170fc461297592619e399a320ca886/volume-8f378b6c-91ae-42e2-b1d2-a2d7736052bf {{(pid=87780) execute /opt/stack/data/venv/lib/python3.12/site-packages/oslo_concurrency/processutils.py:440}}
Jul 17 14:55:54 devstack sudo[95173]: quobyte : PWD=/ ; USER=root ; COMMAND=/opt/stack/data/venv/bin/cinder-rootwrap /etc/cinder/rootwrap.conf qemu-img convert -O qcow2 /opt/stack/data/cinder/mnt/d0170fc461297592619e399a320ca886/volume-67dfa597-1598-4a05-a0ca-de06ddde357e /opt/stack/data/cinder/mnt/d0170fc461297592619e399a320ca886/volume-8f378b6c-91ae-42e2-b1d2-a2d7736052bf
Jul 17 14:55:54 devstack sudo[95173]: pam_unix(sudo:session): session opened for user root(uid=0) by (uid=1000)
Jul 17 14:56:00 devstack sudo[95173]: pam_unix(sudo:session): session closed for user root
Jul 17 14:56:00 devstack cinder-volume[87780]: DEBUG oslo_concurrency.processutils [None req-ebd3e6b0-a0f7-48d9-9589-9337182e3c22 tempest-GroupsV314Test-1946530796 None] CMD "sudo cinder-rootwrap /etc/cinder/rootwrap.conf qemu-img convert -O qcow2 /opt/stack/data/cinder/mnt/d0170fc461297592619e399a320ca886/volume-67dfa597-1598-4a05-a0ca-de06ddde357e /opt/stack/data/cinder/mnt/d0170fc461297592619e399a320ca886/volume-8f378b6c-91ae-42e2-b1d2-a2d7736052bf" returned: 0 in 6.152s {{(pid=87780) execute /opt/stack/data/venv/lib/python3.12/site-packages/oslo_concurrency/processutils.py:468}}
Jul 17 14:56:00 devstack cinder-volume[87780]: DEBUG oslo.privsep.daemon [-] privsep: reply[9e8b2325-e192-4e06-9cca-d14a3e08d52e]: (4, 'qcow2') {{(pid=89171) _call_back /opt/stack/data/venv/lib/python3.12/site-packages/oslo_privsep/daemon.py:580}}
Jul 17 14:56:00 devstack cinder-volume[87780]: DEBUG oslo_concurrency.processutils [None req-ebd3e6b0-a0f7-48d9-9589-9337182e3c22 tempest-GroupsV314Test-1946530796 None] Running cmd (subprocess): /opt/stack/data/venv/bin/python3.12 -m oslo_concurrency.prlimit --as=1073741824 --cpu=60 -- sudo cinder-rootwrap /etc/cinder/rootwrap.conf env LC_ALL=C qemu-img info -f qcow2 --output=json /opt/stack/data/cinder/mnt/d0170fc461297592619e399a320ca886/volume-67dfa597-1598-4a05-a0ca-de06ddde357e {{(pid=87780) execute /opt/stack/data/venv/lib/python3.12/site-packages/oslo_concurrency/processutils.py:440}}
Jul 17 14:56:00 devstack sudo[95195]: quobyte : PWD=/ ; USER=root ; COMMAND=/opt/stack/data/venv/bin/cinder-rootwrap /etc/cinder/rootwrap.conf env LC_ALL=C qemu-img info -f qcow2 --output=json /opt/stack/data/cinder/mnt/d0170fc461297592619e399a320ca886/volume-67dfa597-1598-4a05-a0ca-de06ddde357e
Jul 17 14:56:00 devstack sudo[95195]: pam_unix(sudo:session): session opened for user root(uid=0) by (uid=1000)
Jul 17 14:56:01 devstack sudo[95195]: pam_unix(sudo:session): session closed for user root
Jul 17 14:56:01 devstack cinder-volume[87780]: DEBUG oslo_concurrency.processutils [None req-ebd3e6b0-a0f7-48d9-9589-9337182e3c22 tempest-GroupsV314Test-1946530796 None] CMD "/opt/stack/data/venv/bin/python3.12 -m oslo_concurrency.prlimit --as=1073741824 --cpu=60 -- sudo cinder-rootwrap /etc/cinder/rootwrap.conf env LC_ALL=C qemu-img info -f qcow2 --output=json /opt/stack/data/cinder/mnt/d0170fc461297592619e399a320ca886/volume-67dfa597-1598-4a05-a0ca-de06ddde357e" returned: 0 in 0.787s {{(pid=87780) execute /opt/stack/data/venv/lib/python3.12/site-packages/oslo_concurrency/processutils.py:468}}
Jul 17 14:56:01 devstack cinder-volume[87780]: DEBUG cinder.image.image_utils [None req-ebd3e6b0-a0f7-48d9-9589-9337182e3c22 tempest-GroupsV314Test-1946530796 None] Image conversion details: src /opt/stack/data/cinder/mnt/d0170fc461297592619e399a320ca886/volume-67dfa597-1598-4a05-a0ca-de06ddde357e, size 1024.00 MB, duration 6.15 sec, destination /opt/stack/data/cinder/mnt/d0170fc461297592619e399a320ca886/volume-8f378b6c-91ae-42e2-b1d2-a2d7736052bf {{(pid=87780) _convert_image /opt/stack/cinder/cinder/image/image_utils.py:536}}
Jul 17 14:56:01 devstack cinder-volume[87780]: INFO cinder.image.image_utils [None req-ebd3e6b0-a0f7-48d9-9589-9337182e3c22 tempest-GroupsV314Test-1946530796 None] Converted 1024.00 MB image at 166.40 MB/s
Jul 17 14:56:01 devstack cinder-volume[87780]: WARNING cinder.volume.drivers.remotefs [None req-ebd3e6b0-a0f7-48d9-9589-9337182e3c22 tempest-GroupsV314Test-1946530796 None] /opt/stack/data/cinder/mnt/d0170fc461297592619e399a320ca886/volume-8f378b6c-91ae-42e2-b1d2-a2d7736052bf is being set with open permissions: ugo+rw: NotImplementedError
Jul 17 14:56:01 devstack cinder-volume[87780]: DEBUG oslo_concurrency.processutils [None req-ebd3e6b0-a0f7-48d9-9589-9337182e3c22 tempest-GroupsV314Test-1946530796 None] Running cmd (subprocess): sudo cinder-rootwrap /etc/cinder/rootwrap.conf chmod ugo+rw /opt/stack/data/cinder/mnt/d0170fc461297592619e399a320ca886/volume-8f378b6c-91ae-42e2-b1d2-a2d7736052bf {{(pid=87780) execute /opt/stack/data/venv/lib/python3.12/site-packages/oslo_concurrency/processutils.py:440}}
Jul 17 14:56:01 devstack sudo[95218]: quobyte : PWD=/ ; USER=root ; COMMAND=/opt/stack/data/venv/bin/cinder-rootwrap /etc/cinder/rootwrap.conf chmod ugo+rw /opt/stack/data/cinder/mnt/d0170fc461297592619e399a320ca886/volume-8f378b6c-91ae-42e2-b1d2-a2d7736052bf
Jul 17 14:56:01 devstack sudo[95218]: pam_unix(sudo:session): session opened for user root(uid=0) by (uid=1000)
Jul 17 14:56:01 devstack sudo[95218]: pam_unix(sudo:session): session closed for user root
Jul 17 14:56:01 devstack cinder-volume[87780]: DEBUG oslo_concurrency.processutils [None req-ebd3e6b0-a0f7-48d9-9589-9337182e3c22 tempest-GroupsV314Test-1946530796 None] CMD "sudo cinder-rootwrap /etc/cinder/rootwrap.conf chmod ugo+rw /opt/stack/data/cinder/mnt/d0170fc461297592619e399a320ca886/volume-8f378b6c-91ae-42e2-b1d2-a2d7736052bf" returned: 0 in 0.315s {{(pid=87780) execute /opt/stack/data/venv/lib/python3.12/site-packages/oslo_concurrency/processutils.py:468}}
Jul 17 14:56:01 devstack cinder-volume[87780]: DEBUG cinder.coordination [None req-ebd3e6b0-a0f7-48d9-9589-9337182e3c22 tempest-GroupsV314Test-1946530796 None] Lock "cinder-quobyte-8f378b6c-91ae-42e2-b1d2-a2d7736052bf" released by "_copy_volume_from_snapshot" :: held 8.456s {{(pid=87780) __release /opt/stack/cinder/cinder/coordination.py:152}}
Jul 17 14:56:01 devstack cinder-volume[87780]: DEBUG cinder.coordination [None req-ebd3e6b0-a0f7-48d9-9589-9337182e3c22 tempest-GroupsV314Test-1946530796 None] Acquiring lock "cinder-quobyte-abb7691b-76da-46ef-8a46-473835f2f559" by "_delete_snapshot" {{(pid=87780) __acquire /opt/stack/cinder/cinder/coordination.py:138}}
Jul 17 14:56:01 devstack cinder-volume[87780]: DEBUG cinder.coordination [None req-ebd3e6b0-a0f7-48d9-9589-9337182e3c22 tempest-GroupsV314Test-1946530796 None] Lock "cinder-quobyte-abb7691b-76da-46ef-8a46-473835f2f559" acquired by "_delete_snapshot" :: waited 0.019s {{(pid=87780) __acquire /opt/stack/cinder/cinder/coordination.py:141}}
Jul 17 14:56:01 devstack cinder-volume[87780]: DEBUG cinder.volume.drivers.remotefs [None req-ebd3e6b0-a0f7-48d9-9589-9337182e3c22 tempest-GroupsV314Test-1946530796 None] Deleting offline snapshot abb7691b-76da-46ef-8a46-473835f2f559 of volume 67dfa597-1598-4a05-a0ca-de06ddde357e {{(pid=87780) _delete_snapshot /opt/stack/cinder/cinder/volume/drivers/remotefs.py:1288}}
Jul 17 14:56:01 devstack cinder-volume[87780]: DEBUG cinder.volume.drivers.remotefs [None req-ebd3e6b0-a0f7-48d9-9589-9337182e3c22 tempest-GroupsV314Test-1946530796 None] snapshot_file for this snap is: volume-67dfa597-1598-4a05-a0ca-de06ddde357e.abb7691b-76da-46ef-8a46-473835f2f559 {{(pid=87780) _delete_snapshot /opt/stack/cinder/cinder/volume/drivers/remotefs.py:1317}}
Jul 17 14:56:01 devstack cinder-volume[87780]: DEBUG oslo.privsep.daemon [-] privsep: reply[fee6265c-57e3-4791-a79d-9403f02a5781]: (4, 'qcow2') {{(pid=89171) _call_back /opt/stack/data/venv/lib/python3.12/site-packages/oslo_privsep/daemon.py:580}}
Jul 17 14:56:01 devstack cinder-volume[87780]: DEBUG oslo_concurrency.processutils [None req-ebd3e6b0-a0f7-48d9-9589-9337182e3c22 tempest-GroupsV314Test-1946530796 None] Running cmd (subprocess): /opt/stack/data/venv/bin/python3.12 -m oslo_concurrency.prlimit --as=1073741824 --cpu=60 -- sudo cinder-rootwrap /etc/cinder/rootwrap.conf env LC_ALL=C qemu-img info -f qcow2 --output=json --force-share /opt/stack/data/cinder/mnt/d0170fc461297592619e399a320ca886/volume-67dfa597-1598-4a05-a0ca-de06ddde357e.abb7691b-76da-46ef-8a46-473835f2f559 {{(pid=87780) execute /opt/stack/data/venv/lib/python3.12/site-packages/oslo_concurrency/processutils.py:440}}
Jul 17 14:56:01 devstack sudo[95221]: quobyte : PWD=/ ; USER=root ; COMMAND=/opt/stack/data/venv/bin/cinder-rootwrap /etc/cinder/rootwrap.conf env LC_ALL=C qemu-img info -f qcow2 --output=json --force-share /opt/stack/data/cinder/mnt/d0170fc461297592619e399a320ca886/volume-67dfa597-1598-4a05-a0ca-de06ddde357e.abb7691b-76da-46ef-8a46-473835f2f559
Jul 17 14:56:01 devstack sudo[95221]: pam_unix(sudo:session): session opened for user root(uid=0) by (uid=1000)
Jul 17 14:56:02 devstack sudo[95221]: pam_unix(sudo:session): session closed for user root
Jul 17 14:56:02 devstack cinder-volume[87780]: DEBUG oslo_concurrency.processutils [None req-ebd3e6b0-a0f7-48d9-9589-9337182e3c22 tempest-GroupsV314Test-1946530796 None] CMD "/opt/stack/data/venv/bin/python3.12 -m oslo_concurrency.prlimit --as=1073741824 --cpu=60 -- sudo cinder-rootwrap /etc/cinder/rootwrap.conf env LC_ALL=C qemu-img info -f qcow2 --output=json --force-share /opt/stack/data/cinder/mnt/d0170fc461297592619e399a320ca886/volume-67dfa597-1598-4a05-a0ca-de06ddde357e.abb7691b-76da-46ef-8a46-473835f2f559" returned: 0 in 0.508s {{(pid=87780) execute /opt/stack/data/venv/lib/python3.12/site-packages/oslo_concurrency/processutils.py:468}}
Jul 17 14:56:02 devstack cinder-volume[87780]: DEBUG cinder.volume.drivers.remotefs [None req-ebd3e6b0-a0f7-48d9-9589-9337182e3c22 tempest-GroupsV314Test-1946530796 None] Fetching qemu-img info with special backing_file_template: (/opt/stack/data/cinder/mnt/[0-9a-f]+/)?(volume-67dfa597-1598-4a05-a0ca-de06ddde357e(.(tmp-snap-)?[0-9a-f-]+)?|volume_from_snapshot_cache/(tmp-snap-)?[0-9a-f-]+(.(child-|parent-)[0-9a-f-]+)?)$ {{(pid=87780) _qemu_img_info_base /opt/stack/cinder/cinder/volume/drivers/remotefs.py:896}}
Jul 17 14:56:02 devstack cinder-volume[87780]: DEBUG oslo.privsep.daemon [-] privsep: reply[7256107c-5fba-4d3a-a314-d999f782dcba]: (4, 'qcow2') {{(pid=89171) _call_back /opt/stack/data/venv/lib/python3.12/site-packages/oslo_privsep/daemon.py:580}}
Jul 17 14:56:02 devstack cinder-volume[87780]: DEBUG oslo_concurrency.processutils [None req-ebd3e6b0-a0f7-48d9-9589-9337182e3c22 tempest-GroupsV314Test-1946530796 None] Running cmd (subprocess): /opt/stack/data/venv/bin/python3.12 -m oslo_concurrency.prlimit --as=1073741824 --cpu=60 -- sudo cinder-rootwrap /etc/cinder/rootwrap.conf env LC_ALL=C qemu-img info -f qcow2 --output=json --force-share /opt/stack/data/cinder/mnt/d0170fc461297592619e399a320ca886/volume-67dfa597-1598-4a05-a0ca-de06ddde357e {{(pid=87780) execute /opt/stack/data/venv/lib/python3.12/site-packages/oslo_concurrency/processutils.py:440}}
Jul 17 14:56:02 devstack sudo[95227]: quobyte : PWD=/ ; USER=root ; COMMAND=/opt/stack/data/venv/bin/cinder-rootwrap /etc/cinder/rootwrap.conf env LC_ALL=C qemu-img info -f qcow2 --output=json --force-share /opt/stack/data/cinder/mnt/d0170fc461297592619e399a320ca886/volume-67dfa597-1598-4a05-a0ca-de06ddde357e
Jul 17 14:56:02 devstack sudo[95227]: pam_unix(sudo:session): session opened for user root(uid=0) by (uid=1000)
Jul 17 14:56:02 devstack cinder-volume[87780]: DEBUG cinder.volume.manager [req-5203ff82-68a0-432c-9e7f-b29ce8a049e8 req-9235b7fa-06f6-4782-92e5-3e7548825977 tempest-AttachVolumeShelveTestJSON-1603829287 None] No connector for attachment 0de87877-db9b-4bd8-817d-667315b6fa10; skipping storage backend terminate_connection call. {{(pid=87780) _connection_terminate /opt/stack/cinder/cinder/volume/manager.py:5010}}
Jul 17 14:56:02 devstack cinder-volume[87780]: DEBUG cinder.volume.manager [req-5203ff82-68a0-432c-9e7f-b29ce8a049e8 req-9235b7fa-06f6-4782-92e5-3e7548825977 tempest-AttachVolumeShelveTestJSON-1603829287 None] Deleting attachment 0de87877-db9b-4bd8-817d-667315b6fa10. {{(pid=87780) attachment_delete /opt/stack/cinder/cinder/volume/manager.py:5055}}
Jul 17 14:56:02 devstack sudo[95227]: pam_unix(sudo:session): session closed for user root
Jul 17 14:56:02 devstack cinder-volume[87780]: DEBUG oslo_concurrency.processutils [None req-ebd3e6b0-a0f7-48d9-9589-9337182e3c22 tempest-GroupsV314Test-1946530796 None] CMD "/opt/stack/data/venv/bin/python3.12 -m oslo_concurrency.prlimit --as=1073741824 --cpu=60 -- sudo cinder-rootwrap /etc/cinder/rootwrap.conf env LC_ALL=C qemu-img info -f qcow2 --output=json --force-share /opt/stack/data/cinder/mnt/d0170fc461297592619e399a320ca886/volume-67dfa597-1598-4a05-a0ca-de06ddde357e" returned: 0 in 0.485s {{(pid=87780) execute /opt/stack/data/venv/lib/python3.12/site-packages/oslo_concurrency/processutils.py:468}}
Jul 17 14:56:02 devstack cinder-volume[87780]: DEBUG oslo_concurrency.processutils [None req-ebd3e6b0-a0f7-48d9-9589-9337182e3c22 tempest-GroupsV314Test-1946530796 None] Running cmd (subprocess): sudo cinder-rootwrap /etc/cinder/rootwrap.conf qemu-img commit -d /opt/stack/data/cinder/mnt/d0170fc461297592619e399a320ca886/volume-67dfa597-1598-4a05-a0ca-de06ddde357e.abb7691b-76da-46ef-8a46-473835f2f559 {{(pid=87780) execute /opt/stack/data/venv/lib/python3.12/site-packages/oslo_concurrency/processutils.py:440}}
Jul 17 14:56:02 devstack sudo[95232]: quobyte : PWD=/ ; USER=root ; COMMAND=/opt/stack/data/venv/bin/cinder-rootwrap /etc/cinder/rootwrap.conf qemu-img commit -d /opt/stack/data/cinder/mnt/d0170fc461297592619e399a320ca886/volume-67dfa597-1598-4a05-a0ca-de06ddde357e.abb7691b-76da-46ef-8a46-473835f2f559
Jul 17 14:56:02 devstack sudo[95232]: pam_unix(sudo:session): session opened for user root(uid=0) by (uid=1000)
Jul 17 14:56:03 devstack sudo[95232]: pam_unix(sudo:session): session closed for user root
Jul 17 14:56:03 devstack cinder-volume[87780]: DEBUG oslo_concurrency.processutils [None req-ebd3e6b0-a0f7-48d9-9589-9337182e3c22 tempest-GroupsV314Test-1946530796 None] CMD "sudo cinder-rootwrap /etc/cinder/rootwrap.conf qemu-img commit -d /opt/stack/data/cinder/mnt/d0170fc461297592619e399a320ca886/volume-67dfa597-1598-4a05-a0ca-de06ddde357e.abb7691b-76da-46ef-8a46-473835f2f559" returned: 0 in 0.517s {{(pid=87780) execute /opt/stack/data/venv/lib/python3.12/site-packages/oslo_concurrency/processutils.py:468}}
Jul 17 14:56:03 devstack cinder-volume[87780]: DEBUG oslo_concurrency.processutils [None req-ebd3e6b0-a0f7-48d9-9589-9337182e3c22 tempest-GroupsV314Test-1946530796 None] Running cmd (subprocess): sudo cinder-rootwrap /etc/cinder/rootwrap.conf rm -f /opt/stack/data/cinder/mnt/d0170fc461297592619e399a320ca886/volume-67dfa597-1598-4a05-a0ca-de06ddde357e.abb7691b-76da-46ef-8a46-473835f2f559 {{(pid=87780) execute /opt/stack/data/venv/lib/python3.12/site-packages/oslo_concurrency/processutils.py:440}}
Jul 17 14:56:03 devstack sudo[95238]: quobyte : PWD=/ ; USER=root ; COMMAND=/opt/stack/data/venv/bin/cinder-rootwrap /etc/cinder/rootwrap.conf rm -f /opt/stack/data/cinder/mnt/d0170fc461297592619e399a320ca886/volume-67dfa597-1598-4a05-a0ca-de06ddde357e.abb7691b-76da-46ef-8a46-473835f2f559
Jul 17 14:56:03 devstack sudo[95238]: pam_unix(sudo:session): session opened for user root(uid=0) by (uid=1000)
Jul 17 14:56:03 devstack sudo[95238]: pam_unix(sudo:session): session closed for user root
Jul 17 14:56:03 devstack cinder-volume[87780]: DEBUG oslo_concurrency.processutils [None req-ebd3e6b0-a0f7-48d9-9589-9337182e3c22 tempest-GroupsV314Test-1946530796 None] CMD "sudo cinder-rootwrap /etc/cinder/rootwrap.conf rm -f /opt/stack/data/cinder/mnt/d0170fc461297592619e399a320ca886/volume-67dfa597-1598-4a05-a0ca-de06ddde357e.abb7691b-76da-46ef-8a46-473835f2f559" returned: 0 in 0.315s {{(pid=87780) execute /opt/stack/data/venv/lib/python3.12/site-packages/oslo_concurrency/processutils.py:468}}
Jul 17 14:56:03 devstack cinder-volume[87780]: DEBUG cinder.coordination [None req-ebd3e6b0-a0f7-48d9-9589-9337182e3c22 tempest-GroupsV314Test-1946530796 None] Lock "cinder-quobyte-abb7691b-76da-46ef-8a46-473835f2f559" released by "_delete_snapshot" :: held 1.964s {{(pid=87780) __release /opt/stack/cinder/cinder/coordination.py:152}}
Jul 17 14:56:03 devstack cinder-volume[87780]: DEBUG oslo_concurrency.lockutils [None req-ebd3e6b0-a0f7-48d9-9589-9337182e3c22 tempest-GroupsV314Test-1946530796 None] Lock "quobyte" "released" by "cinder.volume.drivers.quobyte.QuobyteDriver.create_cloned_volume" :: held 13.136s {{(pid=87780) inner /opt/stack/data/venv/lib/python3.12/site-packages/oslo_concurrency/lockutils.py:544}}
Jul 17 14:56:03 devstack cinder-volume[87780]: DEBUG oslo_concurrency.lockutils [None req-441714c0-a6c2-42f2-9734-9bd870584b5e tempest-GroupsTest-249173695 None] Lock "quobyte" acquired by "cinder.volume.drivers.quobyte.QuobyteDriver.create_volume" :: waited 9.635s {{(pid=87780) inner /opt/stack/data/venv/lib/python3.12/site-packages/oslo_concurrency/lockutils.py:525}}
Jul 17 14:56:03 devstack cinder-volume[87780]: DEBUG cinder.volume.drivers.quobyte [None req-441714c0-a6c2-42f2-9734-9bd870584b5e tempest-GroupsTest-249173695 None] ==> create_volume: call "{'self': , 'volume': Volume(_name_id=None,admin_metadata=,attach_status='detached',availability_zone='nova',bootable=False,cluster=,cluster_name=None,consistencygroup=,consistencygroup_id=189bbf9a-3e84-4a31-8972-c36689c81f0d,created_at=2026-07-17T12:55:53Z,deleted=False,deleted_at=None,display_description=None,display_name='tempest-volume-287602197',ec2_id=None,encryption_key_id=None,glance_metadata=,group=,group_id=189bbf9a-3e84-4a31-8972-c36689c81f0d,host='devstack@QuobyteHD#QuobyteHD',id=0158d3b7-7866-4abd-904e-d40869e758c8,launched_at=None,metadata={},migration_status=None,multiattach=False,previous_status=None,project_id='1ac3849363f94df08dd5cc61d8e2fc50',provider_auth=None,provider_geometry=None,provider_id=None,provider_location=None,replication_driver_data=None,replication_extended_status=None,replication_status=None,scheduled_at=2026-07-17T12:55:54Z,service_uuid=None,shared_targets=True,size=1,snapshot_id=None,snapshots=,source_volid=None,status='creating',terminated_at=None,updated_at=2026-07-17T12:55:54Z,use_quota=True,user_id='0bc183fc833844ef92837a0412cf3304',volume_attachment=VolumeAttachmentList,volume_type=VolumeType(7b1ccfbe-462a-4066-ac6e-54f642b0b03a),volume_type_id=7b1ccfbe-462a-4066-ac6e-54f642b0b03a)}" {{(pid=87780) trace_logging_wrapper /opt/stack/cinder/cinder/volume/volume_utils.py:1497}}
Jul 17 14:56:03 devstack cinder-volume[87780]: DEBUG cinder.volume.drivers.remotefs [None req-441714c0-a6c2-42f2-9734-9bd870584b5e tempest-GroupsTest-249173695 None] Creating volume 0158d3b7-7866-4abd-904e-d40869e758c8 {{(pid=87780) create_volume /opt/stack/cinder/cinder/volume/drivers/remotefs.py:292}}
Jul 17 14:56:03 devstack cinder-volume[87780]: DEBUG oslo_concurrency.lockutils [None req-441714c0-a6c2-42f2-9734-9bd870584b5e tempest-GroupsTest-249173695 None] Acquiring lock "quobyte_ensure" by "cinder.volume.drivers.quobyte.QuobyteDriver._ensure_shares_mounted" {{(pid=87780) inner /opt/stack/data/venv/lib/python3.12/site-packages/oslo_concurrency/lockutils.py:512}}
Jul 17 14:56:03 devstack cinder-volume[87780]: DEBUG oslo_concurrency.lockutils [None req-441714c0-a6c2-42f2-9734-9bd870584b5e tempest-GroupsTest-249173695 None] Lock "quobyte_ensure" acquired by "cinder.volume.drivers.quobyte.QuobyteDriver._ensure_shares_mounted" :: waited 0.001s {{(pid=87780) inner /opt/stack/data/venv/lib/python3.12/site-packages/oslo_concurrency/lockutils.py:525}}
