Jul 17 19:42:02 devstack cinder-volume[87726]: DEBUG oslo_concurrency.processutils [None req-304c4941-93d7-4c22-a54b-50d3b08dbf97 tempest-VolumesDeleteCascade-2136189065 None] CMD "sudo cinder-rootwrap /etc/cinder/rootwrap.conf chmod ugo+rw /opt/stack/data/cinder/mnt/9c71cf8d35d8397bd01395b988ea3b97/volume-21ffb93c-0b04-4e9a-9748-fc188b725593.92e5e821-31ad-4b91-a879-99f8661c1591" returned: 0 in 0.303s {{(pid=87726) execute /opt/stack/data/venv/lib/python3.12/site-packages/oslo_concurrency/processutils.py:468}}
Jul 17 19:42:02 devstack cinder-volume[87726]: DEBUG oslo_concurrency.processutils [None req-304c4941-93d7-4c22-a54b-50d3b08dbf97 tempest-VolumesDeleteCascade-2136189065 None] Running cmd (subprocess): sudo cinder-rootwrap /etc/cinder/rootwrap.conf truncate -s0 /opt/stack/data/cinder/mnt/9c71cf8d35d8397bd01395b988ea3b97/volume-21ffb93c-0b04-4e9a-9748-fc188b725593.info {{(pid=87726) execute /opt/stack/data/venv/lib/python3.12/site-packages/oslo_concurrency/processutils.py:440}}
Jul 17 19:42:02 devstack sudo[93480]: quobyte : PWD=/ ; USER=root ; COMMAND=/opt/stack/data/venv/bin/cinder-rootwrap /etc/cinder/rootwrap.conf truncate -s0 /opt/stack/data/cinder/mnt/9c71cf8d35d8397bd01395b988ea3b97/volume-21ffb93c-0b04-4e9a-9748-fc188b725593.info
Jul 17 19:42:02 devstack sudo[93480]: pam_unix(sudo:session): session opened for user root(uid=0) by (uid=1000)
Jul 17 19:42:02 devstack sudo[93480]: pam_unix(sudo:session): session closed for user root
Jul 17 19:42:02 devstack cinder-volume[87726]: DEBUG oslo_concurrency.processutils [None req-304c4941-93d7-4c22-a54b-50d3b08dbf97 tempest-VolumesDeleteCascade-2136189065 None] CMD "sudo cinder-rootwrap /etc/cinder/rootwrap.conf truncate -s0 /opt/stack/data/cinder/mnt/9c71cf8d35d8397bd01395b988ea3b97/volume-21ffb93c-0b04-4e9a-9748-fc188b725593.info" returned: 0 in 0.354s {{(pid=87726) execute /opt/stack/data/venv/lib/python3.12/site-packages/oslo_concurrency/processutils.py:468}}
Jul 17 19:42:02 devstack cinder-volume[87726]: WARNING cinder.volume.drivers.remotefs [None req-304c4941-93d7-4c22-a54b-50d3b08dbf97 tempest-VolumesDeleteCascade-2136189065 None] /opt/stack/data/cinder/mnt/9c71cf8d35d8397bd01395b988ea3b97/volume-21ffb93c-0b04-4e9a-9748-fc188b725593.info is being set with open permissions: ugo+rw
Jul 17 19:42:02 devstack cinder-volume[87726]: DEBUG oslo_concurrency.processutils [None req-304c4941-93d7-4c22-a54b-50d3b08dbf97 tempest-VolumesDeleteCascade-2136189065 None] Running cmd (subprocess): sudo cinder-rootwrap /etc/cinder/rootwrap.conf chmod ugo+rw /opt/stack/data/cinder/mnt/9c71cf8d35d8397bd01395b988ea3b97/volume-21ffb93c-0b04-4e9a-9748-fc188b725593.info {{(pid=87726) execute /opt/stack/data/venv/lib/python3.12/site-packages/oslo_concurrency/processutils.py:440}}
Jul 17 19:42:02 devstack sudo[93483]: quobyte : PWD=/ ; USER=root ; COMMAND=/opt/stack/data/venv/bin/cinder-rootwrap /etc/cinder/rootwrap.conf chmod ugo+rw /opt/stack/data/cinder/mnt/9c71cf8d35d8397bd01395b988ea3b97/volume-21ffb93c-0b04-4e9a-9748-fc188b725593.info
Jul 17 19:42:02 devstack sudo[93483]: pam_unix(sudo:session): session opened for user root(uid=0) by (uid=1000)
Jul 17 19:42:02 devstack sudo[93483]: pam_unix(sudo:session): session closed for user root
Jul 17 19:42:02 devstack cinder-volume[87726]: DEBUG oslo_concurrency.processutils [None req-304c4941-93d7-4c22-a54b-50d3b08dbf97 tempest-VolumesDeleteCascade-2136189065 None] CMD "sudo cinder-rootwrap /etc/cinder/rootwrap.conf chmod ugo+rw /opt/stack/data/cinder/mnt/9c71cf8d35d8397bd01395b988ea3b97/volume-21ffb93c-0b04-4e9a-9748-fc188b725593.info" returned: 0 in 0.337s {{(pid=87726) execute /opt/stack/data/venv/lib/python3.12/site-packages/oslo_concurrency/processutils.py:468}}
Jul 17 19:42:02 devstack cinder-volume[87726]: DEBUG oslo_concurrency.lockutils [None req-304c4941-93d7-4c22-a54b-50d3b08dbf97 tempest-VolumesDeleteCascade-2136189065 None] Lock "quobyte" "released" by "cinder.volume.drivers.quobyte.QuobyteDriver.create_snapshot" :: held 2.494s {{(pid=87726) inner /opt/stack/data/venv/lib/python3.12/site-packages/oslo_concurrency/lockutils.py:544}}
Jul 17 19:42:02 devstack cinder-volume[87726]: INFO cinder.volume.manager [None req-304c4941-93d7-4c22-a54b-50d3b08dbf97 tempest-VolumesDeleteCascade-2136189065 None] Create snapshot completed successfully
Jul 17 19:42:03 devstack cinder-volume[87726]: DEBUG oslo_concurrency.lockutils [None req-72d20c4d-a214-4823-8ab2-d4450056da46 tempest-VolumesDeleteCascade-2136189065 None] Acquiring lock "quobyte" by "cinder.volume.drivers.quobyte.QuobyteDriver.create_snapshot" {{(pid=87726) inner /opt/stack/data/venv/lib/python3.12/site-packages/oslo_concurrency/lockutils.py:512}}
Jul 17 19:42:03 devstack cinder-volume[87726]: DEBUG oslo_concurrency.lockutils [None req-72d20c4d-a214-4823-8ab2-d4450056da46 tempest-VolumesDeleteCascade-2136189065 None] Lock "quobyte" acquired by "cinder.volume.drivers.quobyte.QuobyteDriver.create_snapshot" :: waited 0.001s {{(pid=87726) inner /opt/stack/data/venv/lib/python3.12/site-packages/oslo_concurrency/lockutils.py:525}}
Jul 17 19:42:03 devstack cinder-volume[87726]: DEBUG cinder.volume.drivers.remotefs [None req-72d20c4d-a214-4823-8ab2-d4450056da46 tempest-VolumesDeleteCascade-2136189065 None] Creating offline snapshot b73f0235-964d-4fef-8591-ddb445db1187 of volume 21ffb93c-0b04-4e9a-9748-fc188b725593 {{(pid=87726) _create_snapshot /opt/stack/cinder/cinder/volume/drivers/remotefs.py:1816}}
Jul 17 19:42:03 devstack cinder-volume[87726]: DEBUG oslo.privsep.daemon [-] privsep: reply[cd40284f-addf-4e80-a52e-812b9fd10fa0]: (4, 'qcow2') {{(pid=88674) _call_back /opt/stack/data/venv/lib/python3.12/site-packages/oslo_privsep/daemon.py:580}}
Jul 17 19:42:03 devstack cinder-volume[87726]: DEBUG oslo_concurrency.processutils [None req-72d20c4d-a214-4823-8ab2-d4450056da46 tempest-VolumesDeleteCascade-2136189065 None] Running cmd (subprocess): /opt/stack/data/venv/bin/python3.12 -m oslo_concurrency.prlimit --as=1073741824 --cpu=60 -- sudo cinder-rootwrap /etc/cinder/rootwrap.conf env LC_ALL=C qemu-img info -f qcow2 --output=json --force-share /opt/stack/data/cinder/mnt/9c71cf8d35d8397bd01395b988ea3b97/volume-21ffb93c-0b04-4e9a-9748-fc188b725593.92e5e821-31ad-4b91-a879-99f8661c1591 {{(pid=87726) execute /opt/stack/data/venv/lib/python3.12/site-packages/oslo_concurrency/processutils.py:440}}
Jul 17 19:42:04 devstack sudo[93490]: quobyte : PWD=/ ; USER=root ; COMMAND=/opt/stack/data/venv/bin/cinder-rootwrap /etc/cinder/rootwrap.conf env LC_ALL=C qemu-img info -f qcow2 --output=json --force-share /opt/stack/data/cinder/mnt/9c71cf8d35d8397bd01395b988ea3b97/volume-21ffb93c-0b04-4e9a-9748-fc188b725593.92e5e821-31ad-4b91-a879-99f8661c1591
Jul 17 19:42:04 devstack sudo[93490]: pam_unix(sudo:session): session opened for user root(uid=0) by (uid=1000)
Jul 17 19:42:04 devstack sudo[93490]: pam_unix(sudo:session): session closed for user root
Jul 17 19:42:04 devstack cinder-volume[87726]: DEBUG oslo_concurrency.processutils [None req-72d20c4d-a214-4823-8ab2-d4450056da46 tempest-VolumesDeleteCascade-2136189065 None] CMD "/opt/stack/data/venv/bin/python3.12 -m oslo_concurrency.prlimit --as=1073741824 --cpu=60 -- sudo cinder-rootwrap /etc/cinder/rootwrap.conf env LC_ALL=C qemu-img info -f qcow2 --output=json --force-share /opt/stack/data/cinder/mnt/9c71cf8d35d8397bd01395b988ea3b97/volume-21ffb93c-0b04-4e9a-9748-fc188b725593.92e5e821-31ad-4b91-a879-99f8661c1591" returned: 0 in 0.572s {{(pid=87726) execute /opt/stack/data/venv/lib/python3.12/site-packages/oslo_concurrency/processutils.py:468}}
Jul 17 19:42:04 devstack cinder-volume[87726]: DEBUG cinder.volume.drivers.remotefs [None req-72d20c4d-a214-4823-8ab2-d4450056da46 tempest-VolumesDeleteCascade-2136189065 None] Fetching qemu-img info with special backing_file_template: (/opt/stack/data/cinder/mnt/[0-9a-f]+/)?(volume-21ffb93c-0b04-4e9a-9748-fc188b725593(.(tmp-snap-)?[0-9a-f-]+)?|volume_from_snapshot_cache/(tmp-snap-)?[0-9a-f-]+(.(child-|parent-)[0-9a-f-]+)?)$ {{(pid=87726) _qemu_img_info_base /opt/stack/cinder/cinder/volume/drivers/remotefs.py:896}}
Jul 17 19:42:04 devstack cinder-volume[87726]: DEBUG oslo_concurrency.processutils [None req-72d20c4d-a214-4823-8ab2-d4450056da46 tempest-VolumesDeleteCascade-2136189065 None] Running cmd (subprocess): sudo cinder-rootwrap /etc/cinder/rootwrap.conf qemu-img create -f qcow2 -o backing_file=/opt/stack/data/cinder/mnt/9c71cf8d35d8397bd01395b988ea3b97/volume-21ffb93c-0b04-4e9a-9748-fc188b725593.92e5e821-31ad-4b91-a879-99f8661c1591,backing_fmt=qcow2 /opt/stack/data/cinder/mnt/9c71cf8d35d8397bd01395b988ea3b97/volume-21ffb93c-0b04-4e9a-9748-fc188b725593.b73f0235-964d-4fef-8591-ddb445db1187 1G {{(pid=87726) execute /opt/stack/data/venv/lib/python3.12/site-packages/oslo_concurrency/processutils.py:440}}
Jul 17 19:42:04 devstack sudo[93496]: quobyte : PWD=/ ; USER=root ; COMMAND=/opt/stack/data/venv/bin/cinder-rootwrap /etc/cinder/rootwrap.conf qemu-img create -f qcow2 -o backing_file=/opt/stack/data/cinder/mnt/9c71cf8d35d8397bd01395b988ea3b97/volume-21ffb93c-0b04-4e9a-9748-fc188b725593.92e5e821-31ad-4b91-a879-99f8661c1591,backing_fmt=qcow2 /opt/stack/data/cinder/mnt/9c71cf8d35d8397bd01395b988ea3b97/volume-21ffb93c-0b04-4e9a-9748-fc188b725593.b73f0235-964d-4fef-8591-ddb445db1187 1G
Jul 17 19:42:04 devstack sudo[93496]: pam_unix(sudo:session): session opened for user root(uid=0) by (uid=1000)
Jul 17 19:42:05 devstack sudo[93496]: pam_unix(sudo:session): session closed for user root
Jul 17 19:42:05 devstack cinder-volume[87726]: DEBUG oslo_concurrency.processutils [None req-72d20c4d-a214-4823-8ab2-d4450056da46 tempest-VolumesDeleteCascade-2136189065 None] CMD "sudo cinder-rootwrap /etc/cinder/rootwrap.conf qemu-img create -f qcow2 -o backing_file=/opt/stack/data/cinder/mnt/9c71cf8d35d8397bd01395b988ea3b97/volume-21ffb93c-0b04-4e9a-9748-fc188b725593.92e5e821-31ad-4b91-a879-99f8661c1591,backing_fmt=qcow2 /opt/stack/data/cinder/mnt/9c71cf8d35d8397bd01395b988ea3b97/volume-21ffb93c-0b04-4e9a-9748-fc188b725593.b73f0235-964d-4fef-8591-ddb445db1187 1G" returned: 0 in 0.661s {{(pid=87726) execute /opt/stack/data/venv/lib/python3.12/site-packages/oslo_concurrency/processutils.py:468}}
Jul 17 19:42:05 devstack cinder-volume[87726]: DEBUG oslo_concurrency.processutils [None req-72d20c4d-a214-4823-8ab2-d4450056da46 tempest-VolumesDeleteCascade-2136189065 None] Running cmd (subprocess): sudo cinder-rootwrap /etc/cinder/rootwrap.conf qemu-img rebase -u -b volume-21ffb93c-0b04-4e9a-9748-fc188b725593.92e5e821-31ad-4b91-a879-99f8661c1591 -F qcow2 /opt/stack/data/cinder/mnt/9c71cf8d35d8397bd01395b988ea3b97/volume-21ffb93c-0b04-4e9a-9748-fc188b725593.b73f0235-964d-4fef-8591-ddb445db1187 {{(pid=87726) execute /opt/stack/data/venv/lib/python3.12/site-packages/oslo_concurrency/processutils.py:440}}
Jul 17 19:42:05 devstack sudo[93503]: quobyte : PWD=/ ; USER=root ; COMMAND=/opt/stack/data/venv/bin/cinder-rootwrap /etc/cinder/rootwrap.conf qemu-img rebase -u -b volume-21ffb93c-0b04-4e9a-9748-fc188b725593.92e5e821-31ad-4b91-a879-99f8661c1591 -F qcow2 /opt/stack/data/cinder/mnt/9c71cf8d35d8397bd01395b988ea3b97/volume-21ffb93c-0b04-4e9a-9748-fc188b725593.b73f0235-964d-4fef-8591-ddb445db1187
Jul 17 19:42:05 devstack sudo[93503]: pam_unix(sudo:session): session opened for user root(uid=0) by (uid=1000)
Jul 17 19:42:05 devstack sudo[93503]: pam_unix(sudo:session): session closed for user root
Jul 17 19:42:05 devstack cinder-volume[87726]: DEBUG oslo_concurrency.processutils [None req-72d20c4d-a214-4823-8ab2-d4450056da46 tempest-VolumesDeleteCascade-2136189065 None] CMD "sudo cinder-rootwrap /etc/cinder/rootwrap.conf qemu-img rebase -u -b volume-21ffb93c-0b04-4e9a-9748-fc188b725593.92e5e821-31ad-4b91-a879-99f8661c1591 -F qcow2 /opt/stack/data/cinder/mnt/9c71cf8d35d8397bd01395b988ea3b97/volume-21ffb93c-0b04-4e9a-9748-fc188b725593.b73f0235-964d-4fef-8591-ddb445db1187" returned: 0 in 0.494s {{(pid=87726) execute /opt/stack/data/venv/lib/python3.12/site-packages/oslo_concurrency/processutils.py:468}}
Jul 17 19:42:05 devstack cinder-volume[87726]: WARNING cinder.volume.drivers.remotefs [None req-72d20c4d-a214-4823-8ab2-d4450056da46 tempest-VolumesDeleteCascade-2136189065 None] /opt/stack/data/cinder/mnt/9c71cf8d35d8397bd01395b988ea3b97/volume-21ffb93c-0b04-4e9a-9748-fc188b725593.b73f0235-964d-4fef-8591-ddb445db1187 is being set with open permissions: ugo+rw
Jul 17 19:42:05 devstack cinder-volume[87726]: DEBUG oslo_concurrency.processutils [None req-72d20c4d-a214-4823-8ab2-d4450056da46 tempest-VolumesDeleteCascade-2136189065 None] Running cmd (subprocess): sudo cinder-rootwrap /etc/cinder/rootwrap.conf chmod ugo+rw /opt/stack/data/cinder/mnt/9c71cf8d35d8397bd01395b988ea3b97/volume-21ffb93c-0b04-4e9a-9748-fc188b725593.b73f0235-964d-4fef-8591-ddb445db1187 {{(pid=87726) execute /opt/stack/data/venv/lib/python3.12/site-packages/oslo_concurrency/processutils.py:440}}
Jul 17 19:42:05 devstack sudo[93518]: quobyte : PWD=/ ; USER=root ; COMMAND=/opt/stack/data/venv/bin/cinder-rootwrap /etc/cinder/rootwrap.conf chmod ugo+rw /opt/stack/data/cinder/mnt/9c71cf8d35d8397bd01395b988ea3b97/volume-21ffb93c-0b04-4e9a-9748-fc188b725593.b73f0235-964d-4fef-8591-ddb445db1187
Jul 17 19:42:05 devstack sudo[93518]: pam_unix(sudo:session): session opened for user root(uid=0) by (uid=1000)
Jul 17 19:42:05 devstack sudo[93518]: pam_unix(sudo:session): session closed for user root
Jul 17 19:42:05 devstack cinder-volume[87726]: DEBUG oslo_concurrency.processutils [None req-72d20c4d-a214-4823-8ab2-d4450056da46 tempest-VolumesDeleteCascade-2136189065 None] CMD "sudo cinder-rootwrap /etc/cinder/rootwrap.conf chmod ugo+rw /opt/stack/data/cinder/mnt/9c71cf8d35d8397bd01395b988ea3b97/volume-21ffb93c-0b04-4e9a-9748-fc188b725593.b73f0235-964d-4fef-8591-ddb445db1187" returned: 0 in 0.303s {{(pid=87726) execute /opt/stack/data/venv/lib/python3.12/site-packages/oslo_concurrency/processutils.py:468}}
Jul 17 19:42:06 devstack cinder-volume[87726]: DEBUG oslo_concurrency.lockutils [None req-72d20c4d-a214-4823-8ab2-d4450056da46 tempest-VolumesDeleteCascade-2136189065 None] Lock "quobyte" "released" by "cinder.volume.drivers.quobyte.QuobyteDriver.create_snapshot" :: held 2.196s {{(pid=87726) inner /opt/stack/data/venv/lib/python3.12/site-packages/oslo_concurrency/lockutils.py:544}}
Jul 17 19:42:06 devstack cinder-volume[87726]: INFO cinder.volume.manager [None req-72d20c4d-a214-4823-8ab2-d4450056da46 tempest-VolumesDeleteCascade-2136189065 None] Create snapshot completed successfully
Jul 17 19:42:07 devstack cinder-volume[87726]: DEBUG cinder.coordination [None req-99e2cef8-58a2-4ba7-ae68-9acdb61432ad tempest-VolumesDeleteCascade-2136189065 None] Acquiring lock "cinder-21ffb93c-0b04-4e9a-9748-fc188b725593-delete_volume" by "delete_volume" {{(pid=87726) __acquire /opt/stack/cinder/cinder/coordination.py:138}}
Jul 17 19:42:07 devstack cinder-volume[87726]: DEBUG cinder.coordination [None req-99e2cef8-58a2-4ba7-ae68-9acdb61432ad tempest-VolumesDeleteCascade-2136189065 None] Lock "cinder-21ffb93c-0b04-4e9a-9748-fc188b725593-delete_volume" acquired by "delete_volume" :: waited 0.025s {{(pid=87726) __acquire /opt/stack/cinder/cinder/coordination.py:141}}
Jul 17 19:42:07 devstack cinder-volume[87726]: DEBUG cinder.volume.manager [None req-99e2cef8-58a2-4ba7-ae68-9acdb61432ad tempest-VolumesDeleteCascade-2136189065 None] Performing cascade delete. {{(pid=87726) delete_volume /opt/stack/cinder/cinder/volume/manager.py:995}}
Jul 17 19:42:07 devstack cinder-volume[87726]: DEBUG cinder.coordination [None req-99e2cef8-58a2-4ba7-ae68-9acdb61432ad tempest-VolumesDeleteCascade-2136189065 None] Acquiring lock "cinder-92e5e821-31ad-4b91-a879-99f8661c1591-delete_snapshot" by "delete_snapshot" {{(pid=87726) __acquire /opt/stack/cinder/cinder/coordination.py:138}}
Jul 17 19:42:07 devstack cinder-volume[87726]: DEBUG cinder.coordination [None req-99e2cef8-58a2-4ba7-ae68-9acdb61432ad tempest-VolumesDeleteCascade-2136189065 None] Lock "cinder-92e5e821-31ad-4b91-a879-99f8661c1591-delete_snapshot" acquired by "delete_snapshot" :: waited 0.020s {{(pid=87726) __acquire /opt/stack/cinder/cinder/coordination.py:141}}
Jul 17 19:42:07 devstack cinder-volume[87726]: DEBUG cinder.coordination [None req-99e2cef8-58a2-4ba7-ae68-9acdb61432ad tempest-VolumesDeleteCascade-2136189065 None] Acquiring lock "cinder-quobyte-21ffb93c-0b04-4e9a-9748-fc188b725593" by "delete_snapshot" {{(pid=87726) __acquire /opt/stack/cinder/cinder/coordination.py:138}}
Jul 17 19:42:07 devstack cinder-volume[87726]: DEBUG cinder.coordination [None req-99e2cef8-58a2-4ba7-ae68-9acdb61432ad tempest-VolumesDeleteCascade-2136189065 None] Lock "cinder-quobyte-21ffb93c-0b04-4e9a-9748-fc188b725593" acquired by "delete_snapshot" :: waited 0.022s {{(pid=87726) __acquire /opt/stack/cinder/cinder/coordination.py:141}}
Jul 17 19:42:07 devstack cinder-volume[87726]: DEBUG cinder.coordination [None req-99e2cef8-58a2-4ba7-ae68-9acdb61432ad tempest-VolumesDeleteCascade-2136189065 None] Acquiring lock "cinder-quobyte-92e5e821-31ad-4b91-a879-99f8661c1591" by "_delete_snapshot" {{(pid=87726) __acquire /opt/stack/cinder/cinder/coordination.py:138}}
Jul 17 19:42:07 devstack cinder-volume[87726]: DEBUG cinder.coordination [None req-99e2cef8-58a2-4ba7-ae68-9acdb61432ad tempest-VolumesDeleteCascade-2136189065 None] Lock "cinder-quobyte-92e5e821-31ad-4b91-a879-99f8661c1591" acquired by "_delete_snapshot" :: waited 0.024s {{(pid=87726) __acquire /opt/stack/cinder/cinder/coordination.py:141}}
Jul 17 19:42:07 devstack cinder-volume[87726]: DEBUG cinder.volume.drivers.remotefs [None req-99e2cef8-58a2-4ba7-ae68-9acdb61432ad tempest-VolumesDeleteCascade-2136189065 None] Deleting offline snapshot 92e5e821-31ad-4b91-a879-99f8661c1591 of volume 21ffb93c-0b04-4e9a-9748-fc188b725593 {{(pid=87726) _delete_snapshot /opt/stack/cinder/cinder/volume/drivers/remotefs.py:1288}}
Jul 17 19:42:07 devstack cinder-volume[87726]: DEBUG cinder.volume.drivers.remotefs [None req-99e2cef8-58a2-4ba7-ae68-9acdb61432ad tempest-VolumesDeleteCascade-2136189065 None] snapshot_file for this snap is: volume-21ffb93c-0b04-4e9a-9748-fc188b725593.92e5e821-31ad-4b91-a879-99f8661c1591 {{(pid=87726) _delete_snapshot /opt/stack/cinder/cinder/volume/drivers/remotefs.py:1317}}
Jul 17 19:42:07 devstack cinder-volume[87726]: DEBUG oslo.privsep.daemon [-] privsep: reply[bcd944ae-ca21-4a71-8e80-94c95bcd1c4b]: (4, 'qcow2') {{(pid=88674) _call_back /opt/stack/data/venv/lib/python3.12/site-packages/oslo_privsep/daemon.py:580}}
Jul 17 19:42:07 devstack cinder-volume[87726]: DEBUG oslo_concurrency.processutils [None req-99e2cef8-58a2-4ba7-ae68-9acdb61432ad tempest-VolumesDeleteCascade-2136189065 None] Running cmd (subprocess): /opt/stack/data/venv/bin/python3.12 -m oslo_concurrency.prlimit --as=1073741824 --cpu=60 -- sudo cinder-rootwrap /etc/cinder/rootwrap.conf env LC_ALL=C qemu-img info -f qcow2 --output=json --force-share /opt/stack/data/cinder/mnt/9c71cf8d35d8397bd01395b988ea3b97/volume-21ffb93c-0b04-4e9a-9748-fc188b725593.92e5e821-31ad-4b91-a879-99f8661c1591 {{(pid=87726) execute /opt/stack/data/venv/lib/python3.12/site-packages/oslo_concurrency/processutils.py:440}}
Jul 17 19:42:07 devstack sudo[93526]: quobyte : PWD=/ ; USER=root ; COMMAND=/opt/stack/data/venv/bin/cinder-rootwrap /etc/cinder/rootwrap.conf env LC_ALL=C qemu-img info -f qcow2 --output=json --force-share /opt/stack/data/cinder/mnt/9c71cf8d35d8397bd01395b988ea3b97/volume-21ffb93c-0b04-4e9a-9748-fc188b725593.92e5e821-31ad-4b91-a879-99f8661c1591
Jul 17 19:42:07 devstack sudo[93526]: pam_unix(sudo:session): session opened for user root(uid=0) by (uid=1000)
Jul 17 19:42:07 devstack sudo[93526]: pam_unix(sudo:session): session closed for user root
Jul 17 19:42:07 devstack cinder-volume[87726]: DEBUG oslo_concurrency.processutils [None req-99e2cef8-58a2-4ba7-ae68-9acdb61432ad tempest-VolumesDeleteCascade-2136189065 None] CMD "/opt/stack/data/venv/bin/python3.12 -m oslo_concurrency.prlimit --as=1073741824 --cpu=60 -- sudo cinder-rootwrap /etc/cinder/rootwrap.conf env LC_ALL=C qemu-img info -f qcow2 --output=json --force-share /opt/stack/data/cinder/mnt/9c71cf8d35d8397bd01395b988ea3b97/volume-21ffb93c-0b04-4e9a-9748-fc188b725593.92e5e821-31ad-4b91-a879-99f8661c1591" returned: 0 in 0.593s {{(pid=87726) execute /opt/stack/data/venv/lib/python3.12/site-packages/oslo_concurrency/processutils.py:468}}
Jul 17 19:42:07 devstack cinder-volume[87726]: DEBUG cinder.volume.drivers.remotefs [None req-99e2cef8-58a2-4ba7-ae68-9acdb61432ad tempest-VolumesDeleteCascade-2136189065 None] Fetching qemu-img info with special backing_file_template: (/opt/stack/data/cinder/mnt/[0-9a-f]+/)?(volume-21ffb93c-0b04-4e9a-9748-fc188b725593(.(tmp-snap-)?[0-9a-f-]+)?|volume_from_snapshot_cache/(tmp-snap-)?[0-9a-f-]+(.(child-|parent-)[0-9a-f-]+)?)$ {{(pid=87726) _qemu_img_info_base /opt/stack/cinder/cinder/volume/drivers/remotefs.py:896}}
Jul 17 19:42:07 devstack cinder-volume[87726]: DEBUG oslo.privsep.daemon [-] privsep: reply[f8e179a1-9fb6-4684-8c1d-5feec8a77f90]: (4, 'qcow2') {{(pid=88674) _call_back /opt/stack/data/venv/lib/python3.12/site-packages/oslo_privsep/daemon.py:580}}
Jul 17 19:42:07 devstack cinder-volume[87726]: DEBUG oslo_concurrency.processutils [None req-99e2cef8-58a2-4ba7-ae68-9acdb61432ad tempest-VolumesDeleteCascade-2136189065 None] Running cmd (subprocess): /opt/stack/data/venv/bin/python3.12 -m oslo_concurrency.prlimit --as=1073741824 --cpu=60 -- sudo cinder-rootwrap /etc/cinder/rootwrap.conf env LC_ALL=C qemu-img info -f qcow2 --output=json --force-share /opt/stack/data/cinder/mnt/9c71cf8d35d8397bd01395b988ea3b97/volume-21ffb93c-0b04-4e9a-9748-fc188b725593 {{(pid=87726) execute /opt/stack/data/venv/lib/python3.12/site-packages/oslo_concurrency/processutils.py:440}}
Jul 17 19:42:08 devstack sudo[93532]: quobyte : PWD=/ ; USER=root ; COMMAND=/opt/stack/data/venv/bin/cinder-rootwrap /etc/cinder/rootwrap.conf env LC_ALL=C qemu-img info -f qcow2 --output=json --force-share /opt/stack/data/cinder/mnt/9c71cf8d35d8397bd01395b988ea3b97/volume-21ffb93c-0b04-4e9a-9748-fc188b725593
Jul 17 19:42:08 devstack sudo[93532]: pam_unix(sudo:session): session opened for user root(uid=0) by (uid=1000)
Jul 17 19:42:08 devstack sudo[93532]: pam_unix(sudo:session): session closed for user root
Jul 17 19:42:08 devstack cinder-volume[87726]: DEBUG oslo_concurrency.processutils [None req-99e2cef8-58a2-4ba7-ae68-9acdb61432ad tempest-VolumesDeleteCascade-2136189065 None] CMD "/opt/stack/data/venv/bin/python3.12 -m oslo_concurrency.prlimit --as=1073741824 --cpu=60 -- sudo cinder-rootwrap /etc/cinder/rootwrap.conf env LC_ALL=C qemu-img info -f qcow2 --output=json --force-share /opt/stack/data/cinder/mnt/9c71cf8d35d8397bd01395b988ea3b97/volume-21ffb93c-0b04-4e9a-9748-fc188b725593" returned: 0 in 0.508s {{(pid=87726) execute /opt/stack/data/venv/lib/python3.12/site-packages/oslo_concurrency/processutils.py:468}}
Jul 17 19:42:08 devstack cinder-volume[87726]: DEBUG oslo.privsep.daemon [-] privsep: reply[a2f8a8f0-1db3-45cb-ad42-68c687b9034e]: (4, 'qcow2') {{(pid=88674) _call_back /opt/stack/data/venv/lib/python3.12/site-packages/oslo_privsep/daemon.py:580}}
Jul 17 19:42:08 devstack cinder-volume[87726]: DEBUG oslo_concurrency.processutils [None req-99e2cef8-58a2-4ba7-ae68-9acdb61432ad tempest-VolumesDeleteCascade-2136189065 None] Running cmd (subprocess): /opt/stack/data/venv/bin/python3.12 -m oslo_concurrency.prlimit --as=1073741824 --cpu=60 -- sudo cinder-rootwrap /etc/cinder/rootwrap.conf env LC_ALL=C qemu-img info -f qcow2 --output=json --force-share /opt/stack/data/cinder/mnt/9c71cf8d35d8397bd01395b988ea3b97/volume-21ffb93c-0b04-4e9a-9748-fc188b725593.b73f0235-964d-4fef-8591-ddb445db1187 {{(pid=87726) execute /opt/stack/data/venv/lib/python3.12/site-packages/oslo_concurrency/processutils.py:440}}
Jul 17 19:42:08 devstack sudo[93538]: quobyte : PWD=/ ; USER=root ; COMMAND=/opt/stack/data/venv/bin/cinder-rootwrap /etc/cinder/rootwrap.conf env LC_ALL=C qemu-img info -f qcow2 --output=json --force-share /opt/stack/data/cinder/mnt/9c71cf8d35d8397bd01395b988ea3b97/volume-21ffb93c-0b04-4e9a-9748-fc188b725593.b73f0235-964d-4fef-8591-ddb445db1187
Jul 17 19:42:08 devstack sudo[93538]: pam_unix(sudo:session): session opened for user root(uid=0) by (uid=1000)
Jul 17 19:42:09 devstack cinder-volume[87726]: DEBUG oslo_concurrency.processutils [None req-99e2cef8-58a2-4ba7-ae68-9acdb61432ad tempest-VolumesDeleteCascade-2136189065 None] CMD "/opt/stack/data/venv/bin/python3.12 -m oslo_concurrency.prlimit --as=1073741824 --cpu=60 -- sudo cinder-rootwrap /etc/cinder/rootwrap.conf env LC_ALL=C qemu-img info -f qcow2 --output=json --force-share /opt/stack/data/cinder/mnt/9c71cf8d35d8397bd01395b988ea3b97/volume-21ffb93c-0b04-4e9a-9748-fc188b725593.b73f0235-964d-4fef-8591-ddb445db1187" returned: 0 in 0.598s {{(pid=87726) execute /opt/stack/data/venv/lib/python3.12/site-packages/oslo_concurrency/processutils.py:468}}
Jul 17 19:42:09 devstack sudo[93538]: pam_unix(sudo:session): session closed for user root
Jul 17 19:42:09 devstack cinder-volume[87726]: DEBUG cinder.volume.drivers.remotefs [None req-99e2cef8-58a2-4ba7-ae68-9acdb61432ad tempest-VolumesDeleteCascade-2136189065 None] Fetching qemu-img info with special backing_file_template: (/opt/stack/data/cinder/mnt/[0-9a-f]+/)?(volume-21ffb93c-0b04-4e9a-9748-fc188b725593(.(tmp-snap-)?[0-9a-f-]+)?|volume_from_snapshot_cache/(tmp-snap-)?[0-9a-f-]+(.(child-|parent-)[0-9a-f-]+)?)$ {{(pid=87726) _qemu_img_info_base /opt/stack/cinder/cinder/volume/drivers/remotefs.py:896}}
Jul 17 19:42:09 devstack cinder-volume[87726]: DEBUG oslo.privsep.daemon [-] privsep: reply[cd92d4af-5680-4fe4-ba21-f403e2a1fecc]: (4, 'qcow2') {{(pid=88674) _call_back /opt/stack/data/venv/lib/python3.12/site-packages/oslo_privsep/daemon.py:580}}
Jul 17 19:42:09 devstack cinder-volume[87726]: DEBUG oslo_concurrency.processutils [None req-99e2cef8-58a2-4ba7-ae68-9acdb61432ad tempest-VolumesDeleteCascade-2136189065 None] Running cmd (subprocess): /opt/stack/data/venv/bin/python3.12 -m oslo_concurrency.prlimit --as=1073741824 --cpu=60 -- sudo cinder-rootwrap /etc/cinder/rootwrap.conf env LC_ALL=C qemu-img info -f qcow2 --output=json --force-share /opt/stack/data/cinder/mnt/9c71cf8d35d8397bd01395b988ea3b97/volume-21ffb93c-0b04-4e9a-9748-fc188b725593.92e5e821-31ad-4b91-a879-99f8661c1591 {{(pid=87726) execute /opt/stack/data/venv/lib/python3.12/site-packages/oslo_concurrency/processutils.py:440}}
Jul 17 19:42:09 devstack sudo[93551]: quobyte : PWD=/ ; USER=root ; COMMAND=/opt/stack/data/venv/bin/cinder-rootwrap /etc/cinder/rootwrap.conf env LC_ALL=C qemu-img info -f qcow2 --output=json --force-share /opt/stack/data/cinder/mnt/9c71cf8d35d8397bd01395b988ea3b97/volume-21ffb93c-0b04-4e9a-9748-fc188b725593.92e5e821-31ad-4b91-a879-99f8661c1591
Jul 17 19:42:09 devstack sudo[93551]: pam_unix(sudo:session): session opened for user root(uid=0) by (uid=1000)
Jul 17 19:42:09 devstack sudo[93551]: pam_unix(sudo:session): session closed for user root
Jul 17 19:42:09 devstack cinder-volume[87726]: DEBUG oslo_concurrency.processutils [None req-99e2cef8-58a2-4ba7-ae68-9acdb61432ad tempest-VolumesDeleteCascade-2136189065 None] CMD "/opt/stack/data/venv/bin/python3.12 -m oslo_concurrency.prlimit --as=1073741824 --cpu=60 -- sudo cinder-rootwrap /etc/cinder/rootwrap.conf env LC_ALL=C qemu-img info -f qcow2 --output=json --force-share /opt/stack/data/cinder/mnt/9c71cf8d35d8397bd01395b988ea3b97/volume-21ffb93c-0b04-4e9a-9748-fc188b725593.92e5e821-31ad-4b91-a879-99f8661c1591" returned: 0 in 0.770s {{(pid=87726) execute /opt/stack/data/venv/lib/python3.12/site-packages/oslo_concurrency/processutils.py:468}}
Jul 17 19:42:09 devstack cinder-volume[87726]: DEBUG cinder.volume.drivers.remotefs [None req-99e2cef8-58a2-4ba7-ae68-9acdb61432ad tempest-VolumesDeleteCascade-2136189065 None] Fetching qemu-img info with special backing_file_template: (/opt/stack/data/cinder/mnt/[0-9a-f]+/)?(volume-21ffb93c-0b04-4e9a-9748-fc188b725593(.(tmp-snap-)?[0-9a-f-]+)?|volume_from_snapshot_cache/(tmp-snap-)?[0-9a-f-]+(.(child-|parent-)[0-9a-f-]+)?)$ {{(pid=87726) _qemu_img_info_base /opt/stack/cinder/cinder/volume/drivers/remotefs.py:896}}
Jul 17 19:42:10 devstack cinder-volume[87726]: DEBUG oslo.privsep.daemon [-] privsep: reply[2148b51a-9367-440c-a767-3e7621575fcb]: (4, 'qcow2') {{(pid=88674) _call_back /opt/stack/data/venv/lib/python3.12/site-packages/oslo_privsep/daemon.py:580}}
Jul 17 19:42:10 devstack cinder-volume[87726]: DEBUG oslo_concurrency.processutils [None req-99e2cef8-58a2-4ba7-ae68-9acdb61432ad tempest-VolumesDeleteCascade-2136189065 None] Running cmd (subprocess): /opt/stack/data/venv/bin/python3.12 -m oslo_concurrency.prlimit --as=1073741824 --cpu=60 -- sudo cinder-rootwrap /etc/cinder/rootwrap.conf env LC_ALL=C qemu-img info -f qcow2 --output=json --force-share /opt/stack/data/cinder/mnt/9c71cf8d35d8397bd01395b988ea3b97/volume-21ffb93c-0b04-4e9a-9748-fc188b725593 {{(pid=87726) execute /opt/stack/data/venv/lib/python3.12/site-packages/oslo_concurrency/processutils.py:440}}
Jul 17 19:42:10 devstack sudo[93610]: quobyte : PWD=/ ; USER=root ; COMMAND=/opt/stack/data/venv/bin/cinder-rootwrap /etc/cinder/rootwrap.conf env LC_ALL=C qemu-img info -f qcow2 --output=json --force-share /opt/stack/data/cinder/mnt/9c71cf8d35d8397bd01395b988ea3b97/volume-21ffb93c-0b04-4e9a-9748-fc188b725593
Jul 17 19:42:10 devstack sudo[93610]: pam_unix(sudo:session): session opened for user root(uid=0) by (uid=1000)
Jul 17 19:42:10 devstack sudo[93610]: pam_unix(sudo:session): session closed for user root
Jul 17 19:42:11 devstack cinder-volume[87726]: DEBUG oslo_concurrency.processutils [None req-99e2cef8-58a2-4ba7-ae68-9acdb61432ad tempest-VolumesDeleteCascade-2136189065 None] CMD "/opt/stack/data/venv/bin/python3.12 -m oslo_concurrency.prlimit --as=1073741824 --cpu=60 -- sudo cinder-rootwrap /etc/cinder/rootwrap.conf env LC_ALL=C qemu-img info -f qcow2 --output=json --force-share /opt/stack/data/cinder/mnt/9c71cf8d35d8397bd01395b988ea3b97/volume-21ffb93c-0b04-4e9a-9748-fc188b725593" returned: 0 in 0.998s {{(pid=87726) execute /opt/stack/data/venv/lib/python3.12/site-packages/oslo_concurrency/processutils.py:468}}
Jul 17 19:42:11 devstack cinder-volume[87726]: DEBUG oslo_concurrency.processutils [None req-99e2cef8-58a2-4ba7-ae68-9acdb61432ad tempest-VolumesDeleteCascade-2136189065 None] Running cmd (subprocess): sudo cinder-rootwrap /etc/cinder/rootwrap.conf qemu-img commit -d /opt/stack/data/cinder/mnt/9c71cf8d35d8397bd01395b988ea3b97/volume-21ffb93c-0b04-4e9a-9748-fc188b725593.92e5e821-31ad-4b91-a879-99f8661c1591 {{(pid=87726) execute /opt/stack/data/venv/lib/python3.12/site-packages/oslo_concurrency/processutils.py:440}}
Jul 17 19:42:11 devstack sudo[93635]: quobyte : PWD=/ ; USER=root ; COMMAND=/opt/stack/data/venv/bin/cinder-rootwrap /etc/cinder/rootwrap.conf qemu-img commit -d /opt/stack/data/cinder/mnt/9c71cf8d35d8397bd01395b988ea3b97/volume-21ffb93c-0b04-4e9a-9748-fc188b725593.92e5e821-31ad-4b91-a879-99f8661c1591
Jul 17 19:42:11 devstack sudo[93635]: pam_unix(sudo:session): session opened for user root(uid=0) by (uid=1000)
Jul 17 19:42:11 devstack sudo[93635]: pam_unix(sudo:session): session closed for user root
Jul 17 19:42:11 devstack cinder-volume[87726]: DEBUG oslo_concurrency.processutils [None req-99e2cef8-58a2-4ba7-ae68-9acdb61432ad tempest-VolumesDeleteCascade-2136189065 None] CMD "sudo cinder-rootwrap /etc/cinder/rootwrap.conf qemu-img commit -d /opt/stack/data/cinder/mnt/9c71cf8d35d8397bd01395b988ea3b97/volume-21ffb93c-0b04-4e9a-9748-fc188b725593.92e5e821-31ad-4b91-a879-99f8661c1591" returned: 0 in 0.743s {{(pid=87726) execute /opt/stack/data/venv/lib/python3.12/site-packages/oslo_concurrency/processutils.py:468}}
Jul 17 19:42:11 devstack cinder-volume[87726]: DEBUG oslo_concurrency.processutils [None req-99e2cef8-58a2-4ba7-ae68-9acdb61432ad tempest-VolumesDeleteCascade-2136189065 None] Running cmd (subprocess): sudo cinder-rootwrap /etc/cinder/rootwrap.conf rm -f /opt/stack/data/cinder/mnt/9c71cf8d35d8397bd01395b988ea3b97/volume-21ffb93c-0b04-4e9a-9748-fc188b725593.92e5e821-31ad-4b91-a879-99f8661c1591 {{(pid=87726) execute /opt/stack/data/venv/lib/python3.12/site-packages/oslo_concurrency/processutils.py:440}}
Jul 17 19:42:11 devstack sudo[93644]: quobyte : PWD=/ ; USER=root ; COMMAND=/opt/stack/data/venv/bin/cinder-rootwrap /etc/cinder/rootwrap.conf rm -f /opt/stack/data/cinder/mnt/9c71cf8d35d8397bd01395b988ea3b97/volume-21ffb93c-0b04-4e9a-9748-fc188b725593.92e5e821-31ad-4b91-a879-99f8661c1591
Jul 17 19:42:11 devstack sudo[93644]: pam_unix(sudo:session): session opened for user root(uid=0) by (uid=1000)
Jul 17 19:42:12 devstack sudo[93644]: pam_unix(sudo:session): session closed for user root
Jul 17 19:42:12 devstack cinder-volume[87726]: DEBUG oslo_concurrency.processutils [None req-99e2cef8-58a2-4ba7-ae68-9acdb61432ad tempest-VolumesDeleteCascade-2136189065 None] CMD "sudo cinder-rootwrap /etc/cinder/rootwrap.conf rm -f /opt/stack/data/cinder/mnt/9c71cf8d35d8397bd01395b988ea3b97/volume-21ffb93c-0b04-4e9a-9748-fc188b725593.92e5e821-31ad-4b91-a879-99f8661c1591" returned: 0 in 0.547s {{(pid=87726) execute /opt/stack/data/venv/lib/python3.12/site-packages/oslo_concurrency/processutils.py:468}}
Jul 17 19:42:12 devstack cinder-volume[87726]: DEBUG oslo_concurrency.processutils [None req-99e2cef8-58a2-4ba7-ae68-9acdb61432ad tempest-VolumesDeleteCascade-2136189065 None] Running cmd (subprocess): sudo cinder-rootwrap /etc/cinder/rootwrap.conf qemu-img rebase -u -b volume-21ffb93c-0b04-4e9a-9748-fc188b725593 /opt/stack/data/cinder/mnt/9c71cf8d35d8397bd01395b988ea3b97/volume-21ffb93c-0b04-4e9a-9748-fc188b725593.b73f0235-964d-4fef-8591-ddb445db1187 -F qcow2 {{(pid=87726) execute /opt/stack/data/venv/lib/python3.12/site-packages/oslo_concurrency/processutils.py:440}}
Jul 17 19:42:12 devstack sudo[93647]: quobyte : PWD=/ ; USER=root ; COMMAND=/opt/stack/data/venv/bin/cinder-rootwrap /etc/cinder/rootwrap.conf qemu-img rebase -u -b volume-21ffb93c-0b04-4e9a-9748-fc188b725593 /opt/stack/data/cinder/mnt/9c71cf8d35d8397bd01395b988ea3b97/volume-21ffb93c-0b04-4e9a-9748-fc188b725593.b73f0235-964d-4fef-8591-ddb445db1187 -F qcow2
Jul 17 19:42:12 devstack sudo[93647]: pam_unix(sudo:session): session opened for user root(uid=0) by (uid=1000)
Jul 17 19:42:12 devstack sudo[93647]: pam_unix(sudo:session): session closed for user root
Jul 17 19:42:12 devstack cinder-volume[87726]: DEBUG oslo_concurrency.processutils [None req-99e2cef8-58a2-4ba7-ae68-9acdb61432ad tempest-VolumesDeleteCascade-2136189065 None] CMD "sudo cinder-rootwrap /etc/cinder/rootwrap.conf qemu-img rebase -u -b volume-21ffb93c-0b04-4e9a-9748-fc188b725593 /opt/stack/data/cinder/mnt/9c71cf8d35d8397bd01395b988ea3b97/volume-21ffb93c-0b04-4e9a-9748-fc188b725593.b73f0235-964d-4fef-8591-ddb445db1187 -F qcow2" returned: 0 in 0.657s {{(pid=87726) execute /opt/stack/data/venv/lib/python3.12/site-packages/oslo_concurrency/processutils.py:468}}
Jul 17 19:42:13 devstack cinder-volume[87726]: DEBUG cinder.coordination [None req-99e2cef8-58a2-4ba7-ae68-9acdb61432ad tempest-VolumesDeleteCascade-2136189065 None] Lock "cinder-quobyte-92e5e821-31ad-4b91-a879-99f8661c1591" released by "_delete_snapshot" :: held 5.744s {{(pid=87726) __release /opt/stack/cinder/cinder/coordination.py:152}}
Jul 17 19:42:13 devstack cinder-volume[87726]: DEBUG cinder.coordination [None req-99e2cef8-58a2-4ba7-ae68-9acdb61432ad tempest-VolumesDeleteCascade-2136189065 None] Lock "cinder-quobyte-21ffb93c-0b04-4e9a-9748-fc188b725593" released by "delete_snapshot" :: held 5.795s {{(pid=87726) __release /opt/stack/cinder/cinder/coordination.py:152}}
Jul 17 19:42:13 devstack cinder-volume[87726]: DEBUG cinder.quota [None req-99e2cef8-58a2-4ba7-ae68-9acdb61432ad tempest-VolumesDeleteCascade-2136189065 None] Created reservations ['591ccb2d-9ee3-40e4-ad53-cef8fd2561e3', 'a05be055-b9e0-46e5-941c-b475d043da13', 'bba25e2d-9c62-49f7-ba33-98db144f0b20', '6d1b9b88-cfac-4edc-81f4-d8a0db1f93c8'] {{(pid=87726) reserve /opt/stack/cinder/cinder/quota.py:752}}
Jul 17 19:42:13 devstack cinder-volume[87726]: INFO cinder.volume.manager [None req-99e2cef8-58a2-4ba7-ae68-9acdb61432ad tempest-VolumesDeleteCascade-2136189065 None] Delete snapshot completed successfully.
Jul 17 19:42:13 devstack cinder-volume[87726]: DEBUG cinder.coordination [None req-99e2cef8-58a2-4ba7-ae68-9acdb61432ad tempest-VolumesDeleteCascade-2136189065 None] Lock "cinder-92e5e821-31ad-4b91-a879-99f8661c1591-delete_snapshot" released by "delete_snapshot" :: held 6.195s {{(pid=87726) __release /opt/stack/cinder/cinder/coordination.py:152}}
Jul 17 19:42:13 devstack cinder-volume[87726]: DEBUG cinder.coordination [None req-99e2cef8-58a2-4ba7-ae68-9acdb61432ad tempest-VolumesDeleteCascade-2136189065 None] Acquiring lock "cinder-b73f0235-964d-4fef-8591-ddb445db1187-delete_snapshot" by "delete_snapshot" {{(pid=87726) __acquire /opt/stack/cinder/cinder/coordination.py:138}}
Jul 17 19:42:13 devstack cinder-volume[87726]: DEBUG cinder.coordination [None req-99e2cef8-58a2-4ba7-ae68-9acdb61432ad tempest-VolumesDeleteCascade-2136189065 None] Lock "cinder-b73f0235-964d-4fef-8591-ddb445db1187-delete_snapshot" acquired by "delete_snapshot" :: waited 0.035s {{(pid=87726) __acquire /opt/stack/cinder/cinder/coordination.py:141}}
Jul 17 19:42:13 devstack cinder-volume[87726]: DEBUG cinder.coordination [None req-99e2cef8-58a2-4ba7-ae68-9acdb61432ad tempest-VolumesDeleteCascade-2136189065 None] Acquiring lock "cinder-quobyte-21ffb93c-0b04-4e9a-9748-fc188b725593" by "delete_snapshot" {{(pid=87726) __acquire /opt/stack/cinder/cinder/coordination.py:138}}
Jul 17 19:42:13 devstack cinder-volume[87726]: DEBUG cinder.coordination [None req-99e2cef8-58a2-4ba7-ae68-9acdb61432ad tempest-VolumesDeleteCascade-2136189065 None] Lock "cinder-quobyte-21ffb93c-0b04-4e9a-9748-fc188b725593" acquired by "delete_snapshot" :: waited 0.035s {{(pid=87726) __acquire /opt/stack/cinder/cinder/coordination.py:141}}
Jul 17 19:42:13 devstack cinder-volume[87726]: DEBUG cinder.coordination [None req-99e2cef8-58a2-4ba7-ae68-9acdb61432ad tempest-VolumesDeleteCascade-2136189065 None] Acquiring lock "cinder-quobyte-b73f0235-964d-4fef-8591-ddb445db1187" by "_delete_snapshot" {{(pid=87726) __acquire /opt/stack/cinder/cinder/coordination.py:138}}
Jul 17 19:42:13 devstack cinder-volume[87726]: DEBUG cinder.coordination [None req-99e2cef8-58a2-4ba7-ae68-9acdb61432ad tempest-VolumesDeleteCascade-2136189065 None] Lock "cinder-quobyte-b73f0235-964d-4fef-8591-ddb445db1187" acquired by "_delete_snapshot" :: waited 0.037s {{(pid=87726) __acquire /opt/stack/cinder/cinder/coordination.py:141}}
Jul 17 19:42:13 devstack cinder-volume[87726]: DEBUG cinder.volume.drivers.remotefs [None req-99e2cef8-58a2-4ba7-ae68-9acdb61432ad tempest-VolumesDeleteCascade-2136189065 None] Deleting offline snapshot b73f0235-964d-4fef-8591-ddb445db1187 of volume 21ffb93c-0b04-4e9a-9748-fc188b725593 {{(pid=87726) _delete_snapshot /opt/stack/cinder/cinder/volume/drivers/remotefs.py:1288}}
Jul 17 19:42:13 devstack cinder-volume[87726]: DEBUG cinder.volume.drivers.remotefs [None req-99e2cef8-58a2-4ba7-ae68-9acdb61432ad tempest-VolumesDeleteCascade-2136189065 None] snapshot_file for this snap is: volume-21ffb93c-0b04-4e9a-9748-fc188b725593.b73f0235-964d-4fef-8591-ddb445db1187 {{(pid=87726) _delete_snapshot /opt/stack/cinder/cinder/volume/drivers/remotefs.py:1317}}
Jul 17 19:42:13 devstack cinder-volume[87726]: DEBUG oslo.privsep.daemon [-] privsep: reply[b281a866-6510-436a-a909-e7c35e2dcae1]: (4, 'qcow2') {{(pid=88674) _call_back /opt/stack/data/venv/lib/python3.12/site-packages/oslo_privsep/daemon.py:580}}
Jul 17 19:42:13 devstack cinder-volume[87726]: DEBUG oslo_concurrency.processutils [None req-99e2cef8-58a2-4ba7-ae68-9acdb61432ad tempest-VolumesDeleteCascade-2136189065 None] Running cmd (subprocess): /opt/stack/data/venv/bin/python3.12 -m oslo_concurrency.prlimit --as=1073741824 --cpu=60 -- sudo cinder-rootwrap /etc/cinder/rootwrap.conf env LC_ALL=C qemu-img info -f qcow2 --output=json --force-share /opt/stack/data/cinder/mnt/9c71cf8d35d8397bd01395b988ea3b97/volume-21ffb93c-0b04-4e9a-9748-fc188b725593.b73f0235-964d-4fef-8591-ddb445db1187 {{(pid=87726) execute /opt/stack/data/venv/lib/python3.12/site-packages/oslo_concurrency/processutils.py:440}}
Jul 17 19:42:13 devstack sudo[93666]: quobyte : PWD=/ ; USER=root ; COMMAND=/opt/stack/data/venv/bin/cinder-rootwrap /etc/cinder/rootwrap.conf env LC_ALL=C qemu-img info -f qcow2 --output=json --force-share /opt/stack/data/cinder/mnt/9c71cf8d35d8397bd01395b988ea3b97/volume-21ffb93c-0b04-4e9a-9748-fc188b725593.b73f0235-964d-4fef-8591-ddb445db1187
Jul 17 19:42:13 devstack sudo[93666]: pam_unix(sudo:session): session opened for user root(uid=0) by (uid=1000)
Jul 17 19:42:14 devstack sudo[93666]: pam_unix(sudo:session): session closed for user root
Jul 17 19:42:14 devstack cinder-volume[87726]: DEBUG oslo_concurrency.processutils [None req-99e2cef8-58a2-4ba7-ae68-9acdb61432ad tempest-VolumesDeleteCascade-2136189065 None] CMD "/opt/stack/data/venv/bin/python3.12 -m oslo_concurrency.prlimit --as=1073741824 --cpu=60 -- sudo cinder-rootwrap /etc/cinder/rootwrap.conf env LC_ALL=C qemu-img info -f qcow2 --output=json --force-share /opt/stack/data/cinder/mnt/9c71cf8d35d8397bd01395b988ea3b97/volume-21ffb93c-0b04-4e9a-9748-fc188b725593.b73f0235-964d-4fef-8591-ddb445db1187" returned: 0 in 0.671s {{(pid=87726) execute /opt/stack/data/venv/lib/python3.12/site-packages/oslo_concurrency/processutils.py:468}}
Jul 17 19:42:14 devstack cinder-volume[87726]: DEBUG cinder.volume.drivers.remotefs [None req-99e2cef8-58a2-4ba7-ae68-9acdb61432ad tempest-VolumesDeleteCascade-2136189065 None] Fetching qemu-img info with special backing_file_template: (/opt/stack/data/cinder/mnt/[0-9a-f]+/)?(volume-21ffb93c-0b04-4e9a-9748-fc188b725593(.(tmp-snap-)?[0-9a-f-]+)?|volume_from_snapshot_cache/(tmp-snap-)?[0-9a-f-]+(.(child-|parent-)[0-9a-f-]+)?)$ {{(pid=87726) _qemu_img_info_base /opt/stack/cinder/cinder/volume/drivers/remotefs.py:896}}
Jul 17 19:42:14 devstack cinder-volume[87726]: DEBUG oslo.privsep.daemon [-] privsep: reply[8c44a3d5-adef-4b3d-8249-8cbfda66a849]: (4, 'qcow2') {{(pid=88674) _call_back /opt/stack/data/venv/lib/python3.12/site-packages/oslo_privsep/daemon.py:580}}
Jul 17 19:42:14 devstack cinder-volume[87726]: DEBUG oslo_concurrency.processutils [None req-99e2cef8-58a2-4ba7-ae68-9acdb61432ad tempest-VolumesDeleteCascade-2136189065 None] Running cmd (subprocess): /opt/stack/data/venv/bin/python3.12 -m oslo_concurrency.prlimit --as=1073741824 --cpu=60 -- sudo cinder-rootwrap /etc/cinder/rootwrap.conf env LC_ALL=C qemu-img info -f qcow2 --output=json --force-share /opt/stack/data/cinder/mnt/9c71cf8d35d8397bd01395b988ea3b97/volume-21ffb93c-0b04-4e9a-9748-fc188b725593 {{(pid=87726) execute /opt/stack/data/venv/lib/python3.12/site-packages/oslo_concurrency/processutils.py:440}}
Jul 17 19:42:14 devstack sudo[93673]: quobyte : PWD=/ ; USER=root ; COMMAND=/opt/stack/data/venv/bin/cinder-rootwrap /etc/cinder/rootwrap.conf env LC_ALL=C qemu-img info -f qcow2 --output=json --force-share /opt/stack/data/cinder/mnt/9c71cf8d35d8397bd01395b988ea3b97/volume-21ffb93c-0b04-4e9a-9748-fc188b725593
Jul 17 19:42:14 devstack sudo[93673]: pam_unix(sudo:session): session opened for user root(uid=0) by (uid=1000)
Jul 17 19:42:14 devstack sudo[93673]: pam_unix(sudo:session): session closed for user root
Jul 17 19:42:14 devstack cinder-volume[87726]: DEBUG oslo_concurrency.processutils [None req-99e2cef8-58a2-4ba7-ae68-9acdb61432ad tempest-VolumesDeleteCascade-2136189065 None] CMD "/opt/stack/data/venv/bin/python3.12 -m oslo_concurrency.prlimit --as=1073741824 --cpu=60 -- sudo cinder-rootwrap /etc/cinder/rootwrap.conf env LC_ALL=C qemu-img info -f qcow2 --output=json --force-share /opt/stack/data/cinder/mnt/9c71cf8d35d8397bd01395b988ea3b97/volume-21ffb93c-0b04-4e9a-9748-fc188b725593" returned: 0 in 0.503s {{(pid=87726) execute /opt/stack/data/venv/lib/python3.12/site-packages/oslo_concurrency/processutils.py:468}}
Jul 17 19:42:14 devstack cinder-volume[87726]: DEBUG oslo_concurrency.processutils [None req-99e2cef8-58a2-4ba7-ae68-9acdb61432ad tempest-VolumesDeleteCascade-2136189065 None] Running cmd (subprocess): sudo cinder-rootwrap /etc/cinder/rootwrap.conf qemu-img commit -d /opt/stack/data/cinder/mnt/9c71cf8d35d8397bd01395b988ea3b97/volume-21ffb93c-0b04-4e9a-9748-fc188b725593.b73f0235-964d-4fef-8591-ddb445db1187 {{(pid=87726) execute /opt/stack/data/venv/lib/python3.12/site-packages/oslo_concurrency/processutils.py:440}}
Jul 17 19:42:14 devstack sudo[93679]: quobyte : PWD=/ ; USER=root ; COMMAND=/opt/stack/data/venv/bin/cinder-rootwrap /etc/cinder/rootwrap.conf qemu-img commit -d /opt/stack/data/cinder/mnt/9c71cf8d35d8397bd01395b988ea3b97/volume-21ffb93c-0b04-4e9a-9748-fc188b725593.b73f0235-964d-4fef-8591-ddb445db1187
Jul 17 19:42:14 devstack sudo[93679]: pam_unix(sudo:session): session opened for user root(uid=0) by (uid=1000)
Jul 17 19:42:15 devstack cinder-volume[87726]: DEBUG oslo_service.periodic_task [None req-c66e343d-2922-457a-b1cc-f48dda01e9f8 None None] Running periodic task VolumeManager.publish_service_capabilities {{(pid=87726) run_periodic_tasks /opt/stack/data/venv/lib/python3.12/site-packages/oslo_service/periodic_task.py:254}}
Jul 17 19:42:15 devstack cinder-volume[87726]: DEBUG oslo_concurrency.lockutils [None req-c66e343d-2922-457a-b1cc-f48dda01e9f8 None None] Acquiring lock "quobyte_ensure" by "cinder.volume.drivers.quobyte.QuobyteDriver._ensure_shares_mounted" {{(pid=87726) inner /opt/stack/data/venv/lib/python3.12/site-packages/oslo_concurrency/lockutils.py:512}}
Jul 17 19:42:15 devstack cinder-volume[87726]: DEBUG oslo_concurrency.lockutils [None req-c66e343d-2922-457a-b1cc-f48dda01e9f8 None None] Lock "quobyte_ensure" acquired by "cinder.volume.drivers.quobyte.QuobyteDriver._ensure_shares_mounted" :: waited 0.001s {{(pid=87726) inner /opt/stack/data/venv/lib/python3.12/site-packages/oslo_concurrency/lockutils.py:525}}
Jul 17 19:42:15 devstack cinder-volume[87726]: DEBUG cinder.volume.drivers.quobyte [None req-c66e343d-2922-457a-b1cc-f48dda01e9f8 None None] Quobyte Volume URL set to: {'osci02.corp.quobyte.com/cinder-vol-50e02cfd-f9ec-4e4a-b73f-3825ddfc6c55': None} {{(pid=87726) _load_shares_config /opt/stack/cinder/cinder/volume/drivers/quobyte.py:651}}
Jul 17 19:42:15 devstack cinder-volume[87726]: DEBUG cinder.volume.drivers.quobyte [None req-c66e343d-2922-457a-b1cc-f48dda01e9f8 None None] Available shares ['osci02.corp.quobyte.com/cinder-vol-50e02cfd-f9ec-4e4a-b73f-3825ddfc6c55'] {{(pid=87726) _ensure_shares_mounted /opt/stack/cinder/cinder/volume/drivers/quobyte.py:681}}
Jul 17 19:42:15 devstack cinder-volume[87726]: DEBUG oslo_concurrency.lockutils [None req-c66e343d-2922-457a-b1cc-f48dda01e9f8 None None] Lock "quobyte_ensure" "released" by "cinder.volume.drivers.quobyte.QuobyteDriver._ensure_shares_mounted" :: held 0.011s {{(pid=87726) inner /opt/stack/data/venv/lib/python3.12/site-packages/oslo_concurrency/lockutils.py:544}}
Jul 17 19:42:15 devstack cinder-volume[87726]: DEBUG oslo_concurrency.processutils [None req-c66e343d-2922-457a-b1cc-f48dda01e9f8 None None] Running cmd (subprocess): sudo cinder-rootwrap /etc/cinder/rootwrap.conf df --portability --block-size 1 /opt/stack/data/cinder/mnt/9c71cf8d35d8397bd01395b988ea3b97 {{(pid=87726) execute /opt/stack/data/venv/lib/python3.12/site-packages/oslo_concurrency/processutils.py:440}}
Jul 17 19:42:15 devstack sudo[93686]: quobyte : PWD=/ ; USER=root ; COMMAND=/opt/stack/data/venv/bin/cinder-rootwrap /etc/cinder/rootwrap.conf df --portability --block-size 1 /opt/stack/data/cinder/mnt/9c71cf8d35d8397bd01395b988ea3b97
Jul 17 19:42:15 devstack sudo[93686]: pam_unix(sudo:session): session opened for user root(uid=0) by (uid=1000)
Jul 17 19:42:15 devstack sudo[93679]: pam_unix(sudo:session): session closed for user root
Jul 17 19:42:15 devstack cinder-volume[87726]: DEBUG oslo_concurrency.processutils [None req-99e2cef8-58a2-4ba7-ae68-9acdb61432ad tempest-VolumesDeleteCascade-2136189065 None] CMD "sudo cinder-rootwrap /etc/cinder/rootwrap.conf qemu-img commit -d /opt/stack/data/cinder/mnt/9c71cf8d35d8397bd01395b988ea3b97/volume-21ffb93c-0b04-4e9a-9748-fc188b725593.b73f0235-964d-4fef-8591-ddb445db1187" returned: 0 in 0.597s {{(pid=87726) execute /opt/stack/data/venv/lib/python3.12/site-packages/oslo_concurrency/processutils.py:468}}
Jul 17 19:42:15 devstack cinder-volume[87726]: DEBUG oslo_concurrency.processutils [None req-99e2cef8-58a2-4ba7-ae68-9acdb61432ad tempest-VolumesDeleteCascade-2136189065 None] Running cmd (subprocess): sudo cinder-rootwrap /etc/cinder/rootwrap.conf rm -f /opt/stack/data/cinder/mnt/9c71cf8d35d8397bd01395b988ea3b97/volume-21ffb93c-0b04-4e9a-9748-fc188b725593.b73f0235-964d-4fef-8591-ddb445db1187 {{(pid=87726) execute /opt/stack/data/venv/lib/python3.12/site-packages/oslo_concurrency/processutils.py:440}}
Jul 17 19:42:15 devstack sudo[93688]: quobyte : PWD=/ ; USER=root ; COMMAND=/opt/stack/data/venv/bin/cinder-rootwrap /etc/cinder/rootwrap.conf rm -f /opt/stack/data/cinder/mnt/9c71cf8d35d8397bd01395b988ea3b97/volume-21ffb93c-0b04-4e9a-9748-fc188b725593.b73f0235-964d-4fef-8591-ddb445db1187
Jul 17 19:42:15 devstack sudo[93688]: pam_unix(sudo:session): session opened for user root(uid=0) by (uid=1000)
Jul 17 19:42:15 devstack sudo[93686]: pam_unix(sudo:session): session closed for user root
Jul 17 19:42:15 devstack cinder-volume[87726]: DEBUG oslo_concurrency.processutils [None req-c66e343d-2922-457a-b1cc-f48dda01e9f8 None None] CMD "sudo cinder-rootwrap /etc/cinder/rootwrap.conf df --portability --block-size 1 /opt/stack/data/cinder/mnt/9c71cf8d35d8397bd01395b988ea3b97" returned: 0 in 0.390s {{(pid=87726) execute /opt/stack/data/venv/lib/python3.12/site-packages/oslo_concurrency/processutils.py:468}}
