Jul 17 19:31:19 devstack devstack@g-api.service[77416]: DEBUG glance.common.config [None req-072b00e0-0222-489a-a873-5da7e4d60a1e None None] database.asyncio_connection = **** {{(pid=77416) log_opt_values /opt/stack/data/venv/lib/python3.12/site-packages/oslo_config/cfg.py:3253}}
Jul 17 19:31:19 devstack devstack@g-api.service[77416]: DEBUG glance.common.config [None req-072b00e0-0222-489a-a873-5da7e4d60a1e None None] database.asyncio_slave_connection = **** {{(pid=77416) log_opt_values /opt/stack/data/venv/lib/python3.12/site-packages/oslo_config/cfg.py:3253}}
Jul 17 19:31:19 devstack devstack@g-api.service[77416]: DEBUG glance.common.config [None req-072b00e0-0222-489a-a873-5da7e4d60a1e None None] database.backend = sqlalchemy {{(pid=77416) log_opt_values /opt/stack/data/venv/lib/python3.12/site-packages/oslo_config/cfg.py:3253}}
Jul 17 19:31:19 devstack devstack@g-api.service[77416]: DEBUG glance.common.config [None req-072b00e0-0222-489a-a873-5da7e4d60a1e None None] database.connection = **** {{(pid=77416) log_opt_values /opt/stack/data/venv/lib/python3.12/site-packages/oslo_config/cfg.py:3253}}
Jul 17 19:31:19 devstack devstack@g-api.service[77416]: DEBUG glance.common.config [None req-072b00e0-0222-489a-a873-5da7e4d60a1e None None] database.connection_debug = 0 {{(pid=77416) log_opt_values /opt/stack/data/venv/lib/python3.12/site-packages/oslo_config/cfg.py:3253}}
Jul 17 19:31:19 devstack devstack@g-api.service[77416]: DEBUG glance.common.config [None req-072b00e0-0222-489a-a873-5da7e4d60a1e None None] database.connection_parameters = {{(pid=77416) log_opt_values /opt/stack/data/venv/lib/python3.12/site-packages/oslo_config/cfg.py:3253}}
Jul 17 19:31:19 devstack devstack@g-api.service[77416]: DEBUG glance.common.config [None req-072b00e0-0222-489a-a873-5da7e4d60a1e None None] database.connection_recycle_time = 3600 {{(pid=77416) log_opt_values /opt/stack/data/venv/lib/python3.12/site-packages/oslo_config/cfg.py:3253}}
Jul 17 19:31:19 devstack devstack@g-api.service[77416]: DEBUG glance.common.config [None req-072b00e0-0222-489a-a873-5da7e4d60a1e None None] database.connection_trace = False {{(pid=77416) log_opt_values /opt/stack/data/venv/lib/python3.12/site-packages/oslo_config/cfg.py:3253}}
Jul 17 19:31:19 devstack devstack@g-api.service[77416]: DEBUG glance.common.config [None req-072b00e0-0222-489a-a873-5da7e4d60a1e None None] database.db_inc_retry_interval = True {{(pid=77416) log_opt_values /opt/stack/data/venv/lib/python3.12/site-packages/oslo_config/cfg.py:3253}}
Jul 17 19:31:19 devstack devstack@g-api.service[77416]: DEBUG glance.common.config [None req-072b00e0-0222-489a-a873-5da7e4d60a1e None None] database.db_max_retries = 20 {{(pid=77416) log_opt_values /opt/stack/data/venv/lib/python3.12/site-packages/oslo_config/cfg.py:3253}}
Jul 17 19:31:19 devstack devstack@g-api.service[77416]: DEBUG glance.common.config [None req-072b00e0-0222-489a-a873-5da7e4d60a1e None None] database.db_max_retry_interval = 10 {{(pid=77416) log_opt_values /opt/stack/data/venv/lib/python3.12/site-packages/oslo_config/cfg.py:3253}}
Jul 17 19:31:19 devstack devstack@g-api.service[77416]: DEBUG glance.common.config [None req-072b00e0-0222-489a-a873-5da7e4d60a1e None None] database.db_retry_interval = 1 {{(pid=77416) log_opt_values /opt/stack/data/venv/lib/python3.12/site-packages/oslo_config/cfg.py:3253}}
Jul 17 19:31:19 devstack devstack@g-api.service[77416]: DEBUG glance.common.config [None req-072b00e0-0222-489a-a873-5da7e4d60a1e None None] database.max_overflow = 50 {{(pid=77416) log_opt_values /opt/stack/data/venv/lib/python3.12/site-packages/oslo_config/cfg.py:3253}}
Jul 17 19:31:19 devstack devstack@g-api.service[77416]: DEBUG glance.common.config [None req-072b00e0-0222-489a-a873-5da7e4d60a1e None None] database.max_pool_size = 5 {{(pid=77416) log_opt_values /opt/stack/data/venv/lib/python3.12/site-packages/oslo_config/cfg.py:3253}}
Jul 17 19:31:19 devstack devstack@g-api.service[77416]: DEBUG glance.common.config [None req-072b00e0-0222-489a-a873-5da7e4d60a1e None None] database.max_retries = 10 {{(pid=77416) log_opt_values /opt/stack/data/venv/lib/python3.12/site-packages/oslo_config/cfg.py:3253}}
Jul 17 19:31:19 devstack devstack@g-api.service[77416]: DEBUG glance.common.config [None req-072b00e0-0222-489a-a873-5da7e4d60a1e None None] database.mysql_sql_mode = TRADITIONAL {{(pid=77416) log_opt_values /opt/stack/data/venv/lib/python3.12/site-packages/oslo_config/cfg.py:3253}}
Jul 17 19:31:19 devstack devstack@g-api.service[77416]: DEBUG glance.common.config [None req-072b00e0-0222-489a-a873-5da7e4d60a1e None None] database.mysql_wsrep_sync_wait = None {{(pid=77416) log_opt_values /opt/stack/data/venv/lib/python3.12/site-packages/oslo_config/cfg.py:3253}}
Jul 17 19:31:19 devstack devstack@g-api.service[77416]: DEBUG glance.common.config [None req-072b00e0-0222-489a-a873-5da7e4d60a1e None None] database.pool_timeout = None {{(pid=77416) log_opt_values /opt/stack/data/venv/lib/python3.12/site-packages/oslo_config/cfg.py:3253}}
Jul 17 19:31:19 devstack devstack@g-api.service[77416]: DEBUG glance.common.config [None req-072b00e0-0222-489a-a873-5da7e4d60a1e None None] database.retry_interval = 10 {{(pid=77416) log_opt_values /opt/stack/data/venv/lib/python3.12/site-packages/oslo_config/cfg.py:3253}}
Jul 17 19:31:19 devstack devstack@g-api.service[77416]: DEBUG glance.common.config [None req-072b00e0-0222-489a-a873-5da7e4d60a1e None None] database.slave_connection = **** {{(pid=77416) log_opt_values /opt/stack/data/venv/lib/python3.12/site-packages/oslo_config/cfg.py:3253}}
Jul 17 19:31:19 devstack devstack@g-api.service[77416]: DEBUG glance.common.config [None req-072b00e0-0222-489a-a873-5da7e4d60a1e None None] database.sqlite_synchronous = True {{(pid=77416) log_opt_values /opt/stack/data/venv/lib/python3.12/site-packages/oslo_config/cfg.py:3253}}
Jul 17 19:31:19 devstack devstack@g-api.service[77416]: DEBUG glance.common.config [None req-072b00e0-0222-489a-a873-5da7e4d60a1e None None] database.synchronous_reader = True {{(pid=77416) log_opt_values /opt/stack/data/venv/lib/python3.12/site-packages/oslo_config/cfg.py:3253}}
Jul 17 19:31:19 devstack devstack@g-api.service[77416]: DEBUG glance.common.config [None req-072b00e0-0222-489a-a873-5da7e4d60a1e None None] database.use_db_reconnect = False {{(pid=77416) log_opt_values /opt/stack/data/venv/lib/python3.12/site-packages/oslo_config/cfg.py:3253}}
Jul 17 19:31:19 devstack devstack@g-api.service[77416]: DEBUG glance.common.config [None req-072b00e0-0222-489a-a873-5da7e4d60a1e None None] healthcheck.allowed_source_ranges = [] {{(pid=77416) log_opt_values /opt/stack/data/venv/lib/python3.12/site-packages/oslo_config/cfg.py:3253}}
Jul 17 19:31:19 devstack devstack@g-api.service[77416]: DEBUG glance.common.config [None req-072b00e0-0222-489a-a873-5da7e4d60a1e None None] healthcheck.backends = ['disable_by_file'] {{(pid=77416) log_opt_values /opt/stack/data/venv/lib/python3.12/site-packages/oslo_config/cfg.py:3253}}
Jul 17 19:31:19 devstack devstack@g-api.service[77416]: DEBUG glance.common.config [None req-072b00e0-0222-489a-a873-5da7e4d60a1e None None] healthcheck.detailed = False {{(pid=77416) log_opt_values /opt/stack/data/venv/lib/python3.12/site-packages/oslo_config/cfg.py:3253}}
Jul 17 19:31:19 devstack devstack@g-api.service[77416]: DEBUG glance.common.config [None req-072b00e0-0222-489a-a873-5da7e4d60a1e None None] healthcheck.disable_by_file_path = None {{(pid=77416) log_opt_values /opt/stack/data/venv/lib/python3.12/site-packages/oslo_config/cfg.py:3253}}
Jul 17 19:31:19 devstack devstack@g-api.service[77416]: DEBUG glance.common.config [None req-072b00e0-0222-489a-a873-5da7e4d60a1e None None] healthcheck.ignore_proxied_requests = False {{(pid=77416) log_opt_values /opt/stack/data/venv/lib/python3.12/site-packages/oslo_config/cfg.py:3253}}
Jul 17 19:31:19 devstack devstack@g-api.service[77416]: DEBUG glance.common.config [None req-072b00e0-0222-489a-a873-5da7e4d60a1e None None] ******************************************************************************** {{(pid=77416) log_opt_values /opt/stack/data/venv/lib/python3.12/site-packages/oslo_config/cfg.py:3260}}
Jul 17 19:31:19 devstack devstack@g-api.service[77416]: WSGI app 0 (mountpoint='') ready in 5 seconds on interpreter 0x7428fc4a4668 pid: 77416 (default app)
Jul 17 19:31:29 devstack devstack@g-api.service[77416]: DEBUG dbcounter [-] [77416] Writing DB stats glance:INSERT=4 {{(pid=77416) stat_writer /opt/stack/data/venv/lib/python3.12/site-packages/dbcounter.py:115}}
Jul 17 19:31:29 devstack devstack@g-api.service[77415]: DEBUG dbcounter [-] [77415] Writing DB stats glance:INSERT=4 {{(pid=77415) stat_writer /opt/stack/data/venv/lib/python3.12/site-packages/dbcounter.py:115}}
Jul 17 19:31:36 devstack devstack@g-api.service[77415]: DEBUG glance.api.middleware.version_negotiation [None req-23ed938f-a330-483f-bb67-90c634b4b467 None None] Determining version of request: GET / Accept: application/json {{(pid=77415) process_request /opt/stack/glance/glance/api/middleware/version_negotiation.py:44}}
Jul 17 19:31:36 devstack devstack@g-api.service[77415]: DEBUG glance.api.middleware.version_negotiation [None req-23ed938f-a330-483f-bb67-90c634b4b467 None None] Using url versioning {{(pid=77415) process_request /opt/stack/glance/glance/api/middleware/version_negotiation.py:57}}
Jul 17 19:31:36 devstack devstack@g-api.service[77415]: DEBUG glance.api.middleware.version_negotiation [None req-23ed938f-a330-483f-bb67-90c634b4b467 None None] Unknown version. Returning version choices. {{(pid=77415) process_request /opt/stack/glance/glance/api/middleware/version_negotiation.py:64}}
Jul 17 19:31:36 devstack devstack@g-api.service[77415]: [pid: 77415|app: 0|req: 2/2] 127.0.0.1 () {34 vars in 519 bytes} [Fri Jul 17 19:31:36 2026] GET / => generated 1571 bytes in 4 msecs (HTTP/1.1 300) 3 headers in 106 bytes (1 switches on core 0)
Jul 17 19:31:36 devstack devstack@g-api.service[77416]: DEBUG glance.api.middleware.version_negotiation [None req-072b00e0-0222-489a-a873-5da7e4d60a1e None None] Determining version of request: POST /v2/images Accept: */* {{(pid=77416) process_request /opt/stack/glance/glance/api/middleware/version_negotiation.py:44}}
Jul 17 19:31:36 devstack devstack@g-api.service[77416]: DEBUG glance.api.middleware.version_negotiation [None req-072b00e0-0222-489a-a873-5da7e4d60a1e None None] Using url versioning {{(pid=77416) process_request /opt/stack/glance/glance/api/middleware/version_negotiation.py:57}}
Jul 17 19:31:36 devstack devstack@g-api.service[77416]: DEBUG glance.api.middleware.version_negotiation [None req-072b00e0-0222-489a-a873-5da7e4d60a1e None None] Matched version: v2 {{(pid=77416) process_request /opt/stack/glance/glance/api/middleware/version_negotiation.py:69}}
Jul 17 19:31:36 devstack devstack@g-api.service[77416]: DEBUG glance.api.middleware.version_negotiation [None req-072b00e0-0222-489a-a873-5da7e4d60a1e None None] new path /v2/images {{(pid=77416) process_request /opt/stack/glance/glance/api/middleware/version_negotiation.py:70}}
Jul 17 19:31:37 devstack devstack@g-api.service[77416]: [pid: 77416|app: 0|req: 1/3] 127.0.0.1 () {40 vars in 782 bytes} [Fri Jul 17 19:31:36 2026] POST /v2/images => generated 807 bytes in 1118 msecs (HTTP/1.1 201) 6 headers in 314 bytes (1 switches on core 0)
Jul 17 19:31:37 devstack devstack@g-api.service[77415]: DEBUG glance.api.middleware.version_negotiation [None req-23ed938f-a330-483f-bb67-90c634b4b467 None None] Determining version of request: PUT /v2/images/8e2f5363-0f60-45b4-bd42-3ca5e33637d7/file Accept: {{(pid=77415) process_request /opt/stack/glance/glance/api/middleware/version_negotiation.py:44}}
Jul 17 19:31:37 devstack devstack@g-api.service[77415]: DEBUG glance.api.middleware.version_negotiation [None req-23ed938f-a330-483f-bb67-90c634b4b467 None None] Using url versioning {{(pid=77415) process_request /opt/stack/glance/glance/api/middleware/version_negotiation.py:57}}
Jul 17 19:31:37 devstack devstack@g-api.service[77415]: DEBUG glance.api.middleware.version_negotiation [None req-23ed938f-a330-483f-bb67-90c634b4b467 None None] Matched version: v2 {{(pid=77415) process_request /opt/stack/glance/glance/api/middleware/version_negotiation.py:69}}
Jul 17 19:31:37 devstack devstack@g-api.service[77415]: DEBUG glance.api.middleware.version_negotiation [None req-23ed938f-a330-483f-bb67-90c634b4b467 None None] new path /v2/images/8e2f5363-0f60-45b4-bd42-3ca5e33637d7/file {{(pid=77415) process_request /opt/stack/glance/glance/api/middleware/version_negotiation.py:70}}
Jul 17 19:31:38 devstack devstack@g-api.service[77415]: INFO glance.api.v2.image_data [None req-c8a92e36-ab96-41a9-b95a-628ba1e3553d admin admin] Unable to create trust: no such option collect_timing in group [keystone_authtoken] Use the existing user token.
Jul 17 19:31:39 devstack devstack@g-api.service[77415]: DEBUG glance.location [None req-c8a92e36-ab96-41a9-b95a-628ba1e3553d admin admin] Enabling in-flight format inspection for qcow2 {{(pid=77415) set_data /opt/stack/glance/glance/location.py:596}}
Jul 17 19:31:39 devstack devstack@g-api.service[77415]: DEBUG oslo_utils.imageutils.format_inspector [None req-c8a92e36-ab96-41a9-b95a-628ba1e3553d admin admin] Format inspector for vmdk does not match, excluding from consideration (Signature KDMV not found: b'QFI\xfb') {{(pid=77415) _process_chunk /opt/stack/data/venv/lib/python3.12/site-packages/oslo_utils/imageutils/format_inspector.py:1758}}
Jul 17 19:31:39 devstack devstack@g-api.service[77415]: DEBUG oslo_utils.imageutils.format_inspector [None req-c8a92e36-ab96-41a9-b95a-628ba1e3553d admin admin] Format inspector for vhdx does not match, excluding from consideration (Region signature not found at 30000) {{(pid=77415) _process_chunk /opt/stack/data/venv/lib/python3.12/site-packages/oslo_utils/imageutils/format_inspector.py:1758}}
Jul 17 19:31:39 devstack devstack@g-api.service[77415]: DEBUG glance_store._drivers.filesystem [None req-c8a92e36-ab96-41a9-b95a-628ba1e3553d admin admin] Wrote 21692416 bytes to /opt/stack/data/glance/images/8e2f5363-0f60-45b4-bd42-3ca5e33637d7 with checksum 87617e24a5e30cb3b87fda8c0764838f and multihash 9a9bce0083a00939ec17c11febbfc767aa211aaa54f51e75c5a8b271a9b5637c77205a518b7a2007cb391d23cceb01e0e4e8d64832317151bc85b734b92a7be0 {{(pid=77415) add /opt/stack/data/venv/lib/python3.12/site-packages/glance_store/_drivers/filesystem.py:899}}
Jul 17 19:31:39 devstack devstack@g-api.service[77415]: INFO glance.location [None req-c8a92e36-ab96-41a9-b95a-628ba1e3553d admin admin] Image format matched and virtual size computed: 117440512
Jul 17 19:31:39 devstack devstack@g-api.service[77415]: DEBUG glance_store.backend [None req-c8a92e36-ab96-41a9-b95a-628ba1e3553d admin admin] Skipping store.set_acls... not implemented. {{(pid=77415) set_acls /opt/stack/data/venv/lib/python3.12/site-packages/glance_store/backend.py:507}}
Jul 17 19:31:39 devstack devstack@g-api.service[77415]: [pid: 77415|app: 0|req: 3/4] 127.0.0.1 () {40 vars in 875 bytes} [Fri Jul 17 19:31:37 2026] PUT /v2/images/8e2f5363-0f60-45b4-bd42-3ca5e33637d7/file => generated 0 bytes in 1627 msecs (HTTP/1.1 204) 4 headers in 171 bytes (1 switches on core 0)
Jul 17 19:31:39 devstack devstack@g-api.service[77416]: DEBUG glance.api.middleware.version_negotiation [None req-d67592ce-e917-4419-988f-7194e00eda8d admin admin] Determining version of request: GET /v2/images/8e2f5363-0f60-45b4-bd42-3ca5e33637d7 Accept: */* {{(pid=77416) process_request /opt/stack/glance/glance/api/middleware/version_negotiation.py:44}}
Jul 17 19:31:39 devstack devstack@g-api.service[77416]: DEBUG glance.api.middleware.version_negotiation [None req-d67592ce-e917-4419-988f-7194e00eda8d admin admin] Using url versioning {{(pid=77416) process_request /opt/stack/glance/glance/api/middleware/version_negotiation.py:57}}
Jul 17 19:31:39 devstack devstack@g-api.service[77416]: DEBUG glance.api.middleware.version_negotiation [None req-d67592ce-e917-4419-988f-7194e00eda8d admin admin] Matched version: v2 {{(pid=77416) process_request /opt/stack/glance/glance/api/middleware/version_negotiation.py:69}}
Jul 17 19:31:39 devstack devstack@g-api.service[77416]: DEBUG glance.api.middleware.version_negotiation [None req-d67592ce-e917-4419-988f-7194e00eda8d admin admin] new path /v2/images/8e2f5363-0f60-45b4-bd42-3ca5e33637d7 {{(pid=77416) process_request /opt/stack/glance/glance/api/middleware/version_negotiation.py:70}}
Jul 17 19:31:39 devstack devstack@g-api.service[77416]: [pid: 77416|app: 0|req: 2/5] 127.0.0.1 () {36 vars in 802 bytes} [Fri Jul 17 19:31:39 2026] GET /v2/images/8e2f5363-0f60-45b4-bd42-3ca5e33637d7 => generated 976 bytes in 19 msecs (HTTP/1.1 200) 4 headers in 157 bytes (1 switches on core 0)
Jul 17 19:31:49 devstack devstack@g-api.service[77415]: DEBUG dbcounter [-] [77415] Writing DB stats glance:SELECT=16,glance:UPDATE=2,glance:INSERT=1 {{(pid=77415) stat_writer /opt/stack/data/venv/lib/python3.12/site-packages/dbcounter.py:115}}
Jul 17 19:31:49 devstack devstack@g-api.service[77416]: DEBUG dbcounter [-] [77416] Writing DB stats glance:SELECT=6,glance:INSERT=5 {{(pid=77416) stat_writer /opt/stack/data/venv/lib/python3.12/site-packages/dbcounter.py:115}}
Jul 17 19:32:14 devstack devstack@g-api.service[77415]: DEBUG glance.api.middleware.version_negotiation [None req-c8a92e36-ab96-41a9-b95a-628ba1e3553d admin admin] Determining version of request: GET / Accept: application/json {{(pid=77415) process_request /opt/stack/glance/glance/api/middleware/version_negotiation.py:44}}
Jul 17 19:32:14 devstack devstack@g-api.service[77415]: DEBUG glance.api.middleware.version_negotiation [None req-c8a92e36-ab96-41a9-b95a-628ba1e3553d admin admin] Using url versioning {{(pid=77415) process_request /opt/stack/glance/glance/api/middleware/version_negotiation.py:57}}
Jul 17 19:32:14 devstack devstack@g-api.service[77415]: DEBUG glance.api.middleware.version_negotiation [None req-c8a92e36-ab96-41a9-b95a-628ba1e3553d admin admin] Unknown version. Returning version choices. {{(pid=77415) process_request /opt/stack/glance/glance/api/middleware/version_negotiation.py:64}}
Jul 17 19:32:14 devstack devstack@g-api.service[77415]: [pid: 77415|app: 0|req: 4/6] 127.0.0.1 () {34 vars in 519 bytes} [Fri Jul 17 19:32:14 2026] GET / => generated 1571 bytes in 2 msecs (HTTP/1.1 300) 3 headers in 106 bytes (1 switches on core 0)
Jul 17 19:32:14 devstack devstack@g-api.service[77416]: DEBUG glance.api.middleware.version_negotiation [None req-94e17a13-bd63-494a-a28c-d124d7c5746e admin admin] Determining version of request: GET /v2/images Accept: application/json {{(pid=77416) process_request /opt/stack/glance/glance/api/middleware/version_negotiation.py:44}}
Jul 17 19:32:14 devstack devstack@g-api.service[77416]: DEBUG glance.api.middleware.version_negotiation [None req-94e17a13-bd63-494a-a28c-d124d7c5746e admin admin] Using url versioning {{(pid=77416) process_request /opt/stack/glance/glance/api/middleware/version_negotiation.py:57}}
Jul 17 19:32:14 devstack devstack@g-api.service[77416]: DEBUG glance.api.middleware.version_negotiation [None req-94e17a13-bd63-494a-a28c-d124d7c5746e admin admin] Matched version: v2 {{(pid=77416) process_request /opt/stack/glance/glance/api/middleware/version_negotiation.py:69}}
Jul 17 19:32:14 devstack devstack@g-api.service[77416]: DEBUG glance.api.middleware.version_negotiation [None req-94e17a13-bd63-494a-a28c-d124d7c5746e admin admin] new path /v2/images {{(pid=77416) process_request /opt/stack/glance/glance/api/middleware/version_negotiation.py:70}}
Jul 17 19:32:14 devstack devstack@g-api.service[77416]: [pid: 77416|app: 0|req: 3/7] 127.0.0.1 () {36 vars in 741 bytes} [Fri Jul 17 19:32:14 2026] GET /v2/images => generated 1045 bytes in 90 msecs (HTTP/1.1 200) 4 headers in 158 bytes (1 switches on core 0)
Jul 17 19:32:23 devstack devstack@g-api.service[77415]: DEBUG glance.api.middleware.version_negotiation [None req-c8a92e36-ab96-41a9-b95a-628ba1e3553d admin admin] Determining version of request: GET / Accept: application/json {{(pid=77415) process_request /opt/stack/glance/glance/api/middleware/version_negotiation.py:44}}
Jul 17 19:32:23 devstack devstack@g-api.service[77415]: DEBUG glance.api.middleware.version_negotiation [None req-c8a92e36-ab96-41a9-b95a-628ba1e3553d admin admin] Using url versioning {{(pid=77415) process_request /opt/stack/glance/glance/api/middleware/version_negotiation.py:57}}
Jul 17 19:32:23 devstack devstack@g-api.service[77415]: DEBUG glance.api.middleware.version_negotiation [None req-c8a92e36-ab96-41a9-b95a-628ba1e3553d admin admin] Unknown version. Returning version choices. {{(pid=77415) process_request /opt/stack/glance/glance/api/middleware/version_negotiation.py:64}}
Jul 17 19:32:23 devstack devstack@g-api.service[77415]: [pid: 77415|app: 0|req: 5/8] 127.0.0.1 () {34 vars in 519 bytes} [Fri Jul 17 19:32:23 2026] GET / => generated 1571 bytes in 3 msecs (HTTP/1.1 300) 3 headers in 106 bytes (1 switches on core 0)
Jul 17 19:32:23 devstack devstack@g-api.service[77416]: DEBUG glance.api.middleware.version_negotiation [None req-df4a877d-25f3-4354-aa33-d328619bbf60 admin admin] Determining version of request: GET /v2/images/8e2f5363-0f60-45b4-bd42-3ca5e33637d7 Accept: */* {{(pid=77416) process_request /opt/stack/glance/glance/api/middleware/version_negotiation.py:44}}
Jul 17 19:32:23 devstack devstack@g-api.service[77416]: DEBUG glance.api.middleware.version_negotiation [None req-df4a877d-25f3-4354-aa33-d328619bbf60 admin admin] Using url versioning {{(pid=77416) process_request /opt/stack/glance/glance/api/middleware/version_negotiation.py:57}}
Jul 17 19:32:23 devstack devstack@g-api.service[77416]: DEBUG glance.api.middleware.version_negotiation [None req-df4a877d-25f3-4354-aa33-d328619bbf60 admin admin] Matched version: v2 {{(pid=77416) process_request /opt/stack/glance/glance/api/middleware/version_negotiation.py:69}}
Jul 17 19:32:23 devstack devstack@g-api.service[77416]: DEBUG glance.api.middleware.version_negotiation [None req-df4a877d-25f3-4354-aa33-d328619bbf60 admin admin] new path /v2/images/8e2f5363-0f60-45b4-bd42-3ca5e33637d7 {{(pid=77416) process_request /opt/stack/glance/glance/api/middleware/version_negotiation.py:70}}
Jul 17 19:32:23 devstack devstack@g-api.service[77416]: [pid: 77416|app: 0|req: 4/9] 127.0.0.1 () {36 vars in 802 bytes} [Fri Jul 17 19:32:23 2026] GET /v2/images/8e2f5363-0f60-45b4-bd42-3ca5e33637d7 => generated 976 bytes in 74 msecs (HTTP/1.1 200) 4 headers in 157 bytes (1 switches on core 0)
Jul 17 19:32:30 devstack devstack@g-api.service[77415]: DEBUG glance.api.middleware.version_negotiation [None req-c8a92e36-ab96-41a9-b95a-628ba1e3553d admin admin] Determining version of request: GET / Accept: application/json {{(pid=77415) process_request /opt/stack/glance/glance/api/middleware/version_negotiation.py:44}}
Jul 17 19:32:30 devstack devstack@g-api.service[77415]: DEBUG glance.api.middleware.version_negotiation [None req-c8a92e36-ab96-41a9-b95a-628ba1e3553d admin admin] Using url versioning {{(pid=77415) process_request /opt/stack/glance/glance/api/middleware/version_negotiation.py:57}}
Jul 17 19:32:30 devstack devstack@g-api.service[77415]: DEBUG glance.api.middleware.version_negotiation [None req-c8a92e36-ab96-41a9-b95a-628ba1e3553d admin admin] Unknown version. Returning version choices. {{(pid=77415) process_request /opt/stack/glance/glance/api/middleware/version_negotiation.py:64}}
Jul 17 19:32:30 devstack devstack@g-api.service[77415]: [pid: 77415|app: 0|req: 6/10] 127.0.0.1 () {34 vars in 519 bytes} [Fri Jul 17 19:32:30 2026] GET / => generated 1571 bytes in 2 msecs (HTTP/1.1 300) 3 headers in 106 bytes (1 switches on core 0)
Jul 17 19:32:30 devstack devstack@g-api.service[77416]: DEBUG glance.api.middleware.version_negotiation [None req-de5ffb4f-59ae-4c7b-81bd-ff7de15b655d admin admin] Determining version of request: GET /v2/images/8e2f5363-0f60-45b4-bd42-3ca5e33637d7 Accept: */* {{(pid=77416) process_request /opt/stack/glance/glance/api/middleware/version_negotiation.py:44}}
Jul 17 19:32:30 devstack devstack@g-api.service[77416]: DEBUG glance.api.middleware.version_negotiation [None req-de5ffb4f-59ae-4c7b-81bd-ff7de15b655d admin admin] Using url versioning {{(pid=77416) process_request /opt/stack/glance/glance/api/middleware/version_negotiation.py:57}}
Jul 17 19:32:30 devstack devstack@g-api.service[77416]: DEBUG glance.api.middleware.version_negotiation [None req-de5ffb4f-59ae-4c7b-81bd-ff7de15b655d admin admin] Matched version: v2 {{(pid=77416) process_request /opt/stack/glance/glance/api/middleware/version_negotiation.py:69}}
Jul 17 19:32:30 devstack devstack@g-api.service[77416]: DEBUG glance.api.middleware.version_negotiation [None req-de5ffb4f-59ae-4c7b-81bd-ff7de15b655d admin admin] new path /v2/images/8e2f5363-0f60-45b4-bd42-3ca5e33637d7 {{(pid=77416) process_request /opt/stack/glance/glance/api/middleware/version_negotiation.py:70}}
Jul 17 19:32:30 devstack devstack@g-api.service[77416]: [pid: 77416|app: 0|req: 5/11] 127.0.0.1 () {36 vars in 802 bytes} [Fri Jul 17 19:32:30 2026] GET /v2/images/8e2f5363-0f60-45b4-bd42-3ca5e33637d7 => generated 976 bytes in 71 msecs (HTTP/1.1 200) 4 headers in 157 bytes (1 switches on core 0)
Jul 17 19:32:40 devstack devstack@g-api.service[77416]: DEBUG dbcounter [-] [77416] Writing DB stats glance:SELECT=5 {{(pid=77416) stat_writer /opt/stack/data/venv/lib/python3.12/site-packages/dbcounter.py:115}}
Jul 17 19:33:46 devstack devstack@g-api.service[77415]: DEBUG glance.api.middleware.version_negotiation [None req-c8a92e36-ab96-41a9-b95a-628ba1e3553d admin admin] Determining version of request: GET / Accept: application/json {{(pid=77415) process_request /opt/stack/glance/glance/api/middleware/version_negotiation.py:44}}
Jul 17 19:33:46 devstack devstack@g-api.service[77415]: DEBUG glance.api.middleware.version_negotiation [None req-c8a92e36-ab96-41a9-b95a-628ba1e3553d admin admin] Using url versioning {{(pid=77415) process_request /opt/stack/glance/glance/api/middleware/version_negotiation.py:57}}
Jul 17 19:33:46 devstack devstack@g-api.service[77415]: DEBUG glance.api.middleware.version_negotiation [None req-c8a92e36-ab96-41a9-b95a-628ba1e3553d admin admin] Unknown version. Returning version choices. {{(pid=77415) process_request /opt/stack/glance/glance/api/middleware/version_negotiation.py:64}}
Jul 17 19:33:46 devstack devstack@g-api.service[77415]: [pid: 77415|app: 0|req: 7/12] 127.0.0.1 () {36 vars in 488 bytes} [Fri Jul 17 19:33:46 2026] GET / => generated 1571 bytes in 3 msecs (HTTP/1.1 300) 3 headers in 106 bytes (1 switches on core 0)
Jul 17 19:36:34 devstack devstack@g-api.service[77416]: DEBUG glance.api.middleware.version_negotiation [None req-e2e47d72-5514-4844-865a-5496f091ce2e admin admin] Determining version of request: GET / Accept: application/json {{(pid=77416) process_request /opt/stack/glance/glance/api/middleware/version_negotiation.py:44}}
Jul 17 19:36:34 devstack devstack@g-api.service[77416]: DEBUG glance.api.middleware.version_negotiation [None req-e2e47d72-5514-4844-865a-5496f091ce2e admin admin] Using url versioning {{(pid=77416) process_request /opt/stack/glance/glance/api/middleware/version_negotiation.py:57}}
Jul 17 19:36:34 devstack devstack@g-api.service[77416]: DEBUG glance.api.middleware.version_negotiation [None req-e2e47d72-5514-4844-865a-5496f091ce2e admin admin] Unknown version. Returning version choices. {{(pid=77416) process_request /opt/stack/glance/glance/api/middleware/version_negotiation.py:64}}
Jul 17 19:36:34 devstack devstack@g-api.service[77416]: [pid: 77416|app: 0|req: 6/13] 127.0.0.1 () {34 vars in 505 bytes} [Fri Jul 17 19:36:34 2026] GET / => generated 1571 bytes in 5 msecs (HTTP/1.1 300) 3 headers in 106 bytes (1 switches on core 0)
Jul 17 19:36:34 devstack devstack@g-api.service[77415]: DEBUG glance.api.middleware.version_negotiation [None req-c8a92e36-ab96-41a9-b95a-628ba1e3553d admin admin] Determining version of request: GET /v2/images/8e2f5363-0f60-45b4-bd42-3ca5e33637d7 Accept: */* {{(pid=77415) process_request /opt/stack/glance/glance/api/middleware/version_negotiation.py:44}}
Jul 17 19:36:34 devstack devstack@g-api.service[77415]: DEBUG glance.api.middleware.version_negotiation [None req-c8a92e36-ab96-41a9-b95a-628ba1e3553d admin admin] Using url versioning {{(pid=77415) process_request /opt/stack/glance/glance/api/middleware/version_negotiation.py:57}}
Jul 17 19:36:34 devstack devstack@g-api.service[77415]: DEBUG glance.api.middleware.version_negotiation [None req-c8a92e36-ab96-41a9-b95a-628ba1e3553d admin admin] Matched version: v2 {{(pid=77415) process_request /opt/stack/glance/glance/api/middleware/version_negotiation.py:69}}
Jul 17 19:36:34 devstack devstack@g-api.service[77415]: DEBUG glance.api.middleware.version_negotiation [None req-c8a92e36-ab96-41a9-b95a-628ba1e3553d admin admin] new path /v2/images/8e2f5363-0f60-45b4-bd42-3ca5e33637d7 {{(pid=77415) process_request /opt/stack/glance/glance/api/middleware/version_negotiation.py:70}}
Jul 17 19:36:34 devstack devstack@g-api.service[77415]: [pid: 77415|app: 0|req: 8/14] 127.0.0.1 () {42 vars in 1061 bytes} [Fri Jul 17 19:36:34 2026] GET /v2/images/8e2f5363-0f60-45b4-bd42-3ca5e33637d7 => generated 976 bytes in 65 msecs (HTTP/1.1 200) 4 headers in 157 bytes (1 switches on core 0)
Jul 17 19:36:34 devstack devstack@g-api.service[77416]: DEBUG glance.api.middleware.version_negotiation [None req-e2e47d72-5514-4844-865a-5496f091ce2e admin admin] Determining version of request: GET /v2/schemas/image Accept: */* {{(pid=77416) process_request /opt/stack/glance/glance/api/middleware/version_negotiation.py:44}}
Jul 17 19:36:34 devstack devstack@g-api.service[77416]: DEBUG glance.api.middleware.version_negotiation [None req-e2e47d72-5514-4844-865a-5496f091ce2e admin admin] Using url versioning {{(pid=77416) process_request /opt/stack/glance/glance/api/middleware/version_negotiation.py:57}}
Jul 17 19:36:34 devstack devstack@g-api.service[77416]: DEBUG glance.api.middleware.version_negotiation [None req-e2e47d72-5514-4844-865a-5496f091ce2e admin admin] Matched version: v2 {{(pid=77416) process_request /opt/stack/glance/glance/api/middleware/version_negotiation.py:69}}
Jul 17 19:36:34 devstack devstack@g-api.service[77416]: DEBUG glance.api.middleware.version_negotiation [None req-e2e47d72-5514-4844-865a-5496f091ce2e admin admin] new path /v2/schemas/image {{(pid=77416) process_request /opt/stack/glance/glance/api/middleware/version_negotiation.py:70}}
Jul 17 19:36:34 devstack devstack@g-api.service[77416]: [pid: 77416|app: 0|req: 7/15] 127.0.0.1 () {42 vars in 1001 bytes} [Fri Jul 17 19:36:34 2026] GET /v2/schemas/image => generated 6083 bytes in 22 msecs (HTTP/1.1 200) 4 headers in 158 bytes (1 switches on core 0)
Jul 17 19:36:41 devstack devstack@g-api.service[77415]: DEBUG glance.api.middleware.version_negotiation [None req-12626706-6c5d-4461-bca6-abe08737da3a tempest-DeleteServersTestJSON-620631611 tempest-DeleteServersTestJSON-620631611-project-member] Determining version of request: GET / Accept: application/json {{(pid=77415) process_request /opt/stack/glance/glance/api/middleware/version_negotiation.py:44}}
Jul 17 19:36:41 devstack devstack@g-api.service[77415]: DEBUG glance.api.middleware.version_negotiation [None req-12626706-6c5d-4461-bca6-abe08737da3a tempest-DeleteServersTestJSON-620631611 tempest-DeleteServersTestJSON-620631611-project-member] Using url versioning {{(pid=77415) process_request /opt/stack/glance/glance/api/middleware/version_negotiation.py:57}}
Jul 17 19:36:41 devstack devstack@g-api.service[77415]: DEBUG glance.api.middleware.version_negotiation [None req-12626706-6c5d-4461-bca6-abe08737da3a tempest-DeleteServersTestJSON-620631611 tempest-DeleteServersTestJSON-620631611-project-member] Unknown version. Returning version choices. {{(pid=77415) process_request /opt/stack/glance/glance/api/middleware/version_negotiation.py:64}}
Jul 17 19:36:41 devstack devstack@g-api.service[77415]: [pid: 77415|app: 0|req: 9/16] 127.0.0.1 () {34 vars in 505 bytes} [Fri Jul 17 19:36:41 2026] GET / => generated 1571 bytes in 2 msecs (HTTP/1.1 300) 3 headers in 106 bytes (1 switches on core 0)
Jul 17 19:36:41 devstack devstack@g-api.service[77416]: DEBUG glance.api.middleware.version_negotiation [None req-12626706-6c5d-4461-bca6-abe08737da3a tempest-DeleteServersTestJSON-620631611 tempest-DeleteServersTestJSON-620631611-project-member] Determining version of request: GET /v2/images/8e2f5363-0f60-45b4-bd42-3ca5e33637d7 Accept: */* {{(pid=77416) process_request /opt/stack/glance/glance/api/middleware/version_negotiation.py:44}}
Jul 17 19:36:41 devstack devstack@g-api.service[77416]: DEBUG glance.api.middleware.version_negotiation [None req-12626706-6c5d-4461-bca6-abe08737da3a tempest-DeleteServersTestJSON-620631611 tempest-DeleteServersTestJSON-620631611-project-member] Using url versioning {{(pid=77416) process_request /opt/stack/glance/glance/api/middleware/version_negotiation.py:57}}
Jul 17 19:36:41 devstack devstack@g-api.service[77416]: DEBUG glance.api.middleware.version_negotiation [None req-12626706-6c5d-4461-bca6-abe08737da3a tempest-DeleteServersTestJSON-620631611 tempest-DeleteServersTestJSON-620631611-project-member] Matched version: v2 {{(pid=77416) process_request /opt/stack/glance/glance/api/middleware/version_negotiation.py:69}}
Jul 17 19:36:41 devstack devstack@g-api.service[77416]: DEBUG glance.api.middleware.version_negotiation [None req-12626706-6c5d-4461-bca6-abe08737da3a tempest-DeleteServersTestJSON-620631611 tempest-DeleteServersTestJSON-620631611-project-member] new path /v2/images/8e2f5363-0f60-45b4-bd42-3ca5e33637d7 {{(pid=77416) process_request /opt/stack/glance/glance/api/middleware/version_negotiation.py:70}}
Jul 17 19:36:41 devstack devstack@g-api.service[77416]: [pid: 77416|app: 0|req: 8/17] 127.0.0.1 () {42 vars in 1061 bytes} [Fri Jul 17 19:36:41 2026] GET /v2/images/8e2f5363-0f60-45b4-bd42-3ca5e33637d7 => generated 976 bytes in 32 msecs (HTTP/1.1 200) 4 headers in 157 bytes (1 switches on core 0)
Jul 17 19:36:41 devstack devstack@g-api.service[77415]: DEBUG glance.api.middleware.version_negotiation [None req-12626706-6c5d-4461-bca6-abe08737da3a tempest-DeleteServersTestJSON-620631611 tempest-DeleteServersTestJSON-620631611-project-member] Determining version of request: GET /v2/schemas/image Accept: */* {{(pid=77415) process_request /opt/stack/glance/glance/api/middleware/version_negotiation.py:44}}
Jul 17 19:36:41 devstack devstack@g-api.service[77415]: DEBUG glance.api.middleware.version_negotiation [None req-12626706-6c5d-4461-bca6-abe08737da3a tempest-DeleteServersTestJSON-620631611 tempest-DeleteServersTestJSON-620631611-project-member] Using url versioning {{(pid=77415) process_request /opt/stack/glance/glance/api/middleware/version_negotiation.py:57}}
Jul 17 19:36:41 devstack devstack@g-api.service[77415]: DEBUG glance.api.middleware.version_negotiation [None req-12626706-6c5d-4461-bca6-abe08737da3a tempest-DeleteServersTestJSON-620631611 tempest-DeleteServersTestJSON-620631611-project-member] Matched version: v2 {{(pid=77415) process_request /opt/stack/glance/glance/api/middleware/version_negotiation.py:69}}
Jul 17 19:36:41 devstack devstack@g-api.service[77415]: DEBUG glance.api.middleware.version_negotiation [None req-12626706-6c5d-4461-bca6-abe08737da3a tempest-DeleteServersTestJSON-620631611 tempest-DeleteServersTestJSON-620631611-project-member] new path /v2/schemas/image {{(pid=77415) process_request /opt/stack/glance/glance/api/middleware/version_negotiation.py:70}}
Jul 17 19:36:41 devstack devstack@g-api.service[77415]: [pid: 77415|app: 0|req: 10/18] 127.0.0.1 () {42 vars in 1001 bytes} [Fri Jul 17 19:36:41 2026] GET /v2/schemas/image => generated 6083 bytes in 8 msecs (HTTP/1.1 200) 4 headers in 158 bytes (1 switches on core 0)
Jul 17 19:36:41 devstack devstack@g-api.service[77416]: DEBUG glance.api.middleware.version_negotiation [None req-b1af6975-1bb7-4e57-b298-1035815b01f3 tempest-ServerActionsTestOtherA-2088443176 tempest-ServerActionsTestOtherA-2088443176-project-member] Determining version of request: GET /v2/images/8e2f5363-0f60-45b4-bd42-3ca5e33637d7 Accept: */* {{(pid=77416) process_request /opt/stack/glance/glance/api/middleware/version_negotiation.py:44}}
Jul 17 19:36:41 devstack devstack@g-api.service[77416]: DEBUG glance.api.middleware.version_negotiation [None req-b1af6975-1bb7-4e57-b298-1035815b01f3 tempest-ServerActionsTestOtherA-2088443176 tempest-ServerActionsTestOtherA-2088443176-project-member] Using url versioning {{(pid=77416) process_request /opt/stack/glance/glance/api/middleware/version_negotiation.py:57}}
Jul 17 19:36:41 devstack devstack@g-api.service[77416]: DEBUG glance.api.middleware.version_negotiation [None req-b1af6975-1bb7-4e57-b298-1035815b01f3 tempest-ServerActionsTestOtherA-2088443176 tempest-ServerActionsTestOtherA-2088443176-project-member] Matched version: v2 {{(pid=77416) process_request /opt/stack/glance/glance/api/middleware/version_negotiation.py:69}}
Jul 17 19:36:41 devstack devstack@g-api.service[77416]: DEBUG glance.api.middleware.version_negotiation [None req-b1af6975-1bb7-4e57-b298-1035815b01f3 tempest-ServerActionsTestOtherA-2088443176 tempest-ServerActionsTestOtherA-2088443176-project-member] new path /v2/images/8e2f5363-0f60-45b4-bd42-3ca5e33637d7 {{(pid=77416) process_request /opt/stack/glance/glance/api/middleware/version_negotiation.py:70}}
Jul 17 19:36:41 devstack devstack@g-api.service[77416]: [pid: 77416|app: 0|req: 9/19] 127.0.0.1 () {42 vars in 1061 bytes} [Fri Jul 17 19:36:41 2026] GET /v2/images/8e2f5363-0f60-45b4-bd42-3ca5e33637d7 => generated 976 bytes in 29 msecs (HTTP/1.1 200) 4 headers in 157 bytes (1 switches on core 0)
Jul 17 19:36:41 devstack devstack@g-api.service[77415]: DEBUG glance.api.middleware.version_negotiation [None req-b1af6975-1bb7-4e57-b298-1035815b01f3 tempest-ServerActionsTestOtherA-2088443176 tempest-ServerActionsTestOtherA-2088443176-project-member] Determining version of request: GET /v2/images/8e2f5363-0f60-45b4-bd42-3ca5e33637d7/file Accept: */* {{(pid=77415) process_request /opt/stack/glance/glance/api/middleware/version_negotiation.py:44}}
Jul 17 19:36:41 devstack devstack@g-api.service[77415]: DEBUG glance.api.middleware.version_negotiation [None req-b1af6975-1bb7-4e57-b298-1035815b01f3 tempest-ServerActionsTestOtherA-2088443176 tempest-ServerActionsTestOtherA-2088443176-project-member] Using url versioning {{(pid=77415) process_request /opt/stack/glance/glance/api/middleware/version_negotiation.py:57}}
Jul 17 19:36:41 devstack devstack@g-api.service[77415]: DEBUG glance.api.middleware.version_negotiation [None req-b1af6975-1bb7-4e57-b298-1035815b01f3 tempest-ServerActionsTestOtherA-2088443176 tempest-ServerActionsTestOtherA-2088443176-project-member] Matched version: v2 {{(pid=77415) process_request /opt/stack/glance/glance/api/middleware/version_negotiation.py:69}}
Jul 17 19:36:41 devstack devstack@g-api.service[77415]: DEBUG glance.api.middleware.version_negotiation [None req-b1af6975-1bb7-4e57-b298-1035815b01f3 tempest-ServerActionsTestOtherA-2088443176 tempest-ServerActionsTestOtherA-2088443176-project-member] new path /v2/images/8e2f5363-0f60-45b4-bd42-3ca5e33637d7/file {{(pid=77415) process_request /opt/stack/glance/glance/api/middleware/version_negotiation.py:70}}
Jul 17 19:36:41 devstack devstack@g-api.service[77415]: DEBUG glance_store._drivers.filesystem [None req-12626706-6c5d-4461-bca6-abe08737da3a tempest-DeleteServersTestJSON-620631611 tempest-DeleteServersTestJSON-620631611-project-member] Found image at /opt/stack/data/glance/images/8e2f5363-0f60-45b4-bd42-3ca5e33637d7. Returning in ChunkedFile. {{(pid=77415) get /opt/stack/data/venv/lib/python3.12/site-packages/glance_store/_drivers/filesystem.py:724}}
Jul 17 19:36:41 devstack devstack@g-api.service[77415]: DEBUG glance.image_cache [None req-12626706-6c5d-4461-bca6-abe08737da3a tempest-DeleteServersTestJSON-620631611 tempest-DeleteServersTestJSON-620631611-project-member] Tee'ing image '8e2f5363-0f60-45b4-bd42-3ca5e33637d7' into cache {{(pid=77415) get_caching_iter /opt/stack/glance/glance/image_cache/__init__.py:356}}
Jul 17 19:36:42 devstack devstack@g-api.service[77415]: DEBUG glance.image_cache.drivers.centralized_db [None req-12626706-6c5d-4461-bca6-abe08737da3a tempest-DeleteServersTestJSON-620631611 tempest-DeleteServersTestJSON-620631611-project-member] Fetch finished, moving '/opt/stack/data/glance/cache/incomplete/8e2f5363-0f60-45b4-bd42-3ca5e33637d7' to '/opt/stack/data/glance/cache/8e2f5363-0f60-45b4-bd42-3ca5e33637d7' {{(pid=77415) commit /opt/stack/glance/glance/image_cache/drivers/centralized_db.py:243}}
Jul 17 19:36:42 devstack devstack@g-api.service[77415]: DEBUG glance.image_cache.drivers.centralized_db [None req-12626706-6c5d-4461-bca6-abe08737da3a tempest-DeleteServersTestJSON-620631611 tempest-DeleteServersTestJSON-620631611-project-member] Image cached successfully. {{(pid=77415) commit /opt/stack/glance/glance/image_cache/drivers/centralized_db.py:258}}
Jul 17 19:36:42 devstack devstack@g-api.service[77415]: [pid: 77415|app: 0|req: 11/20] 127.0.0.1 () {42 vars in 1071 bytes} [Fri Jul 17 19:36:41 2026] GET /v2/images/8e2f5363-0f60-45b4-bd42-3ca5e33637d7/file => generated 21692416 bytes in 498 msecs (HTTP/1.1 200) 4 headers in 191 bytes (337 switches on core 0)
Jul 17 19:36:42 devstack devstack@g-api.service[77416]: DEBUG glance.api.middleware.version_negotiation [None req-12626706-6c5d-4461-bca6-abe08737da3a tempest-DeleteServersTestJSON-620631611 tempest-DeleteServersTestJSON-620631611-project-member] Determining version of request: GET /v2/images/8e2f5363-0f60-45b4-bd42-3ca5e33637d7 Accept: */* {{(pid=77416) process_request /opt/stack/glance/glance/api/middleware/version_negotiation.py:44}}
Jul 17 19:36:42 devstack devstack@g-api.service[77416]: DEBUG glance.api.middleware.version_negotiation [None req-12626706-6c5d-4461-bca6-abe08737da3a tempest-DeleteServersTestJSON-620631611 tempest-DeleteServersTestJSON-620631611-project-member] Using url versioning {{(pid=77416) process_request /opt/stack/glance/glance/api/middleware/version_negotiation.py:57}}
Jul 17 19:36:42 devstack devstack@g-api.service[77416]: DEBUG glance.api.middleware.version_negotiation [None req-12626706-6c5d-4461-bca6-abe08737da3a tempest-DeleteServersTestJSON-620631611 tempest-DeleteServersTestJSON-620631611-project-member] Matched version: v2 {{(pid=77416) process_request /opt/stack/glance/glance/api/middleware/version_negotiation.py:69}}
Jul 17 19:36:42 devstack devstack@g-api.service[77416]: DEBUG glance.api.middleware.version_negotiation [None req-12626706-6c5d-4461-bca6-abe08737da3a tempest-DeleteServersTestJSON-620631611 tempest-DeleteServersTestJSON-620631611-project-member] new path /v2/images/8e2f5363-0f60-45b4-bd42-3ca5e33637d7 {{(pid=77416) process_request /opt/stack/glance/glance/api/middleware/version_negotiation.py:70}}
Jul 17 19:36:42 devstack devstack@g-api.service[77416]: [pid: 77416|app: 0|req: 10/21] 127.0.0.1 () {42 vars in 1061 bytes} [Fri Jul 17 19:36:42 2026] GET /v2/images/8e2f5363-0f60-45b4-bd42-3ca5e33637d7 => generated 976 bytes in 31 msecs (HTTP/1.1 200) 4 headers in 157 bytes (1 switches on core 0)
Jul 17 19:36:42 devstack devstack@g-api.service[77415]: DEBUG glance.api.middleware.version_negotiation [None req-12626706-6c5d-4461-bca6-abe08737da3a tempest-DeleteServersTestJSON-620631611 tempest-DeleteServersTestJSON-620631611-project-member] Determining version of request: GET /v2/schemas/image Accept: */* {{(pid=77415) process_request /opt/stack/glance/glance/api/middleware/version_negotiation.py:44}}
Jul 17 19:36:42 devstack devstack@g-api.service[77415]: DEBUG glance.api.middleware.version_negotiation [None req-12626706-6c5d-4461-bca6-abe08737da3a tempest-DeleteServersTestJSON-620631611 tempest-DeleteServersTestJSON-620631611-project-member] Using url versioning {{(pid=77415) process_request /opt/stack/glance/glance/api/middleware/version_negotiation.py:57}}
Jul 17 19:36:42 devstack devstack@g-api.service[77415]: DEBUG glance.api.middleware.version_negotiation [None req-12626706-6c5d-4461-bca6-abe08737da3a tempest-DeleteServersTestJSON-620631611 tempest-DeleteServersTestJSON-620631611-project-member] Matched version: v2 {{(pid=77415) process_request /opt/stack/glance/glance/api/middleware/version_negotiation.py:69}}
Jul 17 19:36:42 devstack devstack@g-api.service[77415]: DEBUG glance.api.middleware.version_negotiation [None req-12626706-6c5d-4461-bca6-abe08737da3a tempest-DeleteServersTestJSON-620631611 tempest-DeleteServersTestJSON-620631611-project-member] new path /v2/schemas/image {{(pid=77415) process_request /opt/stack/glance/glance/api/middleware/version_negotiation.py:70}}
Jul 17 19:36:42 devstack devstack@g-api.service[77415]: [pid: 77415|app: 0|req: 12/22] 127.0.0.1 () {42 vars in 1001 bytes} [Fri Jul 17 19:36:42 2026] GET /v2/schemas/image => generated 6083 bytes in 13 msecs (HTTP/1.1 200) 4 headers in 158 bytes (1 switches on core 0)
Jul 17 19:36:52 devstack devstack@g-api.service[77415]: DEBUG dbcounter [-] [77415] Writing DB stats glance:SELECT=7,glance:INSERT=1 {{(pid=77415) stat_writer /opt/stack/data/venv/lib/python3.12/site-packages/dbcounter.py:115}}
Jul 17 19:36:52 devstack devstack@g-api.service[77416]: DEBUG dbcounter [-] [77416] Writing DB stats glance:SELECT=6 {{(pid=77416) stat_writer /opt/stack/data/venv/lib/python3.12/site-packages/dbcounter.py:115}}
Jul 17 19:37:25 devstack devstack@g-api.service[77416]: DEBUG glance.api.middleware.version_negotiation [None req-12626706-6c5d-4461-bca6-abe08737da3a tempest-DeleteServersTestJSON-620631611 tempest-DeleteServersTestJSON-620631611-project-member] Determining version of request: GET /v2/images/8e2f5363-0f60-45b4-bd42-3ca5e33637d7 Accept: */* {{(pid=77416) process_request /opt/stack/glance/glance/api/middleware/version_negotiation.py:44}}
Jul 17 19:37:25 devstack devstack@g-api.service[77416]: DEBUG glance.api.middleware.version_negotiation [None req-12626706-6c5d-4461-bca6-abe08737da3a tempest-DeleteServersTestJSON-620631611 tempest-DeleteServersTestJSON-620631611-project-member] Using url versioning {{(pid=77416) process_request /opt/stack/glance/glance/api/middleware/version_negotiation.py:57}}
Jul 17 19:37:25 devstack devstack@g-api.service[77416]: DEBUG glance.api.middleware.version_negotiation [None req-12626706-6c5d-4461-bca6-abe08737da3a tempest-DeleteServersTestJSON-620631611 tempest-DeleteServersTestJSON-620631611-project-member] Matched version: v2 {{(pid=77416) process_request /opt/stack/glance/glance/api/middleware/version_negotiation.py:69}}
Jul 17 19:37:25 devstack devstack@g-api.service[77416]: DEBUG glance.api.middleware.version_negotiation [None req-12626706-6c5d-4461-bca6-abe08737da3a tempest-DeleteServersTestJSON-620631611 tempest-DeleteServersTestJSON-620631611-project-member] new path /v2/images/8e2f5363-0f60-45b4-bd42-3ca5e33637d7 {{(pid=77416) process_request /opt/stack/glance/glance/api/middleware/version_negotiation.py:70}}
Jul 17 19:37:25 devstack devstack@g-api.service[77416]: [pid: 77416|app: 0|req: 11/23] 127.0.0.1 () {42 vars in 1061 bytes} [Fri Jul 17 19:37:25 2026] GET /v2/images/8e2f5363-0f60-45b4-bd42-3ca5e33637d7 => generated 976 bytes in 23 msecs (HTTP/1.1 200) 4 headers in 157 bytes (1 switches on core 0)
Jul 17 19:37:25 devstack devstack@g-api.service[77415]: DEBUG glance.api.middleware.version_negotiation [None req-12626706-6c5d-4461-bca6-abe08737da3a tempest-DeleteServersTestJSON-620631611 tempest-DeleteServersTestJSON-620631611-project-member] Determining version of request: GET /v2/schemas/image Accept: */* {{(pid=77415) process_request /opt/stack/glance/glance/api/middleware/version_negotiation.py:44}}
Jul 17 19:37:25 devstack devstack@g-api.service[77415]: DEBUG glance.api.middleware.version_negotiation [None req-12626706-6c5d-4461-bca6-abe08737da3a tempest-DeleteServersTestJSON-620631611 tempest-DeleteServersTestJSON-620631611-project-member] Using url versioning {{(pid=77415) process_request /opt/stack/glance/glance/api/middleware/version_negotiation.py:57}}
Jul 17 19:37:25 devstack devstack@g-api.service[77415]: DEBUG glance.api.middleware.version_negotiation [None req-12626706-6c5d-4461-bca6-abe08737da3a tempest-DeleteServersTestJSON-620631611 tempest-DeleteServersTestJSON-620631611-project-member] Matched version: v2 {{(pid=77415) process_request /opt/stack/glance/glance/api/middleware/version_negotiation.py:69}}
Jul 17 19:37:25 devstack devstack@g-api.service[77415]: DEBUG glance.api.middleware.version_negotiation [None req-12626706-6c5d-4461-bca6-abe08737da3a tempest-DeleteServersTestJSON-620631611 tempest-DeleteServersTestJSON-620631611-project-member] new path /v2/schemas/image {{(pid=77415) process_request /opt/stack/glance/glance/api/middleware/version_negotiation.py:70}}
Jul 17 19:37:25 devstack devstack@g-api.service[77415]: [pid: 77415|app: 0|req: 13/24] 127.0.0.1 () {42 vars in 1001 bytes} [Fri Jul 17 19:37:25 2026] GET /v2/schemas/image => generated 6083 bytes in 16 msecs (HTTP/1.1 200) 4 headers in 158 bytes (1 switches on core 0)
Jul 17 19:37:35 devstack devstack@g-api.service[77416]: DEBUG dbcounter [-] [77416] Writing DB stats glance:SELECT=2 {{(pid=77416) stat_writer /opt/stack/data/venv/lib/python3.12/site-packages/dbcounter.py:115}}
Jul 17 19:38:05 devstack devstack@g-api.service[77416]: DEBUG glance.api.middleware.version_negotiation [None req-efcb5bfa-fd9f-4ec1-a59c-3f4ddcf39071 tempest-ServerActionsTestOtherA-2088443176 tempest-ServerActionsTestOtherA-2088443176-project-member] Determining version of request: GET /v2/images/8e2f5363-0f60-45b4-bd42-3ca5e33637d7 Accept: */* {{(pid=77416) process_request /opt/stack/glance/glance/api/middleware/version_negotiation.py:44}}
