Jan 30 07:57:09 devstack devstack@g-api.service[75808]: DEBUG glance.common.config [None req-48037e26-04f3-480a-8ac3-9add174553bd None None] barbican_service_user.cafile = None {{(pid=75808) log_opt_values /opt/stack/data/venv/lib/python3.10/site-packages/oslo_config/cfg.py:2824}}
Jan 30 07:57:09 devstack devstack@g-api.service[75808]: DEBUG glance.common.config [None req-48037e26-04f3-480a-8ac3-9add174553bd None None] barbican_service_user.certfile = None {{(pid=75808) log_opt_values /opt/stack/data/venv/lib/python3.10/site-packages/oslo_config/cfg.py:2824}}
Jan 30 07:57:09 devstack devstack@g-api.service[75808]: DEBUG glance.common.config [None req-48037e26-04f3-480a-8ac3-9add174553bd None None] barbican_service_user.collect_timing = False {{(pid=75808) log_opt_values /opt/stack/data/venv/lib/python3.10/site-packages/oslo_config/cfg.py:2824}}
Jan 30 07:57:09 devstack devstack@g-api.service[75808]: DEBUG glance.common.config [None req-48037e26-04f3-480a-8ac3-9add174553bd None None] barbican_service_user.insecure = False {{(pid=75808) log_opt_values /opt/stack/data/venv/lib/python3.10/site-packages/oslo_config/cfg.py:2824}}
Jan 30 07:57:09 devstack devstack@g-api.service[75808]: DEBUG glance.common.config [None req-48037e26-04f3-480a-8ac3-9add174553bd None None] barbican_service_user.keyfile = None {{(pid=75808) log_opt_values /opt/stack/data/venv/lib/python3.10/site-packages/oslo_config/cfg.py:2824}}
Jan 30 07:57:09 devstack devstack@g-api.service[75808]: DEBUG glance.common.config [None req-48037e26-04f3-480a-8ac3-9add174553bd None None] barbican_service_user.split_loggers = False {{(pid=75808) log_opt_values /opt/stack/data/venv/lib/python3.10/site-packages/oslo_config/cfg.py:2824}}
Jan 30 07:57:09 devstack devstack@g-api.service[75808]: DEBUG glance.common.config [None req-48037e26-04f3-480a-8ac3-9add174553bd None None] barbican_service_user.timeout = None {{(pid=75808) log_opt_values /opt/stack/data/venv/lib/python3.10/site-packages/oslo_config/cfg.py:2824}}
Jan 30 07:57:09 devstack devstack@g-api.service[75808]: DEBUG glance.common.config [None req-48037e26-04f3-480a-8ac3-9add174553bd None None] database.asyncio_connection = **** {{(pid=75808) log_opt_values /opt/stack/data/venv/lib/python3.10/site-packages/oslo_config/cfg.py:2824}}
Jan 30 07:57:09 devstack devstack@g-api.service[75808]: DEBUG glance.common.config [None req-48037e26-04f3-480a-8ac3-9add174553bd None None] database.asyncio_slave_connection = **** {{(pid=75808) log_opt_values /opt/stack/data/venv/lib/python3.10/site-packages/oslo_config/cfg.py:2824}}
Jan 30 07:57:09 devstack devstack@g-api.service[75808]: DEBUG glance.common.config [None req-48037e26-04f3-480a-8ac3-9add174553bd None None] database.backend = sqlalchemy {{(pid=75808) log_opt_values /opt/stack/data/venv/lib/python3.10/site-packages/oslo_config/cfg.py:2824}}
Jan 30 07:57:09 devstack devstack@g-api.service[75808]: DEBUG glance.common.config [None req-48037e26-04f3-480a-8ac3-9add174553bd None None] database.connection = **** {{(pid=75808) log_opt_values /opt/stack/data/venv/lib/python3.10/site-packages/oslo_config/cfg.py:2824}}
Jan 30 07:57:09 devstack devstack@g-api.service[75808]: DEBUG glance.common.config [None req-48037e26-04f3-480a-8ac3-9add174553bd None None] database.connection_debug = 0 {{(pid=75808) log_opt_values /opt/stack/data/venv/lib/python3.10/site-packages/oslo_config/cfg.py:2824}}
Jan 30 07:57:09 devstack devstack@g-api.service[75808]: DEBUG glance.common.config [None req-48037e26-04f3-480a-8ac3-9add174553bd None None] database.connection_parameters = {{(pid=75808) log_opt_values /opt/stack/data/venv/lib/python3.10/site-packages/oslo_config/cfg.py:2824}}
Jan 30 07:57:09 devstack devstack@g-api.service[75808]: DEBUG glance.common.config [None req-48037e26-04f3-480a-8ac3-9add174553bd None None] database.connection_recycle_time = 3600 {{(pid=75808) log_opt_values /opt/stack/data/venv/lib/python3.10/site-packages/oslo_config/cfg.py:2824}}
Jan 30 07:57:09 devstack devstack@g-api.service[75808]: DEBUG glance.common.config [None req-48037e26-04f3-480a-8ac3-9add174553bd None None] database.connection_trace = False {{(pid=75808) log_opt_values /opt/stack/data/venv/lib/python3.10/site-packages/oslo_config/cfg.py:2824}}
Jan 30 07:57:09 devstack devstack@g-api.service[75808]: DEBUG glance.common.config [None req-48037e26-04f3-480a-8ac3-9add174553bd None None] database.db_inc_retry_interval = True {{(pid=75808) log_opt_values /opt/stack/data/venv/lib/python3.10/site-packages/oslo_config/cfg.py:2824}}
Jan 30 07:57:09 devstack devstack@g-api.service[75808]: DEBUG glance.common.config [None req-48037e26-04f3-480a-8ac3-9add174553bd None None] database.db_max_retries = 20 {{(pid=75808) log_opt_values /opt/stack/data/venv/lib/python3.10/site-packages/oslo_config/cfg.py:2824}}
Jan 30 07:57:09 devstack devstack@g-api.service[75808]: DEBUG glance.common.config [None req-48037e26-04f3-480a-8ac3-9add174553bd None None] database.db_max_retry_interval = 10 {{(pid=75808) log_opt_values /opt/stack/data/venv/lib/python3.10/site-packages/oslo_config/cfg.py:2824}}
Jan 30 07:57:09 devstack devstack@g-api.service[75808]: DEBUG glance.common.config [None req-48037e26-04f3-480a-8ac3-9add174553bd None None] database.db_retry_interval = 1 {{(pid=75808) log_opt_values /opt/stack/data/venv/lib/python3.10/site-packages/oslo_config/cfg.py:2824}}
Jan 30 07:57:09 devstack devstack@g-api.service[75808]: DEBUG glance.common.config [None req-48037e26-04f3-480a-8ac3-9add174553bd None None] database.max_overflow = 50 {{(pid=75808) log_opt_values /opt/stack/data/venv/lib/python3.10/site-packages/oslo_config/cfg.py:2824}}
Jan 30 07:57:09 devstack devstack@g-api.service[75808]: DEBUG glance.common.config [None req-48037e26-04f3-480a-8ac3-9add174553bd None None] database.max_pool_size = 5 {{(pid=75808) log_opt_values /opt/stack/data/venv/lib/python3.10/site-packages/oslo_config/cfg.py:2824}}
Jan 30 07:57:09 devstack devstack@g-api.service[75808]: DEBUG glance.common.config [None req-48037e26-04f3-480a-8ac3-9add174553bd None None] database.max_retries = 10 {{(pid=75808) log_opt_values /opt/stack/data/venv/lib/python3.10/site-packages/oslo_config/cfg.py:2824}}
Jan 30 07:57:09 devstack devstack@g-api.service[75808]: DEBUG glance.common.config [None req-48037e26-04f3-480a-8ac3-9add174553bd None None] database.mysql_sql_mode = TRADITIONAL {{(pid=75808) log_opt_values /opt/stack/data/venv/lib/python3.10/site-packages/oslo_config/cfg.py:2824}}
Jan 30 07:57:09 devstack devstack@g-api.service[75808]: DEBUG glance.common.config [None req-48037e26-04f3-480a-8ac3-9add174553bd None None] database.mysql_wsrep_sync_wait = None {{(pid=75808) log_opt_values /opt/stack/data/venv/lib/python3.10/site-packages/oslo_config/cfg.py:2824}}
Jan 30 07:57:09 devstack devstack@g-api.service[75808]: DEBUG glance.common.config [None req-48037e26-04f3-480a-8ac3-9add174553bd None None] database.pool_timeout = None {{(pid=75808) log_opt_values /opt/stack/data/venv/lib/python3.10/site-packages/oslo_config/cfg.py:2824}}
Jan 30 07:57:09 devstack devstack@g-api.service[75808]: DEBUG glance.common.config [None req-48037e26-04f3-480a-8ac3-9add174553bd None None] database.retry_interval = 10 {{(pid=75808) log_opt_values /opt/stack/data/venv/lib/python3.10/site-packages/oslo_config/cfg.py:2824}}
Jan 30 07:57:09 devstack devstack@g-api.service[75808]: DEBUG glance.common.config [None req-48037e26-04f3-480a-8ac3-9add174553bd None None] database.slave_connection = **** {{(pid=75808) log_opt_values /opt/stack/data/venv/lib/python3.10/site-packages/oslo_config/cfg.py:2824}}
Jan 30 07:57:09 devstack devstack@g-api.service[75808]: DEBUG glance.common.config [None req-48037e26-04f3-480a-8ac3-9add174553bd None None] database.sqlite_synchronous = True {{(pid=75808) log_opt_values /opt/stack/data/venv/lib/python3.10/site-packages/oslo_config/cfg.py:2824}}
Jan 30 07:57:09 devstack devstack@g-api.service[75808]: DEBUG glance.common.config [None req-48037e26-04f3-480a-8ac3-9add174553bd None None] database.synchronous_reader = True {{(pid=75808) log_opt_values /opt/stack/data/venv/lib/python3.10/site-packages/oslo_config/cfg.py:2824}}
Jan 30 07:57:09 devstack devstack@g-api.service[75808]: DEBUG glance.common.config [None req-48037e26-04f3-480a-8ac3-9add174553bd None None] database.use_db_reconnect = False {{(pid=75808) log_opt_values /opt/stack/data/venv/lib/python3.10/site-packages/oslo_config/cfg.py:2824}}
Jan 30 07:57:09 devstack devstack@g-api.service[75808]: DEBUG glance.common.config [None req-48037e26-04f3-480a-8ac3-9add174553bd None None] healthcheck.allowed_source_ranges = [] {{(pid=75808) log_opt_values /opt/stack/data/venv/lib/python3.10/site-packages/oslo_config/cfg.py:2824}}
Jan 30 07:57:09 devstack devstack@g-api.service[75808]: DEBUG glance.common.config [None req-48037e26-04f3-480a-8ac3-9add174553bd None None] healthcheck.backends = ['disable_by_file'] {{(pid=75808) log_opt_values /opt/stack/data/venv/lib/python3.10/site-packages/oslo_config/cfg.py:2824}}
Jan 30 07:57:09 devstack devstack@g-api.service[75808]: DEBUG glance.common.config [None req-48037e26-04f3-480a-8ac3-9add174553bd None None] healthcheck.detailed = False {{(pid=75808) log_opt_values /opt/stack/data/venv/lib/python3.10/site-packages/oslo_config/cfg.py:2824}}
Jan 30 07:57:09 devstack devstack@g-api.service[75808]: DEBUG glance.common.config [None req-48037e26-04f3-480a-8ac3-9add174553bd None None] healthcheck.disable_by_file_path = None {{(pid=75808) log_opt_values /opt/stack/data/venv/lib/python3.10/site-packages/oslo_config/cfg.py:2824}}
Jan 30 07:57:09 devstack devstack@g-api.service[75808]: DEBUG glance.common.config [None req-48037e26-04f3-480a-8ac3-9add174553bd None None] healthcheck.ignore_proxied_requests = False {{(pid=75808) log_opt_values /opt/stack/data/venv/lib/python3.10/site-packages/oslo_config/cfg.py:2824}}
Jan 30 07:57:09 devstack devstack@g-api.service[75808]: DEBUG glance.common.config [None req-48037e26-04f3-480a-8ac3-9add174553bd None None] ******************************************************************************** {{(pid=75808) log_opt_values /opt/stack/data/venv/lib/python3.10/site-packages/oslo_config/cfg.py:2828}}
Jan 30 07:57:09 devstack devstack@g-api.service[75808]: WSGI app 0 (mountpoint='') ready in 4 seconds on interpreter 0x55962da8f6a0 pid: 75808 (default app)
Jan 30 07:57:11 devstack devstack@g-api.service[75809]: DEBUG glance.api.middleware.version_negotiation [None req-5f5dc8e4-1ba8-48f0-8725-1e70a43701f8 None None] Determining version of request: GET / Accept: application/json {{(pid=75809) process_request /opt/stack/glance/glance/api/middleware/version_negotiation.py:44}}
Jan 30 07:57:11 devstack devstack@g-api.service[75809]: DEBUG glance.api.middleware.version_negotiation [None req-5f5dc8e4-1ba8-48f0-8725-1e70a43701f8 None None] Using url versioning {{(pid=75809) process_request /opt/stack/glance/glance/api/middleware/version_negotiation.py:57}}
Jan 30 07:57:11 devstack devstack@g-api.service[75809]: DEBUG glance.api.middleware.version_negotiation [None req-5f5dc8e4-1ba8-48f0-8725-1e70a43701f8 None None] Unknown version. Returning version choices. {{(pid=75809) process_request /opt/stack/glance/glance/api/middleware/version_negotiation.py:64}}
Jan 30 07:57:11 devstack devstack@g-api.service[75809]: [pid: 75809|app: 0|req: 2/2] 127.0.0.1 () {34 vars in 516 bytes} [Fri Jan 30 07:57:11 2026] GET / => generated 1446 bytes in 3 msecs (HTTP/1.1 300) 3 headers in 106 bytes (1 switches on core 0)
Jan 30 07:57:11 devstack devstack@g-api.service[75808]: DEBUG glance.api.middleware.version_negotiation [None req-48037e26-04f3-480a-8ac3-9add174553bd None None] Determining version of request: POST /v2/images Accept: */* {{(pid=75808) process_request /opt/stack/glance/glance/api/middleware/version_negotiation.py:44}}
Jan 30 07:57:11 devstack devstack@g-api.service[75808]: DEBUG glance.api.middleware.version_negotiation [None req-48037e26-04f3-480a-8ac3-9add174553bd None None] Using url versioning {{(pid=75808) process_request /opt/stack/glance/glance/api/middleware/version_negotiation.py:57}}
Jan 30 07:57:11 devstack devstack@g-api.service[75808]: DEBUG glance.api.middleware.version_negotiation [None req-48037e26-04f3-480a-8ac3-9add174553bd None None] Matched version: v2 {{(pid=75808) process_request /opt/stack/glance/glance/api/middleware/version_negotiation.py:69}}
Jan 30 07:57:11 devstack devstack@g-api.service[75808]: DEBUG glance.api.middleware.version_negotiation [None req-48037e26-04f3-480a-8ac3-9add174553bd None None] new path /v2/images {{(pid=75808) process_request /opt/stack/glance/glance/api/middleware/version_negotiation.py:70}}
Jan 30 07:57:12 devstack devstack@g-api.service[75808]: [pid: 75808|app: 0|req: 1/3] 127.0.0.1 () {40 vars in 779 bytes} [Fri Jan 30 07:57:11 2026] POST /v2/images => generated 807 bytes in 821 msecs (HTTP/1.1 201) 6 headers in 314 bytes (1 switches on core 0)
Jan 30 07:57:12 devstack devstack@g-api.service[75809]: DEBUG glance.api.middleware.version_negotiation [None req-5f5dc8e4-1ba8-48f0-8725-1e70a43701f8 None None] Determining version of request: PUT /v2/images/66490d6e-33dc-41f4-a6af-9a09d30e81bc/file Accept: {{(pid=75809) process_request /opt/stack/glance/glance/api/middleware/version_negotiation.py:44}}
Jan 30 07:57:12 devstack devstack@g-api.service[75809]: DEBUG glance.api.middleware.version_negotiation [None req-5f5dc8e4-1ba8-48f0-8725-1e70a43701f8 None None] Using url versioning {{(pid=75809) process_request /opt/stack/glance/glance/api/middleware/version_negotiation.py:57}}
Jan 30 07:57:12 devstack devstack@g-api.service[75809]: DEBUG glance.api.middleware.version_negotiation [None req-5f5dc8e4-1ba8-48f0-8725-1e70a43701f8 None None] Matched version: v2 {{(pid=75809) process_request /opt/stack/glance/glance/api/middleware/version_negotiation.py:69}}
Jan 30 07:57:12 devstack devstack@g-api.service[75809]: DEBUG glance.api.middleware.version_negotiation [None req-5f5dc8e4-1ba8-48f0-8725-1e70a43701f8 None None] new path /v2/images/66490d6e-33dc-41f4-a6af-9a09d30e81bc/file {{(pid=75809) process_request /opt/stack/glance/glance/api/middleware/version_negotiation.py:70}}
Jan 30 07:57:13 devstack devstack@g-api.service[75809]: INFO glance.api.v2.image_data [None req-60f12d35-8ea1-4cc2-b126-a8c67ba6715d admin admin] Unable to create trust: no such option collect_timing in group [keystone_authtoken] Use the existing user token.
Jan 30 07:57:13 devstack devstack@g-api.service[75809]: DEBUG glance.location [None req-60f12d35-8ea1-4cc2-b126-a8c67ba6715d admin admin] Enabling in-flight format inspection for qcow2 {{(pid=75809) set_data /opt/stack/glance/glance/location.py:616}}
Jan 30 07:57:13 devstack devstack@g-api.service[75809]: DEBUG oslo_utils.imageutils.format_inspector [None req-60f12d35-8ea1-4cc2-b126-a8c67ba6715d admin admin] Format inspector for vmdk does not match, excluding from consideration (Signature KDMV not found: b'QFI\xfb') {{(pid=75809) _process_chunk /opt/stack/data/venv/lib/python3.10/site-packages/oslo_utils/imageutils/format_inspector.py:1537}}
Jan 30 07:57:13 devstack devstack@g-api.service[75809]: DEBUG oslo_utils.imageutils.format_inspector [None req-60f12d35-8ea1-4cc2-b126-a8c67ba6715d admin admin] Format inspector for vhdx does not match, excluding from consideration (Region signature not found at 30000) {{(pid=75809) _process_chunk /opt/stack/data/venv/lib/python3.10/site-packages/oslo_utils/imageutils/format_inspector.py:1537}}
Jan 30 07:57:13 devstack devstack@g-api.service[75809]: DEBUG glance_store._drivers.filesystem [None req-60f12d35-8ea1-4cc2-b126-a8c67ba6715d admin admin] Wrote 21692416 bytes to /opt/stack/data/glance/images/66490d6e-33dc-41f4-a6af-9a09d30e81bc with checksum 87617e24a5e30cb3b87fda8c0764838f and multihash 9a9bce0083a00939ec17c11febbfc767aa211aaa54f51e75c5a8b271a9b5637c77205a518b7a2007cb391d23cceb01e0e4e8d64832317151bc85b734b92a7be0 {{(pid=75809) add /opt/stack/data/venv/lib/python3.10/site-packages/glance_store/_drivers/filesystem.py:794}}
Jan 30 07:57:13 devstack devstack@g-api.service[75809]: INFO glance.location [None req-60f12d35-8ea1-4cc2-b126-a8c67ba6715d admin admin] Image format matched and virtual size computed: 117440512
Jan 30 07:57:13 devstack devstack@g-api.service[75809]: DEBUG glance_store.backend [None req-60f12d35-8ea1-4cc2-b126-a8c67ba6715d admin admin] Skipping store.set_acls... not implemented. {{(pid=75809) set_acls /opt/stack/data/venv/lib/python3.10/site-packages/glance_store/backend.py:507}}
Jan 30 07:57:13 devstack devstack@g-api.service[75809]: [pid: 75809|app: 0|req: 3/4] 127.0.0.1 () {40 vars in 872 bytes} [Fri Jan 30 07:57:12 2026] PUT /v2/images/66490d6e-33dc-41f4-a6af-9a09d30e81bc/file => generated 0 bytes in 1111 msecs (HTTP/1.1 204) 4 headers in 171 bytes (1 switches on core 0)
Jan 30 07:57:13 devstack devstack@g-api.service[75808]: DEBUG glance.api.middleware.version_negotiation [None req-57c43cba-8209-4643-8d73-5dab954fd40d admin admin] Determining version of request: GET /v2/images/66490d6e-33dc-41f4-a6af-9a09d30e81bc Accept: */* {{(pid=75808) process_request /opt/stack/glance/glance/api/middleware/version_negotiation.py:44}}
Jan 30 07:57:13 devstack devstack@g-api.service[75808]: DEBUG glance.api.middleware.version_negotiation [None req-57c43cba-8209-4643-8d73-5dab954fd40d admin admin] Using url versioning {{(pid=75808) process_request /opt/stack/glance/glance/api/middleware/version_negotiation.py:57}}
Jan 30 07:57:13 devstack devstack@g-api.service[75808]: DEBUG glance.api.middleware.version_negotiation [None req-57c43cba-8209-4643-8d73-5dab954fd40d admin admin] Matched version: v2 {{(pid=75808) process_request /opt/stack/glance/glance/api/middleware/version_negotiation.py:69}}
Jan 30 07:57:13 devstack devstack@g-api.service[75808]: DEBUG glance.api.middleware.version_negotiation [None req-57c43cba-8209-4643-8d73-5dab954fd40d admin admin] new path /v2/images/66490d6e-33dc-41f4-a6af-9a09d30e81bc {{(pid=75808) process_request /opt/stack/glance/glance/api/middleware/version_negotiation.py:70}}
Jan 30 07:57:13 devstack devstack@g-api.service[75808]: [pid: 75808|app: 0|req: 2/5] 127.0.0.1 () {36 vars in 799 bytes} [Fri Jan 30 07:57:13 2026] GET /v2/images/66490d6e-33dc-41f4-a6af-9a09d30e81bc => generated 976 bytes in 24 msecs (HTTP/1.1 200) 4 headers in 157 bytes (1 switches on core 0)
Jan 30 07:57:23 devstack devstack@g-api.service[75809]: DEBUG dbcounter [-] [75809] Writing DB stats glance:INSERT=5,glance:SELECT=16,glance:UPDATE=2 {{(pid=75809) stat_writer /opt/stack/data/venv/lib/python3.10/site-packages/dbcounter.py:115}}
Jan 30 07:57:23 devstack devstack@g-api.service[75808]: DEBUG dbcounter [-] [75808] Writing DB stats glance:INSERT=9,glance:SELECT=6 {{(pid=75808) stat_writer /opt/stack/data/venv/lib/python3.10/site-packages/dbcounter.py:115}}
Jan 30 07:57:52 devstack devstack@g-api.service[75809]: DEBUG glance.api.middleware.version_negotiation [None req-60f12d35-8ea1-4cc2-b126-a8c67ba6715d admin admin] Determining version of request: GET / Accept: application/json {{(pid=75809) process_request /opt/stack/glance/glance/api/middleware/version_negotiation.py:44}}
Jan 30 07:57:52 devstack devstack@g-api.service[75809]: DEBUG glance.api.middleware.version_negotiation [None req-60f12d35-8ea1-4cc2-b126-a8c67ba6715d admin admin] Using url versioning {{(pid=75809) process_request /opt/stack/glance/glance/api/middleware/version_negotiation.py:57}}
Jan 30 07:57:52 devstack devstack@g-api.service[75809]: DEBUG glance.api.middleware.version_negotiation [None req-60f12d35-8ea1-4cc2-b126-a8c67ba6715d admin admin] Unknown version. Returning version choices. {{(pid=75809) process_request /opt/stack/glance/glance/api/middleware/version_negotiation.py:64}}
Jan 30 07:57:52 devstack devstack@g-api.service[75809]: [pid: 75809|app: 0|req: 4/6] 127.0.0.1 () {34 vars in 513 bytes} [Fri Jan 30 07:57:52 2026] GET / => generated 1446 bytes in 2 msecs (HTTP/1.1 300) 3 headers in 106 bytes (1 switches on core 0)
Jan 30 07:57:52 devstack devstack@g-api.service[75808]: DEBUG glance.api.middleware.version_negotiation [None req-b40cb0c0-0a96-4588-96c6-48c6c48b132e admin admin] Determining version of request: GET /v2/images Accept: application/json {{(pid=75808) process_request /opt/stack/glance/glance/api/middleware/version_negotiation.py:44}}
Jan 30 07:57:52 devstack devstack@g-api.service[75808]: DEBUG glance.api.middleware.version_negotiation [None req-b40cb0c0-0a96-4588-96c6-48c6c48b132e admin admin] Using url versioning {{(pid=75808) process_request /opt/stack/glance/glance/api/middleware/version_negotiation.py:57}}
Jan 30 07:57:52 devstack devstack@g-api.service[75808]: DEBUG glance.api.middleware.version_negotiation [None req-b40cb0c0-0a96-4588-96c6-48c6c48b132e admin admin] Matched version: v2 {{(pid=75808) process_request /opt/stack/glance/glance/api/middleware/version_negotiation.py:69}}
Jan 30 07:57:52 devstack devstack@g-api.service[75808]: DEBUG glance.api.middleware.version_negotiation [None req-b40cb0c0-0a96-4588-96c6-48c6c48b132e admin admin] new path /v2/images {{(pid=75808) process_request /opt/stack/glance/glance/api/middleware/version_negotiation.py:70}}
Jan 30 07:57:52 devstack devstack@g-api.service[75808]: [pid: 75808|app: 0|req: 3/7] 127.0.0.1 () {36 vars in 735 bytes} [Fri Jan 30 07:57:52 2026] GET /v2/images => generated 1045 bytes in 63 msecs (HTTP/1.1 200) 4 headers in 158 bytes (1 switches on core 0)
Jan 30 07:57:58 devstack devstack@g-api.service[75809]: DEBUG glance.api.middleware.version_negotiation [None req-60f12d35-8ea1-4cc2-b126-a8c67ba6715d admin admin] Determining version of request: GET / Accept: application/json {{(pid=75809) process_request /opt/stack/glance/glance/api/middleware/version_negotiation.py:44}}
Jan 30 07:57:58 devstack devstack@g-api.service[75809]: DEBUG glance.api.middleware.version_negotiation [None req-60f12d35-8ea1-4cc2-b126-a8c67ba6715d admin admin] Using url versioning {{(pid=75809) process_request /opt/stack/glance/glance/api/middleware/version_negotiation.py:57}}
Jan 30 07:57:58 devstack devstack@g-api.service[75809]: DEBUG glance.api.middleware.version_negotiation [None req-60f12d35-8ea1-4cc2-b126-a8c67ba6715d admin admin] Unknown version. Returning version choices. {{(pid=75809) process_request /opt/stack/glance/glance/api/middleware/version_negotiation.py:64}}
Jan 30 07:57:58 devstack devstack@g-api.service[75809]: [pid: 75809|app: 0|req: 5/8] 127.0.0.1 () {34 vars in 513 bytes} [Fri Jan 30 07:57:58 2026] GET / => generated 1446 bytes in 2 msecs (HTTP/1.1 300) 3 headers in 106 bytes (1 switches on core 0)
Jan 30 07:57:58 devstack devstack@g-api.service[75808]: DEBUG glance.api.middleware.version_negotiation [None req-a1260bcf-c1be-441f-ad07-ccdc046a739c admin admin] Determining version of request: GET /v2/images/66490d6e-33dc-41f4-a6af-9a09d30e81bc Accept: */* {{(pid=75808) process_request /opt/stack/glance/glance/api/middleware/version_negotiation.py:44}}
Jan 30 07:57:58 devstack devstack@g-api.service[75808]: DEBUG glance.api.middleware.version_negotiation [None req-a1260bcf-c1be-441f-ad07-ccdc046a739c admin admin] Using url versioning {{(pid=75808) process_request /opt/stack/glance/glance/api/middleware/version_negotiation.py:57}}
Jan 30 07:57:58 devstack devstack@g-api.service[75808]: DEBUG glance.api.middleware.version_negotiation [None req-a1260bcf-c1be-441f-ad07-ccdc046a739c admin admin] Matched version: v2 {{(pid=75808) process_request /opt/stack/glance/glance/api/middleware/version_negotiation.py:69}}
Jan 30 07:57:58 devstack devstack@g-api.service[75808]: DEBUG glance.api.middleware.version_negotiation [None req-a1260bcf-c1be-441f-ad07-ccdc046a739c admin admin] new path /v2/images/66490d6e-33dc-41f4-a6af-9a09d30e81bc {{(pid=75808) process_request /opt/stack/glance/glance/api/middleware/version_negotiation.py:70}}
Jan 30 07:57:58 devstack devstack@g-api.service[75808]: [pid: 75808|app: 0|req: 4/9] 127.0.0.1 () {36 vars in 796 bytes} [Fri Jan 30 07:57:58 2026] GET /v2/images/66490d6e-33dc-41f4-a6af-9a09d30e81bc => generated 976 bytes in 45 msecs (HTTP/1.1 200) 4 headers in 157 bytes (1 switches on core 0)
Jan 30 07:58:02 devstack devstack@g-api.service[75809]: DEBUG glance.api.middleware.version_negotiation [None req-60f12d35-8ea1-4cc2-b126-a8c67ba6715d admin admin] Determining version of request: GET / Accept: application/json {{(pid=75809) process_request /opt/stack/glance/glance/api/middleware/version_negotiation.py:44}}
Jan 30 07:58:02 devstack devstack@g-api.service[75809]: DEBUG glance.api.middleware.version_negotiation [None req-60f12d35-8ea1-4cc2-b126-a8c67ba6715d admin admin] Using url versioning {{(pid=75809) process_request /opt/stack/glance/glance/api/middleware/version_negotiation.py:57}}
Jan 30 07:58:02 devstack devstack@g-api.service[75809]: DEBUG glance.api.middleware.version_negotiation [None req-60f12d35-8ea1-4cc2-b126-a8c67ba6715d admin admin] Unknown version. Returning version choices. {{(pid=75809) process_request /opt/stack/glance/glance/api/middleware/version_negotiation.py:64}}
Jan 30 07:58:02 devstack devstack@g-api.service[75809]: [pid: 75809|app: 0|req: 6/10] 127.0.0.1 () {34 vars in 513 bytes} [Fri Jan 30 07:58:02 2026] GET / => generated 1446 bytes in 2 msecs (HTTP/1.1 300) 3 headers in 106 bytes (1 switches on core 0)
Jan 30 07:58:02 devstack devstack@g-api.service[75808]: DEBUG glance.api.middleware.version_negotiation [None req-121a2177-0b8e-451a-8991-e6670fea61b1 admin admin] Determining version of request: GET /v2/images/66490d6e-33dc-41f4-a6af-9a09d30e81bc Accept: */* {{(pid=75808) process_request /opt/stack/glance/glance/api/middleware/version_negotiation.py:44}}
Jan 30 07:58:02 devstack devstack@g-api.service[75808]: DEBUG glance.api.middleware.version_negotiation [None req-121a2177-0b8e-451a-8991-e6670fea61b1 admin admin] Using url versioning {{(pid=75808) process_request /opt/stack/glance/glance/api/middleware/version_negotiation.py:57}}
Jan 30 07:58:02 devstack devstack@g-api.service[75808]: DEBUG glance.api.middleware.version_negotiation [None req-121a2177-0b8e-451a-8991-e6670fea61b1 admin admin] Matched version: v2 {{(pid=75808) process_request /opt/stack/glance/glance/api/middleware/version_negotiation.py:69}}
Jan 30 07:58:02 devstack devstack@g-api.service[75808]: DEBUG glance.api.middleware.version_negotiation [None req-121a2177-0b8e-451a-8991-e6670fea61b1 admin admin] new path /v2/images/66490d6e-33dc-41f4-a6af-9a09d30e81bc {{(pid=75808) process_request /opt/stack/glance/glance/api/middleware/version_negotiation.py:70}}
Jan 30 07:58:02 devstack devstack@g-api.service[75808]: [pid: 75808|app: 0|req: 5/11] 127.0.0.1 () {36 vars in 796 bytes} [Fri Jan 30 07:58:02 2026] GET /v2/images/66490d6e-33dc-41f4-a6af-9a09d30e81bc => generated 976 bytes in 47 msecs (HTTP/1.1 200) 4 headers in 157 bytes (1 switches on core 0)
Jan 30 07:58:12 devstack devstack@g-api.service[75808]: DEBUG dbcounter [-] [75808] Writing DB stats glance:SELECT=5 {{(pid=75808) stat_writer /opt/stack/data/venv/lib/python3.10/site-packages/dbcounter.py:115}}
Jan 30 07:59:22 devstack devstack@g-api.service[75809]: DEBUG glance.api.middleware.version_negotiation [None req-60f12d35-8ea1-4cc2-b126-a8c67ba6715d admin admin] Determining version of request: GET / Accept: application/json {{(pid=75809) process_request /opt/stack/glance/glance/api/middleware/version_negotiation.py:44}}
Jan 30 07:59:22 devstack devstack@g-api.service[75809]: DEBUG glance.api.middleware.version_negotiation [None req-60f12d35-8ea1-4cc2-b126-a8c67ba6715d admin admin] Using url versioning {{(pid=75809) process_request /opt/stack/glance/glance/api/middleware/version_negotiation.py:57}}
Jan 30 07:59:22 devstack devstack@g-api.service[75809]: DEBUG glance.api.middleware.version_negotiation [None req-60f12d35-8ea1-4cc2-b126-a8c67ba6715d admin admin] Unknown version. Returning version choices. {{(pid=75809) process_request /opt/stack/glance/glance/api/middleware/version_negotiation.py:64}}
Jan 30 07:59:22 devstack devstack@g-api.service[75809]: [pid: 75809|app: 0|req: 7/12] 127.0.0.1 () {36 vars in 484 bytes} [Fri Jan 30 07:59:22 2026] GET / => generated 1446 bytes in 3 msecs (HTTP/1.1 300) 3 headers in 106 bytes (1 switches on core 0)
Jan 30 08:00:32 devstack devstack@g-api.service[75808]: DEBUG glance.api.middleware.version_negotiation [None req-ce4761fd-9854-4e3c-9e53-99c598cb9417 admin admin] Determining version of request: GET /v2/images/66490d6e-33dc-41f4-a6af-9a09d30e81bc Accept: application/json {{(pid=75808) process_request /opt/stack/glance/glance/api/middleware/version_negotiation.py:44}}
Jan 30 08:00:32 devstack devstack@g-api.service[75808]: DEBUG glance.api.middleware.version_negotiation [None req-ce4761fd-9854-4e3c-9e53-99c598cb9417 admin admin] Using url versioning {{(pid=75808) process_request /opt/stack/glance/glance/api/middleware/version_negotiation.py:57}}
Jan 30 08:00:32 devstack devstack@g-api.service[75808]: DEBUG glance.api.middleware.version_negotiation [None req-ce4761fd-9854-4e3c-9e53-99c598cb9417 admin admin] Matched version: v2 {{(pid=75808) process_request /opt/stack/glance/glance/api/middleware/version_negotiation.py:69}}
Jan 30 08:00:32 devstack devstack@g-api.service[75808]: DEBUG glance.api.middleware.version_negotiation [None req-ce4761fd-9854-4e3c-9e53-99c598cb9417 admin admin] new path /v2/images/66490d6e-33dc-41f4-a6af-9a09d30e81bc {{(pid=75808) process_request /opt/stack/glance/glance/api/middleware/version_negotiation.py:70}}
Jan 30 08:00:32 devstack devstack@g-api.service[75808]: [pid: 75808|app: 0|req: 6/13] 127.0.0.1 () {38 vars in 780 bytes} [Fri Jan 30 08:00:32 2026] GET /v2/images/66490d6e-33dc-41f4-a6af-9a09d30e81bc => generated 976 bytes in 137 msecs (HTTP/1.1 200) 4 headers in 157 bytes (1 switches on core 0)
Jan 30 08:00:32 devstack devstack@g-api.service[75809]: DEBUG glance.api.middleware.version_negotiation [None req-60f12d35-8ea1-4cc2-b126-a8c67ba6715d admin admin] Determining version of request: GET /v2/images/66490d6e-33dc-41f4-a6af-9a09d30e81bc/file Accept: application/json {{(pid=75809) process_request /opt/stack/glance/glance/api/middleware/version_negotiation.py:44}}
Jan 30 08:00:32 devstack devstack@g-api.service[75809]: DEBUG glance.api.middleware.version_negotiation [None req-60f12d35-8ea1-4cc2-b126-a8c67ba6715d admin admin] Using url versioning {{(pid=75809) process_request /opt/stack/glance/glance/api/middleware/version_negotiation.py:57}}
Jan 30 08:00:32 devstack devstack@g-api.service[75809]: DEBUG glance.api.middleware.version_negotiation [None req-60f12d35-8ea1-4cc2-b126-a8c67ba6715d admin admin] Matched version: v2 {{(pid=75809) process_request /opt/stack/glance/glance/api/middleware/version_negotiation.py:69}}
Jan 30 08:00:32 devstack devstack@g-api.service[75809]: DEBUG glance.api.middleware.version_negotiation [None req-60f12d35-8ea1-4cc2-b126-a8c67ba6715d admin admin] new path /v2/images/66490d6e-33dc-41f4-a6af-9a09d30e81bc/file {{(pid=75809) process_request /opt/stack/glance/glance/api/middleware/version_negotiation.py:70}}
Jan 30 08:00:32 devstack devstack@g-api.service[75809]: DEBUG glance_store._drivers.filesystem [None req-d8733f45-8a03-468b-8c93-ed2f847e2815 tempest-AttachSCSIVolumeTestJSON-2092955267 tempest-AttachSCSIVolumeTestJSON-2092955267-project-admin] Found image at /opt/stack/data/glance/images/66490d6e-33dc-41f4-a6af-9a09d30e81bc. Returning in ChunkedFile. {{(pid=75809) get /opt/stack/data/venv/lib/python3.10/site-packages/glance_store/_drivers/filesystem.py:618}}
Jan 30 08:00:32 devstack devstack@g-api.service[75809]: DEBUG glance.image_cache [None req-d8733f45-8a03-468b-8c93-ed2f847e2815 tempest-AttachSCSIVolumeTestJSON-2092955267 tempest-AttachSCSIVolumeTestJSON-2092955267-project-admin] Tee'ing image '66490d6e-33dc-41f4-a6af-9a09d30e81bc' into cache {{(pid=75809) get_caching_iter /opt/stack/glance/glance/image_cache/__init__.py:350}}
Jan 30 08:00:32 devstack devstack@g-api.service[75808]: DEBUG glance.api.middleware.version_negotiation [None req-bf48765c-8248-4f35-b5a4-5bd942849d32 tempest-AttachSCSIVolumeTestJSON-1824554903 tempest-AttachSCSIVolumeTestJSON-1824554903-project-reader] Determining version of request: POST /v2/images Accept: application/json {{(pid=75808) process_request /opt/stack/glance/glance/api/middleware/version_negotiation.py:44}}
Jan 30 08:00:32 devstack devstack@g-api.service[75808]: DEBUG glance.api.middleware.version_negotiation [None req-bf48765c-8248-4f35-b5a4-5bd942849d32 tempest-AttachSCSIVolumeTestJSON-1824554903 tempest-AttachSCSIVolumeTestJSON-1824554903-project-reader] Using url versioning {{(pid=75808) process_request /opt/stack/glance/glance/api/middleware/version_negotiation.py:57}}
Jan 30 08:00:32 devstack devstack@g-api.service[75808]: DEBUG glance.api.middleware.version_negotiation [None req-bf48765c-8248-4f35-b5a4-5bd942849d32 tempest-AttachSCSIVolumeTestJSON-1824554903 tempest-AttachSCSIVolumeTestJSON-1824554903-project-reader] Matched version: v2 {{(pid=75808) process_request /opt/stack/glance/glance/api/middleware/version_negotiation.py:69}}
Jan 30 08:00:32 devstack devstack@g-api.service[75808]: DEBUG glance.api.middleware.version_negotiation [None req-bf48765c-8248-4f35-b5a4-5bd942849d32 tempest-AttachSCSIVolumeTestJSON-1824554903 tempest-AttachSCSIVolumeTestJSON-1824554903-project-reader] new path /v2/images {{(pid=75808) process_request /opt/stack/glance/glance/api/middleware/version_negotiation.py:70}}
Jan 30 08:00:32 devstack devstack@g-api.service[75808]: [pid: 75808|app: 0|req: 7/14] 127.0.0.1 () {40 vars in 728 bytes} [Fri Jan 30 08:00:32 2026] POST /v2/images => generated 690 bytes in 600 msecs (HTTP/1.1 201) 6 headers in 314 bytes (1 switches on core 0)
Jan 30 08:00:32 devstack devstack@g-api.service[75808]: DEBUG glance.api.middleware.version_negotiation [None req-5a858ded-611e-490a-ab56-12d9ba738595 tempest-AttachSCSIVolumeTestJSON-2092955267 tempest-AttachSCSIVolumeTestJSON-2092955267-project-admin] Determining version of request: PUT /v2/images/3d32829f-99d3-4866-97a7-5035f725abb0/file Accept: {{(pid=75808) process_request /opt/stack/glance/glance/api/middleware/version_negotiation.py:44}}
Jan 30 08:00:32 devstack devstack@g-api.service[75808]: DEBUG glance.api.middleware.version_negotiation [None req-5a858ded-611e-490a-ab56-12d9ba738595 tempest-AttachSCSIVolumeTestJSON-2092955267 tempest-AttachSCSIVolumeTestJSON-2092955267-project-admin] Using url versioning {{(pid=75808) process_request /opt/stack/glance/glance/api/middleware/version_negotiation.py:57}}
Jan 30 08:00:32 devstack devstack@g-api.service[75808]: DEBUG glance.api.middleware.version_negotiation [None req-5a858ded-611e-490a-ab56-12d9ba738595 tempest-AttachSCSIVolumeTestJSON-2092955267 tempest-AttachSCSIVolumeTestJSON-2092955267-project-admin] Matched version: v2 {{(pid=75808) process_request /opt/stack/glance/glance/api/middleware/version_negotiation.py:69}}
Jan 30 08:00:32 devstack devstack@g-api.service[75808]: DEBUG glance.api.middleware.version_negotiation [None req-5a858ded-611e-490a-ab56-12d9ba738595 tempest-AttachSCSIVolumeTestJSON-2092955267 tempest-AttachSCSIVolumeTestJSON-2092955267-project-admin] new path /v2/images/3d32829f-99d3-4866-97a7-5035f725abb0/file {{(pid=75808) process_request /opt/stack/glance/glance/api/middleware/version_negotiation.py:70}}
Jan 30 08:00:33 devstack devstack@g-api.service[75809]: DEBUG glance.image_cache.drivers.centralized_db [None req-d8733f45-8a03-468b-8c93-ed2f847e2815 tempest-AttachSCSIVolumeTestJSON-2092955267 tempest-AttachSCSIVolumeTestJSON-2092955267-project-admin] Fetch finished, moving '/opt/stack/data/glance/cache/incomplete/66490d6e-33dc-41f4-a6af-9a09d30e81bc' to '/opt/stack/data/glance/cache/66490d6e-33dc-41f4-a6af-9a09d30e81bc' {{(pid=75809) commit /opt/stack/glance/glance/image_cache/drivers/centralized_db.py:235}}
Jan 30 08:00:33 devstack devstack@g-api.service[75809]: DEBUG glance.image_cache.drivers.centralized_db [None req-d8733f45-8a03-468b-8c93-ed2f847e2815 tempest-AttachSCSIVolumeTestJSON-2092955267 tempest-AttachSCSIVolumeTestJSON-2092955267-project-admin] Image cached successfully. {{(pid=75809) commit /opt/stack/glance/glance/image_cache/drivers/centralized_db.py:250}}
Jan 30 08:00:33 devstack devstack@g-api.service[75809]: [pid: 75809|app: 0|req: 8/15] 127.0.0.1 () {38 vars in 790 bytes} [Fri Jan 30 08:00:32 2026] GET /v2/images/66490d6e-33dc-41f4-a6af-9a09d30e81bc/file => generated 21692416 bytes in 883 msecs (HTTP/1.1 200) 4 headers in 191 bytes (335 switches on core 0)
Jan 30 08:00:33 devstack devstack@g-api.service[75808]: INFO glance.api.v2.image_data [None req-d43b929c-cf2f-480b-9a60-0440dd31ee14 tempest-AttachSCSIVolumeTestJSON-2092955267 tempest-AttachSCSIVolumeTestJSON-2092955267-project-admin] Unable to create trust: no such option collect_timing in group [keystone_authtoken] Use the existing user token.
Jan 30 08:00:33 devstack devstack@g-api.service[75808]: DEBUG glance.location [None req-d43b929c-cf2f-480b-9a60-0440dd31ee14 tempest-AttachSCSIVolumeTestJSON-2092955267 tempest-AttachSCSIVolumeTestJSON-2092955267-project-admin] Enabling in-flight format inspection for qcow2 {{(pid=75808) set_data /opt/stack/glance/glance/location.py:616}}
Jan 30 08:00:33 devstack devstack@g-api.service[75808]: DEBUG oslo_utils.imageutils.format_inspector [None req-d43b929c-cf2f-480b-9a60-0440dd31ee14 tempest-AttachSCSIVolumeTestJSON-2092955267 tempest-AttachSCSIVolumeTestJSON-2092955267-project-admin] Format inspector for vmdk does not match, excluding from consideration (Signature KDMV not found: b'QFI\xfb') {{(pid=75808) _process_chunk /opt/stack/data/venv/lib/python3.10/site-packages/oslo_utils/imageutils/format_inspector.py:1537}}
Jan 30 08:00:33 devstack devstack@g-api.service[75808]: DEBUG oslo_utils.imageutils.format_inspector [None req-d43b929c-cf2f-480b-9a60-0440dd31ee14 tempest-AttachSCSIVolumeTestJSON-2092955267 tempest-AttachSCSIVolumeTestJSON-2092955267-project-admin] Format inspector for vhdx does not match, excluding from consideration (Region signature not found at 30000) {{(pid=75808) _process_chunk /opt/stack/data/venv/lib/python3.10/site-packages/oslo_utils/imageutils/format_inspector.py:1537}}
Jan 30 08:00:34 devstack devstack@g-api.service[75808]: DEBUG glance_store._drivers.filesystem [None req-d43b929c-cf2f-480b-9a60-0440dd31ee14 tempest-AttachSCSIVolumeTestJSON-2092955267 tempest-AttachSCSIVolumeTestJSON-2092955267-project-admin] Wrote 21692416 bytes to /opt/stack/data/glance/images/3d32829f-99d3-4866-97a7-5035f725abb0 with checksum 87617e24a5e30cb3b87fda8c0764838f and multihash 9a9bce0083a00939ec17c11febbfc767aa211aaa54f51e75c5a8b271a9b5637c77205a518b7a2007cb391d23cceb01e0e4e8d64832317151bc85b734b92a7be0 {{(pid=75808) add /opt/stack/data/venv/lib/python3.10/site-packages/glance_store/_drivers/filesystem.py:794}}
Jan 30 08:00:34 devstack devstack@g-api.service[75808]: INFO glance.location [None req-d43b929c-cf2f-480b-9a60-0440dd31ee14 tempest-AttachSCSIVolumeTestJSON-2092955267 tempest-AttachSCSIVolumeTestJSON-2092955267-project-admin] Image format matched and virtual size computed: 117440512
Jan 30 08:00:34 devstack devstack@g-api.service[75808]: DEBUG glance_store.backend [None req-d43b929c-cf2f-480b-9a60-0440dd31ee14 tempest-AttachSCSIVolumeTestJSON-2092955267 tempest-AttachSCSIVolumeTestJSON-2092955267-project-admin] Skipping store.set_acls... not implemented. {{(pid=75808) set_acls /opt/stack/data/venv/lib/python3.10/site-packages/glance_store/backend.py:507}}
Jan 30 08:00:34 devstack devstack@g-api.service[75808]: [pid: 75808|app: 0|req: 8/16] 127.0.0.1 () {38 vars in 800 bytes} [Fri Jan 30 08:00:32 2026] PUT /v2/images/3d32829f-99d3-4866-97a7-5035f725abb0/file => generated 0 bytes in 1143 msecs (HTTP/1.1 204) 4 headers in 171 bytes (1 switches on core 0)
Jan 30 08:00:43 devstack devstack@g-api.service[75809]: DEBUG dbcounter [-] [75809] Writing DB stats glance:SELECT=5,glance:INSERT=1 {{(pid=75809) stat_writer /opt/stack/data/venv/lib/python3.10/site-packages/dbcounter.py:115}}
Jan 30 08:00:44 devstack devstack@g-api.service[75808]: DEBUG dbcounter [-] [75808] Writing DB stats glance:SELECT=22,glance:INSERT=5,glance:UPDATE=2 {{(pid=75808) stat_writer /opt/stack/data/venv/lib/python3.10/site-packages/dbcounter.py:115}}
Jan 30 08:00:47 devstack devstack@g-api.service[75809]: DEBUG glance.api.middleware.version_negotiation [None req-d8733f45-8a03-468b-8c93-ed2f847e2815 tempest-AttachSCSIVolumeTestJSON-2092955267 tempest-AttachSCSIVolumeTestJSON-2092955267-project-admin] Determining version of request: GET / Accept: application/json {{(pid=75809) process_request /opt/stack/glance/glance/api/middleware/version_negotiation.py:44}}
Jan 30 08:00:47 devstack devstack@g-api.service[75809]: DEBUG glance.api.middleware.version_negotiation [None req-d8733f45-8a03-468b-8c93-ed2f847e2815 tempest-AttachSCSIVolumeTestJSON-2092955267 tempest-AttachSCSIVolumeTestJSON-2092955267-project-admin] Using url versioning {{(pid=75809) process_request /opt/stack/glance/glance/api/middleware/version_negotiation.py:57}}
Jan 30 08:00:47 devstack devstack@g-api.service[75809]: DEBUG glance.api.middleware.version_negotiation [None req-d8733f45-8a03-468b-8c93-ed2f847e2815 tempest-AttachSCSIVolumeTestJSON-2092955267 tempest-AttachSCSIVolumeTestJSON-2092955267-project-admin] Unknown version. Returning version choices. {{(pid=75809) process_request /opt/stack/glance/glance/api/middleware/version_negotiation.py:64}}
Jan 30 08:00:47 devstack devstack@g-api.service[75809]: [pid: 75809|app: 0|req: 9/17] 127.0.0.1 () {34 vars in 500 bytes} [Fri Jan 30 08:00:47 2026] GET / => generated 1446 bytes in 2 msecs (HTTP/1.1 300) 3 headers in 106 bytes (1 switches on core 0)
Jan 30 08:00:47 devstack devstack@g-api.service[75808]: DEBUG glance.api.middleware.version_negotiation [None req-d43b929c-cf2f-480b-9a60-0440dd31ee14 tempest-AttachSCSIVolumeTestJSON-2092955267 tempest-AttachSCSIVolumeTestJSON-2092955267-project-admin] Determining version of request: GET /v2/images/3d32829f-99d3-4866-97a7-5035f725abb0 Accept: */* {{(pid=75808) process_request /opt/stack/glance/glance/api/middleware/version_negotiation.py:44}}
Jan 30 08:00:47 devstack devstack@g-api.service[75808]: DEBUG glance.api.middleware.version_negotiation [None req-d43b929c-cf2f-480b-9a60-0440dd31ee14 tempest-AttachSCSIVolumeTestJSON-2092955267 tempest-AttachSCSIVolumeTestJSON-2092955267-project-admin] Using url versioning {{(pid=75808) process_request /opt/stack/glance/glance/api/middleware/version_negotiation.py:57}}
Jan 30 08:00:47 devstack devstack@g-api.service[75808]: DEBUG glance.api.middleware.version_negotiation [None req-d43b929c-cf2f-480b-9a60-0440dd31ee14 tempest-AttachSCSIVolumeTestJSON-2092955267 tempest-AttachSCSIVolumeTestJSON-2092955267-project-admin] Matched version: v2 {{(pid=75808) process_request /opt/stack/glance/glance/api/middleware/version_negotiation.py:69}}
Jan 30 08:00:47 devstack devstack@g-api.service[75808]: DEBUG glance.api.middleware.version_negotiation [None req-d43b929c-cf2f-480b-9a60-0440dd31ee14 tempest-AttachSCSIVolumeTestJSON-2092955267 tempest-AttachSCSIVolumeTestJSON-2092955267-project-admin] new path /v2/images/3d32829f-99d3-4866-97a7-5035f725abb0 {{(pid=75808) process_request /opt/stack/glance/glance/api/middleware/version_negotiation.py:70}}
Jan 30 08:00:47 devstack devstack@g-api.service[75808]: WARNING keystonemiddleware.auth_token [None req-d43b929c-cf2f-480b-9a60-0440dd31ee14 tempest-AttachSCSIVolumeTestJSON-2092955267 tempest-AttachSCSIVolumeTestJSON-2092955267-project-admin] A valid token was submitted as a service token, but it was not a valid service token. This is incorrect but backwards compatible behaviour. This will be removed in future releases.
Jan 30 08:00:47 devstack devstack@g-api.service[75808]: [pid: 75808|app: 0|req: 9/18] 127.0.0.1 () {42 vars in 1055 bytes} [Fri Jan 30 08:00:47 2026] GET /v2/images/3d32829f-99d3-4866-97a7-5035f725abb0 => generated 859 bytes in 130 msecs (HTTP/1.1 200) 4 headers in 157 bytes (1 switches on core 0)
Jan 30 08:00:47 devstack devstack@g-api.service[75809]: DEBUG glance.api.middleware.version_negotiation [None req-d8733f45-8a03-468b-8c93-ed2f847e2815 tempest-AttachSCSIVolumeTestJSON-2092955267 tempest-AttachSCSIVolumeTestJSON-2092955267-project-admin] Determining version of request: GET /v2/schemas/image Accept: */* {{(pid=75809) process_request /opt/stack/glance/glance/api/middleware/version_negotiation.py:44}}
Jan 30 08:00:47 devstack devstack@g-api.service[75809]: DEBUG glance.api.middleware.version_negotiation [None req-d8733f45-8a03-468b-8c93-ed2f847e2815 tempest-AttachSCSIVolumeTestJSON-2092955267 tempest-AttachSCSIVolumeTestJSON-2092955267-project-admin] Using url versioning {{(pid=75809) process_request /opt/stack/glance/glance/api/middleware/version_negotiation.py:57}}
Jan 30 08:00:47 devstack devstack@g-api.service[75809]: DEBUG glance.api.middleware.version_negotiation [None req-d8733f45-8a03-468b-8c93-ed2f847e2815 tempest-AttachSCSIVolumeTestJSON-2092955267 tempest-AttachSCSIVolumeTestJSON-2092955267-project-admin] Matched version: v2 {{(pid=75809) process_request /opt/stack/glance/glance/api/middleware/version_negotiation.py:69}}
Jan 30 08:00:47 devstack devstack@g-api.service[75809]: DEBUG glance.api.middleware.version_negotiation [None req-d8733f45-8a03-468b-8c93-ed2f847e2815 tempest-AttachSCSIVolumeTestJSON-2092955267 tempest-AttachSCSIVolumeTestJSON-2092955267-project-admin] new path /v2/schemas/image {{(pid=75809) process_request /opt/stack/glance/glance/api/middleware/version_negotiation.py:70}}
Jan 30 08:00:47 devstack devstack@g-api.service[75809]: WARNING keystonemiddleware.auth_token [None req-d8733f45-8a03-468b-8c93-ed2f847e2815 tempest-AttachSCSIVolumeTestJSON-2092955267 tempest-AttachSCSIVolumeTestJSON-2092955267-project-admin] A valid token was submitted as a service token, but it was not a valid service token. This is incorrect but backwards compatible behaviour. This will be removed in future releases.
Jan 30 08:00:47 devstack devstack@g-api.service[75809]: [pid: 75809|app: 0|req: 10/19] 127.0.0.1 () {42 vars in 995 bytes} [Fri Jan 30 08:00:47 2026] GET /v2/schemas/image => generated 6083 bytes in 5 msecs (HTTP/1.1 200) 4 headers in 158 bytes (1 switches on core 0)
Jan 30 08:00:53 devstack devstack@g-api.service[75808]: DEBUG glance.api.middleware.version_negotiation [None req-fa321400-39fa-40b2-9860-7918d51d56bd tempest-AttachSCSIVolumeTestJSON-1824554903 tempest-AttachSCSIVolumeTestJSON-1824554903-project-member] Determining version of request: GET / Accept: application/json {{(pid=75808) process_request /opt/stack/glance/glance/api/middleware/version_negotiation.py:44}}
Jan 30 08:00:53 devstack devstack@g-api.service[75808]: DEBUG glance.api.middleware.version_negotiation [None req-fa321400-39fa-40b2-9860-7918d51d56bd tempest-AttachSCSIVolumeTestJSON-1824554903 tempest-AttachSCSIVolumeTestJSON-1824554903-project-member] Using url versioning {{(pid=75808) process_request /opt/stack/glance/glance/api/middleware/version_negotiation.py:57}}
Jan 30 08:00:53 devstack devstack@g-api.service[75808]: DEBUG glance.api.middleware.version_negotiation [None req-fa321400-39fa-40b2-9860-7918d51d56bd tempest-AttachSCSIVolumeTestJSON-1824554903 tempest-AttachSCSIVolumeTestJSON-1824554903-project-member] Unknown version. Returning version choices. {{(pid=75808) process_request /opt/stack/glance/glance/api/middleware/version_negotiation.py:64}}
Jan 30 08:00:53 devstack devstack@g-api.service[75808]: [pid: 75808|app: 0|req: 10/20] 127.0.0.1 () {34 vars in 500 bytes} [Fri Jan 30 08:00:53 2026] GET / => generated 1446 bytes in 3 msecs (HTTP/1.1 300) 3 headers in 106 bytes (1 switches on core 0)
Jan 30 08:00:53 devstack devstack@g-api.service[75809]: DEBUG glance.api.middleware.version_negotiation [None req-fa321400-39fa-40b2-9860-7918d51d56bd tempest-AttachSCSIVolumeTestJSON-1824554903 tempest-AttachSCSIVolumeTestJSON-1824554903-project-member] Determining version of request: GET /v2/images/66490d6e-33dc-41f4-a6af-9a09d30e81bc Accept: */* {{(pid=75809) process_request /opt/stack/glance/glance/api/middleware/version_negotiation.py:44}}
Jan 30 08:00:53 devstack devstack@g-api.service[75809]: DEBUG glance.api.middleware.version_negotiation [None req-fa321400-39fa-40b2-9860-7918d51d56bd tempest-AttachSCSIVolumeTestJSON-1824554903 tempest-AttachSCSIVolumeTestJSON-1824554903-project-member] Using url versioning {{(pid=75809) process_request /opt/stack/glance/glance/api/middleware/version_negotiation.py:57}}
Jan 30 08:00:53 devstack devstack@g-api.service[75809]: DEBUG glance.api.middleware.version_negotiation [None req-fa321400-39fa-40b2-9860-7918d51d56bd tempest-AttachSCSIVolumeTestJSON-1824554903 tempest-AttachSCSIVolumeTestJSON-1824554903-project-member] Matched version: v2 {{(pid=75809) process_request /opt/stack/glance/glance/api/middleware/version_negotiation.py:69}}
Jan 30 08:00:53 devstack devstack@g-api.service[75809]: DEBUG glance.api.middleware.version_negotiation [None req-fa321400-39fa-40b2-9860-7918d51d56bd tempest-AttachSCSIVolumeTestJSON-1824554903 tempest-AttachSCSIVolumeTestJSON-1824554903-project-member] new path /v2/images/66490d6e-33dc-41f4-a6af-9a09d30e81bc {{(pid=75809) process_request /opt/stack/glance/glance/api/middleware/version_negotiation.py:70}}
Jan 30 08:00:53 devstack devstack@g-api.service[75809]: [pid: 75809|app: 0|req: 11/21] 127.0.0.1 () {42 vars in 1055 bytes} [Fri Jan 30 08:00:53 2026] GET /v2/images/66490d6e-33dc-41f4-a6af-9a09d30e81bc => generated 976 bytes in 93 msecs (HTTP/1.1 200) 4 headers in 157 bytes (1 switches on core 0)
Jan 30 08:00:53 devstack devstack@g-api.service[75808]: DEBUG glance.api.middleware.version_negotiation [None req-fa321400-39fa-40b2-9860-7918d51d56bd tempest-AttachSCSIVolumeTestJSON-1824554903 tempest-AttachSCSIVolumeTestJSON-1824554903-project-member] Determining version of request: GET /v2/schemas/image Accept: */* {{(pid=75808) process_request /opt/stack/glance/glance/api/middleware/version_negotiation.py:44}}
