Jan 16 14:52:12 devstack devstack@g-api.service[74586]: DEBUG glance.common.config [None req-197699b8-5a6c-42ec-a4cb-2208ac276331 None None] barbican_service_user.auth_type = None {{(pid=74586) log_opt_values /opt/stack/data/venv/lib/python3.10/site-packages/oslo_config/cfg.py:2824}}
Jan 16 14:52:12 devstack devstack@g-api.service[74586]: DEBUG glance.common.config [None req-197699b8-5a6c-42ec-a4cb-2208ac276331 None None] barbican_service_user.cafile = None {{(pid=74586) log_opt_values /opt/stack/data/venv/lib/python3.10/site-packages/oslo_config/cfg.py:2824}}
Jan 16 14:52:12 devstack devstack@g-api.service[74586]: DEBUG glance.common.config [None req-197699b8-5a6c-42ec-a4cb-2208ac276331 None None] barbican_service_user.certfile = None {{(pid=74586) log_opt_values /opt/stack/data/venv/lib/python3.10/site-packages/oslo_config/cfg.py:2824}}
Jan 16 14:52:12 devstack devstack@g-api.service[74586]: DEBUG glance.common.config [None req-197699b8-5a6c-42ec-a4cb-2208ac276331 None None] barbican_service_user.collect_timing = False {{(pid=74586) log_opt_values /opt/stack/data/venv/lib/python3.10/site-packages/oslo_config/cfg.py:2824}}
Jan 16 14:52:12 devstack devstack@g-api.service[74586]: DEBUG glance.common.config [None req-197699b8-5a6c-42ec-a4cb-2208ac276331 None None] barbican_service_user.insecure = False {{(pid=74586) log_opt_values /opt/stack/data/venv/lib/python3.10/site-packages/oslo_config/cfg.py:2824}}
Jan 16 14:52:12 devstack devstack@g-api.service[74586]: DEBUG glance.common.config [None req-197699b8-5a6c-42ec-a4cb-2208ac276331 None None] barbican_service_user.keyfile = None {{(pid=74586) log_opt_values /opt/stack/data/venv/lib/python3.10/site-packages/oslo_config/cfg.py:2824}}
Jan 16 14:52:12 devstack devstack@g-api.service[74586]: DEBUG glance.common.config [None req-197699b8-5a6c-42ec-a4cb-2208ac276331 None None] barbican_service_user.split_loggers = False {{(pid=74586) log_opt_values /opt/stack/data/venv/lib/python3.10/site-packages/oslo_config/cfg.py:2824}}
Jan 16 14:52:12 devstack devstack@g-api.service[74586]: DEBUG glance.common.config [None req-197699b8-5a6c-42ec-a4cb-2208ac276331 None None] barbican_service_user.timeout = None {{(pid=74586) log_opt_values /opt/stack/data/venv/lib/python3.10/site-packages/oslo_config/cfg.py:2824}}
Jan 16 14:52:12 devstack devstack@g-api.service[74586]: DEBUG glance.common.config [None req-197699b8-5a6c-42ec-a4cb-2208ac276331 None None] database.asyncio_connection = **** {{(pid=74586) log_opt_values /opt/stack/data/venv/lib/python3.10/site-packages/oslo_config/cfg.py:2824}}
Jan 16 14:52:12 devstack devstack@g-api.service[74586]: DEBUG glance.common.config [None req-197699b8-5a6c-42ec-a4cb-2208ac276331 None None] database.asyncio_slave_connection = **** {{(pid=74586) log_opt_values /opt/stack/data/venv/lib/python3.10/site-packages/oslo_config/cfg.py:2824}}
Jan 16 14:52:12 devstack devstack@g-api.service[74586]: DEBUG glance.common.config [None req-197699b8-5a6c-42ec-a4cb-2208ac276331 None None] database.backend = sqlalchemy {{(pid=74586) log_opt_values /opt/stack/data/venv/lib/python3.10/site-packages/oslo_config/cfg.py:2824}}
Jan 16 14:52:12 devstack devstack@g-api.service[74586]: DEBUG glance.common.config [None req-197699b8-5a6c-42ec-a4cb-2208ac276331 None None] database.connection = **** {{(pid=74586) log_opt_values /opt/stack/data/venv/lib/python3.10/site-packages/oslo_config/cfg.py:2824}}
Jan 16 14:52:12 devstack devstack@g-api.service[74586]: DEBUG glance.common.config [None req-197699b8-5a6c-42ec-a4cb-2208ac276331 None None] database.connection_debug = 0 {{(pid=74586) log_opt_values /opt/stack/data/venv/lib/python3.10/site-packages/oslo_config/cfg.py:2824}}
Jan 16 14:52:12 devstack devstack@g-api.service[74586]: DEBUG glance.common.config [None req-197699b8-5a6c-42ec-a4cb-2208ac276331 None None] database.connection_parameters = {{(pid=74586) log_opt_values /opt/stack/data/venv/lib/python3.10/site-packages/oslo_config/cfg.py:2824}}
Jan 16 14:52:12 devstack devstack@g-api.service[74586]: DEBUG glance.common.config [None req-197699b8-5a6c-42ec-a4cb-2208ac276331 None None] database.connection_recycle_time = 3600 {{(pid=74586) log_opt_values /opt/stack/data/venv/lib/python3.10/site-packages/oslo_config/cfg.py:2824}}
Jan 16 14:52:12 devstack devstack@g-api.service[74586]: DEBUG glance.common.config [None req-197699b8-5a6c-42ec-a4cb-2208ac276331 None None] database.connection_trace = False {{(pid=74586) log_opt_values /opt/stack/data/venv/lib/python3.10/site-packages/oslo_config/cfg.py:2824}}
Jan 16 14:52:12 devstack devstack@g-api.service[74586]: DEBUG glance.common.config [None req-197699b8-5a6c-42ec-a4cb-2208ac276331 None None] database.db_inc_retry_interval = True {{(pid=74586) log_opt_values /opt/stack/data/venv/lib/python3.10/site-packages/oslo_config/cfg.py:2824}}
Jan 16 14:52:12 devstack devstack@g-api.service[74586]: DEBUG glance.common.config [None req-197699b8-5a6c-42ec-a4cb-2208ac276331 None None] database.db_max_retries = 20 {{(pid=74586) log_opt_values /opt/stack/data/venv/lib/python3.10/site-packages/oslo_config/cfg.py:2824}}
Jan 16 14:52:12 devstack devstack@g-api.service[74586]: DEBUG glance.common.config [None req-197699b8-5a6c-42ec-a4cb-2208ac276331 None None] database.db_max_retry_interval = 10 {{(pid=74586) log_opt_values /opt/stack/data/venv/lib/python3.10/site-packages/oslo_config/cfg.py:2824}}
Jan 16 14:52:12 devstack devstack@g-api.service[74586]: DEBUG glance.common.config [None req-197699b8-5a6c-42ec-a4cb-2208ac276331 None None] database.db_retry_interval = 1 {{(pid=74586) log_opt_values /opt/stack/data/venv/lib/python3.10/site-packages/oslo_config/cfg.py:2824}}
Jan 16 14:52:12 devstack devstack@g-api.service[74586]: DEBUG glance.common.config [None req-197699b8-5a6c-42ec-a4cb-2208ac276331 None None] database.max_overflow = 50 {{(pid=74586) log_opt_values /opt/stack/data/venv/lib/python3.10/site-packages/oslo_config/cfg.py:2824}}
Jan 16 14:52:12 devstack devstack@g-api.service[74586]: DEBUG glance.common.config [None req-197699b8-5a6c-42ec-a4cb-2208ac276331 None None] database.max_pool_size = 5 {{(pid=74586) log_opt_values /opt/stack/data/venv/lib/python3.10/site-packages/oslo_config/cfg.py:2824}}
Jan 16 14:52:12 devstack devstack@g-api.service[74586]: DEBUG glance.common.config [None req-197699b8-5a6c-42ec-a4cb-2208ac276331 None None] database.max_retries = 10 {{(pid=74586) log_opt_values /opt/stack/data/venv/lib/python3.10/site-packages/oslo_config/cfg.py:2824}}
Jan 16 14:52:12 devstack devstack@g-api.service[74586]: DEBUG glance.common.config [None req-197699b8-5a6c-42ec-a4cb-2208ac276331 None None] database.mysql_sql_mode = TRADITIONAL {{(pid=74586) log_opt_values /opt/stack/data/venv/lib/python3.10/site-packages/oslo_config/cfg.py:2824}}
Jan 16 14:52:12 devstack devstack@g-api.service[74586]: DEBUG glance.common.config [None req-197699b8-5a6c-42ec-a4cb-2208ac276331 None None] database.mysql_wsrep_sync_wait = None {{(pid=74586) log_opt_values /opt/stack/data/venv/lib/python3.10/site-packages/oslo_config/cfg.py:2824}}
Jan 16 14:52:12 devstack devstack@g-api.service[74586]: DEBUG glance.common.config [None req-197699b8-5a6c-42ec-a4cb-2208ac276331 None None] database.pool_timeout = None {{(pid=74586) log_opt_values /opt/stack/data/venv/lib/python3.10/site-packages/oslo_config/cfg.py:2824}}
Jan 16 14:52:12 devstack devstack@g-api.service[74586]: DEBUG glance.common.config [None req-197699b8-5a6c-42ec-a4cb-2208ac276331 None None] database.retry_interval = 10 {{(pid=74586) log_opt_values /opt/stack/data/venv/lib/python3.10/site-packages/oslo_config/cfg.py:2824}}
Jan 16 14:52:12 devstack devstack@g-api.service[74586]: DEBUG glance.common.config [None req-197699b8-5a6c-42ec-a4cb-2208ac276331 None None] database.slave_connection = **** {{(pid=74586) log_opt_values /opt/stack/data/venv/lib/python3.10/site-packages/oslo_config/cfg.py:2824}}
Jan 16 14:52:12 devstack devstack@g-api.service[74586]: DEBUG glance.common.config [None req-197699b8-5a6c-42ec-a4cb-2208ac276331 None None] database.sqlite_synchronous = True {{(pid=74586) log_opt_values /opt/stack/data/venv/lib/python3.10/site-packages/oslo_config/cfg.py:2824}}
Jan 16 14:52:12 devstack devstack@g-api.service[74586]: DEBUG glance.common.config [None req-197699b8-5a6c-42ec-a4cb-2208ac276331 None None] database.use_db_reconnect = False {{(pid=74586) log_opt_values /opt/stack/data/venv/lib/python3.10/site-packages/oslo_config/cfg.py:2824}}
Jan 16 14:52:12 devstack devstack@g-api.service[74586]: DEBUG glance.common.config [None req-197699b8-5a6c-42ec-a4cb-2208ac276331 None None] healthcheck.allowed_source_ranges = [] {{(pid=74586) log_opt_values /opt/stack/data/venv/lib/python3.10/site-packages/oslo_config/cfg.py:2824}}
Jan 16 14:52:12 devstack devstack@g-api.service[74586]: DEBUG glance.common.config [None req-197699b8-5a6c-42ec-a4cb-2208ac276331 None None] healthcheck.backends = ['disable_by_file'] {{(pid=74586) log_opt_values /opt/stack/data/venv/lib/python3.10/site-packages/oslo_config/cfg.py:2824}}
Jan 16 14:52:12 devstack devstack@g-api.service[74586]: DEBUG glance.common.config [None req-197699b8-5a6c-42ec-a4cb-2208ac276331 None None] healthcheck.detailed = False {{(pid=74586) log_opt_values /opt/stack/data/venv/lib/python3.10/site-packages/oslo_config/cfg.py:2824}}
Jan 16 14:52:12 devstack devstack@g-api.service[74586]: DEBUG glance.common.config [None req-197699b8-5a6c-42ec-a4cb-2208ac276331 None None] healthcheck.disable_by_file_path = None {{(pid=74586) log_opt_values /opt/stack/data/venv/lib/python3.10/site-packages/oslo_config/cfg.py:2824}}
Jan 16 14:52:12 devstack devstack@g-api.service[74586]: DEBUG glance.common.config [None req-197699b8-5a6c-42ec-a4cb-2208ac276331 None None] healthcheck.ignore_proxied_requests = False {{(pid=74586) log_opt_values /opt/stack/data/venv/lib/python3.10/site-packages/oslo_config/cfg.py:2824}}
Jan 16 14:52:12 devstack devstack@g-api.service[74586]: DEBUG glance.common.config [None req-197699b8-5a6c-42ec-a4cb-2208ac276331 None None] ******************************************************************************** {{(pid=74586) log_opt_values /opt/stack/data/venv/lib/python3.10/site-packages/oslo_config/cfg.py:2828}}
Jan 16 14:52:12 devstack devstack@g-api.service[74586]: WSGI app 0 (mountpoint='') ready in 3 seconds on interpreter 0x56079303c6a0 pid: 74586 (default app)
Jan 16 14:52:16 devstack devstack@g-api.service[74585]: DEBUG glance.api.middleware.version_negotiation [None req-2c380a30-adf2-41b5-bd0e-fdb6eba39e80 None None] Determining version of request: GET / Accept: application/json {{(pid=74585) process_request /opt/stack/glance/glance/api/middleware/version_negotiation.py:44}}
Jan 16 14:52:16 devstack devstack@g-api.service[74585]: DEBUG glance.api.middleware.version_negotiation [None req-2c380a30-adf2-41b5-bd0e-fdb6eba39e80 None None] Using url versioning {{(pid=74585) process_request /opt/stack/glance/glance/api/middleware/version_negotiation.py:57}}
Jan 16 14:52:16 devstack devstack@g-api.service[74585]: DEBUG glance.api.middleware.version_negotiation [None req-2c380a30-adf2-41b5-bd0e-fdb6eba39e80 None None] Unknown version. Returning version choices. {{(pid=74585) process_request /opt/stack/glance/glance/api/middleware/version_negotiation.py:64}}
Jan 16 14:52:16 devstack devstack@g-api.service[74585]: [pid: 74585|app: 0|req: 2/2] 127.0.0.1 () {34 vars in 519 bytes} [Fri Jan 16 14:52:16 2026] GET / => generated 1459 bytes in 3 msecs (HTTP/1.1 300) 3 headers in 106 bytes (1 switches on core 0)
Jan 16 14:52:16 devstack devstack@g-api.service[74586]: DEBUG glance.api.middleware.version_negotiation [None req-197699b8-5a6c-42ec-a4cb-2208ac276331 None None] Determining version of request: POST /v2/images Accept: */* {{(pid=74586) process_request /opt/stack/glance/glance/api/middleware/version_negotiation.py:44}}
Jan 16 14:52:16 devstack devstack@g-api.service[74586]: DEBUG glance.api.middleware.version_negotiation [None req-197699b8-5a6c-42ec-a4cb-2208ac276331 None None] Using url versioning {{(pid=74586) process_request /opt/stack/glance/glance/api/middleware/version_negotiation.py:57}}
Jan 16 14:52:16 devstack devstack@g-api.service[74586]: DEBUG glance.api.middleware.version_negotiation [None req-197699b8-5a6c-42ec-a4cb-2208ac276331 None None] Matched version: v2 {{(pid=74586) process_request /opt/stack/glance/glance/api/middleware/version_negotiation.py:69}}
Jan 16 14:52:16 devstack devstack@g-api.service[74586]: DEBUG glance.api.middleware.version_negotiation [None req-197699b8-5a6c-42ec-a4cb-2208ac276331 None None] new path /v2/images {{(pid=74586) process_request /opt/stack/glance/glance/api/middleware/version_negotiation.py:70}}
Jan 16 14:52:17 devstack devstack@g-api.service[74585]: DEBUG glance.api.middleware.version_negotiation [None req-2c380a30-adf2-41b5-bd0e-fdb6eba39e80 None None] Determining version of request: PUT /v2/images/db7f2c71-966e-4763-9e3a-6c86dde19821/file Accept: {{(pid=74585) process_request /opt/stack/glance/glance/api/middleware/version_negotiation.py:44}}
Jan 16 14:52:17 devstack devstack@g-api.service[74585]: DEBUG glance.api.middleware.version_negotiation [None req-2c380a30-adf2-41b5-bd0e-fdb6eba39e80 None None] Using url versioning {{(pid=74585) process_request /opt/stack/glance/glance/api/middleware/version_negotiation.py:57}}
Jan 16 14:52:17 devstack devstack@g-api.service[74586]: [pid: 74586|app: 0|req: 1/3] 127.0.0.1 () {40 vars in 782 bytes} [Fri Jan 16 14:52:16 2026] POST /v2/images => generated 807 bytes in 812 msecs (HTTP/1.1 201) 6 headers in 314 bytes (1 switches on core 0)
Jan 16 14:52:17 devstack devstack@g-api.service[74585]: DEBUG glance.api.middleware.version_negotiation [None req-2c380a30-adf2-41b5-bd0e-fdb6eba39e80 None None] Matched version: v2 {{(pid=74585) process_request /opt/stack/glance/glance/api/middleware/version_negotiation.py:69}}
Jan 16 14:52:17 devstack devstack@g-api.service[74585]: DEBUG glance.api.middleware.version_negotiation [None req-2c380a30-adf2-41b5-bd0e-fdb6eba39e80 None None] new path /v2/images/db7f2c71-966e-4763-9e3a-6c86dde19821/file {{(pid=74585) process_request /opt/stack/glance/glance/api/middleware/version_negotiation.py:70}}
Jan 16 14:52:17 devstack devstack@g-api.service[74585]: INFO glance.api.v2.image_data [None req-5d6f6af2-1434-4cb3-97cf-2d279d6c8742 admin admin] Unable to create trust: no such option collect_timing in group [keystone_authtoken] Use the existing user token.
Jan 16 14:52:18 devstack devstack@g-api.service[74585]: DEBUG glance.location [None req-5d6f6af2-1434-4cb3-97cf-2d279d6c8742 admin admin] Enabling in-flight format inspection for qcow2 {{(pid=74585) set_data /opt/stack/glance/glance/location.py:616}}
Jan 16 14:52:18 devstack devstack@g-api.service[74585]: DEBUG oslo_utils.imageutils.format_inspector [None req-5d6f6af2-1434-4cb3-97cf-2d279d6c8742 admin admin] Format inspector for vmdk does not match, excluding from consideration (Signature KDMV not found: b'QFI\xfb') {{(pid=74585) _process_chunk /opt/stack/data/venv/lib/python3.10/site-packages/oslo_utils/imageutils/format_inspector.py:1537}}
Jan 16 14:52:18 devstack devstack@g-api.service[74585]: DEBUG oslo_utils.imageutils.format_inspector [None req-5d6f6af2-1434-4cb3-97cf-2d279d6c8742 admin admin] Format inspector for vhdx does not match, excluding from consideration (Region signature not found at 30000) {{(pid=74585) _process_chunk /opt/stack/data/venv/lib/python3.10/site-packages/oslo_utils/imageutils/format_inspector.py:1537}}
Jan 16 14:52:18 devstack devstack@g-api.service[74585]: DEBUG glance_store._drivers.filesystem [None req-5d6f6af2-1434-4cb3-97cf-2d279d6c8742 admin admin] Wrote 21692416 bytes to /opt/stack/data/glance/images/db7f2c71-966e-4763-9e3a-6c86dde19821 with checksum 87617e24a5e30cb3b87fda8c0764838f and multihash 9a9bce0083a00939ec17c11febbfc767aa211aaa54f51e75c5a8b271a9b5637c77205a518b7a2007cb391d23cceb01e0e4e8d64832317151bc85b734b92a7be0 {{(pid=74585) add /opt/stack/data/venv/lib/python3.10/site-packages/glance_store/_drivers/filesystem.py:794}}
Jan 16 14:52:18 devstack devstack@g-api.service[74585]: INFO glance.location [None req-5d6f6af2-1434-4cb3-97cf-2d279d6c8742 admin admin] Image format matched and virtual size computed: 117440512
Jan 16 14:52:18 devstack devstack@g-api.service[74585]: DEBUG glance_store.backend [None req-5d6f6af2-1434-4cb3-97cf-2d279d6c8742 admin admin] Skipping store.set_acls... not implemented. {{(pid=74585) set_acls /opt/stack/data/venv/lib/python3.10/site-packages/glance_store/backend.py:507}}
Jan 16 14:52:18 devstack devstack@g-api.service[74585]: [pid: 74585|app: 0|req: 3/4] 127.0.0.1 () {40 vars in 875 bytes} [Fri Jan 16 14:52:17 2026] PUT /v2/images/db7f2c71-966e-4763-9e3a-6c86dde19821/file => generated 0 bytes in 1251 msecs (HTTP/1.1 204) 4 headers in 171 bytes (1 switches on core 0)
Jan 16 14:52:18 devstack devstack@g-api.service[74586]: DEBUG glance.api.middleware.version_negotiation [None req-00a5abb8-4229-4f68-ac85-8e55c68311bc admin admin] Determining version of request: GET /v2/images/db7f2c71-966e-4763-9e3a-6c86dde19821 Accept: */* {{(pid=74586) process_request /opt/stack/glance/glance/api/middleware/version_negotiation.py:44}}
Jan 16 14:52:18 devstack devstack@g-api.service[74586]: DEBUG glance.api.middleware.version_negotiation [None req-00a5abb8-4229-4f68-ac85-8e55c68311bc admin admin] Using url versioning {{(pid=74586) process_request /opt/stack/glance/glance/api/middleware/version_negotiation.py:57}}
Jan 16 14:52:18 devstack devstack@g-api.service[74586]: DEBUG glance.api.middleware.version_negotiation [None req-00a5abb8-4229-4f68-ac85-8e55c68311bc admin admin] Matched version: v2 {{(pid=74586) process_request /opt/stack/glance/glance/api/middleware/version_negotiation.py:69}}
Jan 16 14:52:18 devstack devstack@g-api.service[74586]: DEBUG glance.api.middleware.version_negotiation [None req-00a5abb8-4229-4f68-ac85-8e55c68311bc admin admin] new path /v2/images/db7f2c71-966e-4763-9e3a-6c86dde19821 {{(pid=74586) process_request /opt/stack/glance/glance/api/middleware/version_negotiation.py:70}}
Jan 16 14:52:18 devstack devstack@g-api.service[74586]: [pid: 74586|app: 0|req: 2/5] 127.0.0.1 () {36 vars in 802 bytes} [Fri Jan 16 14:52:18 2026] GET /v2/images/db7f2c71-966e-4763-9e3a-6c86dde19821 => generated 976 bytes in 28 msecs (HTTP/1.1 200) 4 headers in 157 bytes (1 switches on core 0)
Jan 16 14:52:28 devstack devstack@g-api.service[74585]: DEBUG dbcounter [-] [74585] Writing DB stats glance:INSERT=5,glance:SELECT=16,glance:UPDATE=2 {{(pid=74585) stat_writer /opt/stack/data/venv/lib/python3.10/site-packages/dbcounter.py:115}}
Jan 16 14:52:28 devstack devstack@g-api.service[74586]: DEBUG dbcounter [-] [74586] Writing DB stats glance:INSERT=9,glance:SELECT=6 {{(pid=74586) stat_writer /opt/stack/data/venv/lib/python3.10/site-packages/dbcounter.py:115}}
Jan 16 14:52:56 devstack devstack@g-api.service[74585]: DEBUG glance.api.middleware.version_negotiation [None req-5d6f6af2-1434-4cb3-97cf-2d279d6c8742 admin admin] Determining version of request: GET / Accept: application/json {{(pid=74585) process_request /opt/stack/glance/glance/api/middleware/version_negotiation.py:44}}
Jan 16 14:52:56 devstack devstack@g-api.service[74585]: DEBUG glance.api.middleware.version_negotiation [None req-5d6f6af2-1434-4cb3-97cf-2d279d6c8742 admin admin] Using url versioning {{(pid=74585) process_request /opt/stack/glance/glance/api/middleware/version_negotiation.py:57}}
Jan 16 14:52:56 devstack devstack@g-api.service[74585]: DEBUG glance.api.middleware.version_negotiation [None req-5d6f6af2-1434-4cb3-97cf-2d279d6c8742 admin admin] Unknown version. Returning version choices. {{(pid=74585) process_request /opt/stack/glance/glance/api/middleware/version_negotiation.py:64}}
Jan 16 14:52:56 devstack devstack@g-api.service[74585]: [pid: 74585|app: 0|req: 4/6] 127.0.0.1 () {34 vars in 515 bytes} [Fri Jan 16 14:52:56 2026] GET / => generated 1459 bytes in 2 msecs (HTTP/1.1 300) 3 headers in 106 bytes (1 switches on core 0)
Jan 16 14:52:56 devstack devstack@g-api.service[74586]: DEBUG glance.api.middleware.version_negotiation [None req-33ddbcc9-303e-4206-b267-b96e5de9320a admin admin] Determining version of request: GET /v2/images Accept: application/json {{(pid=74586) process_request /opt/stack/glance/glance/api/middleware/version_negotiation.py:44}}
Jan 16 14:52:56 devstack devstack@g-api.service[74586]: DEBUG glance.api.middleware.version_negotiation [None req-33ddbcc9-303e-4206-b267-b96e5de9320a admin admin] Using url versioning {{(pid=74586) process_request /opt/stack/glance/glance/api/middleware/version_negotiation.py:57}}
Jan 16 14:52:56 devstack devstack@g-api.service[74586]: DEBUG glance.api.middleware.version_negotiation [None req-33ddbcc9-303e-4206-b267-b96e5de9320a admin admin] Matched version: v2 {{(pid=74586) process_request /opt/stack/glance/glance/api/middleware/version_negotiation.py:69}}
Jan 16 14:52:56 devstack devstack@g-api.service[74586]: DEBUG glance.api.middleware.version_negotiation [None req-33ddbcc9-303e-4206-b267-b96e5de9320a admin admin] new path /v2/images {{(pid=74586) process_request /opt/stack/glance/glance/api/middleware/version_negotiation.py:70}}
Jan 16 14:52:56 devstack devstack@g-api.service[74586]: [pid: 74586|app: 0|req: 3/7] 127.0.0.1 () {36 vars in 737 bytes} [Fri Jan 16 14:52:56 2026] GET /v2/images => generated 1045 bytes in 59 msecs (HTTP/1.1 200) 4 headers in 158 bytes (1 switches on core 0)
Jan 16 14:53:02 devstack devstack@g-api.service[74585]: DEBUG glance.api.middleware.version_negotiation [None req-5d6f6af2-1434-4cb3-97cf-2d279d6c8742 admin admin] Determining version of request: GET / Accept: application/json {{(pid=74585) process_request /opt/stack/glance/glance/api/middleware/version_negotiation.py:44}}
Jan 16 14:53:02 devstack devstack@g-api.service[74585]: DEBUG glance.api.middleware.version_negotiation [None req-5d6f6af2-1434-4cb3-97cf-2d279d6c8742 admin admin] Using url versioning {{(pid=74585) process_request /opt/stack/glance/glance/api/middleware/version_negotiation.py:57}}
Jan 16 14:53:02 devstack devstack@g-api.service[74585]: DEBUG glance.api.middleware.version_negotiation [None req-5d6f6af2-1434-4cb3-97cf-2d279d6c8742 admin admin] Unknown version. Returning version choices. {{(pid=74585) process_request /opt/stack/glance/glance/api/middleware/version_negotiation.py:64}}
Jan 16 14:53:02 devstack devstack@g-api.service[74585]: [pid: 74585|app: 0|req: 5/8] 127.0.0.1 () {34 vars in 515 bytes} [Fri Jan 16 14:53:02 2026] GET / => generated 1459 bytes in 2 msecs (HTTP/1.1 300) 3 headers in 106 bytes (1 switches on core 0)
Jan 16 14:53:02 devstack devstack@g-api.service[74586]: DEBUG glance.api.middleware.version_negotiation [None req-5ca6edb1-2021-498d-85f1-81b4e82b6a2f admin admin] Determining version of request: GET /v2/images/db7f2c71-966e-4763-9e3a-6c86dde19821 Accept: */* {{(pid=74586) process_request /opt/stack/glance/glance/api/middleware/version_negotiation.py:44}}
Jan 16 14:53:02 devstack devstack@g-api.service[74586]: DEBUG glance.api.middleware.version_negotiation [None req-5ca6edb1-2021-498d-85f1-81b4e82b6a2f admin admin] Using url versioning {{(pid=74586) process_request /opt/stack/glance/glance/api/middleware/version_negotiation.py:57}}
Jan 16 14:53:02 devstack devstack@g-api.service[74586]: DEBUG glance.api.middleware.version_negotiation [None req-5ca6edb1-2021-498d-85f1-81b4e82b6a2f admin admin] Matched version: v2 {{(pid=74586) process_request /opt/stack/glance/glance/api/middleware/version_negotiation.py:69}}
Jan 16 14:53:02 devstack devstack@g-api.service[74586]: DEBUG glance.api.middleware.version_negotiation [None req-5ca6edb1-2021-498d-85f1-81b4e82b6a2f admin admin] new path /v2/images/db7f2c71-966e-4763-9e3a-6c86dde19821 {{(pid=74586) process_request /opt/stack/glance/glance/api/middleware/version_negotiation.py:70}}
Jan 16 14:53:02 devstack devstack@g-api.service[74586]: [pid: 74586|app: 0|req: 4/9] 127.0.0.1 () {36 vars in 798 bytes} [Fri Jan 16 14:53:02 2026] GET /v2/images/db7f2c71-966e-4763-9e3a-6c86dde19821 => generated 976 bytes in 43 msecs (HTTP/1.1 200) 4 headers in 157 bytes (1 switches on core 0)
Jan 16 14:53:05 devstack devstack@g-api.service[74585]: DEBUG glance.api.middleware.version_negotiation [None req-5d6f6af2-1434-4cb3-97cf-2d279d6c8742 admin admin] Determining version of request: GET / Accept: application/json {{(pid=74585) process_request /opt/stack/glance/glance/api/middleware/version_negotiation.py:44}}
Jan 16 14:53:05 devstack devstack@g-api.service[74585]: DEBUG glance.api.middleware.version_negotiation [None req-5d6f6af2-1434-4cb3-97cf-2d279d6c8742 admin admin] Using url versioning {{(pid=74585) process_request /opt/stack/glance/glance/api/middleware/version_negotiation.py:57}}
Jan 16 14:53:05 devstack devstack@g-api.service[74585]: DEBUG glance.api.middleware.version_negotiation [None req-5d6f6af2-1434-4cb3-97cf-2d279d6c8742 admin admin] Unknown version. Returning version choices. {{(pid=74585) process_request /opt/stack/glance/glance/api/middleware/version_negotiation.py:64}}
Jan 16 14:53:05 devstack devstack@g-api.service[74585]: [pid: 74585|app: 0|req: 6/10] 127.0.0.1 () {34 vars in 515 bytes} [Fri Jan 16 14:53:05 2026] GET / => generated 1459 bytes in 3 msecs (HTTP/1.1 300) 3 headers in 106 bytes (1 switches on core 0)
Jan 16 14:53:05 devstack devstack@g-api.service[74586]: DEBUG glance.api.middleware.version_negotiation [None req-fca66a8f-234a-4e95-9942-7c8e43b48a66 admin admin] Determining version of request: GET /v2/images/db7f2c71-966e-4763-9e3a-6c86dde19821 Accept: */* {{(pid=74586) process_request /opt/stack/glance/glance/api/middleware/version_negotiation.py:44}}
Jan 16 14:53:05 devstack devstack@g-api.service[74586]: DEBUG glance.api.middleware.version_negotiation [None req-fca66a8f-234a-4e95-9942-7c8e43b48a66 admin admin] Using url versioning {{(pid=74586) process_request /opt/stack/glance/glance/api/middleware/version_negotiation.py:57}}
Jan 16 14:53:05 devstack devstack@g-api.service[74586]: DEBUG glance.api.middleware.version_negotiation [None req-fca66a8f-234a-4e95-9942-7c8e43b48a66 admin admin] Matched version: v2 {{(pid=74586) process_request /opt/stack/glance/glance/api/middleware/version_negotiation.py:69}}
Jan 16 14:53:05 devstack devstack@g-api.service[74586]: DEBUG glance.api.middleware.version_negotiation [None req-fca66a8f-234a-4e95-9942-7c8e43b48a66 admin admin] new path /v2/images/db7f2c71-966e-4763-9e3a-6c86dde19821 {{(pid=74586) process_request /opt/stack/glance/glance/api/middleware/version_negotiation.py:70}}
Jan 16 14:53:05 devstack devstack@g-api.service[74586]: [pid: 74586|app: 0|req: 5/11] 127.0.0.1 () {36 vars in 798 bytes} [Fri Jan 16 14:53:05 2026] GET /v2/images/db7f2c71-966e-4763-9e3a-6c86dde19821 => generated 976 bytes in 40 msecs (HTTP/1.1 200) 4 headers in 157 bytes (1 switches on core 0)
Jan 16 14:53:15 devstack devstack@g-api.service[74586]: DEBUG dbcounter [-] [74586] Writing DB stats glance:SELECT=5 {{(pid=74586) stat_writer /opt/stack/data/venv/lib/python3.10/site-packages/dbcounter.py:115}}
Jan 16 14:54:23 devstack devstack@g-api.service[74585]: DEBUG glance.api.middleware.version_negotiation [None req-5d6f6af2-1434-4cb3-97cf-2d279d6c8742 admin admin] Determining version of request: GET / Accept: application/json {{(pid=74585) process_request /opt/stack/glance/glance/api/middleware/version_negotiation.py:44}}
Jan 16 14:54:23 devstack devstack@g-api.service[74585]: DEBUG glance.api.middleware.version_negotiation [None req-5d6f6af2-1434-4cb3-97cf-2d279d6c8742 admin admin] Using url versioning {{(pid=74585) process_request /opt/stack/glance/glance/api/middleware/version_negotiation.py:57}}
Jan 16 14:54:23 devstack devstack@g-api.service[74585]: DEBUG glance.api.middleware.version_negotiation [None req-5d6f6af2-1434-4cb3-97cf-2d279d6c8742 admin admin] Unknown version. Returning version choices. {{(pid=74585) process_request /opt/stack/glance/glance/api/middleware/version_negotiation.py:64}}
Jan 16 14:54:23 devstack devstack@g-api.service[74585]: [pid: 74585|app: 0|req: 7/12] 127.0.0.1 () {36 vars in 486 bytes} [Fri Jan 16 14:54:23 2026] GET / => generated 1459 bytes in 3 msecs (HTTP/1.1 300) 3 headers in 106 bytes (1 switches on core 0)
Jan 16 14:55:11 devstack devstack@g-api.service[74586]: DEBUG glance.api.middleware.version_negotiation [None req-a85efb4b-8357-4b72-bccf-e57e41203747 admin admin] Determining version of request: GET / Accept: application/json {{(pid=74586) process_request /opt/stack/glance/glance/api/middleware/version_negotiation.py:44}}
Jan 16 14:55:11 devstack devstack@g-api.service[74586]: DEBUG glance.api.middleware.version_negotiation [None req-a85efb4b-8357-4b72-bccf-e57e41203747 admin admin] Using url versioning {{(pid=74586) process_request /opt/stack/glance/glance/api/middleware/version_negotiation.py:57}}
Jan 16 14:55:11 devstack devstack@g-api.service[74586]: DEBUG glance.api.middleware.version_negotiation [None req-a85efb4b-8357-4b72-bccf-e57e41203747 admin admin] Unknown version. Returning version choices. {{(pid=74586) process_request /opt/stack/glance/glance/api/middleware/version_negotiation.py:64}}
Jan 16 14:55:11 devstack devstack@g-api.service[74586]: [pid: 74586|app: 0|req: 6/13] 127.0.0.1 () {34 vars in 502 bytes} [Fri Jan 16 14:55:11 2026] GET / => generated 1459 bytes in 2 msecs (HTTP/1.1 300) 3 headers in 106 bytes (1 switches on core 0)
Jan 16 14:55:11 devstack devstack@g-api.service[74585]: DEBUG glance.api.middleware.version_negotiation [None req-5d6f6af2-1434-4cb3-97cf-2d279d6c8742 admin admin] Determining version of request: GET /v2/images/db7f2c71-966e-4763-9e3a-6c86dde19821 Accept: */* {{(pid=74585) process_request /opt/stack/glance/glance/api/middleware/version_negotiation.py:44}}
Jan 16 14:55:11 devstack devstack@g-api.service[74585]: DEBUG glance.api.middleware.version_negotiation [None req-5d6f6af2-1434-4cb3-97cf-2d279d6c8742 admin admin] Using url versioning {{(pid=74585) process_request /opt/stack/glance/glance/api/middleware/version_negotiation.py:57}}
Jan 16 14:55:11 devstack devstack@g-api.service[74585]: DEBUG glance.api.middleware.version_negotiation [None req-5d6f6af2-1434-4cb3-97cf-2d279d6c8742 admin admin] Matched version: v2 {{(pid=74585) process_request /opt/stack/glance/glance/api/middleware/version_negotiation.py:69}}
Jan 16 14:55:11 devstack devstack@g-api.service[74585]: DEBUG glance.api.middleware.version_negotiation [None req-5d6f6af2-1434-4cb3-97cf-2d279d6c8742 admin admin] new path /v2/images/db7f2c71-966e-4763-9e3a-6c86dde19821 {{(pid=74585) process_request /opt/stack/glance/glance/api/middleware/version_negotiation.py:70}}
Jan 16 14:55:11 devstack devstack@g-api.service[74585]: WARNING keystonemiddleware.auth_token [None req-5d6f6af2-1434-4cb3-97cf-2d279d6c8742 admin admin] A valid token was submitted as a service token, but it was not a valid service token. This is incorrect but backwards compatible behaviour. This will be removed in future releases.
Jan 16 14:55:11 devstack devstack@g-api.service[74586]: DEBUG glance.api.middleware.version_negotiation [None req-a85efb4b-8357-4b72-bccf-e57e41203747 admin admin] Determining version of request: GET /v2/schemas/image Accept: */* {{(pid=74586) process_request /opt/stack/glance/glance/api/middleware/version_negotiation.py:44}}
Jan 16 14:55:11 devstack devstack@g-api.service[74586]: DEBUG glance.api.middleware.version_negotiation [None req-a85efb4b-8357-4b72-bccf-e57e41203747 admin admin] Using url versioning {{(pid=74586) process_request /opt/stack/glance/glance/api/middleware/version_negotiation.py:57}}
Jan 16 14:55:11 devstack devstack@g-api.service[74586]: DEBUG glance.api.middleware.version_negotiation [None req-a85efb4b-8357-4b72-bccf-e57e41203747 admin admin] Matched version: v2 {{(pid=74586) process_request /opt/stack/glance/glance/api/middleware/version_negotiation.py:69}}
Jan 16 14:55:11 devstack devstack@g-api.service[74586]: DEBUG glance.api.middleware.version_negotiation [None req-a85efb4b-8357-4b72-bccf-e57e41203747 admin admin] new path /v2/schemas/image {{(pid=74586) process_request /opt/stack/glance/glance/api/middleware/version_negotiation.py:70}}
Jan 16 14:55:11 devstack devstack@g-api.service[74586]: WARNING keystonemiddleware.auth_token [None req-a85efb4b-8357-4b72-bccf-e57e41203747 admin admin] A valid token was submitted as a service token, but it was not a valid service token. This is incorrect but backwards compatible behaviour. This will be removed in future releases.
Jan 16 14:55:11 devstack devstack@g-api.service[74585]: [pid: 74585|app: 0|req: 8/14] 127.0.0.1 () {42 vars in 1057 bytes} [Fri Jan 16 14:55:11 2026] GET /v2/images/db7f2c71-966e-4763-9e3a-6c86dde19821 => generated 976 bytes in 190 msecs (HTTP/1.1 200) 4 headers in 157 bytes (1 switches on core 0)
Jan 16 14:55:11 devstack devstack@g-api.service[74586]: [pid: 74586|app: 0|req: 7/15] 127.0.0.1 () {42 vars in 997 bytes} [Fri Jan 16 14:55:11 2026] GET /v2/schemas/image => generated 6083 bytes in 10 msecs (HTTP/1.1 200) 4 headers in 158 bytes (1 switches on core 0)
Jan 16 14:55:19 devstack devstack@g-api.service[74585]: DEBUG glance.api.middleware.version_negotiation [None req-df9fb075-4e6e-4232-bb66-059976a3adcd tempest-DeleteServersTestJSON-827857265 tempest-DeleteServersTestJSON-827857265-project-member] Determining version of request: GET / Accept: application/json {{(pid=74585) process_request /opt/stack/glance/glance/api/middleware/version_negotiation.py:44}}
Jan 16 14:55:19 devstack devstack@g-api.service[74585]: DEBUG glance.api.middleware.version_negotiation [None req-df9fb075-4e6e-4232-bb66-059976a3adcd tempest-DeleteServersTestJSON-827857265 tempest-DeleteServersTestJSON-827857265-project-member] Using url versioning {{(pid=74585) process_request /opt/stack/glance/glance/api/middleware/version_negotiation.py:57}}
Jan 16 14:55:19 devstack devstack@g-api.service[74585]: DEBUG glance.api.middleware.version_negotiation [None req-df9fb075-4e6e-4232-bb66-059976a3adcd tempest-DeleteServersTestJSON-827857265 tempest-DeleteServersTestJSON-827857265-project-member] Unknown version. Returning version choices. {{(pid=74585) process_request /opt/stack/glance/glance/api/middleware/version_negotiation.py:64}}
Jan 16 14:55:19 devstack devstack@g-api.service[74585]: [pid: 74585|app: 0|req: 9/16] 127.0.0.1 () {34 vars in 502 bytes} [Fri Jan 16 14:55:19 2026] GET / => generated 1459 bytes in 2 msecs (HTTP/1.1 300) 3 headers in 106 bytes (1 switches on core 0)
Jan 16 14:55:19 devstack devstack@g-api.service[74586]: DEBUG glance.api.middleware.version_negotiation [None req-df9fb075-4e6e-4232-bb66-059976a3adcd tempest-DeleteServersTestJSON-827857265 tempest-DeleteServersTestJSON-827857265-project-member] Determining version of request: GET /v2/images/db7f2c71-966e-4763-9e3a-6c86dde19821 Accept: */* {{(pid=74586) process_request /opt/stack/glance/glance/api/middleware/version_negotiation.py:44}}
Jan 16 14:55:19 devstack devstack@g-api.service[74586]: DEBUG glance.api.middleware.version_negotiation [None req-df9fb075-4e6e-4232-bb66-059976a3adcd tempest-DeleteServersTestJSON-827857265 tempest-DeleteServersTestJSON-827857265-project-member] Using url versioning {{(pid=74586) process_request /opt/stack/glance/glance/api/middleware/version_negotiation.py:57}}
Jan 16 14:55:19 devstack devstack@g-api.service[74586]: DEBUG glance.api.middleware.version_negotiation [None req-df9fb075-4e6e-4232-bb66-059976a3adcd tempest-DeleteServersTestJSON-827857265 tempest-DeleteServersTestJSON-827857265-project-member] Matched version: v2 {{(pid=74586) process_request /opt/stack/glance/glance/api/middleware/version_negotiation.py:69}}
Jan 16 14:55:19 devstack devstack@g-api.service[74586]: DEBUG glance.api.middleware.version_negotiation [None req-df9fb075-4e6e-4232-bb66-059976a3adcd tempest-DeleteServersTestJSON-827857265 tempest-DeleteServersTestJSON-827857265-project-member] new path /v2/images/db7f2c71-966e-4763-9e3a-6c86dde19821 {{(pid=74586) process_request /opt/stack/glance/glance/api/middleware/version_negotiation.py:70}}
Jan 16 14:55:19 devstack devstack@g-api.service[74586]: [pid: 74586|app: 0|req: 8/17] 127.0.0.1 () {42 vars in 1057 bytes} [Fri Jan 16 14:55:19 2026] GET /v2/images/db7f2c71-966e-4763-9e3a-6c86dde19821 => generated 976 bytes in 137 msecs (HTTP/1.1 200) 4 headers in 157 bytes (1 switches on core 0)
Jan 16 14:55:19 devstack devstack@g-api.service[74585]: DEBUG glance.api.middleware.version_negotiation [None req-df9fb075-4e6e-4232-bb66-059976a3adcd tempest-DeleteServersTestJSON-827857265 tempest-DeleteServersTestJSON-827857265-project-member] Determining version of request: GET /v2/schemas/image Accept: */* {{(pid=74585) process_request /opt/stack/glance/glance/api/middleware/version_negotiation.py:44}}
Jan 16 14:55:19 devstack devstack@g-api.service[74585]: DEBUG glance.api.middleware.version_negotiation [None req-df9fb075-4e6e-4232-bb66-059976a3adcd tempest-DeleteServersTestJSON-827857265 tempest-DeleteServersTestJSON-827857265-project-member] Using url versioning {{(pid=74585) process_request /opt/stack/glance/glance/api/middleware/version_negotiation.py:57}}
Jan 16 14:55:19 devstack devstack@g-api.service[74585]: DEBUG glance.api.middleware.version_negotiation [None req-df9fb075-4e6e-4232-bb66-059976a3adcd tempest-DeleteServersTestJSON-827857265 tempest-DeleteServersTestJSON-827857265-project-member] Matched version: v2 {{(pid=74585) process_request /opt/stack/glance/glance/api/middleware/version_negotiation.py:69}}
Jan 16 14:55:19 devstack devstack@g-api.service[74585]: DEBUG glance.api.middleware.version_negotiation [None req-df9fb075-4e6e-4232-bb66-059976a3adcd tempest-DeleteServersTestJSON-827857265 tempest-DeleteServersTestJSON-827857265-project-member] new path /v2/schemas/image {{(pid=74585) process_request /opt/stack/glance/glance/api/middleware/version_negotiation.py:70}}
Jan 16 14:55:19 devstack devstack@g-api.service[74585]: [pid: 74585|app: 0|req: 10/18] 127.0.0.1 () {42 vars in 997 bytes} [Fri Jan 16 14:55:19 2026] GET /v2/schemas/image => generated 6083 bytes in 5 msecs (HTTP/1.1 200) 4 headers in 158 bytes (1 switches on core 0)
Jan 16 14:55:21 devstack devstack@g-api.service[74585]: DEBUG dbcounter [-] [74585] Writing DB stats glance:SELECT=2 {{(pid=74585) stat_writer /opt/stack/data/venv/lib/python3.10/site-packages/dbcounter.py:115}}
Jan 16 14:55:26 devstack devstack@g-api.service[74586]: DEBUG glance.api.middleware.version_negotiation [None req-d6c682fc-3f31-4cb7-8364-f5925fc8cad2 tempest-ServerActionsTestOtherB-742255924 tempest-ServerActionsTestOtherB-742255924-project-member] Determining version of request: GET /v2/images/db7f2c71-966e-4763-9e3a-6c86dde19821 Accept: */* {{(pid=74586) process_request /opt/stack/glance/glance/api/middleware/version_negotiation.py:44}}
Jan 16 14:55:26 devstack devstack@g-api.service[74586]: DEBUG glance.api.middleware.version_negotiation [None req-d6c682fc-3f31-4cb7-8364-f5925fc8cad2 tempest-ServerActionsTestOtherB-742255924 tempest-ServerActionsTestOtherB-742255924-project-member] Using url versioning {{(pid=74586) process_request /opt/stack/glance/glance/api/middleware/version_negotiation.py:57}}
Jan 16 14:55:26 devstack devstack@g-api.service[74586]: DEBUG glance.api.middleware.version_negotiation [None req-d6c682fc-3f31-4cb7-8364-f5925fc8cad2 tempest-ServerActionsTestOtherB-742255924 tempest-ServerActionsTestOtherB-742255924-project-member] Matched version: v2 {{(pid=74586) process_request /opt/stack/glance/glance/api/middleware/version_negotiation.py:69}}
Jan 16 14:55:26 devstack devstack@g-api.service[74586]: DEBUG glance.api.middleware.version_negotiation [None req-d6c682fc-3f31-4cb7-8364-f5925fc8cad2 tempest-ServerActionsTestOtherB-742255924 tempest-ServerActionsTestOtherB-742255924-project-member] new path /v2/images/db7f2c71-966e-4763-9e3a-6c86dde19821 {{(pid=74586) process_request /opt/stack/glance/glance/api/middleware/version_negotiation.py:70}}
Jan 16 14:55:26 devstack devstack@g-api.service[74586]: [pid: 74586|app: 0|req: 9/19] 127.0.0.1 () {42 vars in 1057 bytes} [Fri Jan 16 14:55:26 2026] GET /v2/images/db7f2c71-966e-4763-9e3a-6c86dde19821 => generated 976 bytes in 16 msecs (HTTP/1.1 200) 4 headers in 157 bytes (1 switches on core 0)
Jan 16 14:55:26 devstack devstack@g-api.service[74585]: DEBUG glance.api.middleware.version_negotiation [None req-d6c682fc-3f31-4cb7-8364-f5925fc8cad2 tempest-ServerActionsTestOtherB-742255924 tempest-ServerActionsTestOtherB-742255924-project-member] Determining version of request: GET /v2/images/db7f2c71-966e-4763-9e3a-6c86dde19821/file Accept: */* {{(pid=74585) process_request /opt/stack/glance/glance/api/middleware/version_negotiation.py:44}}
Jan 16 14:55:26 devstack devstack@g-api.service[74585]: DEBUG glance.api.middleware.version_negotiation [None req-d6c682fc-3f31-4cb7-8364-f5925fc8cad2 tempest-ServerActionsTestOtherB-742255924 tempest-ServerActionsTestOtherB-742255924-project-member] Using url versioning {{(pid=74585) process_request /opt/stack/glance/glance/api/middleware/version_negotiation.py:57}}
Jan 16 14:55:26 devstack devstack@g-api.service[74585]: DEBUG glance.api.middleware.version_negotiation [None req-d6c682fc-3f31-4cb7-8364-f5925fc8cad2 tempest-ServerActionsTestOtherB-742255924 tempest-ServerActionsTestOtherB-742255924-project-member] Matched version: v2 {{(pid=74585) process_request /opt/stack/glance/glance/api/middleware/version_negotiation.py:69}}
Jan 16 14:55:26 devstack devstack@g-api.service[74585]: DEBUG glance.api.middleware.version_negotiation [None req-d6c682fc-3f31-4cb7-8364-f5925fc8cad2 tempest-ServerActionsTestOtherB-742255924 tempest-ServerActionsTestOtherB-742255924-project-member] new path /v2/images/db7f2c71-966e-4763-9e3a-6c86dde19821/file {{(pid=74585) process_request /opt/stack/glance/glance/api/middleware/version_negotiation.py:70}}
Jan 16 14:55:26 devstack devstack@g-api.service[74585]: DEBUG glance_store._drivers.filesystem [None req-df9fb075-4e6e-4232-bb66-059976a3adcd tempest-DeleteServersTestJSON-827857265 tempest-DeleteServersTestJSON-827857265-project-member] Found image at /opt/stack/data/glance/images/db7f2c71-966e-4763-9e3a-6c86dde19821. Returning in ChunkedFile. {{(pid=74585) get /opt/stack/data/venv/lib/python3.10/site-packages/glance_store/_drivers/filesystem.py:618}}
Jan 16 14:55:26 devstack devstack@g-api.service[74585]: DEBUG glance.image_cache [None req-df9fb075-4e6e-4232-bb66-059976a3adcd tempest-DeleteServersTestJSON-827857265 tempest-DeleteServersTestJSON-827857265-project-member] Tee'ing image 'db7f2c71-966e-4763-9e3a-6c86dde19821' into cache {{(pid=74585) get_caching_iter /opt/stack/glance/glance/image_cache/__init__.py:350}}
Jan 16 14:55:26 devstack devstack@g-api.service[74585]: DEBUG glance.image_cache.drivers.centralized_db [None req-df9fb075-4e6e-4232-bb66-059976a3adcd tempest-DeleteServersTestJSON-827857265 tempest-DeleteServersTestJSON-827857265-project-member] Fetch finished, moving '/opt/stack/data/glance/cache/incomplete/db7f2c71-966e-4763-9e3a-6c86dde19821' to '/opt/stack/data/glance/cache/db7f2c71-966e-4763-9e3a-6c86dde19821' {{(pid=74585) commit /opt/stack/glance/glance/image_cache/drivers/centralized_db.py:235}}
Jan 16 14:55:26 devstack devstack@g-api.service[74585]: DEBUG glance.image_cache.drivers.centralized_db [None req-df9fb075-4e6e-4232-bb66-059976a3adcd tempest-DeleteServersTestJSON-827857265 tempest-DeleteServersTestJSON-827857265-project-member] Image cached successfully. {{(pid=74585) commit /opt/stack/glance/glance/image_cache/drivers/centralized_db.py:250}}
Jan 16 14:55:26 devstack devstack@g-api.service[74585]: [pid: 74585|app: 0|req: 11/20] 127.0.0.1 () {42 vars in 1067 bytes} [Fri Jan 16 14:55:26 2026] GET /v2/images/db7f2c71-966e-4763-9e3a-6c86dde19821/file => generated 21692416 bytes in 187 msecs (HTTP/1.1 200) 4 headers in 191 bytes (332 switches on core 0)
Jan 16 14:55:26 devstack devstack@g-api.service[74586]: DEBUG glance.api.middleware.version_negotiation [None req-df9fb075-4e6e-4232-bb66-059976a3adcd tempest-DeleteServersTestJSON-827857265 tempest-DeleteServersTestJSON-827857265-project-member] Determining version of request: GET /v2/images/db7f2c71-966e-4763-9e3a-6c86dde19821 Accept: */* {{(pid=74586) process_request /opt/stack/glance/glance/api/middleware/version_negotiation.py:44}}
Jan 16 14:55:26 devstack devstack@g-api.service[74586]: DEBUG glance.api.middleware.version_negotiation [None req-df9fb075-4e6e-4232-bb66-059976a3adcd tempest-DeleteServersTestJSON-827857265 tempest-DeleteServersTestJSON-827857265-project-member] Using url versioning {{(pid=74586) process_request /opt/stack/glance/glance/api/middleware/version_negotiation.py:57}}
Jan 16 14:55:26 devstack devstack@g-api.service[74586]: DEBUG glance.api.middleware.version_negotiation [None req-df9fb075-4e6e-4232-bb66-059976a3adcd tempest-DeleteServersTestJSON-827857265 tempest-DeleteServersTestJSON-827857265-project-member] Matched version: v2 {{(pid=74586) process_request /opt/stack/glance/glance/api/middleware/version_negotiation.py:69}}
Jan 16 14:55:26 devstack devstack@g-api.service[74586]: DEBUG glance.api.middleware.version_negotiation [None req-df9fb075-4e6e-4232-bb66-059976a3adcd tempest-DeleteServersTestJSON-827857265 tempest-DeleteServersTestJSON-827857265-project-member] new path /v2/images/db7f2c71-966e-4763-9e3a-6c86dde19821 {{(pid=74586) process_request /opt/stack/glance/glance/api/middleware/version_negotiation.py:70}}
Jan 16 14:55:26 devstack devstack@g-api.service[74586]: [pid: 74586|app: 0|req: 10/21] 127.0.0.1 () {42 vars in 1057 bytes} [Fri Jan 16 14:55:26 2026] GET /v2/images/db7f2c71-966e-4763-9e3a-6c86dde19821 => generated 976 bytes in 21 msecs (HTTP/1.1 200) 4 headers in 157 bytes (1 switches on core 0)
Jan 16 14:55:26 devstack devstack@g-api.service[74585]: DEBUG glance.api.middleware.version_negotiation [None req-df9fb075-4e6e-4232-bb66-059976a3adcd tempest-DeleteServersTestJSON-827857265 tempest-DeleteServersTestJSON-827857265-project-member] Determining version of request: GET /v2/schemas/image Accept: */* {{(pid=74585) process_request /opt/stack/glance/glance/api/middleware/version_negotiation.py:44}}
Jan 16 14:55:26 devstack devstack@g-api.service[74585]: DEBUG glance.api.middleware.version_negotiation [None req-df9fb075-4e6e-4232-bb66-059976a3adcd tempest-DeleteServersTestJSON-827857265 tempest-DeleteServersTestJSON-827857265-project-member] Using url versioning {{(pid=74585) process_request /opt/stack/glance/glance/api/middleware/version_negotiation.py:57}}
Jan 16 14:55:26 devstack devstack@g-api.service[74585]: DEBUG glance.api.middleware.version_negotiation [None req-df9fb075-4e6e-4232-bb66-059976a3adcd tempest-DeleteServersTestJSON-827857265 tempest-DeleteServersTestJSON-827857265-project-member] Matched version: v2 {{(pid=74585) process_request /opt/stack/glance/glance/api/middleware/version_negotiation.py:69}}
Jan 16 14:55:26 devstack devstack@g-api.service[74585]: DEBUG glance.api.middleware.version_negotiation [None req-df9fb075-4e6e-4232-bb66-059976a3adcd tempest-DeleteServersTestJSON-827857265 tempest-DeleteServersTestJSON-827857265-project-member] new path /v2/schemas/image {{(pid=74585) process_request /opt/stack/glance/glance/api/middleware/version_negotiation.py:70}}
Jan 16 14:55:26 devstack devstack@g-api.service[74585]: [pid: 74585|app: 0|req: 12/22] 127.0.0.1 () {42 vars in 997 bytes} [Fri Jan 16 14:55:26 2026] GET /v2/schemas/image => generated 6083 bytes in 5 msecs (HTTP/1.1 200) 4 headers in 158 bytes (1 switches on core 0)
Jan 16 14:55:27 devstack devstack@g-api.service[74586]: DEBUG glance.api.middleware.version_negotiation [None req-df9fb075-4e6e-4232-bb66-059976a3adcd tempest-DeleteServersTestJSON-827857265 tempest-DeleteServersTestJSON-827857265-project-member] Determining version of request: GET /v2/images/db7f2c71-966e-4763-9e3a-6c86dde19821 Accept: application/json {{(pid=74586) process_request /opt/stack/glance/glance/api/middleware/version_negotiation.py:44}}
Jan 16 14:55:27 devstack devstack@g-api.service[74586]: DEBUG glance.api.middleware.version_negotiation [None req-df9fb075-4e6e-4232-bb66-059976a3adcd tempest-DeleteServersTestJSON-827857265 tempest-DeleteServersTestJSON-827857265-project-member] Using url versioning {{(pid=74586) process_request /opt/stack/glance/glance/api/middleware/version_negotiation.py:57}}
Jan 16 14:55:27 devstack devstack@g-api.service[74586]: DEBUG glance.api.middleware.version_negotiation [None req-df9fb075-4e6e-4232-bb66-059976a3adcd tempest-DeleteServersTestJSON-827857265 tempest-DeleteServersTestJSON-827857265-project-member] Matched version: v2 {{(pid=74586) process_request /opt/stack/glance/glance/api/middleware/version_negotiation.py:69}}
Jan 16 14:55:27 devstack devstack@g-api.service[74586]: DEBUG glance.api.middleware.version_negotiation [None req-df9fb075-4e6e-4232-bb66-059976a3adcd tempest-DeleteServersTestJSON-827857265 tempest-DeleteServersTestJSON-827857265-project-member] new path /v2/images/db7f2c71-966e-4763-9e3a-6c86dde19821 {{(pid=74586) process_request /opt/stack/glance/glance/api/middleware/version_negotiation.py:70}}
Jan 16 14:55:27 devstack devstack@g-api.service[74586]: [pid: 74586|app: 0|req: 11/23] 127.0.0.1 () {38 vars in 782 bytes} [Fri Jan 16 14:55:27 2026] GET /v2/images/db7f2c71-966e-4763-9e3a-6c86dde19821 => generated 976 bytes in 158 msecs (HTTP/1.1 200) 4 headers in 157 bytes (1 switches on core 0)
Jan 16 14:55:27 devstack devstack@g-api.service[74585]: DEBUG glance.api.middleware.version_negotiation [None req-df9fb075-4e6e-4232-bb66-059976a3adcd tempest-DeleteServersTestJSON-827857265 tempest-DeleteServersTestJSON-827857265-project-member] Determining version of request: GET /v2/images/db7f2c71-966e-4763-9e3a-6c86dde19821/file Accept: application/json {{(pid=74585) process_request /opt/stack/glance/glance/api/middleware/version_negotiation.py:44}}
