Feb 21 09:57:25 devstack devstack@n-api.service[60205]: DEBUG nova.policy [None req-6a9b2aff-85da-4e98-9d24-f44cd4ed75fe tempest-ServersNegativeTestJSON-2112258295 tempest-ServersNegativeTestJSON-2112258295-project-member] Policy check for os_compute_api:os-extended-server-attributes failed with credentials {'is_admin': False, 'user_id': '99b5649bcdc74240b42fb79035724bdd', 'user_domain_id': 'default', 'system_scope': None, 'domain_id': None, 'project_id': '63df5fca51754323a89da86f20e3271a', 'project_domain_id': 'default', 'roles': ['member', 'reader'], 'is_admin_project': True, 'service_user_id': None, 'service_user_domain_id': None, 'service_project_id': None, 'service_project_domain_id': None, 'service_roles': []} {{(pid=60205) authorize /opt/stack/nova/nova/policy.py:192}}
Feb 21 09:57:25 devstack devstack@n-api.service[60205]: INFO nova.api.openstack.requestlog [None req-6a9b2aff-85da-4e98-9d24-f44cd4ed75fe tempest-ServersNegativeTestJSON-2112258295 tempest-ServersNegativeTestJSON-2112258295-project-member] 192.168.122.59 "GET /compute/v2.1/servers/2232b8a7-7beb-4754-b3c8-3d90de07bbac" status: 200 len: 1327 microversion: 2.1 time: 0.543883
Feb 21 09:57:25 devstack devstack@n-api.service[60205]: [pid: 60205|app: 0|req: 120/238] 192.168.122.59 () {62 vars in 1332 bytes} [Sat Feb 21 09:57:25 2026] GET /compute/v2.1/servers/2232b8a7-7beb-4754-b3c8-3d90de07bbac => generated 1327 bytes in 546 msecs (HTTP/1.1 200) 9 headers in 358 bytes (1 switches on core 0)
Feb 21 09:57:26 devstack devstack@n-api.service[60204]: DEBUG nova.api.openstack.wsgi [None req-f0e9a04e-ca9f-460e-96f9-8b559703536c tempest-ServersNegativeTestJSON-2112258295 tempest-ServersNegativeTestJSON-2112258295-project-member] Calling method '>' {{(pid=60204) _process_stack /opt/stack/nova/nova/api/openstack/wsgi.py:551}}
Feb 21 09:57:26 devstack devstack@n-api.service[60204]: DEBUG nova.compute.api [None req-f0e9a04e-ca9f-460e-96f9-8b559703536c tempest-ServersNegativeTestJSON-2112258295 tempest-ServersNegativeTestJSON-2112258295-project-member] [instance: 2232b8a7-7beb-4754-b3c8-3d90de07bbac] Fetching instance by UUID {{(pid=60204) get /opt/stack/nova/nova/compute/api.py:3048}}
Feb 21 09:57:26 devstack devstack@n-api.service[60204]: DEBUG oslo_concurrency.lockutils [None req-f0e9a04e-ca9f-460e-96f9-8b559703536c tempest-ServersNegativeTestJSON-2112258295 tempest-ServersNegativeTestJSON-2112258295-project-member] Acquiring lock "9695d19a-3647-4d75-aeca-0e0107eb40de" by "nova.context.set_target_cell..get_or_set_cached_cell_and_set_connections" {{(pid=60204) inner /opt/stack/data/venv/lib/python3.10/site-packages/oslo_concurrency/lockutils.py:506}}
Feb 21 09:57:26 devstack devstack@n-api.service[60204]: DEBUG oslo_concurrency.lockutils [None req-f0e9a04e-ca9f-460e-96f9-8b559703536c tempest-ServersNegativeTestJSON-2112258295 tempest-ServersNegativeTestJSON-2112258295-project-member] Lock "9695d19a-3647-4d75-aeca-0e0107eb40de" acquired by "nova.context.set_target_cell..get_or_set_cached_cell_and_set_connections" :: waited 0.002s {{(pid=60204) inner /opt/stack/data/venv/lib/python3.10/site-packages/oslo_concurrency/lockutils.py:519}}
Feb 21 09:57:26 devstack devstack@n-api.service[60204]: DEBUG oslo_concurrency.lockutils [None req-f0e9a04e-ca9f-460e-96f9-8b559703536c tempest-ServersNegativeTestJSON-2112258295 tempest-ServersNegativeTestJSON-2112258295-project-member] Lock "9695d19a-3647-4d75-aeca-0e0107eb40de" "released" by "nova.context.set_target_cell..get_or_set_cached_cell_and_set_connections" :: held 0.001s {{(pid=60204) inner /opt/stack/data/venv/lib/python3.10/site-packages/oslo_concurrency/lockutils.py:538}}
Feb 21 09:57:26 devstack devstack@n-api.service[60204]: DEBUG oslo_concurrency.lockutils [None req-f0e9a04e-ca9f-460e-96f9-8b559703536c tempest-ServersNegativeTestJSON-2112258295 tempest-ServersNegativeTestJSON-2112258295-project-member] Acquiring lock "9695d19a-3647-4d75-aeca-0e0107eb40de" by "nova.context.set_target_cell..get_or_set_cached_cell_and_set_connections" {{(pid=60204) inner /opt/stack/data/venv/lib/python3.10/site-packages/oslo_concurrency/lockutils.py:506}}
Feb 21 09:57:26 devstack devstack@n-api.service[60204]: DEBUG oslo_concurrency.lockutils [None req-f0e9a04e-ca9f-460e-96f9-8b559703536c tempest-ServersNegativeTestJSON-2112258295 tempest-ServersNegativeTestJSON-2112258295-project-member] Lock "9695d19a-3647-4d75-aeca-0e0107eb40de" acquired by "nova.context.set_target_cell..get_or_set_cached_cell_and_set_connections" :: waited 0.000s {{(pid=60204) inner /opt/stack/data/venv/lib/python3.10/site-packages/oslo_concurrency/lockutils.py:519}}
Feb 21 09:57:26 devstack devstack@n-api.service[60204]: DEBUG oslo_concurrency.lockutils [None req-f0e9a04e-ca9f-460e-96f9-8b559703536c tempest-ServersNegativeTestJSON-2112258295 tempest-ServersNegativeTestJSON-2112258295-project-member] Lock "9695d19a-3647-4d75-aeca-0e0107eb40de" "released" by "nova.context.set_target_cell..get_or_set_cached_cell_and_set_connections" :: held 0.001s {{(pid=60204) inner /opt/stack/data/venv/lib/python3.10/site-packages/oslo_concurrency/lockutils.py:538}}
Feb 21 09:57:26 devstack devstack@n-api.service[60204]: WARNING neutronclient.v2_0.client [None req-f0e9a04e-ca9f-460e-96f9-8b559703536c tempest-ServersNegativeTestJSON-2112258295 tempest-ServersNegativeTestJSON-2112258295-project-member] The python binding code in neutronclient is deprecated in favor of OpenstackSDK, please use that as this will be removed in a future release.
Feb 21 09:57:27 devstack devstack@n-api.service[60204]: DEBUG nova.policy [None req-f0e9a04e-ca9f-460e-96f9-8b559703536c tempest-ServersNegativeTestJSON-2112258295 tempest-ServersNegativeTestJSON-2112258295-project-member] Policy check for os_compute_api:os-extended-server-attributes failed with credentials {'is_admin': False, 'user_id': '99b5649bcdc74240b42fb79035724bdd', 'user_domain_id': 'default', 'system_scope': None, 'domain_id': None, 'project_id': '63df5fca51754323a89da86f20e3271a', 'project_domain_id': 'default', 'roles': ['member', 'reader'], 'is_admin_project': True, 'service_user_id': None, 'service_user_domain_id': None, 'service_project_id': None, 'service_project_domain_id': None, 'service_roles': []} {{(pid=60204) authorize /opt/stack/nova/nova/policy.py:192}}
Feb 21 09:57:27 devstack devstack@n-api.service[60204]: INFO nova.api.openstack.requestlog [None req-f0e9a04e-ca9f-460e-96f9-8b559703536c tempest-ServersNegativeTestJSON-2112258295 tempest-ServersNegativeTestJSON-2112258295-project-member] 192.168.122.59 "GET /compute/v2.1/servers/2232b8a7-7beb-4754-b3c8-3d90de07bbac" status: 200 len: 1327 microversion: 2.1 time: 0.284903
Feb 21 09:57:27 devstack devstack@n-api.service[60204]: [pid: 60204|app: 0|req: 119/239] 192.168.122.59 () {62 vars in 1332 bytes} [Sat Feb 21 09:57:26 2026] GET /compute/v2.1/servers/2232b8a7-7beb-4754-b3c8-3d90de07bbac => generated 1327 bytes in 286 msecs (HTTP/1.1 200) 9 headers in 358 bytes (1 switches on core 0)
Feb 21 09:57:28 devstack devstack@n-api.service[60204]: DEBUG nova.api.openstack.wsgi [None req-eedf976a-9e58-465e-b71f-764eea2db990 tempest-ServersNegativeTestJSON-2112258295 tempest-ServersNegativeTestJSON-2112258295-project-member] Calling method '>' {{(pid=60204) _process_stack /opt/stack/nova/nova/api/openstack/wsgi.py:551}}
Feb 21 09:57:28 devstack devstack@n-api.service[60204]: DEBUG nova.compute.api [None req-eedf976a-9e58-465e-b71f-764eea2db990 tempest-ServersNegativeTestJSON-2112258295 tempest-ServersNegativeTestJSON-2112258295-project-member] [instance: 2232b8a7-7beb-4754-b3c8-3d90de07bbac] Fetching instance by UUID {{(pid=60204) get /opt/stack/nova/nova/compute/api.py:3048}}
Feb 21 09:57:28 devstack devstack@n-api.service[60204]: DEBUG oslo_concurrency.lockutils [None req-eedf976a-9e58-465e-b71f-764eea2db990 tempest-ServersNegativeTestJSON-2112258295 tempest-ServersNegativeTestJSON-2112258295-project-member] Acquiring lock "9695d19a-3647-4d75-aeca-0e0107eb40de" by "nova.context.set_target_cell..get_or_set_cached_cell_and_set_connections" {{(pid=60204) inner /opt/stack/data/venv/lib/python3.10/site-packages/oslo_concurrency/lockutils.py:506}}
Feb 21 09:57:28 devstack devstack@n-api.service[60204]: DEBUG oslo_concurrency.lockutils [None req-eedf976a-9e58-465e-b71f-764eea2db990 tempest-ServersNegativeTestJSON-2112258295 tempest-ServersNegativeTestJSON-2112258295-project-member] Lock "9695d19a-3647-4d75-aeca-0e0107eb40de" acquired by "nova.context.set_target_cell..get_or_set_cached_cell_and_set_connections" :: waited 0.000s {{(pid=60204) inner /opt/stack/data/venv/lib/python3.10/site-packages/oslo_concurrency/lockutils.py:519}}
Feb 21 09:57:28 devstack devstack@n-api.service[60204]: DEBUG oslo_concurrency.lockutils [None req-eedf976a-9e58-465e-b71f-764eea2db990 tempest-ServersNegativeTestJSON-2112258295 tempest-ServersNegativeTestJSON-2112258295-project-member] Lock "9695d19a-3647-4d75-aeca-0e0107eb40de" "released" by "nova.context.set_target_cell..get_or_set_cached_cell_and_set_connections" :: held 0.000s {{(pid=60204) inner /opt/stack/data/venv/lib/python3.10/site-packages/oslo_concurrency/lockutils.py:538}}
Feb 21 09:57:28 devstack devstack@n-api.service[60204]: DEBUG oslo_concurrency.lockutils [None req-eedf976a-9e58-465e-b71f-764eea2db990 tempest-ServersNegativeTestJSON-2112258295 tempest-ServersNegativeTestJSON-2112258295-project-member] Acquiring lock "9695d19a-3647-4d75-aeca-0e0107eb40de" by "nova.context.set_target_cell..get_or_set_cached_cell_and_set_connections" {{(pid=60204) inner /opt/stack/data/venv/lib/python3.10/site-packages/oslo_concurrency/lockutils.py:506}}
Feb 21 09:57:28 devstack devstack@n-api.service[60204]: DEBUG oslo_concurrency.lockutils [None req-eedf976a-9e58-465e-b71f-764eea2db990 tempest-ServersNegativeTestJSON-2112258295 tempest-ServersNegativeTestJSON-2112258295-project-member] Lock "9695d19a-3647-4d75-aeca-0e0107eb40de" acquired by "nova.context.set_target_cell..get_or_set_cached_cell_and_set_connections" :: waited 0.000s {{(pid=60204) inner /opt/stack/data/venv/lib/python3.10/site-packages/oslo_concurrency/lockutils.py:519}}
Feb 21 09:57:28 devstack devstack@n-api.service[60204]: DEBUG oslo_concurrency.lockutils [None req-eedf976a-9e58-465e-b71f-764eea2db990 tempest-ServersNegativeTestJSON-2112258295 tempest-ServersNegativeTestJSON-2112258295-project-member] Lock "9695d19a-3647-4d75-aeca-0e0107eb40de" "released" by "nova.context.set_target_cell..get_or_set_cached_cell_and_set_connections" :: held 0.000s {{(pid=60204) inner /opt/stack/data/venv/lib/python3.10/site-packages/oslo_concurrency/lockutils.py:538}}
Feb 21 09:57:28 devstack devstack@n-api.service[60204]: WARNING neutronclient.v2_0.client [None req-eedf976a-9e58-465e-b71f-764eea2db990 tempest-ServersNegativeTestJSON-2112258295 tempest-ServersNegativeTestJSON-2112258295-project-member] The python binding code in neutronclient is deprecated in favor of OpenstackSDK, please use that as this will be removed in a future release.
Feb 21 09:57:28 devstack devstack@n-api.service[60205]: DEBUG nova.api.openstack.wsgi [None req-f09bd285-83b6-41cf-ac24-f8430811e76d tempest-VolumesGetTestJSON-2092756350 tempest-VolumesGetTestJSON-2092756350-project-member] Action: 'create', calling method: >, body: {"volume": {"size": 1, "display_name": "tempest-VolumesGetTestJSON-Volume-2139449428", "metadata": {"Type": "work"}}} {{(pid=60205) _process_stack /opt/stack/nova/nova/api/openstack/wsgi.py:549}}
Feb 21 09:57:28 devstack devstack@n-api.service[60204]: DEBUG nova.policy [None req-eedf976a-9e58-465e-b71f-764eea2db990 tempest-ServersNegativeTestJSON-2112258295 tempest-ServersNegativeTestJSON-2112258295-project-member] Policy check for os_compute_api:os-extended-server-attributes failed with credentials {'is_admin': False, 'user_id': '99b5649bcdc74240b42fb79035724bdd', 'user_domain_id': 'default', 'system_scope': None, 'domain_id': None, 'project_id': '63df5fca51754323a89da86f20e3271a', 'project_domain_id': 'default', 'roles': ['member', 'reader'], 'is_admin_project': True, 'service_user_id': None, 'service_user_domain_id': None, 'service_project_id': None, 'service_project_domain_id': None, 'service_roles': []} {{(pid=60204) authorize /opt/stack/nova/nova/policy.py:192}}
Feb 21 09:57:28 devstack devstack@n-api.service[60204]: INFO nova.api.openstack.requestlog [None req-eedf976a-9e58-465e-b71f-764eea2db990 tempest-ServersNegativeTestJSON-2112258295 tempest-ServersNegativeTestJSON-2112258295-project-member] 192.168.122.59 "GET /compute/v2.1/servers/2232b8a7-7beb-4754-b3c8-3d90de07bbac" status: 200 len: 1327 microversion: 2.1 time: 0.235476
Feb 21 09:57:28 devstack devstack@n-api.service[60204]: [pid: 60204|app: 0|req: 120/240] 192.168.122.59 () {62 vars in 1332 bytes} [Sat Feb 21 09:57:28 2026] GET /compute/v2.1/servers/2232b8a7-7beb-4754-b3c8-3d90de07bbac => generated 1327 bytes in 247 msecs (HTTP/1.1 200) 9 headers in 358 bytes (1 switches on core 0)
Feb 21 09:57:28 devstack devstack@n-api.service[60205]: INFO nova.api.openstack.requestlog [None req-f09bd285-83b6-41cf-ac24-f8430811e76d tempest-VolumesGetTestJSON-2092756350 tempest-VolumesGetTestJSON-2092756350-project-member] 192.168.122.59 "POST /compute/v2.1/os-volumes" status: 200 len: 351 microversion: 2.1 time: 0.464563
Feb 21 09:57:28 devstack devstack@n-api.service[60205]: [pid: 60205|app: 0|req: 121/241] 192.168.122.59 () {64 vars in 1252 bytes} [Sat Feb 21 09:57:27 2026] POST /compute/v2.1/os-volumes => generated 351 bytes in 466 msecs (HTTP/1.1 200) 10 headers in 451 bytes (1 switches on core 0)
Feb 21 09:57:28 devstack devstack@n-api.service[60204]: DEBUG nova.api.openstack.wsgi [None req-5ecd22e6-6772-495c-95a9-33ccb79b1aff tempest-VolumesGetTestJSON-2092756350 tempest-VolumesGetTestJSON-2092756350-project-member] Calling method '>' {{(pid=60204) _process_stack /opt/stack/nova/nova/api/openstack/wsgi.py:551}}
Feb 21 09:57:28 devstack devstack@n-api.service[60204]: INFO nova.api.openstack.requestlog [None req-5ecd22e6-6772-495c-95a9-33ccb79b1aff tempest-VolumesGetTestJSON-2092756350 tempest-VolumesGetTestJSON-2092756350-project-member] 192.168.122.59 "GET /compute/v2.1/os-volumes/45d5679e-a6c6-4bef-a056-18e746a6bb41" status: 200 len: 351 microversion: 2.1 time: 0.130900
Feb 21 09:57:28 devstack devstack@n-api.service[60204]: [pid: 60204|app: 0|req: 121/242] 192.168.122.59 () {62 vars in 1341 bytes} [Sat Feb 21 09:57:28 2026] GET /compute/v2.1/os-volumes/45d5679e-a6c6-4bef-a056-18e746a6bb41 => generated 351 bytes in 139 msecs (HTTP/1.1 200) 9 headers in 357 bytes (1 switches on core 0)
Feb 21 09:57:28 devstack devstack@n-api.service[60205]: DEBUG nova.api.openstack.wsgi [req-8a474b10-49d2-456d-8b01-d4bdeeb627c9 req-380d96dc-a86c-48ba-a3b4-89c9ca6bf8cf service nova] Action: 'create', calling method: >, body: {"events": [{"server_uuid": "2232b8a7-7beb-4754-b3c8-3d90de07bbac", "name": "network-vif-plugged", "status": "completed", "tag": "d092726d-98ca-48a8-bdae-e1c5addd6599"}]} {{(pid=60205) _process_stack /opt/stack/nova/nova/api/openstack/wsgi.py:549}}
Feb 21 09:57:28 devstack devstack@n-api.service[60205]: DEBUG oslo_concurrency.lockutils [req-8a474b10-49d2-456d-8b01-d4bdeeb627c9 req-380d96dc-a86c-48ba-a3b4-89c9ca6bf8cf service nova] Acquiring lock "9695d19a-3647-4d75-aeca-0e0107eb40de" by "nova.context.set_target_cell..get_or_set_cached_cell_and_set_connections" {{(pid=60205) inner /opt/stack/data/venv/lib/python3.10/site-packages/oslo_concurrency/lockutils.py:506}}
Feb 21 09:57:28 devstack devstack@n-api.service[60205]: DEBUG oslo_concurrency.lockutils [req-8a474b10-49d2-456d-8b01-d4bdeeb627c9 req-380d96dc-a86c-48ba-a3b4-89c9ca6bf8cf service nova] Lock "9695d19a-3647-4d75-aeca-0e0107eb40de" acquired by "nova.context.set_target_cell..get_or_set_cached_cell_and_set_connections" :: waited 0.001s {{(pid=60205) inner /opt/stack/data/venv/lib/python3.10/site-packages/oslo_concurrency/lockutils.py:519}}
Feb 21 09:57:28 devstack devstack@n-api.service[60205]: DEBUG oslo_concurrency.lockutils [req-8a474b10-49d2-456d-8b01-d4bdeeb627c9 req-380d96dc-a86c-48ba-a3b4-89c9ca6bf8cf service nova] Lock "9695d19a-3647-4d75-aeca-0e0107eb40de" "released" by "nova.context.set_target_cell..get_or_set_cached_cell_and_set_connections" :: held 0.000s {{(pid=60205) inner /opt/stack/data/venv/lib/python3.10/site-packages/oslo_concurrency/lockutils.py:538}}
Feb 21 09:57:28 devstack devstack@n-api.service[60205]: INFO nova.api.openstack.compute.server_external_events [req-8a474b10-49d2-456d-8b01-d4bdeeb627c9 req-380d96dc-a86c-48ba-a3b4-89c9ca6bf8cf service nova] Creating event network-vif-plugged:d092726d-98ca-48a8-bdae-e1c5addd6599 for instance 2232b8a7-7beb-4754-b3c8-3d90de07bbac on devstack
Feb 21 09:57:28 devstack devstack@n-api.service[60205]: INFO nova.api.openstack.requestlog [req-8a474b10-49d2-456d-8b01-d4bdeeb627c9 req-380d96dc-a86c-48ba-a3b4-89c9ca6bf8cf service nova] 192.168.122.59 "POST /compute/v2.1/os-server-external-events" status: 200 len: 183 microversion: 2.1 time: 0.042428
Feb 21 09:57:28 devstack devstack@n-api.service[60205]: [pid: 60205|app: 0|req: 122/243] 192.168.122.59 () {68 vars in 1413 bytes} [Sat Feb 21 09:57:28 2026] POST /compute/v2.1/os-server-external-events => generated 183 bytes in 49 msecs (HTTP/1.1 200) 9 headers in 357 bytes (1 switches on core 0)
Feb 21 09:57:29 devstack devstack@n-api.service[60204]: DEBUG nova.api.openstack.wsgi [None req-bd46d318-2ea6-497f-9da0-8f156adbc35c tempest-ServersNegativeTestJSON-2112258295 tempest-ServersNegativeTestJSON-2112258295-project-member] Calling method '>' {{(pid=60204) _process_stack /opt/stack/nova/nova/api/openstack/wsgi.py:551}}
Feb 21 09:57:29 devstack devstack@n-api.service[60204]: DEBUG nova.compute.api [None req-bd46d318-2ea6-497f-9da0-8f156adbc35c tempest-ServersNegativeTestJSON-2112258295 tempest-ServersNegativeTestJSON-2112258295-project-member] [instance: 2232b8a7-7beb-4754-b3c8-3d90de07bbac] Fetching instance by UUID {{(pid=60204) get /opt/stack/nova/nova/compute/api.py:3048}}
Feb 21 09:57:29 devstack devstack@n-api.service[60204]: DEBUG oslo_concurrency.lockutils [None req-bd46d318-2ea6-497f-9da0-8f156adbc35c tempest-ServersNegativeTestJSON-2112258295 tempest-ServersNegativeTestJSON-2112258295-project-member] Acquiring lock "9695d19a-3647-4d75-aeca-0e0107eb40de" by "nova.context.set_target_cell..get_or_set_cached_cell_and_set_connections" {{(pid=60204) inner /opt/stack/data/venv/lib/python3.10/site-packages/oslo_concurrency/lockutils.py:506}}
Feb 21 09:57:29 devstack devstack@n-api.service[60204]: DEBUG oslo_concurrency.lockutils [None req-bd46d318-2ea6-497f-9da0-8f156adbc35c tempest-ServersNegativeTestJSON-2112258295 tempest-ServersNegativeTestJSON-2112258295-project-member] Lock "9695d19a-3647-4d75-aeca-0e0107eb40de" acquired by "nova.context.set_target_cell..get_or_set_cached_cell_and_set_connections" :: waited 0.001s {{(pid=60204) inner /opt/stack/data/venv/lib/python3.10/site-packages/oslo_concurrency/lockutils.py:519}}
Feb 21 09:57:29 devstack devstack@n-api.service[60204]: DEBUG oslo_concurrency.lockutils [None req-bd46d318-2ea6-497f-9da0-8f156adbc35c tempest-ServersNegativeTestJSON-2112258295 tempest-ServersNegativeTestJSON-2112258295-project-member] Lock "9695d19a-3647-4d75-aeca-0e0107eb40de" "released" by "nova.context.set_target_cell..get_or_set_cached_cell_and_set_connections" :: held 0.000s {{(pid=60204) inner /opt/stack/data/venv/lib/python3.10/site-packages/oslo_concurrency/lockutils.py:538}}
Feb 21 09:57:29 devstack devstack@n-api.service[60204]: DEBUG oslo_concurrency.lockutils [None req-bd46d318-2ea6-497f-9da0-8f156adbc35c tempest-ServersNegativeTestJSON-2112258295 tempest-ServersNegativeTestJSON-2112258295-project-member] Acquiring lock "9695d19a-3647-4d75-aeca-0e0107eb40de" by "nova.context.set_target_cell..get_or_set_cached_cell_and_set_connections" {{(pid=60204) inner /opt/stack/data/venv/lib/python3.10/site-packages/oslo_concurrency/lockutils.py:506}}
Feb 21 09:57:29 devstack devstack@n-api.service[60204]: DEBUG oslo_concurrency.lockutils [None req-bd46d318-2ea6-497f-9da0-8f156adbc35c tempest-ServersNegativeTestJSON-2112258295 tempest-ServersNegativeTestJSON-2112258295-project-member] Lock "9695d19a-3647-4d75-aeca-0e0107eb40de" acquired by "nova.context.set_target_cell..get_or_set_cached_cell_and_set_connections" :: waited 0.000s {{(pid=60204) inner /opt/stack/data/venv/lib/python3.10/site-packages/oslo_concurrency/lockutils.py:519}}
Feb 21 09:57:29 devstack devstack@n-api.service[60204]: DEBUG oslo_concurrency.lockutils [None req-bd46d318-2ea6-497f-9da0-8f156adbc35c tempest-ServersNegativeTestJSON-2112258295 tempest-ServersNegativeTestJSON-2112258295-project-member] Lock "9695d19a-3647-4d75-aeca-0e0107eb40de" "released" by "nova.context.set_target_cell..get_or_set_cached_cell_and_set_connections" :: held 0.000s {{(pid=60204) inner /opt/stack/data/venv/lib/python3.10/site-packages/oslo_concurrency/lockutils.py:538}}
Feb 21 09:57:29 devstack devstack@n-api.service[60204]: WARNING neutronclient.v2_0.client [None req-bd46d318-2ea6-497f-9da0-8f156adbc35c tempest-ServersNegativeTestJSON-2112258295 tempest-ServersNegativeTestJSON-2112258295-project-member] The python binding code in neutronclient is deprecated in favor of OpenstackSDK, please use that as this will be removed in a future release.
Feb 21 09:57:29 devstack devstack@n-api.service[60205]: DEBUG nova.api.openstack.wsgi [None req-3b4577da-8cb9-4498-8ce4-b742c24f1425 tempest-VolumesGetTestJSON-2092756350 tempest-VolumesGetTestJSON-2092756350-project-member] Calling method '>' {{(pid=60205) _process_stack /opt/stack/nova/nova/api/openstack/wsgi.py:551}}
Feb 21 09:57:29 devstack devstack@n-api.service[60204]: DEBUG nova.policy [None req-bd46d318-2ea6-497f-9da0-8f156adbc35c tempest-ServersNegativeTestJSON-2112258295 tempest-ServersNegativeTestJSON-2112258295-project-member] Policy check for os_compute_api:os-extended-server-attributes failed with credentials {'is_admin': False, 'user_id': '99b5649bcdc74240b42fb79035724bdd', 'user_domain_id': 'default', 'system_scope': None, 'domain_id': None, 'project_id': '63df5fca51754323a89da86f20e3271a', 'project_domain_id': 'default', 'roles': ['member', 'reader'], 'is_admin_project': True, 'service_user_id': None, 'service_user_domain_id': None, 'service_project_id': None, 'service_project_domain_id': None, 'service_roles': []} {{(pid=60204) authorize /opt/stack/nova/nova/policy.py:192}}
Feb 21 09:57:29 devstack devstack@n-api.service[60204]: INFO nova.api.openstack.requestlog [None req-bd46d318-2ea6-497f-9da0-8f156adbc35c tempest-ServersNegativeTestJSON-2112258295 tempest-ServersNegativeTestJSON-2112258295-project-member] 192.168.122.59 "GET /compute/v2.1/servers/2232b8a7-7beb-4754-b3c8-3d90de07bbac" status: 200 len: 1327 microversion: 2.1 time: 0.346425
Feb 21 09:57:29 devstack devstack@n-api.service[60204]: [pid: 60204|app: 0|req: 122/244] 192.168.122.59 () {62 vars in 1332 bytes} [Sat Feb 21 09:57:29 2026] GET /compute/v2.1/servers/2232b8a7-7beb-4754-b3c8-3d90de07bbac => generated 1327 bytes in 348 msecs (HTTP/1.1 200) 9 headers in 358 bytes (1 switches on core 0)
Feb 21 09:57:29 devstack devstack@n-api.service[60205]: INFO nova.api.openstack.requestlog [None req-3b4577da-8cb9-4498-8ce4-b742c24f1425 tempest-VolumesGetTestJSON-2092756350 tempest-VolumesGetTestJSON-2092756350-project-member] 192.168.122.59 "GET /compute/v2.1/os-volumes/45d5679e-a6c6-4bef-a056-18e746a6bb41" status: 200 len: 351 microversion: 2.1 time: 0.124438
Feb 21 09:57:29 devstack devstack@n-api.service[60205]: [pid: 60205|app: 0|req: 123/245] 192.168.122.59 () {62 vars in 1341 bytes} [Sat Feb 21 09:57:29 2026] GET /compute/v2.1/os-volumes/45d5679e-a6c6-4bef-a056-18e746a6bb41 => generated 351 bytes in 126 msecs (HTTP/1.1 200) 9 headers in 357 bytes (1 switches on core 0)
Feb 21 09:57:30 devstack devstack@n-api.service[60204]: DEBUG nova.api.openstack.wsgi [None req-9aaac4a6-5004-4577-bbc6-53f46f09c272 tempest-ServersNegativeTestJSON-2112258295 tempest-ServersNegativeTestJSON-2112258295-project-member] Calling method '>' {{(pid=60204) _process_stack /opt/stack/nova/nova/api/openstack/wsgi.py:551}}
Feb 21 09:57:30 devstack devstack@n-api.service[60204]: DEBUG nova.compute.api [None req-9aaac4a6-5004-4577-bbc6-53f46f09c272 tempest-ServersNegativeTestJSON-2112258295 tempest-ServersNegativeTestJSON-2112258295-project-member] [instance: 2232b8a7-7beb-4754-b3c8-3d90de07bbac] Fetching instance by UUID {{(pid=60204) get /opt/stack/nova/nova/compute/api.py:3048}}
Feb 21 09:57:30 devstack devstack@n-api.service[60204]: DEBUG oslo_concurrency.lockutils [None req-9aaac4a6-5004-4577-bbc6-53f46f09c272 tempest-ServersNegativeTestJSON-2112258295 tempest-ServersNegativeTestJSON-2112258295-project-member] Acquiring lock "9695d19a-3647-4d75-aeca-0e0107eb40de" by "nova.context.set_target_cell..get_or_set_cached_cell_and_set_connections" {{(pid=60204) inner /opt/stack/data/venv/lib/python3.10/site-packages/oslo_concurrency/lockutils.py:506}}
Feb 21 09:57:30 devstack devstack@n-api.service[60204]: DEBUG oslo_concurrency.lockutils [None req-9aaac4a6-5004-4577-bbc6-53f46f09c272 tempest-ServersNegativeTestJSON-2112258295 tempest-ServersNegativeTestJSON-2112258295-project-member] Lock "9695d19a-3647-4d75-aeca-0e0107eb40de" acquired by "nova.context.set_target_cell..get_or_set_cached_cell_and_set_connections" :: waited 0.001s {{(pid=60204) inner /opt/stack/data/venv/lib/python3.10/site-packages/oslo_concurrency/lockutils.py:519}}
Feb 21 09:57:30 devstack devstack@n-api.service[60204]: DEBUG oslo_concurrency.lockutils [None req-9aaac4a6-5004-4577-bbc6-53f46f09c272 tempest-ServersNegativeTestJSON-2112258295 tempest-ServersNegativeTestJSON-2112258295-project-member] Lock "9695d19a-3647-4d75-aeca-0e0107eb40de" "released" by "nova.context.set_target_cell..get_or_set_cached_cell_and_set_connections" :: held 0.001s {{(pid=60204) inner /opt/stack/data/venv/lib/python3.10/site-packages/oslo_concurrency/lockutils.py:538}}
Feb 21 09:57:30 devstack devstack@n-api.service[60204]: DEBUG oslo_concurrency.lockutils [None req-9aaac4a6-5004-4577-bbc6-53f46f09c272 tempest-ServersNegativeTestJSON-2112258295 tempest-ServersNegativeTestJSON-2112258295-project-member] Acquiring lock "9695d19a-3647-4d75-aeca-0e0107eb40de" by "nova.context.set_target_cell..get_or_set_cached_cell_and_set_connections" {{(pid=60204) inner /opt/stack/data/venv/lib/python3.10/site-packages/oslo_concurrency/lockutils.py:506}}
Feb 21 09:57:30 devstack devstack@n-api.service[60204]: DEBUG oslo_concurrency.lockutils [None req-9aaac4a6-5004-4577-bbc6-53f46f09c272 tempest-ServersNegativeTestJSON-2112258295 tempest-ServersNegativeTestJSON-2112258295-project-member] Lock "9695d19a-3647-4d75-aeca-0e0107eb40de" acquired by "nova.context.set_target_cell..get_or_set_cached_cell_and_set_connections" :: waited 0.001s {{(pid=60204) inner /opt/stack/data/venv/lib/python3.10/site-packages/oslo_concurrency/lockutils.py:519}}
Feb 21 09:57:30 devstack devstack@n-api.service[60204]: DEBUG oslo_concurrency.lockutils [None req-9aaac4a6-5004-4577-bbc6-53f46f09c272 tempest-ServersNegativeTestJSON-2112258295 tempest-ServersNegativeTestJSON-2112258295-project-member] Lock "9695d19a-3647-4d75-aeca-0e0107eb40de" "released" by "nova.context.set_target_cell..get_or_set_cached_cell_and_set_connections" :: held 0.002s {{(pid=60204) inner /opt/stack/data/venv/lib/python3.10/site-packages/oslo_concurrency/lockutils.py:538}}
Feb 21 09:57:30 devstack devstack@n-api.service[60205]: DEBUG nova.api.openstack.wsgi [None req-461a203b-e1ae-4cd9-a962-ac1ac69a91f4 tempest-VolumesGetTestJSON-2092756350 tempest-VolumesGetTestJSON-2092756350-project-member] Calling method '>' {{(pid=60205) _process_stack /opt/stack/nova/nova/api/openstack/wsgi.py:551}}
Feb 21 09:57:30 devstack devstack@n-api.service[60204]: WARNING neutronclient.v2_0.client [None req-9aaac4a6-5004-4577-bbc6-53f46f09c272 tempest-ServersNegativeTestJSON-2112258295 tempest-ServersNegativeTestJSON-2112258295-project-member] The python binding code in neutronclient is deprecated in favor of OpenstackSDK, please use that as this will be removed in a future release.
Feb 21 09:57:30 devstack devstack@n-api.service[60205]: INFO nova.api.openstack.requestlog [None req-461a203b-e1ae-4cd9-a962-ac1ac69a91f4 tempest-VolumesGetTestJSON-2092756350 tempest-VolumesGetTestJSON-2092756350-project-member] 192.168.122.59 "GET /compute/v2.1/os-volumes/45d5679e-a6c6-4bef-a056-18e746a6bb41" status: 200 len: 352 microversion: 2.1 time: 0.052262
Feb 21 09:57:30 devstack devstack@n-api.service[60205]: [pid: 60205|app: 0|req: 124/246] 192.168.122.59 () {62 vars in 1341 bytes} [Sat Feb 21 09:57:30 2026] GET /compute/v2.1/os-volumes/45d5679e-a6c6-4bef-a056-18e746a6bb41 => generated 352 bytes in 54 msecs (HTTP/1.1 200) 9 headers in 357 bytes (1 switches on core 0)
Feb 21 09:57:30 devstack devstack@n-api.service[60205]: DEBUG nova.api.openstack.wsgi [None req-7035c655-3083-4a33-8a91-488d69ff5efd tempest-VolumesGetTestJSON-2092756350 tempest-VolumesGetTestJSON-2092756350-project-member] Calling method '>' {{(pid=60205) _process_stack /opt/stack/nova/nova/api/openstack/wsgi.py:551}}
Feb 21 09:57:30 devstack devstack@n-api.service[60205]: INFO nova.api.openstack.requestlog [None req-7035c655-3083-4a33-8a91-488d69ff5efd tempest-VolumesGetTestJSON-2092756350 tempest-VolumesGetTestJSON-2092756350-project-member] 192.168.122.59 "GET /compute/v2.1/os-volumes/45d5679e-a6c6-4bef-a056-18e746a6bb41" status: 200 len: 352 microversion: 2.1 time: 0.047605
Feb 21 09:57:30 devstack devstack@n-api.service[60205]: [pid: 60205|app: 0|req: 125/247] 192.168.122.59 () {62 vars in 1341 bytes} [Sat Feb 21 09:57:30 2026] GET /compute/v2.1/os-volumes/45d5679e-a6c6-4bef-a056-18e746a6bb41 => generated 352 bytes in 49 msecs (HTTP/1.1 200) 9 headers in 357 bytes (1 switches on core 0)
Feb 21 09:57:30 devstack devstack@n-api.service[60205]: DEBUG nova.api.openstack.wsgi [None req-63a16ef9-1ca6-4c40-ad90-ad3cb81b7a59 tempest-VolumesGetTestJSON-2092756350 tempest-VolumesGetTestJSON-2092756350-project-member] Calling method '>' {{(pid=60205) _process_stack /opt/stack/nova/nova/api/openstack/wsgi.py:551}}
Feb 21 09:57:30 devstack devstack@n-api.service[60205]: INFO nova.api.openstack.requestlog [None req-63a16ef9-1ca6-4c40-ad90-ad3cb81b7a59 tempest-VolumesGetTestJSON-2092756350 tempest-VolumesGetTestJSON-2092756350-project-member] 192.168.122.59 "DELETE /compute/v2.1/os-volumes/45d5679e-a6c6-4bef-a056-18e746a6bb41" status: 202 len: 0 microversion: 2.1 time: 0.093548
Feb 21 09:57:30 devstack devstack@n-api.service[60205]: [pid: 60205|app: 0|req: 126/248] 192.168.122.59 () {62 vars in 1344 bytes} [Sat Feb 21 09:57:30 2026] DELETE /compute/v2.1/os-volumes/45d5679e-a6c6-4bef-a056-18e746a6bb41 => generated 0 bytes in 97 msecs (HTTP/1.1 202) 9 headers in 361 bytes (1 switches on core 0)
Feb 21 09:57:30 devstack devstack@n-api.service[60205]: DEBUG nova.api.openstack.wsgi [None req-5ecd76ae-4877-4096-9f6a-a34e6fe47feb tempest-VolumesGetTestJSON-2092756350 tempest-VolumesGetTestJSON-2092756350-project-member] Calling method '>' {{(pid=60205) _process_stack /opt/stack/nova/nova/api/openstack/wsgi.py:551}}
Feb 21 09:57:31 devstack devstack@n-api.service[60205]: INFO nova.api.openstack.requestlog [None req-5ecd76ae-4877-4096-9f6a-a34e6fe47feb tempest-VolumesGetTestJSON-2092756350 tempest-VolumesGetTestJSON-2092756350-project-member] 192.168.122.59 "GET /compute/v2.1/os-volumes/45d5679e-a6c6-4bef-a056-18e746a6bb41" status: 200 len: 351 microversion: 2.1 time: 0.092023
Feb 21 09:57:31 devstack devstack@n-api.service[60205]: [pid: 60205|app: 0|req: 127/249] 192.168.122.59 () {62 vars in 1341 bytes} [Sat Feb 21 09:57:30 2026] GET /compute/v2.1/os-volumes/45d5679e-a6c6-4bef-a056-18e746a6bb41 => generated 351 bytes in 94 msecs (HTTP/1.1 200) 9 headers in 357 bytes (1 switches on core 0)
Feb 21 09:57:31 devstack devstack@n-api.service[60205]: DEBUG nova.api.openstack.wsgi [req-eaaa7c18-07cb-4fd2-8a22-b5b04ddfb285 req-235f5d7e-d9e2-4b13-a389-ae63e537b18b service nova] Action: 'create', calling method: >, body: {"events": [{"server_uuid": "2232b8a7-7beb-4754-b3c8-3d90de07bbac", "name": "network-vif-plugged", "status": "completed", "tag": "d092726d-98ca-48a8-bdae-e1c5addd6599"}]} {{(pid=60205) _process_stack /opt/stack/nova/nova/api/openstack/wsgi.py:549}}
Feb 21 09:57:31 devstack devstack@n-api.service[60205]: DEBUG dbcounter [-] [60205] Writing DB stats nova_api:SELECT=55,nova_api:UPDATE=1 {{(pid=60205) stat_writer /opt/stack/data/venv/lib/python3.10/site-packages/dbcounter.py:115}}
Feb 21 09:57:31 devstack devstack@n-api.service[60205]: DEBUG oslo_concurrency.lockutils [req-eaaa7c18-07cb-4fd2-8a22-b5b04ddfb285 req-235f5d7e-d9e2-4b13-a389-ae63e537b18b service nova] Acquiring lock "9695d19a-3647-4d75-aeca-0e0107eb40de" by "nova.context.set_target_cell..get_or_set_cached_cell_and_set_connections" {{(pid=60205) inner /opt/stack/data/venv/lib/python3.10/site-packages/oslo_concurrency/lockutils.py:506}}
Feb 21 09:57:31 devstack devstack@n-api.service[60205]: DEBUG oslo_concurrency.lockutils [req-eaaa7c18-07cb-4fd2-8a22-b5b04ddfb285 req-235f5d7e-d9e2-4b13-a389-ae63e537b18b service nova] Lock "9695d19a-3647-4d75-aeca-0e0107eb40de" acquired by "nova.context.set_target_cell..get_or_set_cached_cell_and_set_connections" :: waited 0.000s {{(pid=60205) inner /opt/stack/data/venv/lib/python3.10/site-packages/oslo_concurrency/lockutils.py:519}}
Feb 21 09:57:31 devstack devstack@n-api.service[60205]: DEBUG oslo_concurrency.lockutils [req-eaaa7c18-07cb-4fd2-8a22-b5b04ddfb285 req-235f5d7e-d9e2-4b13-a389-ae63e537b18b service nova] Lock "9695d19a-3647-4d75-aeca-0e0107eb40de" "released" by "nova.context.set_target_cell..get_or_set_cached_cell_and_set_connections" :: held 0.000s {{(pid=60205) inner /opt/stack/data/venv/lib/python3.10/site-packages/oslo_concurrency/lockutils.py:538}}
Feb 21 09:57:31 devstack devstack@n-api.service[60204]: DEBUG nova.policy [None req-9aaac4a6-5004-4577-bbc6-53f46f09c272 tempest-ServersNegativeTestJSON-2112258295 tempest-ServersNegativeTestJSON-2112258295-project-member] Policy check for os_compute_api:os-extended-server-attributes failed with credentials {'is_admin': False, 'user_id': '99b5649bcdc74240b42fb79035724bdd', 'user_domain_id': 'default', 'system_scope': None, 'domain_id': None, 'project_id': '63df5fca51754323a89da86f20e3271a', 'project_domain_id': 'default', 'roles': ['member', 'reader'], 'is_admin_project': True, 'service_user_id': None, 'service_user_domain_id': None, 'service_project_id': None, 'service_project_domain_id': None, 'service_roles': []} {{(pid=60204) authorize /opt/stack/nova/nova/policy.py:192}}
Feb 21 09:57:31 devstack devstack@n-api.service[60204]: INFO nova.api.openstack.requestlog [None req-9aaac4a6-5004-4577-bbc6-53f46f09c272 tempest-ServersNegativeTestJSON-2112258295 tempest-ServersNegativeTestJSON-2112258295-project-member] 192.168.122.59 "GET /compute/v2.1/servers/2232b8a7-7beb-4754-b3c8-3d90de07bbac" status: 200 len: 1509 microversion: 2.1 time: 0.427029
Feb 21 09:57:31 devstack devstack@n-api.service[60205]: INFO nova.api.openstack.compute.server_external_events [req-eaaa7c18-07cb-4fd2-8a22-b5b04ddfb285 req-235f5d7e-d9e2-4b13-a389-ae63e537b18b service nova] Creating event network-vif-plugged:d092726d-98ca-48a8-bdae-e1c5addd6599 for instance 2232b8a7-7beb-4754-b3c8-3d90de07bbac on devstack
Feb 21 09:57:31 devstack devstack@n-api.service[60204]: [pid: 60204|app: 0|req: 123/250] 192.168.122.59 () {62 vars in 1332 bytes} [Sat Feb 21 09:57:30 2026] GET /compute/v2.1/servers/2232b8a7-7beb-4754-b3c8-3d90de07bbac => generated 1509 bytes in 428 msecs (HTTP/1.1 200) 9 headers in 358 bytes (1 switches on core 0)
Feb 21 09:57:31 devstack devstack@n-api.service[60205]: INFO nova.api.openstack.requestlog [req-eaaa7c18-07cb-4fd2-8a22-b5b04ddfb285 req-235f5d7e-d9e2-4b13-a389-ae63e537b18b service nova] 192.168.122.59 "POST /compute/v2.1/os-server-external-events" status: 200 len: 183 microversion: 2.1 time: 0.069404
Feb 21 09:57:31 devstack devstack@n-api.service[60205]: [pid: 60205|app: 0|req: 128/251] 192.168.122.59 () {68 vars in 1413 bytes} [Sat Feb 21 09:57:31 2026] POST /compute/v2.1/os-server-external-events => generated 183 bytes in 70 msecs (HTTP/1.1 200) 9 headers in 357 bytes (1 switches on core 0)
Feb 21 09:57:31 devstack devstack@n-api.service[60204]: DEBUG nova.api.openstack.wsgi [None req-3f9d1fec-5371-4803-8a94-cd82015c67f3 tempest-ServersNegativeTestJSON-2112258295 tempest-ServersNegativeTestJSON-2112258295-project-member] Action: 'create', calling method: >, body: {"server": {"name": "tempest-ServersNegativeTestJSON-server-1609256758", "imageRef": "7a1c5c54-f60c-4cc5-ada1-54909250b4ef", "flavorRef": "42", "networks": [{"uuid": "2c16e6bc-e0cc-4e16-8793-95060339d69a"}]}} {{(pid=60204) _process_stack /opt/stack/nova/nova/api/openstack/wsgi.py:549}}
Feb 21 09:57:31 devstack devstack@n-api.service[60204]: DEBUG dbcounter [-] [60204] Writing DB stats nova_api:SELECT=71,nova_api:UPDATE=3,nova_api:INSERT=3 {{(pid=60204) stat_writer /opt/stack/data/venv/lib/python3.10/site-packages/dbcounter.py:115}}
Feb 21 09:57:31 devstack devstack@n-api.service[60204]: DEBUG oslo_concurrency.lockutils [None req-3f9d1fec-5371-4803-8a94-cd82015c67f3 tempest-ServersNegativeTestJSON-2112258295 tempest-ServersNegativeTestJSON-2112258295-project-member] Acquiring lock "00000000-0000-0000-0000-000000000000" by "nova.context.set_target_cell..get_or_set_cached_cell_and_set_connections" {{(pid=60204) inner /opt/stack/data/venv/lib/python3.10/site-packages/oslo_concurrency/lockutils.py:506}}
Feb 21 09:57:31 devstack devstack@n-api.service[60204]: DEBUG oslo_concurrency.lockutils [None req-3f9d1fec-5371-4803-8a94-cd82015c67f3 tempest-ServersNegativeTestJSON-2112258295 tempest-ServersNegativeTestJSON-2112258295-project-member] Lock "00000000-0000-0000-0000-000000000000" acquired by "nova.context.set_target_cell..get_or_set_cached_cell_and_set_connections" :: waited 0.001s {{(pid=60204) inner /opt/stack/data/venv/lib/python3.10/site-packages/oslo_concurrency/lockutils.py:519}}
Feb 21 09:57:31 devstack devstack@n-api.service[60204]: DEBUG oslo_concurrency.lockutils [None req-3f9d1fec-5371-4803-8a94-cd82015c67f3 tempest-ServersNegativeTestJSON-2112258295 tempest-ServersNegativeTestJSON-2112258295-project-member] Lock "00000000-0000-0000-0000-000000000000" "released" by "nova.context.set_target_cell..get_or_set_cached_cell_and_set_connections" :: held 0.000s {{(pid=60204) inner /opt/stack/data/venv/lib/python3.10/site-packages/oslo_concurrency/lockutils.py:538}}
Feb 21 09:57:31 devstack devstack@n-api.service[60204]: DEBUG oslo_concurrency.lockutils [None req-3f9d1fec-5371-4803-8a94-cd82015c67f3 tempest-ServersNegativeTestJSON-2112258295 tempest-ServersNegativeTestJSON-2112258295-project-member] Acquiring lock "9695d19a-3647-4d75-aeca-0e0107eb40de" by "nova.context.set_target_cell..get_or_set_cached_cell_and_set_connections" {{(pid=60204) inner /opt/stack/data/venv/lib/python3.10/site-packages/oslo_concurrency/lockutils.py:506}}
Feb 21 09:57:31 devstack devstack@n-api.service[60204]: DEBUG oslo_concurrency.lockutils [None req-3f9d1fec-5371-4803-8a94-cd82015c67f3 tempest-ServersNegativeTestJSON-2112258295 tempest-ServersNegativeTestJSON-2112258295-project-member] Lock "9695d19a-3647-4d75-aeca-0e0107eb40de" acquired by "nova.context.set_target_cell..get_or_set_cached_cell_and_set_connections" :: waited 0.000s {{(pid=60204) inner /opt/stack/data/venv/lib/python3.10/site-packages/oslo_concurrency/lockutils.py:519}}
Feb 21 09:57:31 devstack devstack@n-api.service[60204]: DEBUG oslo_concurrency.lockutils [None req-3f9d1fec-5371-4803-8a94-cd82015c67f3 tempest-ServersNegativeTestJSON-2112258295 tempest-ServersNegativeTestJSON-2112258295-project-member] Lock "9695d19a-3647-4d75-aeca-0e0107eb40de" "released" by "nova.context.set_target_cell..get_or_set_cached_cell_and_set_connections" :: held 0.000s {{(pid=60204) inner /opt/stack/data/venv/lib/python3.10/site-packages/oslo_concurrency/lockutils.py:538}}
Feb 21 09:57:31 devstack devstack@n-api.service[60204]: DEBUG nova.network.neutron [None req-3f9d1fec-5371-4803-8a94-cd82015c67f3 tempest-ServersNegativeTestJSON-2112258295 tempest-ServersNegativeTestJSON-2112258295-project-member] validate_networks() for [('2c16e6bc-e0cc-4e16-8793-95060339d69a', None, None, None, None, None)] {{(pid=60204) validate_networks /opt/stack/nova/nova/network/neutron.py:2685}}
Feb 21 09:57:31 devstack devstack@n-api.service[60204]: WARNING neutronclient.v2_0.client [None req-3f9d1fec-5371-4803-8a94-cd82015c67f3 tempest-ServersNegativeTestJSON-2112258295 tempest-ServersNegativeTestJSON-2112258295-project-member] The python binding code in neutronclient is deprecated in favor of OpenstackSDK, please use that as this will be removed in a future release.
Feb 21 09:57:31 devstack devstack@n-api.service[60204]: WARNING neutronclient.v2_0.client [None req-3f9d1fec-5371-4803-8a94-cd82015c67f3 tempest-ServersNegativeTestJSON-2112258295 tempest-ServersNegativeTestJSON-2112258295-project-member] The python binding code in neutronclient is deprecated in favor of OpenstackSDK, please use that as this will be removed in a future release.
Feb 21 09:57:31 devstack devstack@n-api.service[60204]: DEBUG nova.virt.hardware [None req-3f9d1fec-5371-4803-8a94-cd82015c67f3 tempest-ServersNegativeTestJSON-2112258295 tempest-ServersNegativeTestJSON-2112258295-project-member] Flavor limits 0:0:0 {{(pid=60204) get_cpu_topology_constraints /opt/stack/nova/nova/virt/hardware.py:356}}
Feb 21 09:57:31 devstack devstack@n-api.service[60204]: DEBUG nova.virt.hardware [None req-3f9d1fec-5371-4803-8a94-cd82015c67f3 tempest-ServersNegativeTestJSON-2112258295 tempest-ServersNegativeTestJSON-2112258295-project-member] Image limits 0:0:0 {{(pid=60204) get_cpu_topology_constraints /opt/stack/nova/nova/virt/hardware.py:360}}
Feb 21 09:57:31 devstack devstack@n-api.service[60204]: DEBUG nova.virt.hardware [None req-3f9d1fec-5371-4803-8a94-cd82015c67f3 tempest-ServersNegativeTestJSON-2112258295 tempest-ServersNegativeTestJSON-2112258295-project-member] Flavor pref 0:0:0 {{(pid=60204) get_cpu_topology_constraints /opt/stack/nova/nova/virt/hardware.py:396}}
Feb 21 09:57:31 devstack devstack@n-api.service[60204]: DEBUG nova.virt.hardware [None req-3f9d1fec-5371-4803-8a94-cd82015c67f3 tempest-ServersNegativeTestJSON-2112258295 tempest-ServersNegativeTestJSON-2112258295-project-member] Image pref 0:0:0 {{(pid=60204) get_cpu_topology_constraints /opt/stack/nova/nova/virt/hardware.py:400}}
Feb 21 09:57:31 devstack devstack@n-api.service[60204]: DEBUG nova.virt.hardware [None req-3f9d1fec-5371-4803-8a94-cd82015c67f3 tempest-ServersNegativeTestJSON-2112258295 tempest-ServersNegativeTestJSON-2112258295-project-member] Chose sockets=0, cores=0, threads=0; limits were sockets=65536, cores=65536, threads=65536 {{(pid=60204) get_cpu_topology_constraints /opt/stack/nova/nova/virt/hardware.py:438}}
Feb 21 09:57:31 devstack devstack@n-api.service[60204]: DEBUG oslo_concurrency.lockutils [None req-3f9d1fec-5371-4803-8a94-cd82015c67f3 tempest-ServersNegativeTestJSON-2112258295 tempest-ServersNegativeTestJSON-2112258295-project-member] Acquiring lock "00000000-0000-0000-0000-000000000000" by "nova.context.set_target_cell..get_or_set_cached_cell_and_set_connections" {{(pid=60204) inner /opt/stack/data/venv/lib/python3.10/site-packages/oslo_concurrency/lockutils.py:506}}
Feb 21 09:57:31 devstack devstack@n-api.service[60204]: DEBUG oslo_concurrency.lockutils [None req-3f9d1fec-5371-4803-8a94-cd82015c67f3 tempest-ServersNegativeTestJSON-2112258295 tempest-ServersNegativeTestJSON-2112258295-project-member] Lock "00000000-0000-0000-0000-000000000000" acquired by "nova.context.set_target_cell..get_or_set_cached_cell_and_set_connections" :: waited 0.000s {{(pid=60204) inner /opt/stack/data/venv/lib/python3.10/site-packages/oslo_concurrency/lockutils.py:519}}
Feb 21 09:57:31 devstack devstack@n-api.service[60204]: DEBUG oslo_concurrency.lockutils [None req-3f9d1fec-5371-4803-8a94-cd82015c67f3 tempest-ServersNegativeTestJSON-2112258295 tempest-ServersNegativeTestJSON-2112258295-project-member] Lock "00000000-0000-0000-0000-000000000000" "released" by "nova.context.set_target_cell..get_or_set_cached_cell_and_set_connections" :: held 0.000s {{(pid=60204) inner /opt/stack/data/venv/lib/python3.10/site-packages/oslo_concurrency/lockutils.py:538}}
Feb 21 09:57:31 devstack devstack@n-api.service[60204]: DEBUG oslo_concurrency.lockutils [None req-3f9d1fec-5371-4803-8a94-cd82015c67f3 tempest-ServersNegativeTestJSON-2112258295 tempest-ServersNegativeTestJSON-2112258295-project-member] Acquiring lock "9695d19a-3647-4d75-aeca-0e0107eb40de" by "nova.context.set_target_cell..get_or_set_cached_cell_and_set_connections" {{(pid=60204) inner /opt/stack/data/venv/lib/python3.10/site-packages/oslo_concurrency/lockutils.py:506}}
Feb 21 09:57:31 devstack devstack@n-api.service[60204]: DEBUG oslo_concurrency.lockutils [None req-3f9d1fec-5371-4803-8a94-cd82015c67f3 tempest-ServersNegativeTestJSON-2112258295 tempest-ServersNegativeTestJSON-2112258295-project-member] Lock "9695d19a-3647-4d75-aeca-0e0107eb40de" acquired by "nova.context.set_target_cell..get_or_set_cached_cell_and_set_connections" :: waited 0.000s {{(pid=60204) inner /opt/stack/data/venv/lib/python3.10/site-packages/oslo_concurrency/lockutils.py:519}}
Feb 21 09:57:31 devstack devstack@n-api.service[60204]: DEBUG oslo_concurrency.lockutils [None req-3f9d1fec-5371-4803-8a94-cd82015c67f3 tempest-ServersNegativeTestJSON-2112258295 tempest-ServersNegativeTestJSON-2112258295-project-member] Lock "9695d19a-3647-4d75-aeca-0e0107eb40de" "released" by "nova.context.set_target_cell..get_or_set_cached_cell_and_set_connections" :: held 0.000s {{(pid=60204) inner /opt/stack/data/venv/lib/python3.10/site-packages/oslo_concurrency/lockutils.py:538}}
Feb 21 09:57:31 devstack devstack@n-api.service[60204]: DEBUG nova.quota [None req-3f9d1fec-5371-4803-8a94-cd82015c67f3 tempest-ServersNegativeTestJSON-2112258295 tempest-ServersNegativeTestJSON-2112258295-project-member] Getting quotas for project 63df5fca51754323a89da86f20e3271a. Resources: {'ram', 'cores', 'instances'} {{(pid=60204) _get_quotas /opt/stack/nova/nova/quota.py:392}}
Feb 21 09:57:31 devstack devstack@n-api.service[60204]: DEBUG nova.quota [None req-3f9d1fec-5371-4803-8a94-cd82015c67f3 tempest-ServersNegativeTestJSON-2112258295 tempest-ServersNegativeTestJSON-2112258295-project-member] Getting quotas for user 99b5649bcdc74240b42fb79035724bdd and project 63df5fca51754323a89da86f20e3271a. Resources: {'ram', 'cores', 'instances'} {{(pid=60204) _get_quotas /opt/stack/nova/nova/quota.py:382}}
Feb 21 09:57:31 devstack devstack@n-api.service[60204]: DEBUG nova.compute.api [None req-3f9d1fec-5371-4803-8a94-cd82015c67f3 tempest-ServersNegativeTestJSON-2112258295 tempest-ServersNegativeTestJSON-2112258295-project-member] Going to run 1 instances... {{(pid=60204) _provision_instances /opt/stack/nova/nova/compute/api.py:1467}}
Feb 21 09:57:31 devstack devstack@n-api.service[60204]: DEBUG nova.compute.api [None req-3f9d1fec-5371-4803-8a94-cd82015c67f3 tempest-ServersNegativeTestJSON-2112258295 tempest-ServersNegativeTestJSON-2112258295-project-member] [instance: c8bd956f-85aa-4042-99de-cdd11a2b843c] block_device_mapping [BlockDeviceMapping(attachment_id=,boot_index=0,connection_info=None,created_at=,delete_on_termination=True,deleted=,deleted_at=,destination_type='local',device_name=None,device_type='disk',disk_bus=None,encrypted=False,encryption_format=None,encryption_options=None,encryption_secret_uuid=None,guest_format=None,id=,image_id='7a1c5c54-f60c-4cc5-ada1-54909250b4ef',instance=,instance_uuid=,no_device=False,snapshot_id=None,source_type='image',tag=None,updated_at=,uuid=,volume_id=None,volume_size=None,volume_type=None)] {{(pid=60204) _bdm_validate_set_size_and_instance /opt/stack/nova/nova/compute/api.py:1935}}
Feb 21 09:57:31 devstack devstack@n-api.service[60204]: INFO nova.api.openstack.requestlog [None req-3f9d1fec-5371-4803-8a94-cd82015c67f3 tempest-ServersNegativeTestJSON-2112258295 tempest-ServersNegativeTestJSON-2112258295-project-member] 192.168.122.59 "POST /compute/v2.1/servers" status: 202 len: 386 microversion: 2.1 time: 0.611548
Feb 21 09:57:31 devstack devstack@n-api.service[60204]: [pid: 60204|app: 0|req: 124/252] 192.168.122.59 () {64 vars in 1243 bytes} [Sat Feb 21 09:57:31 2026] POST /compute/v2.1/servers => generated 386 bytes in 613 msecs (HTTP/1.1 202) 10 headers in 454 bytes (1 switches on core 0)
Feb 21 09:57:31 devstack devstack@n-api.service[60205]: DEBUG nova.api.openstack.wsgi [None req-67258efb-5a23-4326-a6ed-fff88e0a03df tempest-ServersNegativeTestJSON-2112258295 tempest-ServersNegativeTestJSON-2112258295-project-member] Calling method '>' {{(pid=60205) _process_stack /opt/stack/nova/nova/api/openstack/wsgi.py:551}}
Feb 21 09:57:31 devstack devstack@n-api.service[60205]: DEBUG nova.compute.api [None req-67258efb-5a23-4326-a6ed-fff88e0a03df tempest-ServersNegativeTestJSON-2112258295 tempest-ServersNegativeTestJSON-2112258295-project-member] [instance: c8bd956f-85aa-4042-99de-cdd11a2b843c] Fetching instance by UUID {{(pid=60205) get /opt/stack/nova/nova/compute/api.py:3048}}
Feb 21 09:57:31 devstack devstack@n-api.service[60205]: WARNING neutronclient.v2_0.client [None req-67258efb-5a23-4326-a6ed-fff88e0a03df tempest-ServersNegativeTestJSON-2112258295 tempest-ServersNegativeTestJSON-2112258295-project-member] The python binding code in neutronclient is deprecated in favor of OpenstackSDK, please use that as this will be removed in a future release.
