Aug 30 19:21:48 devstack devstack@c-api.service[85479]: DEBUG cinder.volume.api [None req-11229f5f-0863-401a-945a-b6ada2a6401c tempest-TaggedAttachmentsTest-788271700 tempest-TaggedAttachmentsTest-788271700-project-member] Task 'cinder.volume.flows.api.create_volume.QuotaReserveTask;volume:create' (9565af00-2aae-410b-ba23-f9f06f248133) transitioned into state 'SUCCESS' from state 'RUNNING' with result '{'reservations': ['9e6445d1-64d1-453c-a60c-ad1f263213de', 'e9167b07-575a-4014-9893-e2ab6fd5b57d', 'd4a33b34-57cf-4cd5-93b8-9c0e06bb8011', '1146525c-6b7d-4cec-be75-ccf30bcd0507']}' {{(pid=85479) _task_receiver /opt/stack/data/venv/lib/python3.12/site-packages/taskflow/listeners/logging.py:218}}
Aug 30 19:21:48 devstack devstack@c-api.service[85479]: DEBUG cinder.volume.api [None req-11229f5f-0863-401a-945a-b6ada2a6401c tempest-TaggedAttachmentsTest-788271700 tempest-TaggedAttachmentsTest-788271700-project-member] Task 'cinder.volume.flows.api.create_volume.EntryCreateTask;volume:create' (fca60776-1e07-4acb-a691-3454e4658d19) transitioned into state 'RUNNING' from state 'PENDING' {{(pid=85479) _task_receiver /opt/stack/data/venv/lib/python3.12/site-packages/taskflow/listeners/logging.py:242}}
Aug 30 19:21:48 devstack devstack@c-api.service[85479]: /opt/stack/cinder/cinder/objects/volume.py:315: DeprecationWarning: Passing item_cls to obj_make_list() is deprecated. The item class is now derived from the list object's field definition.
Aug 30 19:21:48 devstack devstack@c-api.service[85479]: attachments = base.obj_make_list(
Aug 30 19:21:48 devstack devstack@c-api.service[85479]: DEBUG cinder.volume.api [None req-11229f5f-0863-401a-945a-b6ada2a6401c tempest-TaggedAttachmentsTest-788271700 tempest-TaggedAttachmentsTest-788271700-project-member] Task 'cinder.volume.flows.api.create_volume.EntryCreateTask;volume:create' (fca60776-1e07-4acb-a691-3454e4658d19) transitioned into state 'SUCCESS' from state 'RUNNING' with result '{'volume_id': 'c42ad17f-4d48-44b4-8f23-3d8d9f670a98', 'volume_properties': VolumeProperties(attach_status='detached',availability_zone='nova',cgsnapshot_id=None,consistencygroup_id=None,display_description=None,display_name='tempest-TaggedAttachmentsTest-volume-1775032048',encryption_key_id=None,group_id=None,group_type_id=,metadata={},multiattach=False,project_id='9b1f8e9d87664c6bb6d2695864a16ba5',qos_specs=None,replication_status=,reservations=['9e6445d1-64d1-453c-a60c-ad1f263213de','e9167b07-575a-4014-9893-e2ab6fd5b57d','d4a33b34-57cf-4cd5-93b8-9c0e06bb8011','1146525c-6b7d-4cec-be75-ccf30bcd0507'],size=1,snapshot_id=None,source_replicaid=,source_volid=None,status='creating',user_id='532e4749e9cc4fe19b1a4ccf2f99a8a2',volume_type_id=1a03bb48-c2e2-4268-b6c6-6aada77ebf51), 'volume': Volume(_name_id=None,admin_metadata=,attach_status='detached',availability_zone='nova',bootable=False,cluster=,cluster_name=None,consistencygroup=,consistencygroup_id=None,created_at=2026-08-30T17:21:48Z,deleted=False,deleted_at=None,display_description=None,display_name='tempest-TaggedAttachmentsTest-volume-1775032048',ec2_id=None,encryption_key_id=None,glance_metadata=,group=,group_id=None,host=None,id=c42ad17f-4d48-44b4-8f23-3d8d9f670a98,launched_at=None,metadata={},migration_status=None,multiattach=False,previous_status=None,project_id='9b1f8e9d87664c6bb6d2695864a16ba5',provider_auth=None,provider_geometry=None,provider_id=None,provider_location=None,replication_driver_data=None,replication_extended_status=None,replication_status=None,scheduled_at=None,service_uuid=None,shared_targets=True,size=1,snapshot_id=None,snapshots=,source_volid=None,status='creating',terminated_at=None,updated_at=None,use_quota=True,user_id='532e4749e9cc4fe19b1a4ccf2f99a8a2',volume_attachment=VolumeAttachmentList,volume_type=VolumeType(1a03bb48-c2e2-4268-b6c6-6aada77ebf51),volume_type_id=1a03bb48-c2e2-4268-b6c6-6aada77ebf51)}' {{(pid=85479) _task_receiver /opt/stack/data/venv/lib/python3.12/site-packages/taskflow/listeners/logging.py:218}}
Aug 30 19:21:48 devstack devstack@c-api.service[85480]: DEBUG cinder.api.middleware.request_id [None req-4e51dabe-03e5-4613-a616-12e4f2747411 None None] RequestId filter calling following filter/app {{(pid=85480) _context_setter /opt/stack/cinder/cinder/api/middleware/request_id.py:62}}
Aug 30 19:21:48 devstack devstack@c-api.service[85479]: DEBUG cinder.volume.api [None req-11229f5f-0863-401a-945a-b6ada2a6401c tempest-TaggedAttachmentsTest-788271700 tempest-TaggedAttachmentsTest-788271700-project-member] Task 'cinder.volume.flows.api.create_volume.QuotaCommitTask;volume:create' (9ae9b670-4ee1-4508-90f2-b6d9c2f40d22) transitioned into state 'RUNNING' from state 'PENDING' {{(pid=85479) _task_receiver /opt/stack/data/venv/lib/python3.12/site-packages/taskflow/listeners/logging.py:242}}
Aug 30 19:21:48 devstack devstack@c-api.service[85480]: INFO cinder.api.openstack.wsgi [None req-4e51dabe-03e5-4613-a616-12e4f2747411 tempest-ServerActionsTestOtherA-1442007164 tempest-ServerActionsTestOtherA-1442007164-project-member] GET http://192.168.122.208/volume/v3/volumes/58885f42-cfb6-4f1c-9677-42e5a6a9c4f5
Aug 30 19:21:48 devstack devstack@c-api.service[85480]: DEBUG cinder.api.openstack.wsgi [None req-4e51dabe-03e5-4613-a616-12e4f2747411 tempest-ServerActionsTestOtherA-1442007164 tempest-ServerActionsTestOtherA-1442007164-project-member] Empty body provided in request {{(pid=85480) get_body /opt/stack/cinder/cinder/api/openstack/wsgi.py:725}}
Aug 30 19:21:48 devstack devstack@c-api.service[85480]: DEBUG cinder.api.openstack.wsgi [None req-4e51dabe-03e5-4613-a616-12e4f2747411 tempest-ServerActionsTestOtherA-1442007164 tempest-ServerActionsTestOtherA-1442007164-project-member] Calling method 'show' {{(pid=85480) _process_stack /opt/stack/cinder/cinder/api/openstack/wsgi.py:878}}
Aug 30 19:21:48 devstack devstack@c-api.service[85480]: /opt/stack/cinder/cinder/objects/volume.py:315: DeprecationWarning: Passing item_cls to obj_make_list() is deprecated. The item class is now derived from the list object's field definition.
Aug 30 19:21:48 devstack devstack@c-api.service[85480]: attachments = base.obj_make_list(
Aug 30 19:21:48 devstack devstack@c-api.service[85480]: /opt/stack/data/venv/lib/python3.12/site-packages/oslo_context/context.py:102: DeprecationWarning: Policy enforcement is depending on the value of is_admin. This key is deprecated. Please update your policy file to use the standard policy values.
Aug 30 19:21:48 devstack devstack@c-api.service[85480]: warnings.warn(
Aug 30 19:21:48 devstack devstack@c-api.service[85480]: INFO cinder.volume.api [None req-4e51dabe-03e5-4613-a616-12e4f2747411 tempest-ServerActionsTestOtherA-1442007164 tempest-ServerActionsTestOtherA-1442007164-project-member] Volume info retrieved successfully.
Aug 30 19:21:48 devstack devstack@c-api.service[85479]: DEBUG cinder.volume.api [None req-11229f5f-0863-401a-945a-b6ada2a6401c tempest-TaggedAttachmentsTest-788271700 tempest-TaggedAttachmentsTest-788271700-project-member] Task 'cinder.volume.flows.api.create_volume.QuotaCommitTask;volume:create' (9ae9b670-4ee1-4508-90f2-b6d9c2f40d22) transitioned into state 'SUCCESS' from state 'RUNNING' with result '{'volume_properties': VolumeProperties(attach_status='detached',availability_zone='nova',cgsnapshot_id=None,consistencygroup_id=None,display_description=None,display_name='tempest-TaggedAttachmentsTest-volume-1775032048',encryption_key_id=None,group_id=None,group_type_id=,metadata={},multiattach=False,project_id='9b1f8e9d87664c6bb6d2695864a16ba5',qos_specs=None,replication_status=,reservations=['9e6445d1-64d1-453c-a60c-ad1f263213de','e9167b07-575a-4014-9893-e2ab6fd5b57d','d4a33b34-57cf-4cd5-93b8-9c0e06bb8011','1146525c-6b7d-4cec-be75-ccf30bcd0507'],size=1,snapshot_id=None,source_replicaid=,source_volid=None,status='creating',user_id='532e4749e9cc4fe19b1a4ccf2f99a8a2',volume_type_id=1a03bb48-c2e2-4268-b6c6-6aada77ebf51)}' {{(pid=85479) _task_receiver /opt/stack/data/venv/lib/python3.12/site-packages/taskflow/listeners/logging.py:218}}
Aug 30 19:21:48 devstack devstack@c-api.service[85479]: DEBUG cinder.volume.api [None req-11229f5f-0863-401a-945a-b6ada2a6401c tempest-TaggedAttachmentsTest-788271700 tempest-TaggedAttachmentsTest-788271700-project-member] Task 'cinder.volume.flows.api.create_volume.VolumeCastTask;volume:create' (e1512f02-a7c6-4d45-86a1-0c54cb47694e) transitioned into state 'RUNNING' from state 'PENDING' {{(pid=85479) _task_receiver /opt/stack/data/venv/lib/python3.12/site-packages/taskflow/listeners/logging.py:242}}
Aug 30 19:21:48 devstack devstack@c-api.service[85480]: INFO cinder.api.openstack.wsgi [None req-4e51dabe-03e5-4613-a616-12e4f2747411 tempest-ServerActionsTestOtherA-1442007164 tempest-ServerActionsTestOtherA-1442007164-project-member] http://192.168.122.208/volume/v3/volumes/58885f42-cfb6-4f1c-9677-42e5a6a9c4f5 returned with HTTP 200
Aug 30 19:21:48 devstack devstack@c-api.service[85480]: [pid: 85480|app: 0|req: 27/48] 192.168.122.208 () {58 vars in 1232 bytes} [Sun Aug 30 19:21:48 2026] GET /volume/v3/volumes/58885f42-cfb6-4f1c-9677-42e5a6a9c4f5 => generated 1147 bytes in 76 msecs (HTTP/1.1 200) 7 headers in 286 bytes (1 switches on core 0)
Aug 30 19:21:48 devstack devstack@c-api.service[85480]: DEBUG cinder.api.middleware.request_id [None req-598734b3-e849-4b2d-89d9-de2092e099d4 None None] RequestId filter calling following filter/app {{(pid=85480) _context_setter /opt/stack/cinder/cinder/api/middleware/request_id.py:62}}
Aug 30 19:21:48 devstack devstack@c-api.service[85480]: INFO cinder.api.openstack.wsgi [None req-598734b3-e849-4b2d-89d9-de2092e099d4 tempest-ServerActionsTestOtherA-1442007164 tempest-ServerActionsTestOtherA-1442007164-project-member] GET http://192.168.122.208/volume/v3/volumes/58885f42-cfb6-4f1c-9677-42e5a6a9c4f5
Aug 30 19:21:48 devstack devstack@c-api.service[85480]: DEBUG cinder.api.openstack.wsgi [None req-598734b3-e849-4b2d-89d9-de2092e099d4 tempest-ServerActionsTestOtherA-1442007164 tempest-ServerActionsTestOtherA-1442007164-project-member] Empty body provided in request {{(pid=85480) get_body /opt/stack/cinder/cinder/api/openstack/wsgi.py:725}}
Aug 30 19:21:48 devstack devstack@c-api.service[85480]: DEBUG cinder.api.openstack.wsgi [None req-598734b3-e849-4b2d-89d9-de2092e099d4 tempest-ServerActionsTestOtherA-1442007164 tempest-ServerActionsTestOtherA-1442007164-project-member] Calling method 'show' {{(pid=85480) _process_stack /opt/stack/cinder/cinder/api/openstack/wsgi.py:878}}
Aug 30 19:21:48 devstack devstack@c-api.service[85479]: DEBUG cinder.volume.api [None req-11229f5f-0863-401a-945a-b6ada2a6401c tempest-TaggedAttachmentsTest-788271700 tempest-TaggedAttachmentsTest-788271700-project-member] Task 'cinder.volume.flows.api.create_volume.VolumeCastTask;volume:create' (e1512f02-a7c6-4d45-86a1-0c54cb47694e) transitioned into state 'SUCCESS' from state 'RUNNING' with result 'None' {{(pid=85479) _task_receiver /opt/stack/data/venv/lib/python3.12/site-packages/taskflow/listeners/logging.py:218}}
Aug 30 19:21:48 devstack devstack@c-api.service[85479]: DEBUG cinder.volume.api [None req-11229f5f-0863-401a-945a-b6ada2a6401c tempest-TaggedAttachmentsTest-788271700 tempest-TaggedAttachmentsTest-788271700-project-member] Flow 'volume_create_api' (f066c0a4-3533-4af6-a4e1-1e1cecfced7a) transitioned into state 'SUCCESS' from state 'RUNNING' {{(pid=85479) _flow_receiver /opt/stack/data/venv/lib/python3.12/site-packages/taskflow/listeners/logging.py:160}}
Aug 30 19:21:48 devstack devstack@c-api.service[85479]: INFO cinder.volume.api [None req-11229f5f-0863-401a-945a-b6ada2a6401c tempest-TaggedAttachmentsTest-788271700 tempest-TaggedAttachmentsTest-788271700-project-member] Create volume request issued successfully.
Aug 30 19:21:48 devstack devstack@c-api.service[85479]: INFO cinder.api.openstack.wsgi [None req-11229f5f-0863-401a-945a-b6ada2a6401c tempest-TaggedAttachmentsTest-788271700 tempest-TaggedAttachmentsTest-788271700-project-member] http://192.168.122.208/volume/v3/volumes returned with HTTP 202
Aug 30 19:21:48 devstack devstack@c-api.service[85479]: [pid: 85479|app: 0|req: 22/49] 192.168.122.208 () {60 vars in 1142 bytes} [Sun Aug 30 19:21:48 2026] POST /volume/v3/volumes => generated 761 bytes in 409 msecs (HTTP/1.1 202) 7 headers in 291 bytes (1 switches on core 0)
Aug 30 19:21:48 devstack devstack@c-api.service[85480]: /opt/stack/cinder/cinder/objects/volume.py:315: DeprecationWarning: Passing item_cls to obj_make_list() is deprecated. The item class is now derived from the list object's field definition.
Aug 30 19:21:48 devstack devstack@c-api.service[85480]: attachments = base.obj_make_list(
Aug 30 19:21:48 devstack devstack@c-api.service[85480]: /opt/stack/data/venv/lib/python3.12/site-packages/oslo_context/context.py:102: DeprecationWarning: Policy enforcement is depending on the value of is_admin. This key is deprecated. Please update your policy file to use the standard policy values.
Aug 30 19:21:48 devstack devstack@c-api.service[85480]: warnings.warn(
Aug 30 19:21:48 devstack devstack@c-api.service[85479]: DEBUG cinder.api.middleware.request_id [None req-3bda3504-048c-4143-8d80-6c5f35bd63f3 None None] RequestId filter calling following filter/app {{(pid=85479) _context_setter /opt/stack/cinder/cinder/api/middleware/request_id.py:62}}
Aug 30 19:21:48 devstack devstack@c-api.service[85480]: INFO cinder.volume.api [None req-598734b3-e849-4b2d-89d9-de2092e099d4 tempest-ServerActionsTestOtherA-1442007164 tempest-ServerActionsTestOtherA-1442007164-project-member] Volume info retrieved successfully.
Aug 30 19:21:48 devstack devstack@c-api.service[85480]: INFO cinder.api.openstack.wsgi [None req-598734b3-e849-4b2d-89d9-de2092e099d4 tempest-ServerActionsTestOtherA-1442007164 tempest-ServerActionsTestOtherA-1442007164-project-member] http://192.168.122.208/volume/v3/volumes/58885f42-cfb6-4f1c-9677-42e5a6a9c4f5 returned with HTTP 200
Aug 30 19:21:48 devstack devstack@c-api.service[85479]: INFO cinder.api.openstack.wsgi [None req-3bda3504-048c-4143-8d80-6c5f35bd63f3 tempest-TaggedAttachmentsTest-788271700 tempest-TaggedAttachmentsTest-788271700-project-member] GET http://192.168.122.208/volume/v3/volumes/c42ad17f-4d48-44b4-8f23-3d8d9f670a98
Aug 30 19:21:48 devstack devstack@c-api.service[85480]: [pid: 85480|app: 0|req: 28/50] 192.168.122.208 () {58 vars in 1232 bytes} [Sun Aug 30 19:21:48 2026] GET /volume/v3/volumes/58885f42-cfb6-4f1c-9677-42e5a6a9c4f5 => generated 1147 bytes in 60 msecs (HTTP/1.1 200) 7 headers in 286 bytes (1 switches on core 0)
Aug 30 19:21:48 devstack devstack@c-api.service[85479]: DEBUG cinder.api.openstack.wsgi [None req-3bda3504-048c-4143-8d80-6c5f35bd63f3 tempest-TaggedAttachmentsTest-788271700 tempest-TaggedAttachmentsTest-788271700-project-member] Empty body provided in request {{(pid=85479) get_body /opt/stack/cinder/cinder/api/openstack/wsgi.py:725}}
Aug 30 19:21:48 devstack devstack@c-api.service[85479]: DEBUG cinder.api.openstack.wsgi [None req-3bda3504-048c-4143-8d80-6c5f35bd63f3 tempest-TaggedAttachmentsTest-788271700 tempest-TaggedAttachmentsTest-788271700-project-member] Calling method 'show' {{(pid=85479) _process_stack /opt/stack/cinder/cinder/api/openstack/wsgi.py:878}}
Aug 30 19:21:48 devstack devstack@c-api.service[85479]: /opt/stack/cinder/cinder/objects/volume.py:315: DeprecationWarning: Passing item_cls to obj_make_list() is deprecated. The item class is now derived from the list object's field definition.
Aug 30 19:21:48 devstack devstack@c-api.service[85479]: attachments = base.obj_make_list(
Aug 30 19:21:48 devstack devstack@c-api.service[85479]: /opt/stack/data/venv/lib/python3.12/site-packages/oslo_context/context.py:102: DeprecationWarning: Policy enforcement is depending on the value of is_admin. This key is deprecated. Please update your policy file to use the standard policy values.
Aug 30 19:21:48 devstack devstack@c-api.service[85479]: warnings.warn(
Aug 30 19:21:48 devstack devstack@c-api.service[85479]: INFO cinder.volume.api [None req-3bda3504-048c-4143-8d80-6c5f35bd63f3 tempest-TaggedAttachmentsTest-788271700 tempest-TaggedAttachmentsTest-788271700-project-member] Volume info retrieved successfully.
Aug 30 19:21:48 devstack devstack@c-api.service[85479]: INFO cinder.api.openstack.wsgi [None req-3bda3504-048c-4143-8d80-6c5f35bd63f3 tempest-TaggedAttachmentsTest-788271700 tempest-TaggedAttachmentsTest-788271700-project-member] http://192.168.122.208/volume/v3/volumes/c42ad17f-4d48-44b4-8f23-3d8d9f670a98 returned with HTTP 200
Aug 30 19:21:48 devstack devstack@c-api.service[85479]: [pid: 85479|app: 0|req: 23/51] 192.168.122.208 () {58 vars in 1232 bytes} [Sun Aug 30 19:21:48 2026] GET /volume/v3/volumes/c42ad17f-4d48-44b4-8f23-3d8d9f670a98 => generated 829 bytes in 86 msecs (HTTP/1.1 200) 7 headers in 285 bytes (1 switches on core 0)
Aug 30 19:21:49 devstack devstack@c-api.service[85480]: DEBUG cinder.api.middleware.request_id [req-63bebb71-8404-4f5d-a186-507ac077f2c3 req-42c939b3-e58d-47d0-86d7-17a8d9907e81 None None] RequestId filter calling following filter/app {{(pid=85480) _context_setter /opt/stack/cinder/cinder/api/middleware/request_id.py:62}}
Aug 30 19:21:49 devstack devstack@c-api.service[85480]: INFO cinder.api.openstack.wsgi [req-63bebb71-8404-4f5d-a186-507ac077f2c3 req-42c939b3-e58d-47d0-86d7-17a8d9907e81 tempest-ServerActionsTestOtherA-1442007164 tempest-ServerActionsTestOtherA-1442007164-project-member] GET http://192.168.122.208/volume/v3/volumes/58885f42-cfb6-4f1c-9677-42e5a6a9c4f5
Aug 30 19:21:49 devstack devstack@c-api.service[85480]: DEBUG cinder.api.openstack.wsgi [req-63bebb71-8404-4f5d-a186-507ac077f2c3 req-42c939b3-e58d-47d0-86d7-17a8d9907e81 tempest-ServerActionsTestOtherA-1442007164 tempest-ServerActionsTestOtherA-1442007164-project-member] Empty body provided in request {{(pid=85480) get_body /opt/stack/cinder/cinder/api/openstack/wsgi.py:725}}
Aug 30 19:21:49 devstack devstack@c-api.service[85480]: DEBUG cinder.api.openstack.wsgi [req-63bebb71-8404-4f5d-a186-507ac077f2c3 req-42c939b3-e58d-47d0-86d7-17a8d9907e81 tempest-ServerActionsTestOtherA-1442007164 tempest-ServerActionsTestOtherA-1442007164-project-member] Calling method 'show' {{(pid=85480) _process_stack /opt/stack/cinder/cinder/api/openstack/wsgi.py:878}}
Aug 30 19:21:49 devstack devstack@c-api.service[85480]: /opt/stack/cinder/cinder/objects/volume.py:315: DeprecationWarning: Passing item_cls to obj_make_list() is deprecated. The item class is now derived from the list object's field definition.
Aug 30 19:21:49 devstack devstack@c-api.service[85480]: attachments = base.obj_make_list(
Aug 30 19:21:49 devstack devstack@c-api.service[85480]: /opt/stack/data/venv/lib/python3.12/site-packages/oslo_context/context.py:102: DeprecationWarning: Policy enforcement is depending on the value of is_admin. This key is deprecated. Please update your policy file to use the standard policy values.
Aug 30 19:21:49 devstack devstack@c-api.service[85480]: warnings.warn(
Aug 30 19:21:49 devstack devstack@c-api.service[85480]: INFO cinder.volume.api [req-63bebb71-8404-4f5d-a186-507ac077f2c3 req-42c939b3-e58d-47d0-86d7-17a8d9907e81 tempest-ServerActionsTestOtherA-1442007164 tempest-ServerActionsTestOtherA-1442007164-project-member] Volume info retrieved successfully.
Aug 30 19:21:49 devstack devstack@c-api.service[85480]: INFO cinder.api.openstack.wsgi [req-63bebb71-8404-4f5d-a186-507ac077f2c3 req-42c939b3-e58d-47d0-86d7-17a8d9907e81 tempest-ServerActionsTestOtherA-1442007164 tempest-ServerActionsTestOtherA-1442007164-project-member] http://192.168.122.208/volume/v3/volumes/58885f42-cfb6-4f1c-9677-42e5a6a9c4f5 returned with HTTP 200
Aug 30 19:21:49 devstack devstack@c-api.service[85480]: [pid: 85480|app: 0|req: 29/52] 192.168.122.208 () {60 vars in 1487 bytes} [Sun Aug 30 19:21:49 2026] GET /volume/v3/volumes/58885f42-cfb6-4f1c-9677-42e5a6a9c4f5 => generated 1147 bytes in 65 msecs (HTTP/1.1 200) 7 headers in 286 bytes (1 switches on core 0)
Aug 30 19:21:49 devstack devstack@c-api.service[85479]: DEBUG cinder.api.middleware.request_id [None req-8916a333-9575-49be-a498-45db156f01ad None None] RequestId filter calling following filter/app {{(pid=85479) _context_setter /opt/stack/cinder/cinder/api/middleware/request_id.py:62}}
Aug 30 19:21:49 devstack devstack@c-api.service[85479]: INFO cinder.api.openstack.wsgi [None req-8916a333-9575-49be-a498-45db156f01ad tempest-TaggedAttachmentsTest-788271700 tempest-TaggedAttachmentsTest-788271700-project-member] GET http://192.168.122.208/volume/v3/volumes/c42ad17f-4d48-44b4-8f23-3d8d9f670a98
Aug 30 19:21:49 devstack devstack@c-api.service[85479]: DEBUG cinder.api.openstack.wsgi [None req-8916a333-9575-49be-a498-45db156f01ad tempest-TaggedAttachmentsTest-788271700 tempest-TaggedAttachmentsTest-788271700-project-member] Empty body provided in request {{(pid=85479) get_body /opt/stack/cinder/cinder/api/openstack/wsgi.py:725}}
Aug 30 19:21:49 devstack devstack@c-api.service[85479]: DEBUG cinder.api.openstack.wsgi [None req-8916a333-9575-49be-a498-45db156f01ad tempest-TaggedAttachmentsTest-788271700 tempest-TaggedAttachmentsTest-788271700-project-member] Calling method 'show' {{(pid=85479) _process_stack /opt/stack/cinder/cinder/api/openstack/wsgi.py:878}}
Aug 30 19:21:49 devstack devstack@c-api.service[85479]: /opt/stack/cinder/cinder/objects/volume.py:315: DeprecationWarning: Passing item_cls to obj_make_list() is deprecated. The item class is now derived from the list object's field definition.
Aug 30 19:21:49 devstack devstack@c-api.service[85479]: attachments = base.obj_make_list(
Aug 30 19:21:49 devstack devstack@c-api.service[85479]: /opt/stack/data/venv/lib/python3.12/site-packages/oslo_context/context.py:102: DeprecationWarning: Policy enforcement is depending on the value of is_admin. This key is deprecated. Please update your policy file to use the standard policy values.
Aug 30 19:21:49 devstack devstack@c-api.service[85479]: warnings.warn(
Aug 30 19:21:49 devstack devstack@c-api.service[85479]: INFO cinder.volume.api [None req-8916a333-9575-49be-a498-45db156f01ad tempest-TaggedAttachmentsTest-788271700 tempest-TaggedAttachmentsTest-788271700-project-member] Volume info retrieved successfully.
Aug 30 19:21:49 devstack devstack@c-api.service[85479]: INFO cinder.api.openstack.wsgi [None req-8916a333-9575-49be-a498-45db156f01ad tempest-TaggedAttachmentsTest-788271700 tempest-TaggedAttachmentsTest-788271700-project-member] http://192.168.122.208/volume/v3/volumes/c42ad17f-4d48-44b4-8f23-3d8d9f670a98 returned with HTTP 200
Aug 30 19:21:49 devstack devstack@c-api.service[85479]: [pid: 85479|app: 0|req: 24/53] 192.168.122.208 () {58 vars in 1232 bytes} [Sun Aug 30 19:21:49 2026] GET /volume/v3/volumes/c42ad17f-4d48-44b4-8f23-3d8d9f670a98 => generated 853 bytes in 79 msecs (HTTP/1.1 200) 7 headers in 285 bytes (2 switches on core 0)
Aug 30 19:21:50 devstack devstack@c-api.service[85480]: DEBUG cinder.api.middleware.request_id [None req-3588782f-fcb0-47f4-bb4a-850a34d543af None None] RequestId filter calling following filter/app {{(pid=85480) _context_setter /opt/stack/cinder/cinder/api/middleware/request_id.py:62}}
Aug 30 19:21:50 devstack devstack@c-api.service[85480]: INFO cinder.api.openstack.wsgi [None req-3588782f-fcb0-47f4-bb4a-850a34d543af None None] GET http://192.168.122.208/volume//
Aug 30 19:21:50 devstack devstack@c-api.service[85480]: DEBUG cinder.api.openstack.wsgi [None req-3588782f-fcb0-47f4-bb4a-850a34d543af None None] Empty body provided in request {{(pid=85480) get_body /opt/stack/cinder/cinder/api/openstack/wsgi.py:725}}
Aug 30 19:21:50 devstack devstack@c-api.service[85480]: DEBUG cinder.api.openstack.wsgi [None req-3588782f-fcb0-47f4-bb4a-850a34d543af None None] Calling method 'all' {{(pid=85480) _process_stack /opt/stack/cinder/cinder/api/openstack/wsgi.py:878}}
Aug 30 19:21:50 devstack devstack@c-api.service[85480]: INFO cinder.api.openstack.wsgi [None req-3588782f-fcb0-47f4-bb4a-850a34d543af None None] http://192.168.122.208/volume// returned with HTTP 300
Aug 30 19:21:50 devstack devstack@c-api.service[85480]: [pid: 85480|app: 0|req: 30/54] 192.168.122.208 () {58 vars in 1315 bytes} [Sun Aug 30 19:21:50 2026] GET /volume/ => generated 390 bytes in 8 msecs (HTTP/1.1 300) 7 headers in 299 bytes (1 switches on core 0)
Aug 30 19:21:50 devstack devstack@c-api.service[85479]: DEBUG cinder.api.middleware.request_id [req-63bebb71-8404-4f5d-a186-507ac077f2c3 req-d3f8f14d-9c3f-41ee-8d3a-f972293997ab None None] RequestId filter calling following filter/app {{(pid=85479) _context_setter /opt/stack/cinder/cinder/api/middleware/request_id.py:62}}
Aug 30 19:21:50 devstack devstack@c-api.service[85479]: INFO cinder.api.openstack.wsgi [req-63bebb71-8404-4f5d-a186-507ac077f2c3 req-d3f8f14d-9c3f-41ee-8d3a-f972293997ab tempest-ServerActionsTestOtherA-1442007164 tempest-ServerActionsTestOtherA-1442007164-project-member] POST http://192.168.122.208/volume/v3/attachments
Aug 30 19:21:50 devstack devstack@c-api.service[85479]: DEBUG cinder.api.openstack.wsgi [req-63bebb71-8404-4f5d-a186-507ac077f2c3 req-d3f8f14d-9c3f-41ee-8d3a-f972293997ab tempest-ServerActionsTestOtherA-1442007164 tempest-ServerActionsTestOtherA-1442007164-project-member] Action: 'create', calling method: version_select, body: {"attachment": {"volume_uuid": "58885f42-cfb6-4f1c-9677-42e5a6a9c4f5", "connector": null, "instance_uuid": "d6b7a2dc-34a9-4c97-9ec0-67bf0c6c8c39"}} {{(pid=85479) _process_stack /opt/stack/cinder/cinder/api/openstack/wsgi.py:876}}
Aug 30 19:21:50 devstack devstack@c-api.service[85479]: /opt/stack/cinder/cinder/objects/volume.py:315: DeprecationWarning: Passing item_cls to obj_make_list() is deprecated. The item class is now derived from the list object's field definition.
Aug 30 19:21:50 devstack devstack@c-api.service[85479]: attachments = base.obj_make_list(
Aug 30 19:21:50 devstack devstack@c-api.service[85479]: /opt/stack/data/venv/lib/python3.12/site-packages/oslo_context/context.py:102: DeprecationWarning: Policy enforcement is depending on the value of is_admin. This key is deprecated. Please update your policy file to use the standard policy values.
Aug 30 19:21:50 devstack devstack@c-api.service[85479]: warnings.warn(
Aug 30 19:21:50 devstack devstack@c-api.service[85479]: /opt/stack/cinder/cinder/objects/volume.py:315: DeprecationWarning: Passing item_cls to obj_make_list() is deprecated. The item class is now derived from the list object's field definition.
Aug 30 19:21:50 devstack devstack@c-api.service[85479]: attachments = base.obj_make_list(
Aug 30 19:21:50 devstack devstack@c-api.service[85479]: INFO cinder.api.openstack.wsgi [req-63bebb71-8404-4f5d-a186-507ac077f2c3 req-d3f8f14d-9c3f-41ee-8d3a-f972293997ab tempest-ServerActionsTestOtherA-1442007164 tempest-ServerActionsTestOtherA-1442007164-project-member] http://192.168.122.208/volume/v3/attachments returned with HTTP 200
Aug 30 19:21:50 devstack devstack@c-api.service[85479]: [pid: 85479|app: 0|req: 25/55] 192.168.122.208 () {66 vars in 1483 bytes} [Sun Aug 30 19:21:50 2026] POST /volume/v3/attachments => generated 273 bytes in 97 msecs (HTTP/1.1 200) 7 headers in 286 bytes (1 switches on core 0)
Aug 30 19:21:50 devstack devstack@c-api.service[85480]: DEBUG cinder.api.middleware.request_id [None req-7ffa25de-a0d9-4ed8-85f4-f9f86f5246a0 None None] RequestId filter calling following filter/app {{(pid=85480) _context_setter /opt/stack/cinder/cinder/api/middleware/request_id.py:62}}
Aug 30 19:21:50 devstack devstack@c-api.service[85480]: INFO cinder.api.openstack.wsgi [None req-7ffa25de-a0d9-4ed8-85f4-f9f86f5246a0 None None] GET http://192.168.122.208/volume//
Aug 30 19:21:50 devstack devstack@c-api.service[85480]: DEBUG cinder.api.openstack.wsgi [None req-7ffa25de-a0d9-4ed8-85f4-f9f86f5246a0 None None] Empty body provided in request {{(pid=85480) get_body /opt/stack/cinder/cinder/api/openstack/wsgi.py:725}}
Aug 30 19:21:50 devstack devstack@c-api.service[85480]: DEBUG cinder.api.openstack.wsgi [None req-7ffa25de-a0d9-4ed8-85f4-f9f86f5246a0 None None] Calling method 'all' {{(pid=85480) _process_stack /opt/stack/cinder/cinder/api/openstack/wsgi.py:878}}
Aug 30 19:21:50 devstack devstack@c-api.service[85480]: INFO cinder.api.openstack.wsgi [None req-7ffa25de-a0d9-4ed8-85f4-f9f86f5246a0 None None] http://192.168.122.208/volume// returned with HTTP 300
Aug 30 19:21:50 devstack devstack@c-api.service[85480]: [pid: 85480|app: 0|req: 31/56] 192.168.122.208 () {58 vars in 1315 bytes} [Sun Aug 30 19:21:50 2026] GET /volume/ => generated 390 bytes in 6 msecs (HTTP/1.1 300) 7 headers in 299 bytes (1 switches on core 0)
Aug 30 19:21:50 devstack devstack@c-api.service[85479]: DEBUG cinder.api.middleware.request_id [req-63bebb71-8404-4f5d-a186-507ac077f2c3 req-bf9bf584-73e4-4d01-a84a-d2649c200960 None None] RequestId filter calling following filter/app {{(pid=85479) _context_setter /opt/stack/cinder/cinder/api/middleware/request_id.py:62}}
Aug 30 19:21:50 devstack devstack@c-api.service[85479]: INFO cinder.api.openstack.wsgi [req-63bebb71-8404-4f5d-a186-507ac077f2c3 req-bf9bf584-73e4-4d01-a84a-d2649c200960 tempest-ServerActionsTestOtherA-1442007164 tempest-ServerActionsTestOtherA-1442007164-project-member] GET http://192.168.122.208/volume/v3/volumes/58885f42-cfb6-4f1c-9677-42e5a6a9c4f5
Aug 30 19:21:50 devstack devstack@c-api.service[85479]: DEBUG cinder.api.openstack.wsgi [req-63bebb71-8404-4f5d-a186-507ac077f2c3 req-bf9bf584-73e4-4d01-a84a-d2649c200960 tempest-ServerActionsTestOtherA-1442007164 tempest-ServerActionsTestOtherA-1442007164-project-member] Empty body provided in request {{(pid=85479) get_body /opt/stack/cinder/cinder/api/openstack/wsgi.py:725}}
Aug 30 19:21:50 devstack devstack@c-api.service[85479]: DEBUG cinder.api.openstack.wsgi [req-63bebb71-8404-4f5d-a186-507ac077f2c3 req-bf9bf584-73e4-4d01-a84a-d2649c200960 tempest-ServerActionsTestOtherA-1442007164 tempest-ServerActionsTestOtherA-1442007164-project-member] Calling method 'show' {{(pid=85479) _process_stack /opt/stack/cinder/cinder/api/openstack/wsgi.py:878}}
Aug 30 19:21:50 devstack devstack@c-api.service[85479]: /opt/stack/cinder/cinder/objects/volume.py:315: DeprecationWarning: Passing item_cls to obj_make_list() is deprecated. The item class is now derived from the list object's field definition.
Aug 30 19:21:50 devstack devstack@c-api.service[85479]: attachments = base.obj_make_list(
Aug 30 19:21:50 devstack devstack@c-api.service[85479]: /opt/stack/data/venv/lib/python3.12/site-packages/oslo_context/context.py:102: DeprecationWarning: Policy enforcement is depending on the value of is_admin. This key is deprecated. Please update your policy file to use the standard policy values.
Aug 30 19:21:50 devstack devstack@c-api.service[85479]: warnings.warn(
Aug 30 19:21:50 devstack devstack@c-api.service[85479]: INFO cinder.volume.api [req-63bebb71-8404-4f5d-a186-507ac077f2c3 req-bf9bf584-73e4-4d01-a84a-d2649c200960 tempest-ServerActionsTestOtherA-1442007164 tempest-ServerActionsTestOtherA-1442007164-project-member] Volume info retrieved successfully.
Aug 30 19:21:50 devstack devstack@c-api.service[85479]: INFO cinder.api.openstack.wsgi [req-63bebb71-8404-4f5d-a186-507ac077f2c3 req-bf9bf584-73e4-4d01-a84a-d2649c200960 tempest-ServerActionsTestOtherA-1442007164 tempest-ServerActionsTestOtherA-1442007164-project-member] http://192.168.122.208/volume/v3/volumes/58885f42-cfb6-4f1c-9677-42e5a6a9c4f5 returned with HTTP 200
Aug 30 19:21:50 devstack devstack@c-api.service[85479]: [pid: 85479|app: 0|req: 26/57] 192.168.122.208 () {62 vars in 1528 bytes} [Sun Aug 30 19:21:50 2026] GET /volume/v3/volumes/58885f42-cfb6-4f1c-9677-42e5a6a9c4f5 => generated 1328 bytes in 54 msecs (HTTP/1.1 200) 7 headers in 287 bytes (1 switches on core 0)
Aug 30 19:21:50 devstack devstack@c-api.service[85480]: DEBUG cinder.api.middleware.request_id [req-63bebb71-8404-4f5d-a186-507ac077f2c3 req-e38dde3d-46e4-4432-a19e-a76cc696d0e0 None None] RequestId filter calling following filter/app {{(pid=85480) _context_setter /opt/stack/cinder/cinder/api/middleware/request_id.py:62}}
Aug 30 19:21:50 devstack devstack@c-api.service[85480]: INFO cinder.api.openstack.wsgi [req-63bebb71-8404-4f5d-a186-507ac077f2c3 req-e38dde3d-46e4-4432-a19e-a76cc696d0e0 tempest-ServerActionsTestOtherA-1442007164 tempest-ServerActionsTestOtherA-1442007164-project-member] DELETE http://192.168.122.208/volume/v3/attachments/1e887f53-a399-49dd-b571-6a85dcfcfb7e
Aug 30 19:21:50 devstack devstack@c-api.service[85480]: DEBUG cinder.api.openstack.wsgi [req-63bebb71-8404-4f5d-a186-507ac077f2c3 req-e38dde3d-46e4-4432-a19e-a76cc696d0e0 tempest-ServerActionsTestOtherA-1442007164 tempest-ServerActionsTestOtherA-1442007164-project-member] Empty body provided in request {{(pid=85480) get_body /opt/stack/cinder/cinder/api/openstack/wsgi.py:725}}
Aug 30 19:21:50 devstack devstack@c-api.service[85480]: DEBUG cinder.api.openstack.wsgi [req-63bebb71-8404-4f5d-a186-507ac077f2c3 req-e38dde3d-46e4-4432-a19e-a76cc696d0e0 tempest-ServerActionsTestOtherA-1442007164 tempest-ServerActionsTestOtherA-1442007164-project-member] Calling method 'version_select' {{(pid=85480) _process_stack /opt/stack/cinder/cinder/api/openstack/wsgi.py:878}}
Aug 30 19:21:50 devstack devstack@c-api.service[85480]: /opt/stack/data/venv/lib/python3.12/site-packages/oslo_context/context.py:102: DeprecationWarning: Policy enforcement is depending on the value of is_admin. This key is deprecated. Please update your policy file to use the standard policy values.
Aug 30 19:21:50 devstack devstack@c-api.service[85480]: warnings.warn(
Aug 30 19:21:50 devstack devstack@c-api.service[85480]: /opt/stack/cinder/cinder/objects/volume_attachment.py:211: DeprecationWarning: Passing item_cls to obj_make_list() is deprecated. The item class is now derived from the list object's field definition.
Aug 30 19:21:50 devstack devstack@c-api.service[85480]: return base.obj_make_list(context,
Aug 30 19:21:50 devstack devstack@c-api.service[85479]: DEBUG cinder.api.middleware.request_id [None req-961aa785-b5bb-4482-9fa3-498842f8dd3a None None] RequestId filter calling following filter/app {{(pid=85479) _context_setter /opt/stack/cinder/cinder/api/middleware/request_id.py:62}}
Aug 30 19:21:50 devstack devstack@c-api.service[85479]: INFO cinder.api.openstack.wsgi [None req-961aa785-b5bb-4482-9fa3-498842f8dd3a tempest-TaggedAttachmentsTest-788271700 tempest-TaggedAttachmentsTest-788271700-project-member] GET http://192.168.122.208/volume/v3/volumes/c42ad17f-4d48-44b4-8f23-3d8d9f670a98
Aug 30 19:21:50 devstack devstack@c-api.service[85479]: DEBUG cinder.api.openstack.wsgi [None req-961aa785-b5bb-4482-9fa3-498842f8dd3a tempest-TaggedAttachmentsTest-788271700 tempest-TaggedAttachmentsTest-788271700-project-member] Empty body provided in request {{(pid=85479) get_body /opt/stack/cinder/cinder/api/openstack/wsgi.py:725}}
Aug 30 19:21:50 devstack devstack@c-api.service[85479]: DEBUG cinder.api.openstack.wsgi [None req-961aa785-b5bb-4482-9fa3-498842f8dd3a tempest-TaggedAttachmentsTest-788271700 tempest-TaggedAttachmentsTest-788271700-project-member] Calling method 'show' {{(pid=85479) _process_stack /opt/stack/cinder/cinder/api/openstack/wsgi.py:878}}
Aug 30 19:21:50 devstack devstack@c-api.service[85479]: /opt/stack/cinder/cinder/objects/volume.py:315: DeprecationWarning: Passing item_cls to obj_make_list() is deprecated. The item class is now derived from the list object's field definition.
Aug 30 19:21:50 devstack devstack@c-api.service[85479]: attachments = base.obj_make_list(
Aug 30 19:21:50 devstack devstack@c-api.service[85479]: /opt/stack/data/venv/lib/python3.12/site-packages/oslo_context/context.py:102: DeprecationWarning: Policy enforcement is depending on the value of is_admin. This key is deprecated. Please update your policy file to use the standard policy values.
Aug 30 19:21:50 devstack devstack@c-api.service[85479]: warnings.warn(
Aug 30 19:21:50 devstack devstack@c-api.service[85480]: INFO cinder.api.openstack.wsgi [req-63bebb71-8404-4f5d-a186-507ac077f2c3 req-e38dde3d-46e4-4432-a19e-a76cc696d0e0 tempest-ServerActionsTestOtherA-1442007164 tempest-ServerActionsTestOtherA-1442007164-project-member] http://192.168.122.208/volume/v3/attachments/1e887f53-a399-49dd-b571-6a85dcfcfb7e returned with HTTP 200
Aug 30 19:21:50 devstack devstack@c-api.service[85479]: INFO cinder.volume.api [None req-961aa785-b5bb-4482-9fa3-498842f8dd3a tempest-TaggedAttachmentsTest-788271700 tempest-TaggedAttachmentsTest-788271700-project-member] Volume info retrieved successfully.
Aug 30 19:21:50 devstack devstack@c-api.service[85480]: [pid: 85480|app: 0|req: 32/58] 192.168.122.208 () {64 vars in 1562 bytes} [Sun Aug 30 19:21:50 2026] DELETE /volume/v3/attachments/1e887f53-a399-49dd-b571-6a85dcfcfb7e => generated 192 bytes in 171 msecs (HTTP/1.1 200) 7 headers in 286 bytes (1 switches on core 0)
Aug 30 19:21:50 devstack devstack@c-api.service[85479]: INFO cinder.api.openstack.wsgi [None req-961aa785-b5bb-4482-9fa3-498842f8dd3a tempest-TaggedAttachmentsTest-788271700 tempest-TaggedAttachmentsTest-788271700-project-member] http://192.168.122.208/volume/v3/volumes/c42ad17f-4d48-44b4-8f23-3d8d9f670a98 returned with HTTP 200
Aug 30 19:21:50 devstack devstack@c-api.service[85479]: [pid: 85479|app: 0|req: 27/59] 192.168.122.208 () {58 vars in 1232 bytes} [Sun Aug 30 19:21:50 2026] GET /volume/v3/volumes/c42ad17f-4d48-44b4-8f23-3d8d9f670a98 => generated 854 bytes in 54 msecs (HTTP/1.1 200) 7 headers in 285 bytes (1 switches on core 0)
Aug 30 19:21:51 devstack devstack@c-api.service[85480]: DEBUG cinder.api.middleware.request_id [None req-fa49ad13-e186-411b-b1c4-58d13ba063a3 None None] RequestId filter calling following filter/app {{(pid=85480) _context_setter /opt/stack/cinder/cinder/api/middleware/request_id.py:62}}
Aug 30 19:21:51 devstack devstack@c-api.service[85480]: INFO cinder.api.openstack.wsgi [None req-fa49ad13-e186-411b-b1c4-58d13ba063a3 None None] GET http://192.168.122.208/volume//
Aug 30 19:21:51 devstack devstack@c-api.service[85480]: DEBUG cinder.api.openstack.wsgi [None req-fa49ad13-e186-411b-b1c4-58d13ba063a3 None None] Empty body provided in request {{(pid=85480) get_body /opt/stack/cinder/cinder/api/openstack/wsgi.py:725}}
Aug 30 19:21:51 devstack devstack@c-api.service[85480]: DEBUG cinder.api.openstack.wsgi [None req-fa49ad13-e186-411b-b1c4-58d13ba063a3 None None] Calling method 'all' {{(pid=85480) _process_stack /opt/stack/cinder/cinder/api/openstack/wsgi.py:878}}
Aug 30 19:21:51 devstack devstack@c-api.service[85480]: INFO cinder.api.openstack.wsgi [None req-fa49ad13-e186-411b-b1c4-58d13ba063a3 None None] http://192.168.122.208/volume// returned with HTTP 300
Aug 30 19:21:51 devstack devstack@c-api.service[85480]: [pid: 85480|app: 0|req: 33/60] 192.168.122.208 () {58 vars in 1315 bytes} [Sun Aug 30 19:21:51 2026] GET /volume/ => generated 390 bytes in 27 msecs (HTTP/1.1 300) 7 headers in 299 bytes (1 switches on core 0)
Aug 30 19:21:51 devstack devstack@c-api.service[85479]: DEBUG cinder.api.middleware.request_id [req-63bebb71-8404-4f5d-a186-507ac077f2c3 req-7d0af066-1d6d-4a26-afe5-35be0f6063d9 None None] RequestId filter calling following filter/app {{(pid=85479) _context_setter /opt/stack/cinder/cinder/api/middleware/request_id.py:62}}
Aug 30 19:21:51 devstack devstack@c-api.service[85479]: INFO cinder.api.openstack.wsgi [req-63bebb71-8404-4f5d-a186-507ac077f2c3 req-7d0af066-1d6d-4a26-afe5-35be0f6063d9 tempest-ServerActionsTestOtherA-1442007164 tempest-ServerActionsTestOtherA-1442007164-project-member] GET http://192.168.122.208/volume/v3/volumes/58885f42-cfb6-4f1c-9677-42e5a6a9c4f5
Aug 30 19:21:51 devstack devstack@c-api.service[85479]: DEBUG cinder.api.openstack.wsgi [req-63bebb71-8404-4f5d-a186-507ac077f2c3 req-7d0af066-1d6d-4a26-afe5-35be0f6063d9 tempest-ServerActionsTestOtherA-1442007164 tempest-ServerActionsTestOtherA-1442007164-project-member] Empty body provided in request {{(pid=85479) get_body /opt/stack/cinder/cinder/api/openstack/wsgi.py:725}}
Aug 30 19:21:51 devstack devstack@c-api.service[85479]: DEBUG cinder.api.openstack.wsgi [req-63bebb71-8404-4f5d-a186-507ac077f2c3 req-7d0af066-1d6d-4a26-afe5-35be0f6063d9 tempest-ServerActionsTestOtherA-1442007164 tempest-ServerActionsTestOtherA-1442007164-project-member] Calling method 'show' {{(pid=85479) _process_stack /opt/stack/cinder/cinder/api/openstack/wsgi.py:878}}
Aug 30 19:21:51 devstack devstack@c-api.service[85479]: /opt/stack/cinder/cinder/objects/volume.py:315: DeprecationWarning: Passing item_cls to obj_make_list() is deprecated. The item class is now derived from the list object's field definition.
Aug 30 19:21:51 devstack devstack@c-api.service[85479]: attachments = base.obj_make_list(
Aug 30 19:21:51 devstack devstack@c-api.service[85479]: /opt/stack/data/venv/lib/python3.12/site-packages/oslo_context/context.py:102: DeprecationWarning: Policy enforcement is depending on the value of is_admin. This key is deprecated. Please update your policy file to use the standard policy values.
Aug 30 19:21:51 devstack devstack@c-api.service[85479]: warnings.warn(
Aug 30 19:21:51 devstack devstack@c-api.service[85479]: INFO cinder.volume.api [req-63bebb71-8404-4f5d-a186-507ac077f2c3 req-7d0af066-1d6d-4a26-afe5-35be0f6063d9 tempest-ServerActionsTestOtherA-1442007164 tempest-ServerActionsTestOtherA-1442007164-project-member] Volume info retrieved successfully.
Aug 30 19:21:51 devstack devstack@c-api.service[85479]: INFO cinder.api.openstack.wsgi [req-63bebb71-8404-4f5d-a186-507ac077f2c3 req-7d0af066-1d6d-4a26-afe5-35be0f6063d9 tempest-ServerActionsTestOtherA-1442007164 tempest-ServerActionsTestOtherA-1442007164-project-member] http://192.168.122.208/volume/v3/volumes/58885f42-cfb6-4f1c-9677-42e5a6a9c4f5 returned with HTTP 200
Aug 30 19:21:51 devstack devstack@c-api.service[85479]: [pid: 85479|app: 0|req: 28/61] 192.168.122.208 () {62 vars in 1528 bytes} [Sun Aug 30 19:21:51 2026] GET /volume/v3/volumes/58885f42-cfb6-4f1c-9677-42e5a6a9c4f5 => generated 1035 bytes in 75 msecs (HTTP/1.1 200) 7 headers in 287 bytes (1 switches on core 0)
Aug 30 19:21:51 devstack devstack@c-api.service[85480]: DEBUG cinder.api.middleware.request_id [req-63bebb71-8404-4f5d-a186-507ac077f2c3 req-bc4d33fc-266c-4d33-ba05-6427fdf952dc None None] RequestId filter calling following filter/app {{(pid=85480) _context_setter /opt/stack/cinder/cinder/api/middleware/request_id.py:62}}
Aug 30 19:21:51 devstack devstack@c-api.service[85480]: INFO cinder.api.openstack.wsgi [req-63bebb71-8404-4f5d-a186-507ac077f2c3 req-bc4d33fc-266c-4d33-ba05-6427fdf952dc tempest-ServerActionsTestOtherA-1442007164 tempest-ServerActionsTestOtherA-1442007164-project-member] PUT http://192.168.122.208/volume/v3/attachments/e4f4c128-e77b-4ea0-9658-9d24e17d15e9
Aug 30 19:21:51 devstack devstack@c-api.service[85480]: DEBUG cinder.api.openstack.wsgi [req-63bebb71-8404-4f5d-a186-507ac077f2c3 req-bc4d33fc-266c-4d33-ba05-6427fdf952dc tempest-ServerActionsTestOtherA-1442007164 tempest-ServerActionsTestOtherA-1442007164-project-member] Action: 'update', calling method: version_select, body: {"attachment": {"connector": {"platform": "x86_64", "os_type": "linux", "ip": "192.168.122.208", "host": "devstack", "multipath": false, "enforce_multipath": true, "initiator": "iqn.2016-04.com.open-iscsi:9815ce943662", "do_local_attach": false, "uuid": "d26e695a-c18f-459b-8eec-b70914f502f5", "system uuid": "8859d0de-9ffc-4b3d-8d4f-f8dfbfd09101", "nvme_native_multipath": false, "mountpoint": "/dev/vdb"}}} {{(pid=85480) _process_stack /opt/stack/cinder/cinder/api/openstack/wsgi.py:876}}
Aug 30 19:21:51 devstack devstack@c-api.service[85480]: DEBUG cinder.coordination [req-63bebb71-8404-4f5d-a186-507ac077f2c3 req-bc4d33fc-266c-4d33-ba05-6427fdf952dc tempest-ServerActionsTestOtherA-1442007164 tempest-ServerActionsTestOtherA-1442007164-project-member] Acquiring lock "cinder-attachment_update-58885f42-cfb6-4f1c-9677-42e5a6a9c4f5-devstack" by "attachment_update" {{(pid=85480) __acquire /opt/stack/cinder/cinder/coordination.py:138}}
Aug 30 19:21:51 devstack devstack@c-api.service[85480]: DEBUG cinder.coordination [req-63bebb71-8404-4f5d-a186-507ac077f2c3 req-bc4d33fc-266c-4d33-ba05-6427fdf952dc tempest-ServerActionsTestOtherA-1442007164 tempest-ServerActionsTestOtherA-1442007164-project-member] Lock "cinder-attachment_update-58885f42-cfb6-4f1c-9677-42e5a6a9c4f5-devstack" acquired by "attachment_update" :: waited 0.018s {{(pid=85480) __acquire /opt/stack/cinder/cinder/coordination.py:141}}
Aug 30 19:21:51 devstack devstack@c-api.service[85480]: /opt/stack/data/venv/lib/python3.12/site-packages/oslo_context/context.py:102: DeprecationWarning: Policy enforcement is depending on the value of is_admin. This key is deprecated. Please update your policy file to use the standard policy values.
Aug 30 19:21:51 devstack devstack@c-api.service[85480]: warnings.warn(
Aug 30 19:21:51 devstack devstack@c-api.service[85480]: /opt/stack/cinder/cinder/objects/volume.py:315: DeprecationWarning: Passing item_cls to obj_make_list() is deprecated. The item class is now derived from the list object's field definition.
Aug 30 19:21:51 devstack devstack@c-api.service[85480]: attachments = base.obj_make_list(
Aug 30 19:21:51 devstack devstack@c-api.service[85479]: DEBUG cinder.api.middleware.request_id [None req-42ab44e9-6000-4c40-92a9-c7eb300b8730 None None] RequestId filter calling following filter/app {{(pid=85479) _context_setter /opt/stack/cinder/cinder/api/middleware/request_id.py:62}}
Aug 30 19:21:51 devstack devstack@c-api.service[85479]: INFO cinder.api.openstack.wsgi [None req-42ab44e9-6000-4c40-92a9-c7eb300b8730 tempest-AttachVolumeShelveTestJSON-1639380680 tempest-AttachVolumeShelveTestJSON-1639380680-project-member] POST http://192.168.122.208/volume/v3/volumes
Aug 30 19:21:51 devstack devstack@c-api.service[85479]: DEBUG cinder.api.openstack.wsgi [None req-42ab44e9-6000-4c40-92a9-c7eb300b8730 tempest-AttachVolumeShelveTestJSON-1639380680 tempest-AttachVolumeShelveTestJSON-1639380680-project-member] Action: 'create', calling method: create, body: {"volume": {"size": 1, "display_name": "tempest-AttachVolumeShelveTestJSON-volume-419855540"}} {{(pid=85479) _process_stack /opt/stack/cinder/cinder/api/openstack/wsgi.py:876}}
Aug 30 19:21:51 devstack devstack@c-api.service[85479]: DEBUG cinder.api.v3.volumes [None req-42ab44e9-6000-4c40-92a9-c7eb300b8730 tempest-AttachVolumeShelveTestJSON-1639380680 tempest-AttachVolumeShelveTestJSON-1639380680-project-member] Create volume request body: {'volume': {'size': 1, 'display_name': 'tempest-AttachVolumeShelveTestJSON-volume-419855540'}} {{(pid=85479) create /opt/stack/cinder/cinder/api/v3/volumes.py:368}}
Aug 30 19:21:51 devstack devstack@c-api.service[85479]: INFO cinder.api.v3.volumes [None req-42ab44e9-6000-4c40-92a9-c7eb300b8730 tempest-AttachVolumeShelveTestJSON-1639380680 tempest-AttachVolumeShelveTestJSON-1639380680-project-member] Create volume of 1 GB
Aug 30 19:21:51 devstack devstack@c-api.service[85479]: INFO cinder.volume.api [None req-42ab44e9-6000-4c40-92a9-c7eb300b8730 tempest-AttachVolumeShelveTestJSON-1639380680 tempest-AttachVolumeShelveTestJSON-1639380680-project-member] Availability Zones retrieved successfully.
Aug 30 19:21:51 devstack devstack@c-api.service[85479]: DEBUG cinder.volume.api [None req-42ab44e9-6000-4c40-92a9-c7eb300b8730 tempest-AttachVolumeShelveTestJSON-1639380680 tempest-AttachVolumeShelveTestJSON-1639380680-project-member] Flow 'volume_create_api' (586350b5-bde4-4da0-b13e-6d271b735ff3) transitioned into state 'RUNNING' from state 'PENDING' {{(pid=85479) _flow_receiver /opt/stack/data/venv/lib/python3.12/site-packages/taskflow/listeners/logging.py:160}}
Aug 30 19:21:51 devstack devstack@c-api.service[85479]: DEBUG cinder.volume.api [None req-42ab44e9-6000-4c40-92a9-c7eb300b8730 tempest-AttachVolumeShelveTestJSON-1639380680 tempest-AttachVolumeShelveTestJSON-1639380680-project-member] Task 'cinder.volume.flows.api.create_volume.ExtractVolumeRequestTask;volume:create' (a530cea1-4dd1-43c9-9a2e-b339d57b49be) transitioned into state 'RUNNING' from state 'PENDING' {{(pid=85479) _task_receiver /opt/stack/data/venv/lib/python3.12/site-packages/taskflow/listeners/logging.py:242}}
Aug 30 19:21:51 devstack devstack@c-api.service[85479]: DEBUG cinder.volume.flows.api.create_volume [None req-42ab44e9-6000-4c40-92a9-c7eb300b8730 tempest-AttachVolumeShelveTestJSON-1639380680 tempest-AttachVolumeShelveTestJSON-1639380680-project-member] Validating volume size '1' using validate_int {{(pid=85479) _extract_size /opt/stack/cinder/cinder/volume/flows/api/create_volume.py:226}}
Aug 30 19:21:52 devstack devstack@c-api.service[85479]: DEBUG cinder.volume.api [None req-42ab44e9-6000-4c40-92a9-c7eb300b8730 tempest-AttachVolumeShelveTestJSON-1639380680 tempest-AttachVolumeShelveTestJSON-1639380680-project-member] Task 'cinder.volume.flows.api.create_volume.ExtractVolumeRequestTask;volume:create' (a530cea1-4dd1-43c9-9a2e-b339d57b49be) transitioned into state 'SUCCESS' from state 'RUNNING' with result '{'size': 1, 'snapshot_id': None, 'source_volid': None, 'volume_type': VolumeType(created_at=2026-08-30T17:17:03Z,deleted=False,deleted_at=None,description=None,extra_specs={},id=1a03bb48-c2e2-4268-b6c6-6aada77ebf51,is_public=True,name='QuobyteHD',projects=[],qos_specs=,qos_specs_id=None,updated_at=None), 'volume_type_id': '1a03bb48-c2e2-4268-b6c6-6aada77ebf51', 'encryption_key_id': None, 'qos_specs': None, 'consistencygroup_id': None, 'cgsnapshot_id': None, 'group_id': None, 'replication_status': 'disabled', 'refresh_az': False, 'backup_id': None, 'multiattach': False, 'availability_zones': ['nova']}' {{(pid=85479) _task_receiver /opt/stack/data/venv/lib/python3.12/site-packages/taskflow/listeners/logging.py:218}}
