Aug 30 19:26:01 devstack cinder-volume[85790]: DEBUG oslo.privsep.daemon [-] privsep: reply[eff7bc3e-ca7f-46f1-b36b-2ed93630cd3c]: (4, 'qcow2') {{(pid=87355) _call_back /opt/stack/data/venv/lib/python3.12/site-packages/oslo_privsep/daemon.py:580}}
Aug 30 19:26:01 devstack cinder-volume[85790]: DEBUG oslo_concurrency.processutils [None req-ce33c40d-d1a8-4897-b8f2-5dfc9c5e4676 tempest-SnapshotsActionsTest-755685826 None] Running cmd (subprocess): /opt/stack/data/venv/bin/python3.12 -m oslo_concurrency.prlimit --as=1073741824 --cpu=60 -- sudo cinder-rootwrap /etc/cinder/rootwrap.conf env LC_ALL=C qemu-img info -f qcow2 --output=json --force-share /opt/stack/data/cinder/mnt/69bf9c6a7edf810d5264133aba025fe9/volume-f75e88ca-dce3-4f50-93e4-7aa7075bc517.84d925fa-195b-4459-b97e-6b1bfebd1244 {{(pid=85790) execute /opt/stack/data/venv/lib/python3.12/site-packages/oslo_concurrency/processutils.py:440}}
Aug 30 19:26:01 devstack sudo[93647]: quobyte : PWD=/ ; USER=root ; COMMAND=/opt/stack/data/venv/bin/cinder-rootwrap /etc/cinder/rootwrap.conf env LC_ALL=C qemu-img info -f qcow2 --output=json --force-share /opt/stack/data/cinder/mnt/69bf9c6a7edf810d5264133aba025fe9/volume-f75e88ca-dce3-4f50-93e4-7aa7075bc517.84d925fa-195b-4459-b97e-6b1bfebd1244
Aug 30 19:26:01 devstack sudo[93647]: pam_unix(sudo:session): session opened for user root(uid=0) by (uid=1000)
Aug 30 19:26:01 devstack sudo[93647]: pam_unix(sudo:session): session closed for user root
Aug 30 19:26:01 devstack cinder-volume[85790]: DEBUG oslo_concurrency.processutils [None req-ce33c40d-d1a8-4897-b8f2-5dfc9c5e4676 tempest-SnapshotsActionsTest-755685826 None] CMD "/opt/stack/data/venv/bin/python3.12 -m oslo_concurrency.prlimit --as=1073741824 --cpu=60 -- sudo cinder-rootwrap /etc/cinder/rootwrap.conf env LC_ALL=C qemu-img info -f qcow2 --output=json --force-share /opt/stack/data/cinder/mnt/69bf9c6a7edf810d5264133aba025fe9/volume-f75e88ca-dce3-4f50-93e4-7aa7075bc517.84d925fa-195b-4459-b97e-6b1bfebd1244" returned: 0 in 0.474s {{(pid=85790) execute /opt/stack/data/venv/lib/python3.12/site-packages/oslo_concurrency/processutils.py:468}}
Aug 30 19:26:01 devstack cinder-volume[85790]: DEBUG cinder.volume.drivers.remotefs [None req-ce33c40d-d1a8-4897-b8f2-5dfc9c5e4676 tempest-SnapshotsActionsTest-755685826 None] Fetching qemu-img info with special backing_file_template: (/opt/stack/data/cinder/mnt/[0-9a-f]+/)?(volume-f75e88ca-dce3-4f50-93e4-7aa7075bc517(.(tmp-snap-)?[0-9a-f-]+)?|volume_from_snapshot_cache/(tmp-snap-)?[0-9a-f-]+(.(child-|parent-)[0-9a-f-]+)?)$ {{(pid=85790) _qemu_img_info_base /opt/stack/cinder/cinder/volume/drivers/remotefs.py:896}}
Aug 30 19:26:01 devstack cinder-volume[85790]: DEBUG oslo_concurrency.processutils [None req-ce33c40d-d1a8-4897-b8f2-5dfc9c5e4676 tempest-SnapshotsActionsTest-755685826 None] Running cmd (subprocess): sudo cinder-rootwrap /etc/cinder/rootwrap.conf qemu-img commit -d /opt/stack/data/cinder/mnt/69bf9c6a7edf810d5264133aba025fe9/volume-f75e88ca-dce3-4f50-93e4-7aa7075bc517.510740b0-784d-4134-8b8f-1803c8647fd2 {{(pid=85790) execute /opt/stack/data/venv/lib/python3.12/site-packages/oslo_concurrency/processutils.py:440}}
Aug 30 19:26:01 devstack sudo[93653]: quobyte : PWD=/ ; USER=root ; COMMAND=/opt/stack/data/venv/bin/cinder-rootwrap /etc/cinder/rootwrap.conf qemu-img commit -d /opt/stack/data/cinder/mnt/69bf9c6a7edf810d5264133aba025fe9/volume-f75e88ca-dce3-4f50-93e4-7aa7075bc517.510740b0-784d-4134-8b8f-1803c8647fd2
Aug 30 19:26:01 devstack sudo[93653]: pam_unix(sudo:session): session opened for user root(uid=0) by (uid=1000)
Aug 30 19:26:02 devstack sudo[93653]: pam_unix(sudo:session): session closed for user root
Aug 30 19:26:02 devstack cinder-volume[85790]: DEBUG oslo_concurrency.processutils [None req-ce33c40d-d1a8-4897-b8f2-5dfc9c5e4676 tempest-SnapshotsActionsTest-755685826 None] CMD "sudo cinder-rootwrap /etc/cinder/rootwrap.conf qemu-img commit -d /opt/stack/data/cinder/mnt/69bf9c6a7edf810d5264133aba025fe9/volume-f75e88ca-dce3-4f50-93e4-7aa7075bc517.510740b0-784d-4134-8b8f-1803c8647fd2" returned: 0 in 0.441s {{(pid=85790) execute /opt/stack/data/venv/lib/python3.12/site-packages/oslo_concurrency/processutils.py:468}}
Aug 30 19:26:02 devstack cinder-volume[85790]: DEBUG oslo_concurrency.processutils [None req-ce33c40d-d1a8-4897-b8f2-5dfc9c5e4676 tempest-SnapshotsActionsTest-755685826 None] Running cmd (subprocess): sudo cinder-rootwrap /etc/cinder/rootwrap.conf rm -f /opt/stack/data/cinder/mnt/69bf9c6a7edf810d5264133aba025fe9/volume-f75e88ca-dce3-4f50-93e4-7aa7075bc517.510740b0-784d-4134-8b8f-1803c8647fd2 {{(pid=85790) execute /opt/stack/data/venv/lib/python3.12/site-packages/oslo_concurrency/processutils.py:440}}
Aug 30 19:26:02 devstack sudo[93659]: quobyte : PWD=/ ; USER=root ; COMMAND=/opt/stack/data/venv/bin/cinder-rootwrap /etc/cinder/rootwrap.conf rm -f /opt/stack/data/cinder/mnt/69bf9c6a7edf810d5264133aba025fe9/volume-f75e88ca-dce3-4f50-93e4-7aa7075bc517.510740b0-784d-4134-8b8f-1803c8647fd2
Aug 30 19:26:02 devstack sudo[93659]: pam_unix(sudo:session): session opened for user root(uid=0) by (uid=1000)
Aug 30 19:26:02 devstack sudo[93659]: pam_unix(sudo:session): session closed for user root
Aug 30 19:26:02 devstack cinder-volume[85790]: DEBUG oslo_concurrency.processutils [None req-ce33c40d-d1a8-4897-b8f2-5dfc9c5e4676 tempest-SnapshotsActionsTest-755685826 None] CMD "sudo cinder-rootwrap /etc/cinder/rootwrap.conf rm -f /opt/stack/data/cinder/mnt/69bf9c6a7edf810d5264133aba025fe9/volume-f75e88ca-dce3-4f50-93e4-7aa7075bc517.510740b0-784d-4134-8b8f-1803c8647fd2" returned: 0 in 0.277s {{(pid=85790) execute /opt/stack/data/venv/lib/python3.12/site-packages/oslo_concurrency/processutils.py:468}}
Aug 30 19:26:02 devstack cinder-volume[85790]: DEBUG cinder.coordination [None req-ce33c40d-d1a8-4897-b8f2-5dfc9c5e4676 tempest-SnapshotsActionsTest-755685826 None] Lock "cinder-quobyte-510740b0-784d-4134-8b8f-1803c8647fd2" released by "_delete_snapshot" :: held 1.871s {{(pid=85790) __release /opt/stack/cinder/cinder/coordination.py:152}}
Aug 30 19:26:02 devstack cinder-volume[85790]: DEBUG cinder.coordination [None req-ce33c40d-d1a8-4897-b8f2-5dfc9c5e4676 tempest-SnapshotsActionsTest-755685826 None] Lock "cinder-quobyte-f75e88ca-dce3-4f50-93e4-7aa7075bc517" released by "delete_snapshot" :: held 1.907s {{(pid=85790) __release /opt/stack/cinder/cinder/coordination.py:152}}
Aug 30 19:26:02 devstack cinder-volume[85790]: DEBUG cinder.quota [None req-ce33c40d-d1a8-4897-b8f2-5dfc9c5e4676 tempest-SnapshotsActionsTest-755685826 None] Created reservations ['87720265-a516-47e7-bc68-8ef15f3cd69e', '043c143f-f095-4f24-abcf-ab09846c5ae9', '61e62b92-9f69-4cfc-ab85-b38d200a18cf', '28249eb9-7624-4a87-b0ed-2a48c2987ab7'] {{(pid=85790) reserve /opt/stack/cinder/cinder/quota.py:752}}
Aug 30 19:26:02 devstack cinder-volume[85790]: INFO cinder.volume.manager [None req-ce33c40d-d1a8-4897-b8f2-5dfc9c5e4676 tempest-SnapshotsActionsTest-755685826 None] Delete snapshot completed successfully.
Aug 30 19:26:02 devstack cinder-volume[85790]: DEBUG cinder.coordination [None req-ce33c40d-d1a8-4897-b8f2-5dfc9c5e4676 tempest-SnapshotsActionsTest-755685826 None] Lock "cinder-510740b0-784d-4134-8b8f-1803c8647fd2-delete_snapshot" released by "delete_snapshot" :: held 2.118s {{(pid=85790) __release /opt/stack/cinder/cinder/coordination.py:152}}
Aug 30 19:26:03 devstack cinder-volume[85790]: DEBUG oslo_concurrency.lockutils [None req-269c12c9-5d51-440a-b363-9ca03e7bf49d tempest-SnapshotsActionsTest-182183746 None] Acquiring lock "quobyte" by "cinder.volume.drivers.quobyte.QuobyteDriver.create_snapshot" {{(pid=85790) inner /opt/stack/data/venv/lib/python3.12/site-packages/oslo_concurrency/lockutils.py:512}}
Aug 30 19:26:03 devstack cinder-volume[85790]: DEBUG oslo_concurrency.lockutils [None req-269c12c9-5d51-440a-b363-9ca03e7bf49d tempest-SnapshotsActionsTest-182183746 None] Lock "quobyte" acquired by "cinder.volume.drivers.quobyte.QuobyteDriver.create_snapshot" :: waited 0.001s {{(pid=85790) inner /opt/stack/data/venv/lib/python3.12/site-packages/oslo_concurrency/lockutils.py:525}}
Aug 30 19:26:03 devstack cinder-volume[85790]: DEBUG cinder.volume.drivers.remotefs [None req-269c12c9-5d51-440a-b363-9ca03e7bf49d tempest-SnapshotsActionsTest-182183746 None] Creating offline snapshot 68f2329e-ada0-4fb4-9c9b-5d604e1f2c1f of volume f75e88ca-dce3-4f50-93e4-7aa7075bc517 {{(pid=85790) _create_snapshot /opt/stack/cinder/cinder/volume/drivers/remotefs.py:1816}}
Aug 30 19:26:03 devstack cinder-volume[85790]: DEBUG oslo.privsep.daemon [-] privsep: reply[dfb1c2ff-4fd3-44fe-b182-77264a9b3b90]: (4, 'qcow2') {{(pid=87355) _call_back /opt/stack/data/venv/lib/python3.12/site-packages/oslo_privsep/daemon.py:580}}
Aug 30 19:26:03 devstack cinder-volume[85790]: DEBUG oslo_concurrency.processutils [None req-269c12c9-5d51-440a-b363-9ca03e7bf49d tempest-SnapshotsActionsTest-182183746 None] Running cmd (subprocess): /opt/stack/data/venv/bin/python3.12 -m oslo_concurrency.prlimit --as=1073741824 --cpu=60 -- sudo cinder-rootwrap /etc/cinder/rootwrap.conf env LC_ALL=C qemu-img info -f qcow2 --output=json --force-share /opt/stack/data/cinder/mnt/69bf9c6a7edf810d5264133aba025fe9/volume-f75e88ca-dce3-4f50-93e4-7aa7075bc517.84d925fa-195b-4459-b97e-6b1bfebd1244 {{(pid=85790) execute /opt/stack/data/venv/lib/python3.12/site-packages/oslo_concurrency/processutils.py:440}}
Aug 30 19:26:03 devstack sudo[93663]: quobyte : PWD=/ ; USER=root ; COMMAND=/opt/stack/data/venv/bin/cinder-rootwrap /etc/cinder/rootwrap.conf env LC_ALL=C qemu-img info -f qcow2 --output=json --force-share /opt/stack/data/cinder/mnt/69bf9c6a7edf810d5264133aba025fe9/volume-f75e88ca-dce3-4f50-93e4-7aa7075bc517.84d925fa-195b-4459-b97e-6b1bfebd1244
Aug 30 19:26:03 devstack sudo[93663]: pam_unix(sudo:session): session opened for user root(uid=0) by (uid=1000)
Aug 30 19:26:04 devstack sudo[93663]: pam_unix(sudo:session): session closed for user root
Aug 30 19:26:04 devstack cinder-volume[85790]: DEBUG oslo_concurrency.processutils [None req-269c12c9-5d51-440a-b363-9ca03e7bf49d tempest-SnapshotsActionsTest-182183746 None] CMD "/opt/stack/data/venv/bin/python3.12 -m oslo_concurrency.prlimit --as=1073741824 --cpu=60 -- sudo cinder-rootwrap /etc/cinder/rootwrap.conf env LC_ALL=C qemu-img info -f qcow2 --output=json --force-share /opt/stack/data/cinder/mnt/69bf9c6a7edf810d5264133aba025fe9/volume-f75e88ca-dce3-4f50-93e4-7aa7075bc517.84d925fa-195b-4459-b97e-6b1bfebd1244" returned: 0 in 0.928s {{(pid=85790) execute /opt/stack/data/venv/lib/python3.12/site-packages/oslo_concurrency/processutils.py:468}}
Aug 30 19:26:04 devstack cinder-volume[85790]: DEBUG cinder.volume.drivers.remotefs [None req-269c12c9-5d51-440a-b363-9ca03e7bf49d tempest-SnapshotsActionsTest-182183746 None] Fetching qemu-img info with special backing_file_template: (/opt/stack/data/cinder/mnt/[0-9a-f]+/)?(volume-f75e88ca-dce3-4f50-93e4-7aa7075bc517(.(tmp-snap-)?[0-9a-f-]+)?|volume_from_snapshot_cache/(tmp-snap-)?[0-9a-f-]+(.(child-|parent-)[0-9a-f-]+)?)$ {{(pid=85790) _qemu_img_info_base /opt/stack/cinder/cinder/volume/drivers/remotefs.py:896}}
Aug 30 19:26:04 devstack cinder-volume[85790]: DEBUG oslo_concurrency.processutils [None req-269c12c9-5d51-440a-b363-9ca03e7bf49d tempest-SnapshotsActionsTest-182183746 None] Running cmd (subprocess): sudo cinder-rootwrap /etc/cinder/rootwrap.conf qemu-img create -f qcow2 -o backing_file=/opt/stack/data/cinder/mnt/69bf9c6a7edf810d5264133aba025fe9/volume-f75e88ca-dce3-4f50-93e4-7aa7075bc517.84d925fa-195b-4459-b97e-6b1bfebd1244,backing_fmt=qcow2 /opt/stack/data/cinder/mnt/69bf9c6a7edf810d5264133aba025fe9/volume-f75e88ca-dce3-4f50-93e4-7aa7075bc517.68f2329e-ada0-4fb4-9c9b-5d604e1f2c1f 1G {{(pid=85790) execute /opt/stack/data/venv/lib/python3.12/site-packages/oslo_concurrency/processutils.py:440}}
Aug 30 19:26:04 devstack sudo[93722]: quobyte : PWD=/ ; USER=root ; COMMAND=/opt/stack/data/venv/bin/cinder-rootwrap /etc/cinder/rootwrap.conf qemu-img create -f qcow2 -o backing_file=/opt/stack/data/cinder/mnt/69bf9c6a7edf810d5264133aba025fe9/volume-f75e88ca-dce3-4f50-93e4-7aa7075bc517.84d925fa-195b-4459-b97e-6b1bfebd1244,backing_fmt=qcow2 /opt/stack/data/cinder/mnt/69bf9c6a7edf810d5264133aba025fe9/volume-f75e88ca-dce3-4f50-93e4-7aa7075bc517.68f2329e-ada0-4fb4-9c9b-5d604e1f2c1f 1G
Aug 30 19:26:04 devstack sudo[93722]: pam_unix(sudo:session): session opened for user root(uid=0) by (uid=1000)
Aug 30 19:26:05 devstack sudo[93722]: pam_unix(sudo:session): session closed for user root
Aug 30 19:26:05 devstack cinder-volume[85790]: DEBUG oslo_concurrency.processutils [None req-269c12c9-5d51-440a-b363-9ca03e7bf49d tempest-SnapshotsActionsTest-182183746 None] CMD "sudo cinder-rootwrap /etc/cinder/rootwrap.conf qemu-img create -f qcow2 -o backing_file=/opt/stack/data/cinder/mnt/69bf9c6a7edf810d5264133aba025fe9/volume-f75e88ca-dce3-4f50-93e4-7aa7075bc517.84d925fa-195b-4459-b97e-6b1bfebd1244,backing_fmt=qcow2 /opt/stack/data/cinder/mnt/69bf9c6a7edf810d5264133aba025fe9/volume-f75e88ca-dce3-4f50-93e4-7aa7075bc517.68f2329e-ada0-4fb4-9c9b-5d604e1f2c1f 1G" returned: 0 in 0.851s {{(pid=85790) execute /opt/stack/data/venv/lib/python3.12/site-packages/oslo_concurrency/processutils.py:468}}
Aug 30 19:26:05 devstack cinder-volume[85790]: DEBUG oslo_concurrency.processutils [None req-269c12c9-5d51-440a-b363-9ca03e7bf49d tempest-SnapshotsActionsTest-182183746 None] Running cmd (subprocess): sudo cinder-rootwrap /etc/cinder/rootwrap.conf qemu-img rebase -u -b volume-f75e88ca-dce3-4f50-93e4-7aa7075bc517.84d925fa-195b-4459-b97e-6b1bfebd1244 -F qcow2 /opt/stack/data/cinder/mnt/69bf9c6a7edf810d5264133aba025fe9/volume-f75e88ca-dce3-4f50-93e4-7aa7075bc517.68f2329e-ada0-4fb4-9c9b-5d604e1f2c1f {{(pid=85790) execute /opt/stack/data/venv/lib/python3.12/site-packages/oslo_concurrency/processutils.py:440}}
Aug 30 19:26:05 devstack sudo[93744]: quobyte : PWD=/ ; USER=root ; COMMAND=/opt/stack/data/venv/bin/cinder-rootwrap /etc/cinder/rootwrap.conf qemu-img rebase -u -b volume-f75e88ca-dce3-4f50-93e4-7aa7075bc517.84d925fa-195b-4459-b97e-6b1bfebd1244 -F qcow2 /opt/stack/data/cinder/mnt/69bf9c6a7edf810d5264133aba025fe9/volume-f75e88ca-dce3-4f50-93e4-7aa7075bc517.68f2329e-ada0-4fb4-9c9b-5d604e1f2c1f
Aug 30 19:26:05 devstack sudo[93744]: pam_unix(sudo:session): session opened for user root(uid=0) by (uid=1000)
Aug 30 19:26:05 devstack sudo[93744]: pam_unix(sudo:session): session closed for user root
Aug 30 19:26:05 devstack cinder-volume[85790]: DEBUG oslo_concurrency.processutils [None req-269c12c9-5d51-440a-b363-9ca03e7bf49d tempest-SnapshotsActionsTest-182183746 None] CMD "sudo cinder-rootwrap /etc/cinder/rootwrap.conf qemu-img rebase -u -b volume-f75e88ca-dce3-4f50-93e4-7aa7075bc517.84d925fa-195b-4459-b97e-6b1bfebd1244 -F qcow2 /opt/stack/data/cinder/mnt/69bf9c6a7edf810d5264133aba025fe9/volume-f75e88ca-dce3-4f50-93e4-7aa7075bc517.68f2329e-ada0-4fb4-9c9b-5d604e1f2c1f" returned: 0 in 0.496s {{(pid=85790) execute /opt/stack/data/venv/lib/python3.12/site-packages/oslo_concurrency/processutils.py:468}}
Aug 30 19:26:05 devstack cinder-volume[85790]: WARNING cinder.volume.drivers.remotefs [None req-269c12c9-5d51-440a-b363-9ca03e7bf49d tempest-SnapshotsActionsTest-182183746 None] /opt/stack/data/cinder/mnt/69bf9c6a7edf810d5264133aba025fe9/volume-f75e88ca-dce3-4f50-93e4-7aa7075bc517.68f2329e-ada0-4fb4-9c9b-5d604e1f2c1f is being set with open permissions: ugo+rw
Aug 30 19:26:05 devstack cinder-volume[85790]: DEBUG oslo_concurrency.processutils [None req-269c12c9-5d51-440a-b363-9ca03e7bf49d tempest-SnapshotsActionsTest-182183746 None] Running cmd (subprocess): sudo cinder-rootwrap /etc/cinder/rootwrap.conf chmod ugo+rw /opt/stack/data/cinder/mnt/69bf9c6a7edf810d5264133aba025fe9/volume-f75e88ca-dce3-4f50-93e4-7aa7075bc517.68f2329e-ada0-4fb4-9c9b-5d604e1f2c1f {{(pid=85790) execute /opt/stack/data/venv/lib/python3.12/site-packages/oslo_concurrency/processutils.py:440}}
Aug 30 19:26:05 devstack sudo[93751]: quobyte : PWD=/ ; USER=root ; COMMAND=/opt/stack/data/venv/bin/cinder-rootwrap /etc/cinder/rootwrap.conf chmod ugo+rw /opt/stack/data/cinder/mnt/69bf9c6a7edf810d5264133aba025fe9/volume-f75e88ca-dce3-4f50-93e4-7aa7075bc517.68f2329e-ada0-4fb4-9c9b-5d604e1f2c1f
Aug 30 19:26:05 devstack sudo[93751]: pam_unix(sudo:session): session opened for user root(uid=0) by (uid=1000)
Aug 30 19:26:06 devstack sudo[93751]: pam_unix(sudo:session): session closed for user root
Aug 30 19:26:06 devstack cinder-volume[85790]: DEBUG oslo_concurrency.processutils [None req-269c12c9-5d51-440a-b363-9ca03e7bf49d tempest-SnapshotsActionsTest-182183746 None] CMD "sudo cinder-rootwrap /etc/cinder/rootwrap.conf chmod ugo+rw /opt/stack/data/cinder/mnt/69bf9c6a7edf810d5264133aba025fe9/volume-f75e88ca-dce3-4f50-93e4-7aa7075bc517.68f2329e-ada0-4fb4-9c9b-5d604e1f2c1f" returned: 0 in 0.536s {{(pid=85790) execute /opt/stack/data/venv/lib/python3.12/site-packages/oslo_concurrency/processutils.py:468}}
Aug 30 19:26:06 devstack cinder-volume[85790]: DEBUG oslo_concurrency.lockutils [None req-269c12c9-5d51-440a-b363-9ca03e7bf49d tempest-SnapshotsActionsTest-182183746 None] Lock "quobyte" "released" by "cinder.volume.drivers.quobyte.QuobyteDriver.create_snapshot" :: held 2.991s {{(pid=85790) inner /opt/stack/data/venv/lib/python3.12/site-packages/oslo_concurrency/lockutils.py:544}}
Aug 30 19:26:06 devstack cinder-volume[85790]: INFO cinder.volume.manager [None req-269c12c9-5d51-440a-b363-9ca03e7bf49d tempest-SnapshotsActionsTest-182183746 None] Create snapshot completed successfully
Aug 30 19:26:06 devstack cinder-volume[85790]: DEBUG cinder.coordination [None req-7514f4bd-5808-4c1c-8606-976ce72c3771 tempest-SnapshotsActionsTest-755685826 None] Acquiring lock "cinder-68f2329e-ada0-4fb4-9c9b-5d604e1f2c1f-delete_snapshot" by "delete_snapshot" {{(pid=85790) __acquire /opt/stack/cinder/cinder/coordination.py:138}}
Aug 30 19:26:06 devstack cinder-volume[85790]: DEBUG cinder.coordination [None req-7514f4bd-5808-4c1c-8606-976ce72c3771 tempest-SnapshotsActionsTest-755685826 None] Lock "cinder-68f2329e-ada0-4fb4-9c9b-5d604e1f2c1f-delete_snapshot" acquired by "delete_snapshot" :: waited 0.042s {{(pid=85790) __acquire /opt/stack/cinder/cinder/coordination.py:141}}
Aug 30 19:26:06 devstack cinder-volume[85790]: DEBUG cinder.coordination [None req-7514f4bd-5808-4c1c-8606-976ce72c3771 tempest-SnapshotsActionsTest-755685826 None] Acquiring lock "cinder-quobyte-f75e88ca-dce3-4f50-93e4-7aa7075bc517" by "delete_snapshot" {{(pid=85790) __acquire /opt/stack/cinder/cinder/coordination.py:138}}
Aug 30 19:26:06 devstack cinder-volume[85790]: DEBUG cinder.coordination [None req-7514f4bd-5808-4c1c-8606-976ce72c3771 tempest-SnapshotsActionsTest-755685826 None] Lock "cinder-quobyte-f75e88ca-dce3-4f50-93e4-7aa7075bc517" acquired by "delete_snapshot" :: waited 0.039s {{(pid=85790) __acquire /opt/stack/cinder/cinder/coordination.py:141}}
Aug 30 19:26:06 devstack cinder-volume[85790]: DEBUG cinder.coordination [None req-7514f4bd-5808-4c1c-8606-976ce72c3771 tempest-SnapshotsActionsTest-755685826 None] Acquiring lock "cinder-quobyte-68f2329e-ada0-4fb4-9c9b-5d604e1f2c1f" by "_delete_snapshot" {{(pid=85790) __acquire /opt/stack/cinder/cinder/coordination.py:138}}
Aug 30 19:26:06 devstack cinder-volume[85790]: DEBUG cinder.coordination [None req-7514f4bd-5808-4c1c-8606-976ce72c3771 tempest-SnapshotsActionsTest-755685826 None] Lock "cinder-quobyte-68f2329e-ada0-4fb4-9c9b-5d604e1f2c1f" acquired by "_delete_snapshot" :: waited 0.017s {{(pid=85790) __acquire /opt/stack/cinder/cinder/coordination.py:141}}
Aug 30 19:26:06 devstack cinder-volume[85790]: DEBUG cinder.volume.drivers.remotefs [None req-7514f4bd-5808-4c1c-8606-976ce72c3771 tempest-SnapshotsActionsTest-755685826 None] Deleting offline snapshot 68f2329e-ada0-4fb4-9c9b-5d604e1f2c1f of volume f75e88ca-dce3-4f50-93e4-7aa7075bc517 {{(pid=85790) _delete_snapshot /opt/stack/cinder/cinder/volume/drivers/remotefs.py:1288}}
Aug 30 19:26:06 devstack cinder-volume[85790]: DEBUG cinder.volume.drivers.remotefs [None req-7514f4bd-5808-4c1c-8606-976ce72c3771 tempest-SnapshotsActionsTest-755685826 None] snapshot_file for this snap is: volume-f75e88ca-dce3-4f50-93e4-7aa7075bc517.68f2329e-ada0-4fb4-9c9b-5d604e1f2c1f {{(pid=85790) _delete_snapshot /opt/stack/cinder/cinder/volume/drivers/remotefs.py:1317}}
Aug 30 19:26:06 devstack cinder-volume[85790]: DEBUG oslo.privsep.daemon [-] privsep: reply[9ea0a775-ca87-4ca0-9779-564fcb908a7e]: (4, 'qcow2') {{(pid=87355) _call_back /opt/stack/data/venv/lib/python3.12/site-packages/oslo_privsep/daemon.py:580}}
Aug 30 19:26:06 devstack cinder-volume[85790]: DEBUG oslo_concurrency.processutils [None req-7514f4bd-5808-4c1c-8606-976ce72c3771 tempest-SnapshotsActionsTest-755685826 None] Running cmd (subprocess): /opt/stack/data/venv/bin/python3.12 -m oslo_concurrency.prlimit --as=1073741824 --cpu=60 -- sudo cinder-rootwrap /etc/cinder/rootwrap.conf env LC_ALL=C qemu-img info -f qcow2 --output=json --force-share /opt/stack/data/cinder/mnt/69bf9c6a7edf810d5264133aba025fe9/volume-f75e88ca-dce3-4f50-93e4-7aa7075bc517.68f2329e-ada0-4fb4-9c9b-5d604e1f2c1f {{(pid=85790) execute /opt/stack/data/venv/lib/python3.12/site-packages/oslo_concurrency/processutils.py:440}}
Aug 30 19:26:07 devstack sudo[93758]: quobyte : PWD=/ ; USER=root ; COMMAND=/opt/stack/data/venv/bin/cinder-rootwrap /etc/cinder/rootwrap.conf env LC_ALL=C qemu-img info -f qcow2 --output=json --force-share /opt/stack/data/cinder/mnt/69bf9c6a7edf810d5264133aba025fe9/volume-f75e88ca-dce3-4f50-93e4-7aa7075bc517.68f2329e-ada0-4fb4-9c9b-5d604e1f2c1f
Aug 30 19:26:07 devstack sudo[93758]: pam_unix(sudo:session): session opened for user root(uid=0) by (uid=1000)
Aug 30 19:26:07 devstack sudo[93758]: pam_unix(sudo:session): session closed for user root
Aug 30 19:26:07 devstack cinder-volume[85790]: DEBUG oslo_concurrency.processutils [None req-7514f4bd-5808-4c1c-8606-976ce72c3771 tempest-SnapshotsActionsTest-755685826 None] CMD "/opt/stack/data/venv/bin/python3.12 -m oslo_concurrency.prlimit --as=1073741824 --cpu=60 -- sudo cinder-rootwrap /etc/cinder/rootwrap.conf env LC_ALL=C qemu-img info -f qcow2 --output=json --force-share /opt/stack/data/cinder/mnt/69bf9c6a7edf810d5264133aba025fe9/volume-f75e88ca-dce3-4f50-93e4-7aa7075bc517.68f2329e-ada0-4fb4-9c9b-5d604e1f2c1f" returned: 0 in 0.679s {{(pid=85790) execute /opt/stack/data/venv/lib/python3.12/site-packages/oslo_concurrency/processutils.py:468}}
Aug 30 19:26:07 devstack cinder-volume[85790]: DEBUG cinder.volume.drivers.remotefs [None req-7514f4bd-5808-4c1c-8606-976ce72c3771 tempest-SnapshotsActionsTest-755685826 None] Fetching qemu-img info with special backing_file_template: (/opt/stack/data/cinder/mnt/[0-9a-f]+/)?(volume-f75e88ca-dce3-4f50-93e4-7aa7075bc517(.(tmp-snap-)?[0-9a-f-]+)?|volume_from_snapshot_cache/(tmp-snap-)?[0-9a-f-]+(.(child-|parent-)[0-9a-f-]+)?)$ {{(pid=85790) _qemu_img_info_base /opt/stack/cinder/cinder/volume/drivers/remotefs.py:896}}
Aug 30 19:26:07 devstack cinder-volume[85790]: DEBUG oslo.privsep.daemon [-] privsep: reply[b088feba-9fa6-4d9e-ae9d-0a030e6ddbd4]: (4, 'qcow2') {{(pid=87355) _call_back /opt/stack/data/venv/lib/python3.12/site-packages/oslo_privsep/daemon.py:580}}
Aug 30 19:26:07 devstack cinder-volume[85790]: DEBUG oslo_concurrency.processutils [None req-7514f4bd-5808-4c1c-8606-976ce72c3771 tempest-SnapshotsActionsTest-755685826 None] Running cmd (subprocess): /opt/stack/data/venv/bin/python3.12 -m oslo_concurrency.prlimit --as=1073741824 --cpu=60 -- sudo cinder-rootwrap /etc/cinder/rootwrap.conf env LC_ALL=C qemu-img info -f qcow2 --output=json --force-share /opt/stack/data/cinder/mnt/69bf9c6a7edf810d5264133aba025fe9/volume-f75e88ca-dce3-4f50-93e4-7aa7075bc517.84d925fa-195b-4459-b97e-6b1bfebd1244 {{(pid=85790) execute /opt/stack/data/venv/lib/python3.12/site-packages/oslo_concurrency/processutils.py:440}}
Aug 30 19:26:07 devstack cinder-volume[85790]: DEBUG oslo_concurrency.lockutils [req-79492c52-b814-42b5-8aab-4e2e296d872e req-8a49584a-e928-4e8e-bd56-8e9d5c59bea0 tempest-TestServerVolumeAttachmentScenario-1670160963 None] Acquiring lock "quobyte" by "cinder.volume.drivers.quobyte.QuobyteDriver.initialize_connection" {{(pid=85790) inner /opt/stack/data/venv/lib/python3.12/site-packages/oslo_concurrency/lockutils.py:512}}
Aug 30 19:26:07 devstack cinder-volume[85790]: DEBUG oslo_concurrency.lockutils [req-79492c52-b814-42b5-8aab-4e2e296d872e req-8a49584a-e928-4e8e-bd56-8e9d5c59bea0 tempest-TestServerVolumeAttachmentScenario-1670160963 None] Lock "quobyte" acquired by "cinder.volume.drivers.quobyte.QuobyteDriver.initialize_connection" :: waited 0.003s {{(pid=85790) inner /opt/stack/data/venv/lib/python3.12/site-packages/oslo_concurrency/lockutils.py:525}}
Aug 30 19:26:07 devstack cinder-volume[85790]: DEBUG oslo_concurrency.lockutils [req-79492c52-b814-42b5-8aab-4e2e296d872e req-8a49584a-e928-4e8e-bd56-8e9d5c59bea0 tempest-TestServerVolumeAttachmentScenario-1670160963 None] Lock "quobyte" "released" by "cinder.volume.drivers.quobyte.QuobyteDriver.initialize_connection" :: held 0.031s {{(pid=85790) inner /opt/stack/data/venv/lib/python3.12/site-packages/oslo_concurrency/lockutils.py:544}}
Aug 30 19:26:07 devstack sudo[93772]: quobyte : PWD=/ ; USER=root ; COMMAND=/opt/stack/data/venv/bin/cinder-rootwrap /etc/cinder/rootwrap.conf env LC_ALL=C qemu-img info -f qcow2 --output=json --force-share /opt/stack/data/cinder/mnt/69bf9c6a7edf810d5264133aba025fe9/volume-f75e88ca-dce3-4f50-93e4-7aa7075bc517.84d925fa-195b-4459-b97e-6b1bfebd1244
Aug 30 19:26:07 devstack sudo[93772]: pam_unix(sudo:session): session opened for user root(uid=0) by (uid=1000)
Aug 30 19:26:07 devstack cinder-volume[85790]: DEBUG cinder.volume.manager [req-79492c52-b814-42b5-8aab-4e2e296d872e req-8a49584a-e928-4e8e-bd56-8e9d5c59bea0 tempest-TestServerVolumeAttachmentScenario-1670160963 None] Connection info returned from driver {'export': 'osci02.corp.quobyte.com/cinder-vol-b6501c12-29ca-4839-94de-42a112126280', 'name': 'volume-c5d136ce-3e14-4305-bb63-6e78da43540a', 'options': None, 'format': 'qcow2', 'qos_specs': None, 'access_mode': 'rw', 'encrypted': False, 'cacheable': False, 'driver_volume_type': 'quobyte', 'mount_point_base': '/opt/stack/data/cinder/mnt', 'attachment_id': '1b9c5eb4-a888-4fd8-bb6d-843cc8df7ab9', 'enforce_multipath': True} {{(pid=85790) _connection_create /opt/stack/cinder/cinder/volume/manager.py:4924}}
Aug 30 19:26:07 devstack cinder-volume[85790]: INFO cinder.volume.manager [req-79492c52-b814-42b5-8aab-4e2e296d872e req-8a49584a-e928-4e8e-bd56-8e9d5c59bea0 tempest-TestServerVolumeAttachmentScenario-1670160963 None] attachment_update completed successfully.
Aug 30 19:26:08 devstack cinder-volume[85790]: DEBUG cinder.volume.flows.manager.create_volume [None req-ede289ac-96fc-457a-ac00-d8398961c3b7 tempest-VolumeTypesAccessTest-1322801942 None] Volume reschedule parameters: True retry: {'num_attempts': 1, 'backends': ['devstack@QuobyteHD#QuobyteHD'], 'hosts': ['devstack@QuobyteHD#QuobyteHD']} {{(pid=85790) get_flow /opt/stack/cinder/cinder/volume/flows/manager/create_volume.py:1397}}
Aug 30 19:26:08 devstack sudo[93772]: pam_unix(sudo:session): session closed for user root
Aug 30 19:26:08 devstack cinder-volume[85790]: DEBUG cinder.volume.manager [None req-ede289ac-96fc-457a-ac00-d8398961c3b7 tempest-VolumeTypesAccessTest-1322801942 None] Flow 'volume_create_manager' (8dc4fc28-44c4-4453-bb72-532583064248) transitioned into state 'RUNNING' from state 'PENDING' {{(pid=85790) _flow_receiver /opt/stack/data/venv/lib/python3.12/site-packages/taskflow/listeners/logging.py:160}}
Aug 30 19:26:08 devstack cinder-volume[85790]: DEBUG cinder.volume.manager [None req-ede289ac-96fc-457a-ac00-d8398961c3b7 tempest-VolumeTypesAccessTest-1322801942 None] Task 'cinder.volume.flows.manager.create_volume.ExtractVolumeRefTask;volume:create' (66a89652-2632-429c-8e16-181da450509b) transitioned into state 'RUNNING' from state 'PENDING' {{(pid=85790) _task_receiver /opt/stack/data/venv/lib/python3.12/site-packages/taskflow/listeners/logging.py:242}}
Aug 30 19:26:08 devstack cinder-volume[85790]: DEBUG oslo_concurrency.processutils [None req-7514f4bd-5808-4c1c-8606-976ce72c3771 tempest-SnapshotsActionsTest-755685826 None] CMD "/opt/stack/data/venv/bin/python3.12 -m oslo_concurrency.prlimit --as=1073741824 --cpu=60 -- sudo cinder-rootwrap /etc/cinder/rootwrap.conf env LC_ALL=C qemu-img info -f qcow2 --output=json --force-share /opt/stack/data/cinder/mnt/69bf9c6a7edf810d5264133aba025fe9/volume-f75e88ca-dce3-4f50-93e4-7aa7075bc517.84d925fa-195b-4459-b97e-6b1bfebd1244" returned: 0 in 0.792s {{(pid=85790) execute /opt/stack/data/venv/lib/python3.12/site-packages/oslo_concurrency/processutils.py:468}}
Aug 30 19:26:08 devstack cinder-volume[85790]: DEBUG cinder.volume.drivers.remotefs [None req-7514f4bd-5808-4c1c-8606-976ce72c3771 tempest-SnapshotsActionsTest-755685826 None] Fetching qemu-img info with special backing_file_template: (/opt/stack/data/cinder/mnt/[0-9a-f]+/)?(volume-f75e88ca-dce3-4f50-93e4-7aa7075bc517(.(tmp-snap-)?[0-9a-f-]+)?|volume_from_snapshot_cache/(tmp-snap-)?[0-9a-f-]+(.(child-|parent-)[0-9a-f-]+)?)$ {{(pid=85790) _qemu_img_info_base /opt/stack/cinder/cinder/volume/drivers/remotefs.py:896}}
Aug 30 19:26:08 devstack cinder-volume[85790]: DEBUG oslo_concurrency.processutils [None req-7514f4bd-5808-4c1c-8606-976ce72c3771 tempest-SnapshotsActionsTest-755685826 None] Running cmd (subprocess): sudo cinder-rootwrap /etc/cinder/rootwrap.conf qemu-img commit -d /opt/stack/data/cinder/mnt/69bf9c6a7edf810d5264133aba025fe9/volume-f75e88ca-dce3-4f50-93e4-7aa7075bc517.68f2329e-ada0-4fb4-9c9b-5d604e1f2c1f {{(pid=85790) execute /opt/stack/data/venv/lib/python3.12/site-packages/oslo_concurrency/processutils.py:440}}
Aug 30 19:26:08 devstack cinder-volume[85790]: DEBUG cinder.volume.manager [None req-ede289ac-96fc-457a-ac00-d8398961c3b7 tempest-VolumeTypesAccessTest-1322801942 None] Task 'cinder.volume.flows.manager.create_volume.ExtractVolumeRefTask;volume:create' (66a89652-2632-429c-8e16-181da450509b) transitioned into state 'SUCCESS' from state 'RUNNING' with result 'Volume(_name_id=None,admin_metadata=,attach_status='detached',availability_zone='nova',bootable=False,cluster=,cluster_name=None,consistencygroup=,consistencygroup_id=None,created_at=2026-08-30T17:26:08Z,deleted=False,deleted_at=None,display_description=None,display_name='tempest-VolumeTypesAccessTest-Volume-175266355',ec2_id=None,encryption_key_id=None,glance_metadata=,group=,group_id=None,host='devstack@QuobyteHD#QuobyteHD',id=453540a8-d3bf-4fc9-b3d6-dacba2c45347,launched_at=None,metadata={},migration_status=None,multiattach=False,previous_status=None,project_id='033e3ce4534345aa97161a4863e34d65',provider_auth=None,provider_geometry=None,provider_id=None,provider_location=None,replication_driver_data=None,replication_extended_status=None,replication_status=None,scheduled_at=2026-08-30T17:26:08Z,service_uuid=None,shared_targets=True,size=1,snapshot_id=None,snapshots=,source_volid=None,status='creating',terminated_at=None,updated_at=2026-08-30T17:26:08Z,use_quota=True,user_id='d2b7dc3fbf8e47a688e53ae3f0b7b66b',volume_attachment=VolumeAttachmentList,volume_type=VolumeType(5037dcb9-a2aa-41ab-ae3d-50a70ac404d1),volume_type_id=5037dcb9-a2aa-41ab-ae3d-50a70ac404d1)' {{(pid=85790) _task_receiver /opt/stack/data/venv/lib/python3.12/site-packages/taskflow/listeners/logging.py:218}}
Aug 30 19:26:08 devstack sudo[93845]: quobyte : PWD=/ ; USER=root ; COMMAND=/opt/stack/data/venv/bin/cinder-rootwrap /etc/cinder/rootwrap.conf qemu-img commit -d /opt/stack/data/cinder/mnt/69bf9c6a7edf810d5264133aba025fe9/volume-f75e88ca-dce3-4f50-93e4-7aa7075bc517.68f2329e-ada0-4fb4-9c9b-5d604e1f2c1f
Aug 30 19:26:08 devstack sudo[93845]: pam_unix(sudo:session): session opened for user root(uid=0) by (uid=1000)
Aug 30 19:26:08 devstack cinder-volume[85790]: DEBUG cinder.volume.manager [None req-ede289ac-96fc-457a-ac00-d8398961c3b7 tempest-VolumeTypesAccessTest-1322801942 None] Task 'cinder.volume.flows.manager.create_volume.OnFailureRescheduleTask;volume:create' (c698fcdf-c6f4-4aba-a177-ad101b79d6ba) transitioned into state 'RUNNING' from state 'PENDING' {{(pid=85790) _task_receiver /opt/stack/data/venv/lib/python3.12/site-packages/taskflow/listeners/logging.py:242}}
Aug 30 19:26:08 devstack cinder-volume[85790]: DEBUG cinder.volume.manager [None req-ede289ac-96fc-457a-ac00-d8398961c3b7 tempest-VolumeTypesAccessTest-1322801942 None] Task 'cinder.volume.flows.manager.create_volume.OnFailureRescheduleTask;volume:create' (c698fcdf-c6f4-4aba-a177-ad101b79d6ba) transitioned into state 'SUCCESS' from state 'RUNNING' with result 'None' {{(pid=85790) _task_receiver /opt/stack/data/venv/lib/python3.12/site-packages/taskflow/listeners/logging.py:218}}
Aug 30 19:26:08 devstack cinder-volume[85790]: DEBUG cinder.volume.manager [None req-ede289ac-96fc-457a-ac00-d8398961c3b7 tempest-VolumeTypesAccessTest-1322801942 None] Task 'cinder.volume.flows.manager.create_volume.ExtractVolumeSpecTask;volume:create' (80a89096-3c4d-4145-8eb2-3dd2d14967c8) transitioned into state 'RUNNING' from state 'PENDING' {{(pid=85790) _task_receiver /opt/stack/data/venv/lib/python3.12/site-packages/taskflow/listeners/logging.py:242}}
Aug 30 19:26:08 devstack cinder-volume[85790]: DEBUG cinder.volume.manager [None req-ede289ac-96fc-457a-ac00-d8398961c3b7 tempest-VolumeTypesAccessTest-1322801942 None] Task 'cinder.volume.flows.manager.create_volume.ExtractVolumeSpecTask;volume:create' (80a89096-3c4d-4145-8eb2-3dd2d14967c8) transitioned into state 'SUCCESS' from state 'RUNNING' with result '{'status': 'creating', 'type': 'raw', 'volume_id': '453540a8-d3bf-4fc9-b3d6-dacba2c45347', 'volume_name': 'volume-453540a8-d3bf-4fc9-b3d6-dacba2c45347', 'volume_size': 1}' {{(pid=85790) _task_receiver /opt/stack/data/venv/lib/python3.12/site-packages/taskflow/listeners/logging.py:218}}
Aug 30 19:26:08 devstack cinder-volume[85790]: DEBUG cinder.volume.manager [None req-ede289ac-96fc-457a-ac00-d8398961c3b7 tempest-VolumeTypesAccessTest-1322801942 None] Task 'cinder.volume.flows.manager.create_volume.NotifyVolumeActionTask;volume:create, create.start' (ea1246b0-d2a8-47d5-b0f3-842e2849fa17) transitioned into state 'RUNNING' from state 'PENDING' {{(pid=85790) _task_receiver /opt/stack/data/venv/lib/python3.12/site-packages/taskflow/listeners/logging.py:242}}
Aug 30 19:26:08 devstack cinder-volume[85790]: DEBUG cinder.volume.manager [None req-ede289ac-96fc-457a-ac00-d8398961c3b7 tempest-VolumeTypesAccessTest-1322801942 None] Task 'cinder.volume.flows.manager.create_volume.NotifyVolumeActionTask;volume:create, create.start' (ea1246b0-d2a8-47d5-b0f3-842e2849fa17) transitioned into state 'SUCCESS' from state 'RUNNING' with result 'None' {{(pid=85790) _task_receiver /opt/stack/data/venv/lib/python3.12/site-packages/taskflow/listeners/logging.py:218}}
Aug 30 19:26:08 devstack cinder-volume[85790]: DEBUG cinder.volume.manager [None req-ede289ac-96fc-457a-ac00-d8398961c3b7 tempest-VolumeTypesAccessTest-1322801942 None] Task 'cinder.volume.flows.manager.create_volume.CreateVolumeFromSpecTask;volume:create' (dac2c66a-e8e3-4b2a-b840-72c08eb8b6a2) transitioned into state 'RUNNING' from state 'PENDING' {{(pid=85790) _task_receiver /opt/stack/data/venv/lib/python3.12/site-packages/taskflow/listeners/logging.py:242}}
Aug 30 19:26:08 devstack cinder-volume[85790]: INFO cinder.volume.flows.manager.create_volume [None req-ede289ac-96fc-457a-ac00-d8398961c3b7 tempest-VolumeTypesAccessTest-1322801942 None] Volume 453540a8-d3bf-4fc9-b3d6-dacba2c45347: being created as raw with specification: {'status': 'creating', 'volume_name': 'volume-453540a8-d3bf-4fc9-b3d6-dacba2c45347', 'volume_size': 1}
Aug 30 19:26:08 devstack cinder-volume[85790]: DEBUG oslo_concurrency.lockutils [None req-ede289ac-96fc-457a-ac00-d8398961c3b7 tempest-VolumeTypesAccessTest-1322801942 None] Acquiring lock "quobyte" by "cinder.volume.drivers.quobyte.QuobyteDriver.create_volume" {{(pid=85790) inner /opt/stack/data/venv/lib/python3.12/site-packages/oslo_concurrency/lockutils.py:512}}
Aug 30 19:26:08 devstack cinder-volume[85790]: DEBUG oslo_concurrency.lockutils [None req-ede289ac-96fc-457a-ac00-d8398961c3b7 tempest-VolumeTypesAccessTest-1322801942 None] Lock "quobyte" acquired by "cinder.volume.drivers.quobyte.QuobyteDriver.create_volume" :: waited 0.001s {{(pid=85790) inner /opt/stack/data/venv/lib/python3.12/site-packages/oslo_concurrency/lockutils.py:525}}
Aug 30 19:26:08 devstack cinder-volume[85790]: DEBUG cinder.volume.drivers.quobyte [None req-ede289ac-96fc-457a-ac00-d8398961c3b7 tempest-VolumeTypesAccessTest-1322801942 None] ==> create_volume: call "{'self': , 'volume': Volume(_name_id=None,admin_metadata=,attach_status='detached',availability_zone='nova',bootable=False,cluster=,cluster_name=None,consistencygroup=,consistencygroup_id=None,created_at=2026-08-30T17:26:08Z,deleted=False,deleted_at=None,display_description=None,display_name='tempest-VolumeTypesAccessTest-Volume-175266355',ec2_id=None,encryption_key_id=None,glance_metadata=,group=,group_id=None,host='devstack@QuobyteHD#QuobyteHD',id=453540a8-d3bf-4fc9-b3d6-dacba2c45347,launched_at=None,metadata={},migration_status=None,multiattach=False,previous_status=None,project_id='033e3ce4534345aa97161a4863e34d65',provider_auth=None,provider_geometry=None,provider_id=None,provider_location=None,replication_driver_data=None,replication_extended_status=None,replication_status=None,scheduled_at=2026-08-30T17:26:08Z,service_uuid=None,shared_targets=True,size=1,snapshot_id=None,snapshots=,source_volid=None,status='creating',terminated_at=None,updated_at=2026-08-30T17:26:08Z,use_quota=True,user_id='d2b7dc3fbf8e47a688e53ae3f0b7b66b',volume_attachment=VolumeAttachmentList,volume_type=VolumeType(5037dcb9-a2aa-41ab-ae3d-50a70ac404d1),volume_type_id=5037dcb9-a2aa-41ab-ae3d-50a70ac404d1)}" {{(pid=85790) trace_logging_wrapper /opt/stack/cinder/cinder/volume/volume_utils.py:1497}}
Aug 30 19:26:08 devstack cinder-volume[85790]: DEBUG cinder.volume.drivers.remotefs [None req-ede289ac-96fc-457a-ac00-d8398961c3b7 tempest-VolumeTypesAccessTest-1322801942 None] Creating volume 453540a8-d3bf-4fc9-b3d6-dacba2c45347 {{(pid=85790) create_volume /opt/stack/cinder/cinder/volume/drivers/remotefs.py:292}}
Aug 30 19:26:08 devstack cinder-volume[85790]: DEBUG oslo_concurrency.lockutils [None req-ede289ac-96fc-457a-ac00-d8398961c3b7 tempest-VolumeTypesAccessTest-1322801942 None] Acquiring lock "quobyte_ensure" by "cinder.volume.drivers.quobyte.QuobyteDriver._ensure_shares_mounted" {{(pid=85790) inner /opt/stack/data/venv/lib/python3.12/site-packages/oslo_concurrency/lockutils.py:512}}
Aug 30 19:26:08 devstack cinder-volume[85790]: DEBUG oslo_concurrency.lockutils [None req-ede289ac-96fc-457a-ac00-d8398961c3b7 tempest-VolumeTypesAccessTest-1322801942 None] Lock "quobyte_ensure" acquired by "cinder.volume.drivers.quobyte.QuobyteDriver._ensure_shares_mounted" :: waited 0.000s {{(pid=85790) inner /opt/stack/data/venv/lib/python3.12/site-packages/oslo_concurrency/lockutils.py:525}}
Aug 30 19:26:08 devstack cinder-volume[85790]: DEBUG cinder.volume.drivers.quobyte [None req-ede289ac-96fc-457a-ac00-d8398961c3b7 tempest-VolumeTypesAccessTest-1322801942 None] Quobyte Volume URL set to: {'osci02.corp.quobyte.com/cinder-vol-b6501c12-29ca-4839-94de-42a112126280': None} {{(pid=85790) _load_shares_config /opt/stack/cinder/cinder/volume/drivers/quobyte.py:662}}
Aug 30 19:26:08 devstack cinder-volume[85790]: DEBUG cinder.volume.drivers.quobyte [None req-ede289ac-96fc-457a-ac00-d8398961c3b7 tempest-VolumeTypesAccessTest-1322801942 None] Available shares ['osci02.corp.quobyte.com/cinder-vol-b6501c12-29ca-4839-94de-42a112126280'] {{(pid=85790) _ensure_shares_mounted /opt/stack/cinder/cinder/volume/drivers/quobyte.py:692}}
Aug 30 19:26:08 devstack cinder-volume[85790]: DEBUG oslo_concurrency.lockutils [None req-ede289ac-96fc-457a-ac00-d8398961c3b7 tempest-VolumeTypesAccessTest-1322801942 None] Lock "quobyte_ensure" "released" by "cinder.volume.drivers.quobyte.QuobyteDriver._ensure_shares_mounted" :: held 0.008s {{(pid=85790) inner /opt/stack/data/venv/lib/python3.12/site-packages/oslo_concurrency/lockutils.py:544}}
Aug 30 19:26:08 devstack cinder-volume[85790]: DEBUG cinder.volume.drivers.quobyte [None req-ede289ac-96fc-457a-ac00-d8398961c3b7 tempest-VolumeTypesAccessTest-1322801942 None] Selected osci02.corp.quobyte.com/cinder-vol-b6501c12-29ca-4839-94de-42a112126280 as target Quobyte volume. {{(pid=85790) _find_share /opt/stack/cinder/cinder/volume/drivers/quobyte.py:713}}
Aug 30 19:26:08 devstack cinder-volume[85790]: INFO cinder.volume.drivers.remotefs [None req-ede289ac-96fc-457a-ac00-d8398961c3b7 tempest-VolumeTypesAccessTest-1322801942 None] casted to osci02.corp.quobyte.com/cinder-vol-b6501c12-29ca-4839-94de-42a112126280
Aug 30 19:26:08 devstack cinder-volume[85790]: DEBUG oslo_concurrency.processutils [None req-ede289ac-96fc-457a-ac00-d8398961c3b7 tempest-VolumeTypesAccessTest-1322801942 None] Running cmd (subprocess): sudo cinder-rootwrap /etc/cinder/rootwrap.conf qemu-img create -f qcow2 -o preallocation=metadata /opt/stack/data/cinder/mnt/69bf9c6a7edf810d5264133aba025fe9/volume-453540a8-d3bf-4fc9-b3d6-dacba2c45347 1073741824 {{(pid=85790) execute /opt/stack/data/venv/lib/python3.12/site-packages/oslo_concurrency/processutils.py:440}}
Aug 30 19:26:08 devstack sudo[94161]: quobyte : PWD=/ ; USER=root ; COMMAND=/opt/stack/data/venv/bin/cinder-rootwrap /etc/cinder/rootwrap.conf qemu-img create -f qcow2 -o preallocation=metadata /opt/stack/data/cinder/mnt/69bf9c6a7edf810d5264133aba025fe9/volume-453540a8-d3bf-4fc9-b3d6-dacba2c45347 1073741824
Aug 30 19:26:08 devstack sudo[94161]: pam_unix(sudo:session): session opened for user root(uid=0) by (uid=1000)
Aug 30 19:26:09 devstack sudo[93845]: pam_unix(sudo:session): session closed for user root
Aug 30 19:26:09 devstack cinder-volume[85790]: DEBUG oslo_concurrency.processutils [None req-7514f4bd-5808-4c1c-8606-976ce72c3771 tempest-SnapshotsActionsTest-755685826 None] CMD "sudo cinder-rootwrap /etc/cinder/rootwrap.conf qemu-img commit -d /opt/stack/data/cinder/mnt/69bf9c6a7edf810d5264133aba025fe9/volume-f75e88ca-dce3-4f50-93e4-7aa7075bc517.68f2329e-ada0-4fb4-9c9b-5d604e1f2c1f" returned: 0 in 0.667s {{(pid=85790) execute /opt/stack/data/venv/lib/python3.12/site-packages/oslo_concurrency/processutils.py:468}}
Aug 30 19:26:09 devstack cinder-volume[85790]: DEBUG oslo_concurrency.processutils [None req-7514f4bd-5808-4c1c-8606-976ce72c3771 tempest-SnapshotsActionsTest-755685826 None] Running cmd (subprocess): sudo cinder-rootwrap /etc/cinder/rootwrap.conf rm -f /opt/stack/data/cinder/mnt/69bf9c6a7edf810d5264133aba025fe9/volume-f75e88ca-dce3-4f50-93e4-7aa7075bc517.68f2329e-ada0-4fb4-9c9b-5d604e1f2c1f {{(pid=85790) execute /opt/stack/data/venv/lib/python3.12/site-packages/oslo_concurrency/processutils.py:440}}
Aug 30 19:26:09 devstack sudo[94178]: quobyte : PWD=/ ; USER=root ; COMMAND=/opt/stack/data/venv/bin/cinder-rootwrap /etc/cinder/rootwrap.conf rm -f /opt/stack/data/cinder/mnt/69bf9c6a7edf810d5264133aba025fe9/volume-f75e88ca-dce3-4f50-93e4-7aa7075bc517.68f2329e-ada0-4fb4-9c9b-5d604e1f2c1f
Aug 30 19:26:09 devstack sudo[94178]: pam_unix(sudo:session): session opened for user root(uid=0) by (uid=1000)
Aug 30 19:26:09 devstack sudo[94161]: pam_unix(sudo:session): session closed for user root
Aug 30 19:26:09 devstack cinder-volume[85790]: DEBUG oslo_concurrency.processutils [None req-ede289ac-96fc-457a-ac00-d8398961c3b7 tempest-VolumeTypesAccessTest-1322801942 None] CMD "sudo cinder-rootwrap /etc/cinder/rootwrap.conf qemu-img create -f qcow2 -o preallocation=metadata /opt/stack/data/cinder/mnt/69bf9c6a7edf810d5264133aba025fe9/volume-453540a8-d3bf-4fc9-b3d6-dacba2c45347 1073741824" returned: 0 in 0.718s {{(pid=85790) execute /opt/stack/data/venv/lib/python3.12/site-packages/oslo_concurrency/processutils.py:468}}
Aug 30 19:26:09 devstack cinder-volume[85790]: DEBUG oslo_concurrency.processutils [None req-ede289ac-96fc-457a-ac00-d8398961c3b7 tempest-VolumeTypesAccessTest-1322801942 None] Running cmd (subprocess): sudo cinder-rootwrap /etc/cinder/rootwrap.conf chmod ugo+rw /opt/stack/data/cinder/mnt/69bf9c6a7edf810d5264133aba025fe9/volume-453540a8-d3bf-4fc9-b3d6-dacba2c45347 {{(pid=85790) execute /opt/stack/data/venv/lib/python3.12/site-packages/oslo_concurrency/processutils.py:440}}
Aug 30 19:26:09 devstack sudo[94180]: quobyte : PWD=/ ; USER=root ; COMMAND=/opt/stack/data/venv/bin/cinder-rootwrap /etc/cinder/rootwrap.conf chmod ugo+rw /opt/stack/data/cinder/mnt/69bf9c6a7edf810d5264133aba025fe9/volume-453540a8-d3bf-4fc9-b3d6-dacba2c45347
Aug 30 19:26:09 devstack sudo[94180]: pam_unix(sudo:session): session opened for user root(uid=0) by (uid=1000)
Aug 30 19:26:09 devstack sudo[94178]: pam_unix(sudo:session): session closed for user root
Aug 30 19:26:09 devstack cinder-volume[85790]: DEBUG oslo_concurrency.processutils [None req-7514f4bd-5808-4c1c-8606-976ce72c3771 tempest-SnapshotsActionsTest-755685826 None] CMD "sudo cinder-rootwrap /etc/cinder/rootwrap.conf rm -f /opt/stack/data/cinder/mnt/69bf9c6a7edf810d5264133aba025fe9/volume-f75e88ca-dce3-4f50-93e4-7aa7075bc517.68f2329e-ada0-4fb4-9c9b-5d604e1f2c1f" returned: 0 in 0.504s {{(pid=85790) execute /opt/stack/data/venv/lib/python3.12/site-packages/oslo_concurrency/processutils.py:468}}
Aug 30 19:26:09 devstack cinder-volume[85790]: DEBUG cinder.coordination [None req-7514f4bd-5808-4c1c-8606-976ce72c3771 tempest-SnapshotsActionsTest-755685826 None] Lock "cinder-quobyte-68f2329e-ada0-4fb4-9c9b-5d604e1f2c1f" released by "_delete_snapshot" :: held 2.805s {{(pid=85790) __release /opt/stack/cinder/cinder/coordination.py:152}}
Aug 30 19:26:09 devstack sudo[94180]: pam_unix(sudo:session): session closed for user root
Aug 30 19:26:09 devstack cinder-volume[85790]: DEBUG oslo_concurrency.processutils [None req-ede289ac-96fc-457a-ac00-d8398961c3b7 tempest-VolumeTypesAccessTest-1322801942 None] CMD "sudo cinder-rootwrap /etc/cinder/rootwrap.conf chmod ugo+rw /opt/stack/data/cinder/mnt/69bf9c6a7edf810d5264133aba025fe9/volume-453540a8-d3bf-4fc9-b3d6-dacba2c45347" returned: 0 in 0.360s {{(pid=85790) execute /opt/stack/data/venv/lib/python3.12/site-packages/oslo_concurrency/processutils.py:468}}
Aug 30 19:26:09 devstack cinder-volume[85790]: DEBUG cinder.volume.drivers.quobyte [None req-ede289ac-96fc-457a-ac00-d8398961c3b7 tempest-VolumeTypesAccessTest-1322801942 None] <== create_volume: return (1141ms) {'provider_location': 'osci02.corp.quobyte.com/cinder-vol-b6501c12-29ca-4839-94de-42a112126280'} {{(pid=85790) trace_logging_wrapper /opt/stack/cinder/cinder/volume/volume_utils.py:1522}}
Aug 30 19:26:09 devstack cinder-volume[85790]: DEBUG oslo_concurrency.lockutils [None req-ede289ac-96fc-457a-ac00-d8398961c3b7 tempest-VolumeTypesAccessTest-1322801942 None] Lock "quobyte" "released" by "cinder.volume.drivers.quobyte.QuobyteDriver.create_volume" :: held 1.143s {{(pid=85790) inner /opt/stack/data/venv/lib/python3.12/site-packages/oslo_concurrency/lockutils.py:544}}
Aug 30 19:26:09 devstack cinder-volume[85790]: DEBUG cinder.coordination [None req-7514f4bd-5808-4c1c-8606-976ce72c3771 tempest-SnapshotsActionsTest-755685826 None] Lock "cinder-quobyte-f75e88ca-dce3-4f50-93e4-7aa7075bc517" released by "delete_snapshot" :: held 2.843s {{(pid=85790) __release /opt/stack/cinder/cinder/coordination.py:152}}
Aug 30 19:26:09 devstack cinder-volume[85790]: DEBUG cinder.volume.manager [None req-ede289ac-96fc-457a-ac00-d8398961c3b7 tempest-VolumeTypesAccessTest-1322801942 None] Task 'cinder.volume.flows.manager.create_volume.CreateVolumeFromSpecTask;volume:create' (dac2c66a-e8e3-4b2a-b840-72c08eb8b6a2) transitioned into state 'SUCCESS' from state 'RUNNING' with result '{'status': 'creating', 'volume_name': 'volume-453540a8-d3bf-4fc9-b3d6-dacba2c45347', 'volume_size': 1}' {{(pid=85790) _task_receiver /opt/stack/data/venv/lib/python3.12/site-packages/taskflow/listeners/logging.py:218}}
Aug 30 19:26:09 devstack cinder-volume[85790]: DEBUG cinder.volume.manager [None req-ede289ac-96fc-457a-ac00-d8398961c3b7 tempest-VolumeTypesAccessTest-1322801942 None] Task 'cinder.volume.flows.manager.create_volume.CreateVolumeOnFinishTask;volume:create, create.end' (4bed9c7a-129a-4fdc-90ea-696b7dfa5182) transitioned into state 'RUNNING' from state 'PENDING' {{(pid=85790) _task_receiver /opt/stack/data/venv/lib/python3.12/site-packages/taskflow/listeners/logging.py:242}}
Aug 30 19:26:09 devstack cinder-volume[85790]: INFO cinder.volume.flows.manager.create_volume [None req-ede289ac-96fc-457a-ac00-d8398961c3b7 tempest-VolumeTypesAccessTest-1322801942 None] Volume volume-453540a8-d3bf-4fc9-b3d6-dacba2c45347 (453540a8-d3bf-4fc9-b3d6-dacba2c45347): created successfully
Aug 30 19:26:09 devstack cinder-volume[85790]: DEBUG cinder.volume.manager [None req-ede289ac-96fc-457a-ac00-d8398961c3b7 tempest-VolumeTypesAccessTest-1322801942 None] Task 'cinder.volume.flows.manager.create_volume.CreateVolumeOnFinishTask;volume:create, create.end' (4bed9c7a-129a-4fdc-90ea-696b7dfa5182) transitioned into state 'SUCCESS' from state 'RUNNING' with result 'None' {{(pid=85790) _task_receiver /opt/stack/data/venv/lib/python3.12/site-packages/taskflow/listeners/logging.py:218}}
Aug 30 19:26:09 devstack cinder-volume[85790]: DEBUG cinder.volume.manager [None req-ede289ac-96fc-457a-ac00-d8398961c3b7 tempest-VolumeTypesAccessTest-1322801942 None] Flow 'volume_create_manager' (8dc4fc28-44c4-4453-bb72-532583064248) transitioned into state 'SUCCESS' from state 'RUNNING' {{(pid=85790) _flow_receiver /opt/stack/data/venv/lib/python3.12/site-packages/taskflow/listeners/logging.py:160}}
Aug 30 19:26:09 devstack cinder-volume[85790]: INFO cinder.volume.manager [None req-ede289ac-96fc-457a-ac00-d8398961c3b7 tempest-VolumeTypesAccessTest-1322801942 None] Created volume successfully.
