Jun 26 00:26:25 devstack cinder-volume[94563]: DEBUG oslo_concurrency.processutils [None req-af67c812-e035-4f00-94ad-c8571c6591f7 tempest-VolumesGetTest-1324764232 None] CMD "sudo cinder-rootwrap /etc/cinder/rootwrap.conf chmod ugo+rw /opt/stack/data/cinder/mnt/01bc348de1786cf3e2ddb9d18db023ca/volume-81efc017-5f04-468f-9789-cdd75db51043.270d4b08-1ac5-4536-ba5f-2f507e67fa5f" returned: 0 in 1.050s {{(pid=94563) execute /opt/stack/data/venv/lib/python3.12/site-packages/oslo_concurrency/processutils.py:468}}
Jun 26 00:26:25 devstack cinder-volume[94563]: DEBUG oslo_concurrency.processutils [None req-af67c812-e035-4f00-94ad-c8571c6591f7 tempest-VolumesGetTest-1324764232 None] Running cmd (subprocess): sudo cinder-rootwrap /etc/cinder/rootwrap.conf truncate -s0 /opt/stack/data/cinder/mnt/01bc348de1786cf3e2ddb9d18db023ca/volume-81efc017-5f04-468f-9789-cdd75db51043.info {{(pid=94563) execute /opt/stack/data/venv/lib/python3.12/site-packages/oslo_concurrency/processutils.py:440}}
Jun 26 00:26:25 devstack sudo[102879]: quobyte : PWD=/ ; USER=root ; COMMAND=/opt/stack/data/venv/bin/cinder-rootwrap /etc/cinder/rootwrap.conf truncate -s0 /opt/stack/data/cinder/mnt/01bc348de1786cf3e2ddb9d18db023ca/volume-81efc017-5f04-468f-9789-cdd75db51043.info
Jun 26 00:26:25 devstack sudo[102879]: pam_unix(sudo:session): session opened for user root(uid=0) by (uid=1000)
Jun 26 00:26:25 devstack sudo[102879]: pam_unix(sudo:session): session closed for user root
Jun 26 00:26:25 devstack cinder-volume[94563]: DEBUG oslo_concurrency.processutils [None req-af67c812-e035-4f00-94ad-c8571c6591f7 tempest-VolumesGetTest-1324764232 None] CMD "sudo cinder-rootwrap /etc/cinder/rootwrap.conf truncate -s0 /opt/stack/data/cinder/mnt/01bc348de1786cf3e2ddb9d18db023ca/volume-81efc017-5f04-468f-9789-cdd75db51043.info" returned: 0 in 0.881s {{(pid=94563) execute /opt/stack/data/venv/lib/python3.12/site-packages/oslo_concurrency/processutils.py:468}}
Jun 26 00:26:25 devstack cinder-volume[94563]: WARNING cinder.volume.drivers.remotefs [None req-af67c812-e035-4f00-94ad-c8571c6591f7 tempest-VolumesGetTest-1324764232 None] /opt/stack/data/cinder/mnt/01bc348de1786cf3e2ddb9d18db023ca/volume-81efc017-5f04-468f-9789-cdd75db51043.info is being set with open permissions: ugo+rw
Jun 26 00:26:25 devstack cinder-volume[94563]: DEBUG oslo_concurrency.processutils [None req-af67c812-e035-4f00-94ad-c8571c6591f7 tempest-VolumesGetTest-1324764232 None] Running cmd (subprocess): sudo cinder-rootwrap /etc/cinder/rootwrap.conf chmod ugo+rw /opt/stack/data/cinder/mnt/01bc348de1786cf3e2ddb9d18db023ca/volume-81efc017-5f04-468f-9789-cdd75db51043.info {{(pid=94563) execute /opt/stack/data/venv/lib/python3.12/site-packages/oslo_concurrency/processutils.py:440}}
Jun 26 00:26:26 devstack sudo[102911]: quobyte : PWD=/ ; USER=root ; COMMAND=/opt/stack/data/venv/bin/cinder-rootwrap /etc/cinder/rootwrap.conf chmod ugo+rw /opt/stack/data/cinder/mnt/01bc348de1786cf3e2ddb9d18db023ca/volume-81efc017-5f04-468f-9789-cdd75db51043.info
Jun 26 00:26:26 devstack sudo[102911]: pam_unix(sudo:session): session opened for user root(uid=0) by (uid=1000)
Jun 26 00:26:27 devstack sudo[102911]: pam_unix(sudo:session): session closed for user root
Jun 26 00:26:27 devstack cinder-volume[94563]: DEBUG oslo_concurrency.processutils [None req-af67c812-e035-4f00-94ad-c8571c6591f7 tempest-VolumesGetTest-1324764232 None] CMD "sudo cinder-rootwrap /etc/cinder/rootwrap.conf chmod ugo+rw /opt/stack/data/cinder/mnt/01bc348de1786cf3e2ddb9d18db023ca/volume-81efc017-5f04-468f-9789-cdd75db51043.info" returned: 0 in 1.033s {{(pid=94563) execute /opt/stack/data/venv/lib/python3.12/site-packages/oslo_concurrency/processutils.py:468}}
Jun 26 00:26:27 devstack cinder-volume[94563]: DEBUG cinder.coordination [None req-af67c812-e035-4f00-94ad-c8571c6591f7 tempest-VolumesGetTest-1324764232 None] Acquiring lock "cinder-quobyte-d2e37d42-2df2-4ba8-876e-bda7105aa191" by "_copy_volume_from_snapshot" {{(pid=94563) __acquire /opt/stack/cinder/cinder/coordination.py:138}}
Jun 26 00:26:27 devstack cinder-volume[94563]: DEBUG cinder.coordination [None req-af67c812-e035-4f00-94ad-c8571c6591f7 tempest-VolumesGetTest-1324764232 None] Lock "cinder-quobyte-d2e37d42-2df2-4ba8-876e-bda7105aa191" acquired by "_copy_volume_from_snapshot" :: waited 0.023s {{(pid=94563) __acquire /opt/stack/cinder/cinder/coordination.py:141}}
Jun 26 00:26:27 devstack cinder-volume[94563]: DEBUG cinder.volume.drivers.quobyte [None req-af67c812-e035-4f00-94ad-c8571c6591f7 tempest-VolumesGetTest-1324764232 None] snapshot: 270d4b08-1ac5-4536-ba5f-2f507e67fa5f, volume: d2e37d42-2df2-4ba8-876e-bda7105aa191, {{(pid=94563) _copy_volume_from_snapshot /opt/stack/cinder/cinder/volume/drivers/quobyte.py:401}}
Jun 26 00:26:27 devstack cinder-volume[94563]: DEBUG oslo_concurrency.lockutils [None req-af67c812-e035-4f00-94ad-c8571c6591f7 tempest-VolumesGetTest-1324764232 None] Acquiring lock "quobyte_ensure" by "cinder.volume.drivers.quobyte.QuobyteDriver._ensure_shares_mounted" {{(pid=94563) inner /opt/stack/data/venv/lib/python3.12/site-packages/oslo_concurrency/lockutils.py:511}}
Jun 26 00:26:27 devstack cinder-volume[94563]: DEBUG oslo_concurrency.lockutils [None req-af67c812-e035-4f00-94ad-c8571c6591f7 tempest-VolumesGetTest-1324764232 None] Lock "quobyte_ensure" acquired by "cinder.volume.drivers.quobyte.QuobyteDriver._ensure_shares_mounted" :: waited 0.001s {{(pid=94563) inner /opt/stack/data/venv/lib/python3.12/site-packages/oslo_concurrency/lockutils.py:524}}
Jun 26 00:26:27 devstack cinder-volume[94563]: DEBUG cinder.volume.drivers.quobyte [None req-af67c812-e035-4f00-94ad-c8571c6591f7 tempest-VolumesGetTest-1324764232 None] Quobyte Volume URL set to: {'osci02.corp.quobyte.com/cinder-vol-1eea5feb-5682-4e25-9835-bfb6dd60dad2': None} {{(pid=94563) _load_shares_config /opt/stack/cinder/cinder/volume/drivers/quobyte.py:617}}
Jun 26 00:26:27 devstack cinder-volume[94563]: DEBUG cinder.volume.drivers.quobyte [None req-af67c812-e035-4f00-94ad-c8571c6591f7 tempest-VolumesGetTest-1324764232 None] Available shares ['osci02.corp.quobyte.com/cinder-vol-1eea5feb-5682-4e25-9835-bfb6dd60dad2'] {{(pid=94563) _ensure_shares_mounted /opt/stack/cinder/cinder/volume/drivers/quobyte.py:647}}
Jun 26 00:26:27 devstack cinder-volume[94563]: DEBUG oslo_concurrency.lockutils [None req-af67c812-e035-4f00-94ad-c8571c6591f7 tempest-VolumesGetTest-1324764232 None] Lock "quobyte_ensure" "released" by "cinder.volume.drivers.quobyte.QuobyteDriver._ensure_shares_mounted" :: held 0.006s {{(pid=94563) inner /opt/stack/data/venv/lib/python3.12/site-packages/oslo_concurrency/lockutils.py:543}}
Jun 26 00:26:27 devstack cinder-volume[94563]: DEBUG oslo.privsep.daemon [-] privsep: reply[f78bb0dc-2285-428a-8d55-ded71c1ac1a4]: (4, 'qcow2') {{(pid=95369) _call_back /opt/stack/data/venv/lib/python3.12/site-packages/oslo_privsep/daemon.py:580}}
Jun 26 00:26:27 devstack cinder-volume[94563]: DEBUG oslo_concurrency.processutils [None req-af67c812-e035-4f00-94ad-c8571c6591f7 tempest-VolumesGetTest-1324764232 None] Running cmd (subprocess): /opt/stack/data/venv/bin/python3.12 -m oslo_concurrency.prlimit --as=1073741824 --cpu=60 -- sudo cinder-rootwrap /etc/cinder/rootwrap.conf env LC_ALL=C qemu-img info -f qcow2 --output=json --force-share /opt/stack/data/cinder/mnt/01bc348de1786cf3e2ddb9d18db023ca/volume-81efc017-5f04-468f-9789-cdd75db51043.270d4b08-1ac5-4536-ba5f-2f507e67fa5f {{(pid=94563) execute /opt/stack/data/venv/lib/python3.12/site-packages/oslo_concurrency/processutils.py:440}}
Jun 26 00:26:27 devstack sudo[102934]: quobyte : PWD=/ ; USER=root ; COMMAND=/opt/stack/data/venv/bin/cinder-rootwrap /etc/cinder/rootwrap.conf env LC_ALL=C qemu-img info -f qcow2 --output=json --force-share /opt/stack/data/cinder/mnt/01bc348de1786cf3e2ddb9d18db023ca/volume-81efc017-5f04-468f-9789-cdd75db51043.270d4b08-1ac5-4536-ba5f-2f507e67fa5f
Jun 26 00:26:27 devstack sudo[102934]: pam_unix(sudo:session): session opened for user root(uid=0) by (uid=1000)
Jun 26 00:26:27 devstack sudo[102934]: pam_unix(sudo:session): session closed for user root
Jun 26 00:26:27 devstack cinder-volume[94563]: DEBUG oslo_concurrency.processutils [None req-af67c812-e035-4f00-94ad-c8571c6591f7 tempest-VolumesGetTest-1324764232 None] CMD "/opt/stack/data/venv/bin/python3.12 -m oslo_concurrency.prlimit --as=1073741824 --cpu=60 -- sudo cinder-rootwrap /etc/cinder/rootwrap.conf env LC_ALL=C qemu-img info -f qcow2 --output=json --force-share /opt/stack/data/cinder/mnt/01bc348de1786cf3e2ddb9d18db023ca/volume-81efc017-5f04-468f-9789-cdd75db51043.270d4b08-1ac5-4536-ba5f-2f507e67fa5f" returned: 0 in 0.850s {{(pid=94563) execute /opt/stack/data/venv/lib/python3.12/site-packages/oslo_concurrency/processutils.py:468}}
Jun 26 00:26:27 devstack cinder-volume[94563]: DEBUG cinder.volume.drivers.remotefs [None req-af67c812-e035-4f00-94ad-c8571c6591f7 tempest-VolumesGetTest-1324764232 None] Fetching qemu-img info with special backing_file_template: (/opt/stack/data/cinder/mnt/[0-9a-f]+/)?(volume-81efc017-5f04-468f-9789-cdd75db51043(.(tmp-snap-)?[0-9a-f-]+)?|volume_from_snapshot_cache/(tmp-snap-)?[0-9a-f-]+(.(child-|parent-)[0-9a-f-]+)?)$ {{(pid=94563) _qemu_img_info_base /opt/stack/cinder/cinder/volume/drivers/remotefs.py:896}}
Jun 26 00:26:27 devstack cinder-volume[94563]: DEBUG cinder.volume.drivers.quobyte [None req-af67c812-e035-4f00-94ad-c8571c6591f7 tempest-VolumesGetTest-1324764232 None] will copy from snapshot at /opt/stack/data/cinder/mnt/01bc348de1786cf3e2ddb9d18db023ca/volume-81efc017-5f04-468f-9789-cdd75db51043 {{(pid=94563) _copy_volume_from_snapshot /opt/stack/cinder/cinder/volume/drivers/quobyte.py:420}}
Jun 26 00:26:27 devstack cinder-volume[94563]: DEBUG cinder.volume.drivers.quobyte [None req-af67c812-e035-4f00-94ad-c8571c6591f7 tempest-VolumesGetTest-1324764232 None] Creating direct copy from snapshot {{(pid=94563) _copy_volume_from_snapshot /opt/stack/cinder/cinder/volume/drivers/quobyte.py:428}}
Jun 26 00:26:28 devstack cinder-volume[94563]: DEBUG oslo.privsep.daemon [-] privsep: reply[2b8cb29f-df8d-447e-beed-1a49236c45aa]: (4, 'qcow2') {{(pid=95369) _call_back /opt/stack/data/venv/lib/python3.12/site-packages/oslo_privsep/daemon.py:580}}
Jun 26 00:26:28 devstack cinder-volume[94563]: DEBUG oslo_concurrency.processutils [None req-af67c812-e035-4f00-94ad-c8571c6591f7 tempest-VolumesGetTest-1324764232 None] Running cmd (subprocess): /opt/stack/data/venv/bin/python3.12 -m oslo_concurrency.prlimit --as=1073741824 --cpu=60 -- sudo cinder-rootwrap /etc/cinder/rootwrap.conf env LC_ALL=C qemu-img info -f qcow2 --output=json /opt/stack/data/cinder/mnt/01bc348de1786cf3e2ddb9d18db023ca/volume-81efc017-5f04-468f-9789-cdd75db51043 {{(pid=94563) execute /opt/stack/data/venv/lib/python3.12/site-packages/oslo_concurrency/processutils.py:440}}
Jun 26 00:26:28 devstack cinder-volume[94563]: DEBUG cinder.coordination [None req-304f949e-abe0-4619-a6ab-45c136d47520 tempest-ServerRescueNegativeTestJSON-786668463 None] Acquiring lock "cinder-86f83e4b-810b-4dc1-bf5c-f8fb5b2d1aef-delete_volume" by "delete_volume" {{(pid=94563) __acquire /opt/stack/cinder/cinder/coordination.py:138}}
Jun 26 00:26:28 devstack cinder-volume[94563]: DEBUG cinder.coordination [None req-304f949e-abe0-4619-a6ab-45c136d47520 tempest-ServerRescueNegativeTestJSON-786668463 None] Lock "cinder-86f83e4b-810b-4dc1-bf5c-f8fb5b2d1aef-delete_volume" acquired by "delete_volume" :: waited 0.032s {{(pid=94563) __acquire /opt/stack/cinder/cinder/coordination.py:141}}
Jun 26 00:26:28 devstack cinder-volume[94563]: DEBUG cinder.coordination [None req-304f949e-abe0-4619-a6ab-45c136d47520 tempest-ServerRescueNegativeTestJSON-786668463 None] Acquiring lock "cinder-quobyte-86f83e4b-810b-4dc1-bf5c-f8fb5b2d1aef" by "delete_volume" {{(pid=94563) __acquire /opt/stack/cinder/cinder/coordination.py:138}}
Jun 26 00:26:28 devstack cinder-volume[94563]: DEBUG cinder.coordination [None req-304f949e-abe0-4619-a6ab-45c136d47520 tempest-ServerRescueNegativeTestJSON-786668463 None] Lock "cinder-quobyte-86f83e4b-810b-4dc1-bf5c-f8fb5b2d1aef" acquired by "delete_volume" :: waited 0.043s {{(pid=94563) __acquire /opt/stack/cinder/cinder/coordination.py:141}}
Jun 26 00:26:28 devstack cinder-volume[94563]: DEBUG oslo.privsep.daemon [-] privsep: reply[ca69512f-b5a9-4cba-afd8-0f4f063f5925]: (4, 'qcow2') {{(pid=95369) _call_back /opt/stack/data/venv/lib/python3.12/site-packages/oslo_privsep/daemon.py:580}}
Jun 26 00:26:28 devstack cinder-volume[94563]: DEBUG oslo_concurrency.processutils [None req-304f949e-abe0-4619-a6ab-45c136d47520 tempest-ServerRescueNegativeTestJSON-786668463 None] Running cmd (subprocess): /opt/stack/data/venv/bin/python3.12 -m oslo_concurrency.prlimit --as=1073741824 --cpu=60 -- sudo cinder-rootwrap /etc/cinder/rootwrap.conf env LC_ALL=C qemu-img info -f qcow2 --output=json --force-share /opt/stack/data/cinder/mnt/01bc348de1786cf3e2ddb9d18db023ca/volume-86f83e4b-810b-4dc1-bf5c-f8fb5b2d1aef {{(pid=94563) execute /opt/stack/data/venv/lib/python3.12/site-packages/oslo_concurrency/processutils.py:440}}
Jun 26 00:26:28 devstack sudo[102940]: quobyte : PWD=/ ; USER=root ; COMMAND=/opt/stack/data/venv/bin/cinder-rootwrap /etc/cinder/rootwrap.conf env LC_ALL=C qemu-img info -f qcow2 --output=json /opt/stack/data/cinder/mnt/01bc348de1786cf3e2ddb9d18db023ca/volume-81efc017-5f04-468f-9789-cdd75db51043
Jun 26 00:26:28 devstack sudo[102940]: pam_unix(sudo:session): session opened for user root(uid=0) by (uid=1000)
Jun 26 00:26:28 devstack sudo[102941]: quobyte : PWD=/ ; USER=root ; COMMAND=/opt/stack/data/venv/bin/cinder-rootwrap /etc/cinder/rootwrap.conf env LC_ALL=C qemu-img info -f qcow2 --output=json --force-share /opt/stack/data/cinder/mnt/01bc348de1786cf3e2ddb9d18db023ca/volume-86f83e4b-810b-4dc1-bf5c-f8fb5b2d1aef
Jun 26 00:26:28 devstack sudo[102941]: pam_unix(sudo:session): session opened for user root(uid=0) by (uid=1000)
Jun 26 00:26:29 devstack sudo[102941]: pam_unix(sudo:session): session closed for user root
Jun 26 00:26:29 devstack cinder-volume[94563]: DEBUG oslo_concurrency.processutils [None req-304f949e-abe0-4619-a6ab-45c136d47520 tempest-ServerRescueNegativeTestJSON-786668463 None] CMD "/opt/stack/data/venv/bin/python3.12 -m oslo_concurrency.prlimit --as=1073741824 --cpu=60 -- sudo cinder-rootwrap /etc/cinder/rootwrap.conf env LC_ALL=C qemu-img info -f qcow2 --output=json --force-share /opt/stack/data/cinder/mnt/01bc348de1786cf3e2ddb9d18db023ca/volume-86f83e4b-810b-4dc1-bf5c-f8fb5b2d1aef" returned: 0 in 1.131s {{(pid=94563) execute /opt/stack/data/venv/lib/python3.12/site-packages/oslo_concurrency/processutils.py:468}}
Jun 26 00:26:29 devstack cinder-volume[94563]: DEBUG oslo_concurrency.processutils [None req-304f949e-abe0-4619-a6ab-45c136d47520 tempest-ServerRescueNegativeTestJSON-786668463 None] Running cmd (subprocess): sudo cinder-rootwrap /etc/cinder/rootwrap.conf rm -f /opt/stack/data/cinder/mnt/01bc348de1786cf3e2ddb9d18db023ca/volume-86f83e4b-810b-4dc1-bf5c-f8fb5b2d1aef {{(pid=94563) execute /opt/stack/data/venv/lib/python3.12/site-packages/oslo_concurrency/processutils.py:440}}
Jun 26 00:26:29 devstack sudo[102940]: pam_unix(sudo:session): session closed for user root
Jun 26 00:26:29 devstack cinder-volume[94563]: DEBUG oslo_concurrency.processutils [None req-af67c812-e035-4f00-94ad-c8571c6591f7 tempest-VolumesGetTest-1324764232 None] CMD "/opt/stack/data/venv/bin/python3.12 -m oslo_concurrency.prlimit --as=1073741824 --cpu=60 -- sudo cinder-rootwrap /etc/cinder/rootwrap.conf env LC_ALL=C qemu-img info -f qcow2 --output=json /opt/stack/data/cinder/mnt/01bc348de1786cf3e2ddb9d18db023ca/volume-81efc017-5f04-468f-9789-cdd75db51043" returned: 0 in 1.377s {{(pid=94563) execute /opt/stack/data/venv/lib/python3.12/site-packages/oslo_concurrency/processutils.py:468}}
Jun 26 00:26:29 devstack cinder-volume[94563]: DEBUG cinder.utils [None req-af67c812-e035-4f00-94ad-c8571c6591f7 tempest-VolumesGetTest-1324764232 None] Path /opt/stack/data/cinder/mnt/01bc348de1786cf3e2ddb9d18db023ca/volume-d2e37d42-2df2-4ba8-876e-bda7105aa191 not found in is_blk_device check {{(pid=94563) is_blk_device /opt/stack/cinder/cinder/utils.py:615}}
Jun 26 00:26:29 devstack cinder-volume[94563]: DEBUG oslo_concurrency.processutils [None req-af67c812-e035-4f00-94ad-c8571c6591f7 tempest-VolumesGetTest-1324764232 None] Running cmd (subprocess): sudo cinder-rootwrap /etc/cinder/rootwrap.conf qemu-img convert -O qcow2 /opt/stack/data/cinder/mnt/01bc348de1786cf3e2ddb9d18db023ca/volume-81efc017-5f04-468f-9789-cdd75db51043 /opt/stack/data/cinder/mnt/01bc348de1786cf3e2ddb9d18db023ca/volume-d2e37d42-2df2-4ba8-876e-bda7105aa191 {{(pid=94563) execute /opt/stack/data/venv/lib/python3.12/site-packages/oslo_concurrency/processutils.py:440}}
Jun 26 00:26:29 devstack sudo[102951]: quobyte : PWD=/ ; USER=root ; COMMAND=/opt/stack/data/venv/bin/cinder-rootwrap /etc/cinder/rootwrap.conf rm -f /opt/stack/data/cinder/mnt/01bc348de1786cf3e2ddb9d18db023ca/volume-86f83e4b-810b-4dc1-bf5c-f8fb5b2d1aef
Jun 26 00:26:29 devstack sudo[102951]: pam_unix(sudo:session): session opened for user root(uid=0) by (uid=1000)
Jun 26 00:26:29 devstack sudo[102953]: quobyte : PWD=/ ; USER=root ; COMMAND=/opt/stack/data/venv/bin/cinder-rootwrap /etc/cinder/rootwrap.conf qemu-img convert -O qcow2 /opt/stack/data/cinder/mnt/01bc348de1786cf3e2ddb9d18db023ca/volume-81efc017-5f04-468f-9789-cdd75db51043 /opt/stack/data/cinder/mnt/01bc348de1786cf3e2ddb9d18db023ca/volume-d2e37d42-2df2-4ba8-876e-bda7105aa191
Jun 26 00:26:29 devstack sudo[102953]: pam_unix(sudo:session): session opened for user root(uid=0) by (uid=1000)
Jun 26 00:26:30 devstack sudo[102951]: pam_unix(sudo:session): session closed for user root
Jun 26 00:26:30 devstack cinder-volume[94563]: DEBUG oslo_concurrency.processutils [None req-304f949e-abe0-4619-a6ab-45c136d47520 tempest-ServerRescueNegativeTestJSON-786668463 None] CMD "sudo cinder-rootwrap /etc/cinder/rootwrap.conf rm -f /opt/stack/data/cinder/mnt/01bc348de1786cf3e2ddb9d18db023ca/volume-86f83e4b-810b-4dc1-bf5c-f8fb5b2d1aef" returned: 0 in 1.094s {{(pid=94563) execute /opt/stack/data/venv/lib/python3.12/site-packages/oslo_concurrency/processutils.py:468}}
Jun 26 00:26:30 devstack cinder-volume[94563]: DEBUG cinder.coordination [None req-304f949e-abe0-4619-a6ab-45c136d47520 tempest-ServerRescueNegativeTestJSON-786668463 None] Lock "cinder-quobyte-86f83e4b-810b-4dc1-bf5c-f8fb5b2d1aef" released by "delete_volume" :: held 2.271s {{(pid=94563) __release /opt/stack/cinder/cinder/coordination.py:152}}
Jun 26 00:26:30 devstack cinder-volume[94563]: DEBUG dbcounter [-] [94563] Writing DB stats cinder:UPDATE=55,cinder:SELECT=46,cinder:INSERT=15,cinder:DELETE=3 {{(pid=94563) stat_writer /opt/stack/data/venv/lib/python3.12/site-packages/dbcounter.py:115}}
Jun 26 00:26:30 devstack cinder-volume[94563]: DEBUG cinder.quota [None req-304f949e-abe0-4619-a6ab-45c136d47520 tempest-ServerRescueNegativeTestJSON-786668463 None] Created reservations ['6d505439-f3df-4899-a32a-3fb6b104e52f', '0c38caa5-c561-4c5b-97fc-85822088df66', '6d8c4590-66e8-48aa-91c9-7f183e38f16f', '94d99d1f-214a-4086-b8e3-08979794e09d'] {{(pid=94563) reserve /opt/stack/cinder/cinder/quota.py:752}}
Jun 26 00:26:30 devstack cinder-volume[94563]: DEBUG oslo_concurrency.lockutils [None req-304f949e-abe0-4619-a6ab-45c136d47520 tempest-ServerRescueNegativeTestJSON-786668463 None] Acquiring lock "quobyte_ensure" by "cinder.volume.drivers.quobyte.QuobyteDriver._ensure_shares_mounted" {{(pid=94563) inner /opt/stack/data/venv/lib/python3.12/site-packages/oslo_concurrency/lockutils.py:511}}
Jun 26 00:26:30 devstack cinder-volume[94563]: DEBUG oslo_concurrency.lockutils [None req-304f949e-abe0-4619-a6ab-45c136d47520 tempest-ServerRescueNegativeTestJSON-786668463 None] Lock "quobyte_ensure" acquired by "cinder.volume.drivers.quobyte.QuobyteDriver._ensure_shares_mounted" :: waited 0.001s {{(pid=94563) inner /opt/stack/data/venv/lib/python3.12/site-packages/oslo_concurrency/lockutils.py:524}}
Jun 26 00:26:30 devstack cinder-volume[94563]: DEBUG cinder.volume.drivers.quobyte [None req-304f949e-abe0-4619-a6ab-45c136d47520 tempest-ServerRescueNegativeTestJSON-786668463 None] Quobyte Volume URL set to: {'osci02.corp.quobyte.com/cinder-vol-1eea5feb-5682-4e25-9835-bfb6dd60dad2': None} {{(pid=94563) _load_shares_config /opt/stack/cinder/cinder/volume/drivers/quobyte.py:617}}
Jun 26 00:26:30 devstack cinder-volume[94563]: DEBUG cinder.volume.drivers.quobyte [None req-304f949e-abe0-4619-a6ab-45c136d47520 tempest-ServerRescueNegativeTestJSON-786668463 None] Available shares ['osci02.corp.quobyte.com/cinder-vol-1eea5feb-5682-4e25-9835-bfb6dd60dad2'] {{(pid=94563) _ensure_shares_mounted /opt/stack/cinder/cinder/volume/drivers/quobyte.py:647}}
Jun 26 00:26:30 devstack cinder-volume[94563]: DEBUG oslo_concurrency.lockutils [None req-304f949e-abe0-4619-a6ab-45c136d47520 tempest-ServerRescueNegativeTestJSON-786668463 None] Lock "quobyte_ensure" "released" by "cinder.volume.drivers.quobyte.QuobyteDriver._ensure_shares_mounted" :: held 0.011s {{(pid=94563) inner /opt/stack/data/venv/lib/python3.12/site-packages/oslo_concurrency/lockutils.py:543}}
Jun 26 00:26:30 devstack cinder-volume[94563]: DEBUG oslo_concurrency.processutils [None req-304f949e-abe0-4619-a6ab-45c136d47520 tempest-ServerRescueNegativeTestJSON-786668463 None] Running cmd (subprocess): sudo cinder-rootwrap /etc/cinder/rootwrap.conf df --portability --block-size 1 /opt/stack/data/cinder/mnt/01bc348de1786cf3e2ddb9d18db023ca {{(pid=94563) execute /opt/stack/data/venv/lib/python3.12/site-packages/oslo_concurrency/processutils.py:440}}
Jun 26 00:26:30 devstack sudo[102960]: quobyte : PWD=/ ; USER=root ; COMMAND=/opt/stack/data/venv/bin/cinder-rootwrap /etc/cinder/rootwrap.conf df --portability --block-size 1 /opt/stack/data/cinder/mnt/01bc348de1786cf3e2ddb9d18db023ca
Jun 26 00:26:30 devstack sudo[102960]: pam_unix(sudo:session): session opened for user root(uid=0) by (uid=1000)
Jun 26 00:26:34 devstack sudo[102960]: pam_unix(sudo:session): session closed for user root
Jun 26 00:26:34 devstack cinder-volume[94563]: DEBUG oslo_concurrency.processutils [None req-304f949e-abe0-4619-a6ab-45c136d47520 tempest-ServerRescueNegativeTestJSON-786668463 None] CMD "sudo cinder-rootwrap /etc/cinder/rootwrap.conf df --portability --block-size 1 /opt/stack/data/cinder/mnt/01bc348de1786cf3e2ddb9d18db023ca" returned: 0 in 3.843s {{(pid=94563) execute /opt/stack/data/venv/lib/python3.12/site-packages/oslo_concurrency/processutils.py:468}}
Jun 26 00:26:34 devstack cinder-volume[94563]: DEBUG cinder.manager [None req-304f949e-abe0-4619-a6ab-45c136d47520 tempest-ServerRescueNegativeTestJSON-786668463 None] Notifying Schedulers of capabilities ... {{(pid=94563) _publish_service_capabilities /opt/stack/cinder/cinder/manager.py:219}}
Jun 26 00:26:34 devstack cinder-volume[94563]: INFO cinder.volume.manager [None req-304f949e-abe0-4619-a6ab-45c136d47520 tempest-ServerRescueNegativeTestJSON-786668463 None] Deleted volume successfully.
Jun 26 00:26:34 devstack cinder-volume[94563]: DEBUG cinder.coordination [None req-304f949e-abe0-4619-a6ab-45c136d47520 tempest-ServerRescueNegativeTestJSON-786668463 None] Lock "cinder-86f83e4b-810b-4dc1-bf5c-f8fb5b2d1aef-delete_volume" released by "delete_volume" :: held 6.655s {{(pid=94563) __release /opt/stack/cinder/cinder/coordination.py:152}}
Jun 26 00:26:39 devstack sudo[102953]: pam_unix(sudo:session): session closed for user root
Jun 26 00:26:39 devstack cinder-volume[94563]: DEBUG oslo_concurrency.processutils [None req-af67c812-e035-4f00-94ad-c8571c6591f7 tempest-VolumesGetTest-1324764232 None] CMD "sudo cinder-rootwrap /etc/cinder/rootwrap.conf qemu-img convert -O qcow2 /opt/stack/data/cinder/mnt/01bc348de1786cf3e2ddb9d18db023ca/volume-81efc017-5f04-468f-9789-cdd75db51043 /opt/stack/data/cinder/mnt/01bc348de1786cf3e2ddb9d18db023ca/volume-d2e37d42-2df2-4ba8-876e-bda7105aa191" returned: 0 in 10.436s {{(pid=94563) execute /opt/stack/data/venv/lib/python3.12/site-packages/oslo_concurrency/processutils.py:468}}
Jun 26 00:26:39 devstack cinder-volume[94563]: DEBUG oslo.privsep.daemon [-] privsep: reply[afaae4d9-6aa5-4f48-8e26-9744df6e314f]: (4, 'qcow2') {{(pid=95369) _call_back /opt/stack/data/venv/lib/python3.12/site-packages/oslo_privsep/daemon.py:580}}
Jun 26 00:26:39 devstack cinder-volume[94563]: DEBUG oslo_concurrency.processutils [None req-af67c812-e035-4f00-94ad-c8571c6591f7 tempest-VolumesGetTest-1324764232 None] Running cmd (subprocess): /opt/stack/data/venv/bin/python3.12 -m oslo_concurrency.prlimit --as=1073741824 --cpu=60 -- sudo cinder-rootwrap /etc/cinder/rootwrap.conf env LC_ALL=C qemu-img info -f qcow2 --output=json /opt/stack/data/cinder/mnt/01bc348de1786cf3e2ddb9d18db023ca/volume-81efc017-5f04-468f-9789-cdd75db51043 {{(pid=94563) execute /opt/stack/data/venv/lib/python3.12/site-packages/oslo_concurrency/processutils.py:440}}
Jun 26 00:26:40 devstack sudo[103070]: quobyte : PWD=/ ; USER=root ; COMMAND=/opt/stack/data/venv/bin/cinder-rootwrap /etc/cinder/rootwrap.conf env LC_ALL=C qemu-img info -f qcow2 --output=json /opt/stack/data/cinder/mnt/01bc348de1786cf3e2ddb9d18db023ca/volume-81efc017-5f04-468f-9789-cdd75db51043
Jun 26 00:26:40 devstack sudo[103070]: pam_unix(sudo:session): session opened for user root(uid=0) by (uid=1000)
Jun 26 00:26:40 devstack cinder-volume[94563]: DEBUG dbcounter [-] [94563] Writing DB stats cinder:SELECT=2,cinder:UPDATE=5 {{(pid=94563) stat_writer /opt/stack/data/venv/lib/python3.12/site-packages/dbcounter.py:115}}
Jun 26 00:26:41 devstack sudo[103070]: pam_unix(sudo:session): session closed for user root
Jun 26 00:26:41 devstack cinder-volume[94563]: DEBUG oslo_concurrency.processutils [None req-af67c812-e035-4f00-94ad-c8571c6591f7 tempest-VolumesGetTest-1324764232 None] CMD "/opt/stack/data/venv/bin/python3.12 -m oslo_concurrency.prlimit --as=1073741824 --cpu=60 -- sudo cinder-rootwrap /etc/cinder/rootwrap.conf env LC_ALL=C qemu-img info -f qcow2 --output=json /opt/stack/data/cinder/mnt/01bc348de1786cf3e2ddb9d18db023ca/volume-81efc017-5f04-468f-9789-cdd75db51043" returned: 0 in 1.554s {{(pid=94563) execute /opt/stack/data/venv/lib/python3.12/site-packages/oslo_concurrency/processutils.py:468}}
Jun 26 00:26:41 devstack cinder-volume[94563]: DEBUG cinder.image.image_utils [None req-af67c812-e035-4f00-94ad-c8571c6591f7 tempest-VolumesGetTest-1324764232 None] Image conversion details: src /opt/stack/data/cinder/mnt/01bc348de1786cf3e2ddb9d18db023ca/volume-81efc017-5f04-468f-9789-cdd75db51043, size 1024.00 MB, duration 10.44 sec, destination /opt/stack/data/cinder/mnt/01bc348de1786cf3e2ddb9d18db023ca/volume-d2e37d42-2df2-4ba8-876e-bda7105aa191 {{(pid=94563) _convert_image /opt/stack/cinder/cinder/image/image_utils.py:536}}
Jun 26 00:26:41 devstack cinder-volume[94563]: INFO cinder.image.image_utils [None req-af67c812-e035-4f00-94ad-c8571c6591f7 tempest-VolumesGetTest-1324764232 None] Converted 1024.00 MB image at 98.09 MB/s
Jun 26 00:26:41 devstack cinder-volume[94563]: WARNING cinder.volume.drivers.remotefs [None req-af67c812-e035-4f00-94ad-c8571c6591f7 tempest-VolumesGetTest-1324764232 None] /opt/stack/data/cinder/mnt/01bc348de1786cf3e2ddb9d18db023ca/volume-d2e37d42-2df2-4ba8-876e-bda7105aa191 is being set with open permissions: ugo+rw
Jun 26 00:26:41 devstack cinder-volume[94563]: DEBUG oslo_concurrency.processutils [None req-af67c812-e035-4f00-94ad-c8571c6591f7 tempest-VolumesGetTest-1324764232 None] Running cmd (subprocess): sudo cinder-rootwrap /etc/cinder/rootwrap.conf chmod ugo+rw /opt/stack/data/cinder/mnt/01bc348de1786cf3e2ddb9d18db023ca/volume-d2e37d42-2df2-4ba8-876e-bda7105aa191 {{(pid=94563) execute /opt/stack/data/venv/lib/python3.12/site-packages/oslo_concurrency/processutils.py:440}}
Jun 26 00:26:41 devstack sudo[103079]: quobyte : PWD=/ ; USER=root ; COMMAND=/opt/stack/data/venv/bin/cinder-rootwrap /etc/cinder/rootwrap.conf chmod ugo+rw /opt/stack/data/cinder/mnt/01bc348de1786cf3e2ddb9d18db023ca/volume-d2e37d42-2df2-4ba8-876e-bda7105aa191
Jun 26 00:26:41 devstack sudo[103079]: pam_unix(sudo:session): session opened for user root(uid=0) by (uid=1000)
Jun 26 00:26:42 devstack sudo[103079]: pam_unix(sudo:session): session closed for user root
Jun 26 00:26:42 devstack cinder-volume[94563]: DEBUG oslo_concurrency.processutils [None req-af67c812-e035-4f00-94ad-c8571c6591f7 tempest-VolumesGetTest-1324764232 None] CMD "sudo cinder-rootwrap /etc/cinder/rootwrap.conf chmod ugo+rw /opt/stack/data/cinder/mnt/01bc348de1786cf3e2ddb9d18db023ca/volume-d2e37d42-2df2-4ba8-876e-bda7105aa191" returned: 0 in 0.775s {{(pid=94563) execute /opt/stack/data/venv/lib/python3.12/site-packages/oslo_concurrency/processutils.py:468}}
Jun 26 00:26:42 devstack cinder-volume[94563]: DEBUG cinder.coordination [None req-af67c812-e035-4f00-94ad-c8571c6591f7 tempest-VolumesGetTest-1324764232 None] Lock "cinder-quobyte-d2e37d42-2df2-4ba8-876e-bda7105aa191" released by "_copy_volume_from_snapshot" :: held 15.170s {{(pid=94563) __release /opt/stack/cinder/cinder/coordination.py:152}}
Jun 26 00:26:42 devstack cinder-volume[94563]: DEBUG cinder.coordination [None req-af67c812-e035-4f00-94ad-c8571c6591f7 tempest-VolumesGetTest-1324764232 None] Acquiring lock "cinder-quobyte-270d4b08-1ac5-4536-ba5f-2f507e67fa5f" by "_delete_snapshot" {{(pid=94563) __acquire /opt/stack/cinder/cinder/coordination.py:138}}
Jun 26 00:26:42 devstack cinder-volume[94563]: DEBUG cinder.coordination [None req-af67c812-e035-4f00-94ad-c8571c6591f7 tempest-VolumesGetTest-1324764232 None] Lock "cinder-quobyte-270d4b08-1ac5-4536-ba5f-2f507e67fa5f" acquired by "_delete_snapshot" :: waited 0.020s {{(pid=94563) __acquire /opt/stack/cinder/cinder/coordination.py:141}}
Jun 26 00:26:42 devstack cinder-volume[94563]: DEBUG cinder.volume.drivers.remotefs [None req-af67c812-e035-4f00-94ad-c8571c6591f7 tempest-VolumesGetTest-1324764232 None] Deleting offline snapshot 270d4b08-1ac5-4536-ba5f-2f507e67fa5f of volume 81efc017-5f04-468f-9789-cdd75db51043 {{(pid=94563) _delete_snapshot /opt/stack/cinder/cinder/volume/drivers/remotefs.py:1288}}
Jun 26 00:26:42 devstack cinder-volume[94563]: DEBUG cinder.volume.drivers.remotefs [None req-af67c812-e035-4f00-94ad-c8571c6591f7 tempest-VolumesGetTest-1324764232 None] snapshot_file for this snap is: volume-81efc017-5f04-468f-9789-cdd75db51043.270d4b08-1ac5-4536-ba5f-2f507e67fa5f {{(pid=94563) _delete_snapshot /opt/stack/cinder/cinder/volume/drivers/remotefs.py:1317}}
Jun 26 00:26:42 devstack cinder-volume[94563]: DEBUG oslo.privsep.daemon [-] privsep: reply[cce47d5b-df1a-4980-be84-c748b10e7268]: (4, 'qcow2') {{(pid=95369) _call_back /opt/stack/data/venv/lib/python3.12/site-packages/oslo_privsep/daemon.py:580}}
Jun 26 00:26:42 devstack cinder-volume[94563]: DEBUG oslo_concurrency.processutils [None req-af67c812-e035-4f00-94ad-c8571c6591f7 tempest-VolumesGetTest-1324764232 None] Running cmd (subprocess): /opt/stack/data/venv/bin/python3.12 -m oslo_concurrency.prlimit --as=1073741824 --cpu=60 -- sudo cinder-rootwrap /etc/cinder/rootwrap.conf env LC_ALL=C qemu-img info -f qcow2 --output=json --force-share /opt/stack/data/cinder/mnt/01bc348de1786cf3e2ddb9d18db023ca/volume-81efc017-5f04-468f-9789-cdd75db51043.270d4b08-1ac5-4536-ba5f-2f507e67fa5f {{(pid=94563) execute /opt/stack/data/venv/lib/python3.12/site-packages/oslo_concurrency/processutils.py:440}}
Jun 26 00:26:42 devstack sudo[103083]: quobyte : PWD=/ ; USER=root ; COMMAND=/opt/stack/data/venv/bin/cinder-rootwrap /etc/cinder/rootwrap.conf env LC_ALL=C qemu-img info -f qcow2 --output=json --force-share /opt/stack/data/cinder/mnt/01bc348de1786cf3e2ddb9d18db023ca/volume-81efc017-5f04-468f-9789-cdd75db51043.270d4b08-1ac5-4536-ba5f-2f507e67fa5f
Jun 26 00:26:42 devstack sudo[103083]: pam_unix(sudo:session): session opened for user root(uid=0) by (uid=1000)
Jun 26 00:26:43 devstack sudo[103083]: pam_unix(sudo:session): session closed for user root
Jun 26 00:26:43 devstack cinder-volume[94563]: DEBUG oslo_concurrency.processutils [None req-af67c812-e035-4f00-94ad-c8571c6591f7 tempest-VolumesGetTest-1324764232 None] CMD "/opt/stack/data/venv/bin/python3.12 -m oslo_concurrency.prlimit --as=1073741824 --cpu=60 -- sudo cinder-rootwrap /etc/cinder/rootwrap.conf env LC_ALL=C qemu-img info -f qcow2 --output=json --force-share /opt/stack/data/cinder/mnt/01bc348de1786cf3e2ddb9d18db023ca/volume-81efc017-5f04-468f-9789-cdd75db51043.270d4b08-1ac5-4536-ba5f-2f507e67fa5f" returned: 0 in 0.922s {{(pid=94563) execute /opt/stack/data/venv/lib/python3.12/site-packages/oslo_concurrency/processutils.py:468}}
Jun 26 00:26:43 devstack cinder-volume[94563]: DEBUG cinder.volume.drivers.remotefs [None req-af67c812-e035-4f00-94ad-c8571c6591f7 tempest-VolumesGetTest-1324764232 None] Fetching qemu-img info with special backing_file_template: (/opt/stack/data/cinder/mnt/[0-9a-f]+/)?(volume-81efc017-5f04-468f-9789-cdd75db51043(.(tmp-snap-)?[0-9a-f-]+)?|volume_from_snapshot_cache/(tmp-snap-)?[0-9a-f-]+(.(child-|parent-)[0-9a-f-]+)?)$ {{(pid=94563) _qemu_img_info_base /opt/stack/cinder/cinder/volume/drivers/remotefs.py:896}}
Jun 26 00:26:43 devstack cinder-volume[94563]: DEBUG oslo.privsep.daemon [-] privsep: reply[c9f0fb11-cd68-42fb-9052-3d5c20945da6]: (4, 'qcow2') {{(pid=95369) _call_back /opt/stack/data/venv/lib/python3.12/site-packages/oslo_privsep/daemon.py:580}}
Jun 26 00:26:43 devstack cinder-volume[94563]: DEBUG oslo_concurrency.processutils [None req-af67c812-e035-4f00-94ad-c8571c6591f7 tempest-VolumesGetTest-1324764232 None] Running cmd (subprocess): /opt/stack/data/venv/bin/python3.12 -m oslo_concurrency.prlimit --as=1073741824 --cpu=60 -- sudo cinder-rootwrap /etc/cinder/rootwrap.conf env LC_ALL=C qemu-img info -f qcow2 --output=json --force-share /opt/stack/data/cinder/mnt/01bc348de1786cf3e2ddb9d18db023ca/volume-81efc017-5f04-468f-9789-cdd75db51043 {{(pid=94563) execute /opt/stack/data/venv/lib/python3.12/site-packages/oslo_concurrency/processutils.py:440}}
Jun 26 00:26:43 devstack sudo[103097]: quobyte : PWD=/ ; USER=root ; COMMAND=/opt/stack/data/venv/bin/cinder-rootwrap /etc/cinder/rootwrap.conf env LC_ALL=C qemu-img info -f qcow2 --output=json --force-share /opt/stack/data/cinder/mnt/01bc348de1786cf3e2ddb9d18db023ca/volume-81efc017-5f04-468f-9789-cdd75db51043
Jun 26 00:26:43 devstack sudo[103097]: pam_unix(sudo:session): session opened for user root(uid=0) by (uid=1000)
Jun 26 00:26:44 devstack sudo[103097]: pam_unix(sudo:session): session closed for user root
Jun 26 00:26:44 devstack cinder-volume[94563]: DEBUG oslo_concurrency.processutils [None req-af67c812-e035-4f00-94ad-c8571c6591f7 tempest-VolumesGetTest-1324764232 None] CMD "/opt/stack/data/venv/bin/python3.12 -m oslo_concurrency.prlimit --as=1073741824 --cpu=60 -- sudo cinder-rootwrap /etc/cinder/rootwrap.conf env LC_ALL=C qemu-img info -f qcow2 --output=json --force-share /opt/stack/data/cinder/mnt/01bc348de1786cf3e2ddb9d18db023ca/volume-81efc017-5f04-468f-9789-cdd75db51043" returned: 0 in 0.799s {{(pid=94563) execute /opt/stack/data/venv/lib/python3.12/site-packages/oslo_concurrency/processutils.py:468}}
Jun 26 00:26:44 devstack cinder-volume[94563]: DEBUG oslo_concurrency.processutils [None req-af67c812-e035-4f00-94ad-c8571c6591f7 tempest-VolumesGetTest-1324764232 None] Running cmd (subprocess): sudo cinder-rootwrap /etc/cinder/rootwrap.conf qemu-img commit -d /opt/stack/data/cinder/mnt/01bc348de1786cf3e2ddb9d18db023ca/volume-81efc017-5f04-468f-9789-cdd75db51043.270d4b08-1ac5-4536-ba5f-2f507e67fa5f {{(pid=94563) execute /opt/stack/data/venv/lib/python3.12/site-packages/oslo_concurrency/processutils.py:440}}
Jun 26 00:26:44 devstack sudo[103104]: quobyte : PWD=/ ; USER=root ; COMMAND=/opt/stack/data/venv/bin/cinder-rootwrap /etc/cinder/rootwrap.conf qemu-img commit -d /opt/stack/data/cinder/mnt/01bc348de1786cf3e2ddb9d18db023ca/volume-81efc017-5f04-468f-9789-cdd75db51043.270d4b08-1ac5-4536-ba5f-2f507e67fa5f
Jun 26 00:26:44 devstack sudo[103104]: pam_unix(sudo:session): session opened for user root(uid=0) by (uid=1000)
Jun 26 00:26:44 devstack cinder-volume[94563]: DEBUG dbcounter [-] [94563] Writing DB stats cinder:UPDATE=31,cinder:DELETE=4,cinder:SELECT=25,cinder:INSERT=10 {{(pid=94563) stat_writer /opt/stack/data/venv/lib/python3.12/site-packages/dbcounter.py:115}}
Jun 26 00:26:44 devstack sudo[103104]: pam_unix(sudo:session): session closed for user root
Jun 26 00:26:44 devstack cinder-volume[94563]: DEBUG oslo_concurrency.processutils [None req-af67c812-e035-4f00-94ad-c8571c6591f7 tempest-VolumesGetTest-1324764232 None] CMD "sudo cinder-rootwrap /etc/cinder/rootwrap.conf qemu-img commit -d /opt/stack/data/cinder/mnt/01bc348de1786cf3e2ddb9d18db023ca/volume-81efc017-5f04-468f-9789-cdd75db51043.270d4b08-1ac5-4536-ba5f-2f507e67fa5f" returned: 0 in 0.810s {{(pid=94563) execute /opt/stack/data/venv/lib/python3.12/site-packages/oslo_concurrency/processutils.py:468}}
Jun 26 00:26:44 devstack cinder-volume[94563]: DEBUG oslo_concurrency.processutils [None req-af67c812-e035-4f00-94ad-c8571c6591f7 tempest-VolumesGetTest-1324764232 None] Running cmd (subprocess): sudo cinder-rootwrap /etc/cinder/rootwrap.conf rm -f /opt/stack/data/cinder/mnt/01bc348de1786cf3e2ddb9d18db023ca/volume-81efc017-5f04-468f-9789-cdd75db51043.270d4b08-1ac5-4536-ba5f-2f507e67fa5f {{(pid=94563) execute /opt/stack/data/venv/lib/python3.12/site-packages/oslo_concurrency/processutils.py:440}}
Jun 26 00:26:44 devstack sudo[103111]: quobyte : PWD=/ ; USER=root ; COMMAND=/opt/stack/data/venv/bin/cinder-rootwrap /etc/cinder/rootwrap.conf rm -f /opt/stack/data/cinder/mnt/01bc348de1786cf3e2ddb9d18db023ca/volume-81efc017-5f04-468f-9789-cdd75db51043.270d4b08-1ac5-4536-ba5f-2f507e67fa5f
Jun 26 00:26:44 devstack sudo[103111]: pam_unix(sudo:session): session opened for user root(uid=0) by (uid=1000)
Jun 26 00:26:45 devstack sudo[103111]: pam_unix(sudo:session): session closed for user root
Jun 26 00:26:45 devstack cinder-volume[94563]: DEBUG oslo_concurrency.processutils [None req-af67c812-e035-4f00-94ad-c8571c6591f7 tempest-VolumesGetTest-1324764232 None] CMD "sudo cinder-rootwrap /etc/cinder/rootwrap.conf rm -f /opt/stack/data/cinder/mnt/01bc348de1786cf3e2ddb9d18db023ca/volume-81efc017-5f04-468f-9789-cdd75db51043.270d4b08-1ac5-4536-ba5f-2f507e67fa5f" returned: 0 in 1.037s {{(pid=94563) execute /opt/stack/data/venv/lib/python3.12/site-packages/oslo_concurrency/processutils.py:468}}
Jun 26 00:26:45 devstack cinder-volume[94563]: DEBUG cinder.coordination [None req-af67c812-e035-4f00-94ad-c8571c6591f7 tempest-VolumesGetTest-1324764232 None] Lock "cinder-quobyte-270d4b08-1ac5-4536-ba5f-2f507e67fa5f" released by "_delete_snapshot" :: held 3.705s {{(pid=94563) __release /opt/stack/cinder/cinder/coordination.py:152}}
Jun 26 00:26:46 devstack cinder-volume[94563]: DEBUG oslo_concurrency.lockutils [None req-af67c812-e035-4f00-94ad-c8571c6591f7 tempest-VolumesGetTest-1324764232 None] Lock "quobyte" "released" by "cinder.volume.drivers.quobyte.QuobyteDriver.create_cloned_volume" :: held 25.519s {{(pid=94563) inner /opt/stack/data/venv/lib/python3.12/site-packages/oslo_concurrency/lockutils.py:543}}
Jun 26 00:26:46 devstack cinder-volume[94563]: DEBUG cinder.volume.manager [None req-af67c812-e035-4f00-94ad-c8571c6591f7 tempest-VolumesGetTest-1324764232 None] Task 'cinder.volume.flows.manager.create_volume.CreateVolumeFromSpecTask;volume:create' (3458926f-6184-49be-b761-42c236c66f4d) transitioned into state 'SUCCESS' from state 'RUNNING' with result '{'status': 'creating', 'volume_name': 'volume-d2e37d42-2df2-4ba8-876e-bda7105aa191', 'volume_size': 1, 'source_volid': '81efc017-5f04-468f-9789-cdd75db51043', 'source_volstatus': 'available'}' {{(pid=94563) _task_receiver /opt/stack/data/venv/lib/python3.12/site-packages/taskflow/listeners/logging.py:218}}
Jun 26 00:26:46 devstack cinder-volume[94563]: DEBUG cinder.volume.manager [None req-af67c812-e035-4f00-94ad-c8571c6591f7 tempest-VolumesGetTest-1324764232 None] Task 'cinder.volume.flows.manager.create_volume.CreateVolumeOnFinishTask;volume:create, create.end' (189dee48-72a1-4d5f-b249-220e37b06cf0) transitioned into state 'RUNNING' from state 'PENDING' {{(pid=94563) _task_receiver /opt/stack/data/venv/lib/python3.12/site-packages/taskflow/listeners/logging.py:242}}
Jun 26 00:26:46 devstack cinder-volume[94563]: INFO cinder.volume.flows.manager.create_volume [None req-af67c812-e035-4f00-94ad-c8571c6591f7 tempest-VolumesGetTest-1324764232 None] Volume volume-d2e37d42-2df2-4ba8-876e-bda7105aa191 (d2e37d42-2df2-4ba8-876e-bda7105aa191): created successfully
Jun 26 00:26:46 devstack cinder-volume[94563]: DEBUG cinder.volume.manager [None req-af67c812-e035-4f00-94ad-c8571c6591f7 tempest-VolumesGetTest-1324764232 None] Task 'cinder.volume.flows.manager.create_volume.CreateVolumeOnFinishTask;volume:create, create.end' (189dee48-72a1-4d5f-b249-220e37b06cf0) transitioned into state 'SUCCESS' from state 'RUNNING' with result 'None' {{(pid=94563) _task_receiver /opt/stack/data/venv/lib/python3.12/site-packages/taskflow/listeners/logging.py:218}}
Jun 26 00:26:46 devstack cinder-volume[94563]: DEBUG cinder.volume.manager [None req-af67c812-e035-4f00-94ad-c8571c6591f7 tempest-VolumesGetTest-1324764232 None] Flow 'volume_create_manager' (29197f0a-5bda-4601-9853-f25161a4f9a7) transitioned into state 'SUCCESS' from state 'RUNNING' {{(pid=94563) _flow_receiver /opt/stack/data/venv/lib/python3.12/site-packages/taskflow/listeners/logging.py:160}}
Jun 26 00:26:46 devstack cinder-volume[94563]: INFO cinder.volume.manager [None req-af67c812-e035-4f00-94ad-c8571c6591f7 tempest-VolumesGetTest-1324764232 None] Created volume successfully.
Jun 26 00:26:47 devstack cinder-volume[94563]: DEBUG cinder.volume.flows.manager.create_volume [None req-031f5b4b-05de-46ea-a74b-6a380ee5ae3e tempest-VolumesGetTest-1324764232 None] Volume reschedule parameters: True retry: {'num_attempts': 1, 'backends': ['devstack@QuobyteHD#QuobyteHD'], 'hosts': ['devstack@QuobyteHD#QuobyteHD']} {{(pid=94563) get_flow /opt/stack/cinder/cinder/volume/flows/manager/create_volume.py:1397}}
Jun 26 00:26:47 devstack cinder-volume[94563]: DEBUG cinder.volume.manager [None req-031f5b4b-05de-46ea-a74b-6a380ee5ae3e tempest-VolumesGetTest-1324764232 None] Flow 'volume_create_manager' (34c09815-3448-4fe5-8766-72885689db9c) transitioned into state 'RUNNING' from state 'PENDING' {{(pid=94563) _flow_receiver /opt/stack/data/venv/lib/python3.12/site-packages/taskflow/listeners/logging.py:160}}
Jun 26 00:26:47 devstack cinder-volume[94563]: DEBUG cinder.volume.manager [None req-031f5b4b-05de-46ea-a74b-6a380ee5ae3e tempest-VolumesGetTest-1324764232 None] Task 'cinder.volume.flows.manager.create_volume.ExtractVolumeRefTask;volume:create' (547aa3bd-44b7-4904-a8bc-ea9f57c2e2af) transitioned into state 'RUNNING' from state 'PENDING' {{(pid=94563) _task_receiver /opt/stack/data/venv/lib/python3.12/site-packages/taskflow/listeners/logging.py:242}}
Jun 26 00:26:47 devstack cinder-volume[94563]: DEBUG cinder.volume.manager [None req-031f5b4b-05de-46ea-a74b-6a380ee5ae3e tempest-VolumesGetTest-1324764232 None] Task 'cinder.volume.flows.manager.create_volume.ExtractVolumeRefTask;volume:create' (547aa3bd-44b7-4904-a8bc-ea9f57c2e2af) transitioned into state 'SUCCESS' from state 'RUNNING' with result 'Volume(_name_id=None,admin_metadata=,attach_status='detached',availability_zone='nova',bootable=False,cluster=,cluster_name=None,consistencygroup=,consistencygroup_id=None,created_at=2026-06-25T22:26:47Z,deleted=False,deleted_at=None,display_description='tempest-@#$%^* description-985268445',display_name='tempest-VolumesGetTest-Volume-1308229333',ec2_id=None,encryption_key_id=None,glance_metadata=,group=,group_id=None,host='devstack@QuobyteHD#QuobyteHD',id=07acdb32-fa2b-414e-b13c-bc2936069c2a,launched_at=None,metadata={},migration_status=None,multiattach=False,previous_status=None,project_id='529acffbab0f4274903180c106e082db',provider_auth=None,provider_geometry=None,provider_id=None,provider_location=None,replication_driver_data=None,replication_extended_status=None,replication_status=None,scheduled_at=2026-06-25T22:26:48Z,service_uuid=None,shared_targets=True,size=1,snapshot_id=None,snapshots=,source_volid=None,status='creating',terminated_at=None,updated_at=2026-06-25T22:26:48Z,use_quota=True,user_id='13f921c89f1b4f91b03e62856dd895f6',volume_attachment=VolumeAttachmentList,volume_type=VolumeType(1707228d-860b-4ba2-979c-c1695fd6b2eb),volume_type_id=1707228d-860b-4ba2-979c-c1695fd6b2eb)' {{(pid=94563) _task_receiver /opt/stack/data/venv/lib/python3.12/site-packages/taskflow/listeners/logging.py:218}}
Jun 26 00:26:47 devstack cinder-volume[94563]: DEBUG cinder.volume.manager [None req-031f5b4b-05de-46ea-a74b-6a380ee5ae3e tempest-VolumesGetTest-1324764232 None] Task 'cinder.volume.flows.manager.create_volume.OnFailureRescheduleTask;volume:create' (b691dfdb-b064-46f3-a553-04668c04e17c) transitioned into state 'RUNNING' from state 'PENDING' {{(pid=94563) _task_receiver /opt/stack/data/venv/lib/python3.12/site-packages/taskflow/listeners/logging.py:242}}
Jun 26 00:26:47 devstack cinder-volume[94563]: DEBUG cinder.volume.manager [None req-031f5b4b-05de-46ea-a74b-6a380ee5ae3e tempest-VolumesGetTest-1324764232 None] Task 'cinder.volume.flows.manager.create_volume.OnFailureRescheduleTask;volume:create' (b691dfdb-b064-46f3-a553-04668c04e17c) transitioned into state 'SUCCESS' from state 'RUNNING' with result 'None' {{(pid=94563) _task_receiver /opt/stack/data/venv/lib/python3.12/site-packages/taskflow/listeners/logging.py:218}}
Jun 26 00:26:47 devstack cinder-volume[94563]: DEBUG cinder.volume.manager [None req-031f5b4b-05de-46ea-a74b-6a380ee5ae3e tempest-VolumesGetTest-1324764232 None] Task 'cinder.volume.flows.manager.create_volume.ExtractVolumeSpecTask;volume:create' (0ff6b436-80c4-409a-9dab-517a02a5dd29) transitioned into state 'RUNNING' from state 'PENDING' {{(pid=94563) _task_receiver /opt/stack/data/venv/lib/python3.12/site-packages/taskflow/listeners/logging.py:242}}
Jun 26 00:26:47 devstack cinder-volume[94563]: DEBUG cinder.volume.manager [None req-031f5b4b-05de-46ea-a74b-6a380ee5ae3e tempest-VolumesGetTest-1324764232 None] Task 'cinder.volume.flows.manager.create_volume.ExtractVolumeSpecTask;volume:create' (0ff6b436-80c4-409a-9dab-517a02a5dd29) transitioned into state 'SUCCESS' from state 'RUNNING' with result '{'status': 'creating', 'type': 'raw', 'volume_id': '07acdb32-fa2b-414e-b13c-bc2936069c2a', 'volume_name': 'volume-07acdb32-fa2b-414e-b13c-bc2936069c2a', 'volume_size': 1}' {{(pid=94563) _task_receiver /opt/stack/data/venv/lib/python3.12/site-packages/taskflow/listeners/logging.py:218}}
Jun 26 00:26:47 devstack cinder-volume[94563]: DEBUG cinder.volume.manager [None req-031f5b4b-05de-46ea-a74b-6a380ee5ae3e tempest-VolumesGetTest-1324764232 None] Task 'cinder.volume.flows.manager.create_volume.NotifyVolumeActionTask;volume:create, create.start' (d45548af-0271-4f74-80e6-e93b0fcba3f1) transitioned into state 'RUNNING' from state 'PENDING' {{(pid=94563) _task_receiver /opt/stack/data/venv/lib/python3.12/site-packages/taskflow/listeners/logging.py:242}}
Jun 26 00:26:47 devstack cinder-volume[94563]: DEBUG cinder.volume.manager [None req-031f5b4b-05de-46ea-a74b-6a380ee5ae3e tempest-VolumesGetTest-1324764232 None] Task 'cinder.volume.flows.manager.create_volume.NotifyVolumeActionTask;volume:create, create.start' (d45548af-0271-4f74-80e6-e93b0fcba3f1) transitioned into state 'SUCCESS' from state 'RUNNING' with result 'None' {{(pid=94563) _task_receiver /opt/stack/data/venv/lib/python3.12/site-packages/taskflow/listeners/logging.py:218}}
Jun 26 00:26:47 devstack cinder-volume[94563]: DEBUG cinder.volume.manager [None req-031f5b4b-05de-46ea-a74b-6a380ee5ae3e tempest-VolumesGetTest-1324764232 None] Task 'cinder.volume.flows.manager.create_volume.CreateVolumeFromSpecTask;volume:create' (81f3ee6e-15bc-4f11-ad88-b417045bdb02) transitioned into state 'RUNNING' from state 'PENDING' {{(pid=94563) _task_receiver /opt/stack/data/venv/lib/python3.12/site-packages/taskflow/listeners/logging.py:242}}
Jun 26 00:26:47 devstack cinder-volume[94563]: INFO cinder.volume.flows.manager.create_volume [None req-031f5b4b-05de-46ea-a74b-6a380ee5ae3e tempest-VolumesGetTest-1324764232 None] Volume 07acdb32-fa2b-414e-b13c-bc2936069c2a: being created as raw with specification: {'status': 'creating', 'volume_name': 'volume-07acdb32-fa2b-414e-b13c-bc2936069c2a', 'volume_size': 1}
Jun 26 00:26:47 devstack cinder-volume[94563]: DEBUG oslo_concurrency.lockutils [None req-031f5b4b-05de-46ea-a74b-6a380ee5ae3e tempest-VolumesGetTest-1324764232 None] Acquiring lock "quobyte" by "cinder.volume.drivers.quobyte.QuobyteDriver.create_volume" {{(pid=94563) inner /opt/stack/data/venv/lib/python3.12/site-packages/oslo_concurrency/lockutils.py:511}}
Jun 26 00:26:47 devstack cinder-volume[94563]: DEBUG oslo_concurrency.lockutils [None req-031f5b4b-05de-46ea-a74b-6a380ee5ae3e tempest-VolumesGetTest-1324764232 None] Lock "quobyte" acquired by "cinder.volume.drivers.quobyte.QuobyteDriver.create_volume" :: waited 0.000s {{(pid=94563) inner /opt/stack/data/venv/lib/python3.12/site-packages/oslo_concurrency/lockutils.py:524}}
