Jul 09 04:51:43 devstack devstack@g-api.service[76333]: DEBUG glance.common.config [None req-47ac8795-02f6-482e-a6db-9b9657098d93 None None] barbican_service_user.split_loggers = False {{(pid=76333) log_opt_values /opt/stack/data/venv/lib/python3.12/site-packages/oslo_config/cfg.py:3253}}
Jul 09 04:51:43 devstack devstack@g-api.service[76333]: DEBUG glance.common.config [None req-47ac8795-02f6-482e-a6db-9b9657098d93 None None] barbican_service_user.timeout = None {{(pid=76333) log_opt_values /opt/stack/data/venv/lib/python3.12/site-packages/oslo_config/cfg.py:3253}}
Jul 09 04:51:43 devstack devstack@g-api.service[76333]: DEBUG glance.common.config [None req-47ac8795-02f6-482e-a6db-9b9657098d93 None None] database.asyncio_connection = **** {{(pid=76333) log_opt_values /opt/stack/data/venv/lib/python3.12/site-packages/oslo_config/cfg.py:3253}}
Jul 09 04:51:43 devstack devstack@g-api.service[76333]: DEBUG glance.common.config [None req-47ac8795-02f6-482e-a6db-9b9657098d93 None None] database.asyncio_slave_connection = **** {{(pid=76333) log_opt_values /opt/stack/data/venv/lib/python3.12/site-packages/oslo_config/cfg.py:3253}}
Jul 09 04:51:43 devstack devstack@g-api.service[76333]: DEBUG glance.common.config [None req-47ac8795-02f6-482e-a6db-9b9657098d93 None None] database.backend = sqlalchemy {{(pid=76333) log_opt_values /opt/stack/data/venv/lib/python3.12/site-packages/oslo_config/cfg.py:3253}}
Jul 09 04:51:43 devstack devstack@g-api.service[76333]: DEBUG glance.common.config [None req-47ac8795-02f6-482e-a6db-9b9657098d93 None None] database.connection = **** {{(pid=76333) log_opt_values /opt/stack/data/venv/lib/python3.12/site-packages/oslo_config/cfg.py:3253}}
Jul 09 04:51:43 devstack devstack@g-api.service[76333]: DEBUG glance.common.config [None req-47ac8795-02f6-482e-a6db-9b9657098d93 None None] database.connection_debug = 0 {{(pid=76333) log_opt_values /opt/stack/data/venv/lib/python3.12/site-packages/oslo_config/cfg.py:3253}}
Jul 09 04:51:43 devstack devstack@g-api.service[76333]: DEBUG glance.common.config [None req-47ac8795-02f6-482e-a6db-9b9657098d93 None None] database.connection_parameters = {{(pid=76333) log_opt_values /opt/stack/data/venv/lib/python3.12/site-packages/oslo_config/cfg.py:3253}}
Jul 09 04:51:43 devstack devstack@g-api.service[76333]: DEBUG glance.common.config [None req-47ac8795-02f6-482e-a6db-9b9657098d93 None None] database.connection_recycle_time = 3600 {{(pid=76333) log_opt_values /opt/stack/data/venv/lib/python3.12/site-packages/oslo_config/cfg.py:3253}}
Jul 09 04:51:43 devstack devstack@g-api.service[76333]: DEBUG glance.common.config [None req-47ac8795-02f6-482e-a6db-9b9657098d93 None None] database.connection_trace = False {{(pid=76333) log_opt_values /opt/stack/data/venv/lib/python3.12/site-packages/oslo_config/cfg.py:3253}}
Jul 09 04:51:43 devstack devstack@g-api.service[76333]: DEBUG glance.common.config [None req-47ac8795-02f6-482e-a6db-9b9657098d93 None None] database.db_inc_retry_interval = True {{(pid=76333) log_opt_values /opt/stack/data/venv/lib/python3.12/site-packages/oslo_config/cfg.py:3253}}
Jul 09 04:51:43 devstack devstack@g-api.service[76333]: DEBUG glance.common.config [None req-47ac8795-02f6-482e-a6db-9b9657098d93 None None] database.db_max_retries = 20 {{(pid=76333) log_opt_values /opt/stack/data/venv/lib/python3.12/site-packages/oslo_config/cfg.py:3253}}
Jul 09 04:51:43 devstack devstack@g-api.service[76333]: DEBUG glance.common.config [None req-47ac8795-02f6-482e-a6db-9b9657098d93 None None] database.db_max_retry_interval = 10 {{(pid=76333) log_opt_values /opt/stack/data/venv/lib/python3.12/site-packages/oslo_config/cfg.py:3253}}
Jul 09 04:51:43 devstack devstack@g-api.service[76333]: DEBUG glance.common.config [None req-47ac8795-02f6-482e-a6db-9b9657098d93 None None] database.db_retry_interval = 1 {{(pid=76333) log_opt_values /opt/stack/data/venv/lib/python3.12/site-packages/oslo_config/cfg.py:3253}}
Jul 09 04:51:43 devstack devstack@g-api.service[76333]: DEBUG glance.common.config [None req-47ac8795-02f6-482e-a6db-9b9657098d93 None None] database.max_overflow = 50 {{(pid=76333) log_opt_values /opt/stack/data/venv/lib/python3.12/site-packages/oslo_config/cfg.py:3253}}
Jul 09 04:51:43 devstack devstack@g-api.service[76333]: DEBUG glance.common.config [None req-47ac8795-02f6-482e-a6db-9b9657098d93 None None] database.max_pool_size = 5 {{(pid=76333) log_opt_values /opt/stack/data/venv/lib/python3.12/site-packages/oslo_config/cfg.py:3253}}
Jul 09 04:51:43 devstack devstack@g-api.service[76333]: DEBUG glance.common.config [None req-47ac8795-02f6-482e-a6db-9b9657098d93 None None] database.max_retries = 10 {{(pid=76333) log_opt_values /opt/stack/data/venv/lib/python3.12/site-packages/oslo_config/cfg.py:3253}}
Jul 09 04:51:43 devstack devstack@g-api.service[76333]: DEBUG glance.common.config [None req-47ac8795-02f6-482e-a6db-9b9657098d93 None None] database.mysql_sql_mode = TRADITIONAL {{(pid=76333) log_opt_values /opt/stack/data/venv/lib/python3.12/site-packages/oslo_config/cfg.py:3253}}
Jul 09 04:51:43 devstack devstack@g-api.service[76333]: DEBUG glance.common.config [None req-47ac8795-02f6-482e-a6db-9b9657098d93 None None] database.mysql_wsrep_sync_wait = None {{(pid=76333) log_opt_values /opt/stack/data/venv/lib/python3.12/site-packages/oslo_config/cfg.py:3253}}
Jul 09 04:51:43 devstack devstack@g-api.service[76333]: DEBUG glance.common.config [None req-47ac8795-02f6-482e-a6db-9b9657098d93 None None] database.pool_timeout = None {{(pid=76333) log_opt_values /opt/stack/data/venv/lib/python3.12/site-packages/oslo_config/cfg.py:3253}}
Jul 09 04:51:43 devstack devstack@g-api.service[76333]: DEBUG glance.common.config [None req-47ac8795-02f6-482e-a6db-9b9657098d93 None None] database.retry_interval = 10 {{(pid=76333) log_opt_values /opt/stack/data/venv/lib/python3.12/site-packages/oslo_config/cfg.py:3253}}
Jul 09 04:51:43 devstack devstack@g-api.service[76333]: DEBUG glance.common.config [None req-47ac8795-02f6-482e-a6db-9b9657098d93 None None] database.slave_connection = **** {{(pid=76333) log_opt_values /opt/stack/data/venv/lib/python3.12/site-packages/oslo_config/cfg.py:3253}}
Jul 09 04:51:43 devstack devstack@g-api.service[76333]: DEBUG glance.common.config [None req-47ac8795-02f6-482e-a6db-9b9657098d93 None None] database.sqlite_synchronous = True {{(pid=76333) log_opt_values /opt/stack/data/venv/lib/python3.12/site-packages/oslo_config/cfg.py:3253}}
Jul 09 04:51:43 devstack devstack@g-api.service[76333]: DEBUG glance.common.config [None req-47ac8795-02f6-482e-a6db-9b9657098d93 None None] database.synchronous_reader = True {{(pid=76333) log_opt_values /opt/stack/data/venv/lib/python3.12/site-packages/oslo_config/cfg.py:3253}}
Jul 09 04:51:43 devstack devstack@g-api.service[76333]: DEBUG glance.common.config [None req-47ac8795-02f6-482e-a6db-9b9657098d93 None None] database.use_db_reconnect = False {{(pid=76333) log_opt_values /opt/stack/data/venv/lib/python3.12/site-packages/oslo_config/cfg.py:3253}}
Jul 09 04:51:43 devstack devstack@g-api.service[76333]: DEBUG glance.common.config [None req-47ac8795-02f6-482e-a6db-9b9657098d93 None None] healthcheck.allowed_source_ranges = [] {{(pid=76333) log_opt_values /opt/stack/data/venv/lib/python3.12/site-packages/oslo_config/cfg.py:3253}}
Jul 09 04:51:43 devstack devstack@g-api.service[76333]: DEBUG glance.common.config [None req-47ac8795-02f6-482e-a6db-9b9657098d93 None None] healthcheck.backends = ['disable_by_file'] {{(pid=76333) log_opt_values /opt/stack/data/venv/lib/python3.12/site-packages/oslo_config/cfg.py:3253}}
Jul 09 04:51:43 devstack devstack@g-api.service[76333]: DEBUG glance.common.config [None req-47ac8795-02f6-482e-a6db-9b9657098d93 None None] healthcheck.detailed = False {{(pid=76333) log_opt_values /opt/stack/data/venv/lib/python3.12/site-packages/oslo_config/cfg.py:3253}}
Jul 09 04:51:43 devstack devstack@g-api.service[76333]: DEBUG glance.common.config [None req-47ac8795-02f6-482e-a6db-9b9657098d93 None None] healthcheck.disable_by_file_path = None {{(pid=76333) log_opt_values /opt/stack/data/venv/lib/python3.12/site-packages/oslo_config/cfg.py:3253}}
Jul 09 04:51:43 devstack devstack@g-api.service[76333]: DEBUG glance.common.config [None req-47ac8795-02f6-482e-a6db-9b9657098d93 None None] healthcheck.ignore_proxied_requests = False {{(pid=76333) log_opt_values /opt/stack/data/venv/lib/python3.12/site-packages/oslo_config/cfg.py:3253}}
Jul 09 04:51:43 devstack devstack@g-api.service[76333]: DEBUG glance.common.config [None req-47ac8795-02f6-482e-a6db-9b9657098d93 None None] ******************************************************************************** {{(pid=76333) log_opt_values /opt/stack/data/venv/lib/python3.12/site-packages/oslo_config/cfg.py:3260}}
Jul 09 04:51:43 devstack devstack@g-api.service[76333]: WSGI app 0 (mountpoint='') ready in 5 seconds on interpreter 0x75bb58ca4668 pid: 76333 (default app)
Jul 09 04:51:47 devstack devstack@g-api.service[76332]: DEBUG glance.api.middleware.version_negotiation [None req-3b61a0b4-88bd-4130-b17e-c2f19882a505 None None] Determining version of request: GET / Accept: application/json {{(pid=76332) process_request /opt/stack/glance/glance/api/middleware/version_negotiation.py:44}}
Jul 09 04:51:47 devstack devstack@g-api.service[76332]: DEBUG glance.api.middleware.version_negotiation [None req-3b61a0b4-88bd-4130-b17e-c2f19882a505 None None] Using url versioning {{(pid=76332) process_request /opt/stack/glance/glance/api/middleware/version_negotiation.py:57}}
Jul 09 04:51:47 devstack devstack@g-api.service[76332]: DEBUG glance.api.middleware.version_negotiation [None req-3b61a0b4-88bd-4130-b17e-c2f19882a505 None None] Unknown version. Returning version choices. {{(pid=76332) process_request /opt/stack/glance/glance/api/middleware/version_negotiation.py:64}}
Jul 09 04:51:47 devstack devstack@g-api.service[76332]: [pid: 76332|app: 0|req: 2/2] 127.0.0.1 () {34 vars in 519 bytes} [Thu Jul 9 04:51:47 2026] GET / => generated 1571 bytes in 4 msecs (HTTP/1.1 300) 3 headers in 106 bytes (1 switches on core 0)
Jul 09 04:51:47 devstack devstack@g-api.service[76333]: DEBUG glance.api.middleware.version_negotiation [None req-47ac8795-02f6-482e-a6db-9b9657098d93 None None] Determining version of request: POST /v2/images Accept: */* {{(pid=76333) process_request /opt/stack/glance/glance/api/middleware/version_negotiation.py:44}}
Jul 09 04:51:47 devstack devstack@g-api.service[76333]: DEBUG glance.api.middleware.version_negotiation [None req-47ac8795-02f6-482e-a6db-9b9657098d93 None None] Using url versioning {{(pid=76333) process_request /opt/stack/glance/glance/api/middleware/version_negotiation.py:57}}
Jul 09 04:51:47 devstack devstack@g-api.service[76333]: DEBUG glance.api.middleware.version_negotiation [None req-47ac8795-02f6-482e-a6db-9b9657098d93 None None] Matched version: v2 {{(pid=76333) process_request /opt/stack/glance/glance/api/middleware/version_negotiation.py:69}}
Jul 09 04:51:47 devstack devstack@g-api.service[76333]: DEBUG glance.api.middleware.version_negotiation [None req-47ac8795-02f6-482e-a6db-9b9657098d93 None None] new path /v2/images {{(pid=76333) process_request /opt/stack/glance/glance/api/middleware/version_negotiation.py:70}}
Jul 09 04:51:49 devstack devstack@g-api.service[76333]: [pid: 76333|app: 0|req: 1/3] 127.0.0.1 () {40 vars in 782 bytes} [Thu Jul 9 04:51:47 2026] POST /v2/images => generated 807 bytes in 1191 msecs (HTTP/1.1 201) 6 headers in 314 bytes (1 switches on core 0)
Jul 09 04:51:49 devstack devstack@g-api.service[76332]: DEBUG glance.api.middleware.version_negotiation [None req-3b61a0b4-88bd-4130-b17e-c2f19882a505 None None] Determining version of request: PUT /v2/images/dbf1b5d6-a399-40e2-8a19-aa11cd2e4039/file Accept: {{(pid=76332) process_request /opt/stack/glance/glance/api/middleware/version_negotiation.py:44}}
Jul 09 04:51:49 devstack devstack@g-api.service[76332]: DEBUG glance.api.middleware.version_negotiation [None req-3b61a0b4-88bd-4130-b17e-c2f19882a505 None None] Using url versioning {{(pid=76332) process_request /opt/stack/glance/glance/api/middleware/version_negotiation.py:57}}
Jul 09 04:51:49 devstack devstack@g-api.service[76332]: DEBUG glance.api.middleware.version_negotiation [None req-3b61a0b4-88bd-4130-b17e-c2f19882a505 None None] Matched version: v2 {{(pid=76332) process_request /opt/stack/glance/glance/api/middleware/version_negotiation.py:69}}
Jul 09 04:51:49 devstack devstack@g-api.service[76332]: DEBUG glance.api.middleware.version_negotiation [None req-3b61a0b4-88bd-4130-b17e-c2f19882a505 None None] new path /v2/images/dbf1b5d6-a399-40e2-8a19-aa11cd2e4039/file {{(pid=76332) process_request /opt/stack/glance/glance/api/middleware/version_negotiation.py:70}}
Jul 09 04:51:50 devstack devstack@g-api.service[76332]: INFO glance.api.v2.image_data [None req-295ec32e-6032-4538-ae85-a69d1f0f1246 admin admin] Unable to create trust: no such option collect_timing in group [keystone_authtoken] Use the existing user token.
Jul 09 04:51:50 devstack devstack@g-api.service[76332]: DEBUG glance.location [None req-295ec32e-6032-4538-ae85-a69d1f0f1246 admin admin] Enabling in-flight format inspection for qcow2 {{(pid=76332) set_data /opt/stack/glance/glance/location.py:596}}
Jul 09 04:51:50 devstack devstack@g-api.service[76332]: DEBUG oslo_utils.imageutils.format_inspector [None req-295ec32e-6032-4538-ae85-a69d1f0f1246 admin admin] Format inspector for vmdk does not match, excluding from consideration (Signature KDMV not found: b'QFI\xfb') {{(pid=76332) _process_chunk /opt/stack/data/venv/lib/python3.12/site-packages/oslo_utils/imageutils/format_inspector.py:1758}}
Jul 09 04:51:50 devstack devstack@g-api.service[76332]: DEBUG oslo_utils.imageutils.format_inspector [None req-295ec32e-6032-4538-ae85-a69d1f0f1246 admin admin] Format inspector for vhdx does not match, excluding from consideration (Region signature not found at 30000) {{(pid=76332) _process_chunk /opt/stack/data/venv/lib/python3.12/site-packages/oslo_utils/imageutils/format_inspector.py:1758}}
Jul 09 04:51:51 devstack devstack@g-api.service[76332]: DEBUG glance_store._drivers.filesystem [None req-295ec32e-6032-4538-ae85-a69d1f0f1246 admin admin] Wrote 21692416 bytes to /opt/stack/data/glance/images/dbf1b5d6-a399-40e2-8a19-aa11cd2e4039 with checksum 87617e24a5e30cb3b87fda8c0764838f and multihash 9a9bce0083a00939ec17c11febbfc767aa211aaa54f51e75c5a8b271a9b5637c77205a518b7a2007cb391d23cceb01e0e4e8d64832317151bc85b734b92a7be0 {{(pid=76332) add /opt/stack/data/venv/lib/python3.12/site-packages/glance_store/_drivers/filesystem.py:899}}
Jul 09 04:51:51 devstack devstack@g-api.service[76332]: INFO glance.location [None req-295ec32e-6032-4538-ae85-a69d1f0f1246 admin admin] Image format matched and virtual size computed: 117440512
Jul 09 04:51:51 devstack devstack@g-api.service[76332]: DEBUG glance_store.backend [None req-295ec32e-6032-4538-ae85-a69d1f0f1246 admin admin] Skipping store.set_acls... not implemented. {{(pid=76332) set_acls /opt/stack/data/venv/lib/python3.12/site-packages/glance_store/backend.py:507}}
Jul 09 04:51:51 devstack devstack@g-api.service[76332]: [pid: 76332|app: 0|req: 3/4] 127.0.0.1 () {40 vars in 875 bytes} [Thu Jul 9 04:51:49 2026] PUT /v2/images/dbf1b5d6-a399-40e2-8a19-aa11cd2e4039/file => generated 0 bytes in 1887 msecs (HTTP/1.1 204) 4 headers in 171 bytes (1 switches on core 0)
Jul 09 04:51:51 devstack devstack@g-api.service[76333]: DEBUG glance.api.middleware.version_negotiation [None req-29831e75-2a76-46fc-8bc9-25092aa82c56 admin admin] Determining version of request: GET /v2/images/dbf1b5d6-a399-40e2-8a19-aa11cd2e4039 Accept: */* {{(pid=76333) process_request /opt/stack/glance/glance/api/middleware/version_negotiation.py:44}}
Jul 09 04:51:51 devstack devstack@g-api.service[76333]: DEBUG glance.api.middleware.version_negotiation [None req-29831e75-2a76-46fc-8bc9-25092aa82c56 admin admin] Using url versioning {{(pid=76333) process_request /opt/stack/glance/glance/api/middleware/version_negotiation.py:57}}
Jul 09 04:51:51 devstack devstack@g-api.service[76333]: DEBUG glance.api.middleware.version_negotiation [None req-29831e75-2a76-46fc-8bc9-25092aa82c56 admin admin] Matched version: v2 {{(pid=76333) process_request /opt/stack/glance/glance/api/middleware/version_negotiation.py:69}}
Jul 09 04:51:51 devstack devstack@g-api.service[76333]: DEBUG glance.api.middleware.version_negotiation [None req-29831e75-2a76-46fc-8bc9-25092aa82c56 admin admin] new path /v2/images/dbf1b5d6-a399-40e2-8a19-aa11cd2e4039 {{(pid=76333) process_request /opt/stack/glance/glance/api/middleware/version_negotiation.py:70}}
Jul 09 04:51:51 devstack devstack@g-api.service[76333]: [pid: 76333|app: 0|req: 2/5] 127.0.0.1 () {36 vars in 802 bytes} [Thu Jul 9 04:51:51 2026] GET /v2/images/dbf1b5d6-a399-40e2-8a19-aa11cd2e4039 => generated 976 bytes in 22 msecs (HTTP/1.1 200) 4 headers in 157 bytes (1 switches on core 0)
Jul 09 04:52:01 devstack devstack@g-api.service[76332]: DEBUG dbcounter [-] [76332] Writing DB stats glance:INSERT=5,glance:SELECT=16,glance:UPDATE=2 {{(pid=76332) stat_writer /opt/stack/data/venv/lib/python3.12/site-packages/dbcounter.py:115}}
Jul 09 04:52:01 devstack devstack@g-api.service[76333]: DEBUG dbcounter [-] [76333] Writing DB stats glance:INSERT=9,glance:SELECT=6 {{(pid=76333) stat_writer /opt/stack/data/venv/lib/python3.12/site-packages/dbcounter.py:115}}
Jul 09 04:52:37 devstack devstack@g-api.service[76332]: DEBUG glance.api.middleware.version_negotiation [None req-295ec32e-6032-4538-ae85-a69d1f0f1246 admin admin] Determining version of request: GET / Accept: application/json {{(pid=76332) process_request /opt/stack/glance/glance/api/middleware/version_negotiation.py:44}}
Jul 09 04:52:37 devstack devstack@g-api.service[76332]: DEBUG glance.api.middleware.version_negotiation [None req-295ec32e-6032-4538-ae85-a69d1f0f1246 admin admin] Using url versioning {{(pid=76332) process_request /opt/stack/glance/glance/api/middleware/version_negotiation.py:57}}
Jul 09 04:52:37 devstack devstack@g-api.service[76332]: DEBUG glance.api.middleware.version_negotiation [None req-295ec32e-6032-4538-ae85-a69d1f0f1246 admin admin] Unknown version. Returning version choices. {{(pid=76332) process_request /opt/stack/glance/glance/api/middleware/version_negotiation.py:64}}
Jul 09 04:52:37 devstack devstack@g-api.service[76332]: [pid: 76332|app: 0|req: 4/6] 127.0.0.1 () {34 vars in 519 bytes} [Thu Jul 9 04:52:37 2026] GET / => generated 1571 bytes in 2 msecs (HTTP/1.1 300) 3 headers in 106 bytes (1 switches on core 0)
Jul 09 04:52:37 devstack devstack@g-api.service[76333]: DEBUG glance.api.middleware.version_negotiation [None req-1645e9db-f77d-4570-b617-593e56e3bb69 admin admin] Determining version of request: GET /v2/images Accept: application/json {{(pid=76333) process_request /opt/stack/glance/glance/api/middleware/version_negotiation.py:44}}
Jul 09 04:52:37 devstack devstack@g-api.service[76333]: DEBUG glance.api.middleware.version_negotiation [None req-1645e9db-f77d-4570-b617-593e56e3bb69 admin admin] Using url versioning {{(pid=76333) process_request /opt/stack/glance/glance/api/middleware/version_negotiation.py:57}}
Jul 09 04:52:37 devstack devstack@g-api.service[76333]: DEBUG glance.api.middleware.version_negotiation [None req-1645e9db-f77d-4570-b617-593e56e3bb69 admin admin] Matched version: v2 {{(pid=76333) process_request /opt/stack/glance/glance/api/middleware/version_negotiation.py:69}}
Jul 09 04:52:37 devstack devstack@g-api.service[76333]: DEBUG glance.api.middleware.version_negotiation [None req-1645e9db-f77d-4570-b617-593e56e3bb69 admin admin] new path /v2/images {{(pid=76333) process_request /opt/stack/glance/glance/api/middleware/version_negotiation.py:70}}
Jul 09 04:52:37 devstack devstack@g-api.service[76333]: [pid: 76333|app: 0|req: 3/7] 127.0.0.1 () {36 vars in 741 bytes} [Thu Jul 9 04:52:37 2026] GET /v2/images => generated 1045 bytes in 92 msecs (HTTP/1.1 200) 4 headers in 158 bytes (1 switches on core 0)
Jul 09 04:52:47 devstack devstack@g-api.service[76332]: DEBUG glance.api.middleware.version_negotiation [None req-295ec32e-6032-4538-ae85-a69d1f0f1246 admin admin] Determining version of request: GET / Accept: application/json {{(pid=76332) process_request /opt/stack/glance/glance/api/middleware/version_negotiation.py:44}}
Jul 09 04:52:47 devstack devstack@g-api.service[76332]: DEBUG glance.api.middleware.version_negotiation [None req-295ec32e-6032-4538-ae85-a69d1f0f1246 admin admin] Using url versioning {{(pid=76332) process_request /opt/stack/glance/glance/api/middleware/version_negotiation.py:57}}
Jul 09 04:52:47 devstack devstack@g-api.service[76332]: DEBUG glance.api.middleware.version_negotiation [None req-295ec32e-6032-4538-ae85-a69d1f0f1246 admin admin] Unknown version. Returning version choices. {{(pid=76332) process_request /opt/stack/glance/glance/api/middleware/version_negotiation.py:64}}
Jul 09 04:52:47 devstack devstack@g-api.service[76332]: [pid: 76332|app: 0|req: 5/8] 127.0.0.1 () {34 vars in 519 bytes} [Thu Jul 9 04:52:47 2026] GET / => generated 1571 bytes in 2 msecs (HTTP/1.1 300) 3 headers in 106 bytes (1 switches on core 0)
Jul 09 04:52:47 devstack devstack@g-api.service[76333]: DEBUG glance.api.middleware.version_negotiation [None req-1391eea1-8af5-4a52-b089-93c2ff4920a4 admin admin] Determining version of request: GET /v2/images/dbf1b5d6-a399-40e2-8a19-aa11cd2e4039 Accept: */* {{(pid=76333) process_request /opt/stack/glance/glance/api/middleware/version_negotiation.py:44}}
Jul 09 04:52:47 devstack devstack@g-api.service[76333]: DEBUG glance.api.middleware.version_negotiation [None req-1391eea1-8af5-4a52-b089-93c2ff4920a4 admin admin] Using url versioning {{(pid=76333) process_request /opt/stack/glance/glance/api/middleware/version_negotiation.py:57}}
Jul 09 04:52:47 devstack devstack@g-api.service[76333]: DEBUG glance.api.middleware.version_negotiation [None req-1391eea1-8af5-4a52-b089-93c2ff4920a4 admin admin] Matched version: v2 {{(pid=76333) process_request /opt/stack/glance/glance/api/middleware/version_negotiation.py:69}}
Jul 09 04:52:47 devstack devstack@g-api.service[76333]: DEBUG glance.api.middleware.version_negotiation [None req-1391eea1-8af5-4a52-b089-93c2ff4920a4 admin admin] new path /v2/images/dbf1b5d6-a399-40e2-8a19-aa11cd2e4039 {{(pid=76333) process_request /opt/stack/glance/glance/api/middleware/version_negotiation.py:70}}
Jul 09 04:52:47 devstack devstack@g-api.service[76333]: DEBUG dbcounter [-] [76333] Writing DB stats glance:SELECT=1 {{(pid=76333) stat_writer /opt/stack/data/venv/lib/python3.12/site-packages/dbcounter.py:115}}
Jul 09 04:52:47 devstack devstack@g-api.service[76333]: [pid: 76333|app: 0|req: 4/9] 127.0.0.1 () {36 vars in 802 bytes} [Thu Jul 9 04:52:47 2026] GET /v2/images/dbf1b5d6-a399-40e2-8a19-aa11cd2e4039 => generated 976 bytes in 70 msecs (HTTP/1.1 200) 4 headers in 157 bytes (1 switches on core 0)
Jul 09 04:52:53 devstack devstack@g-api.service[76332]: DEBUG glance.api.middleware.version_negotiation [None req-295ec32e-6032-4538-ae85-a69d1f0f1246 admin admin] Determining version of request: GET / Accept: application/json {{(pid=76332) process_request /opt/stack/glance/glance/api/middleware/version_negotiation.py:44}}
Jul 09 04:52:53 devstack devstack@g-api.service[76332]: DEBUG glance.api.middleware.version_negotiation [None req-295ec32e-6032-4538-ae85-a69d1f0f1246 admin admin] Using url versioning {{(pid=76332) process_request /opt/stack/glance/glance/api/middleware/version_negotiation.py:57}}
Jul 09 04:52:53 devstack devstack@g-api.service[76332]: DEBUG glance.api.middleware.version_negotiation [None req-295ec32e-6032-4538-ae85-a69d1f0f1246 admin admin] Unknown version. Returning version choices. {{(pid=76332) process_request /opt/stack/glance/glance/api/middleware/version_negotiation.py:64}}
Jul 09 04:52:53 devstack devstack@g-api.service[76332]: [pid: 76332|app: 0|req: 6/10] 127.0.0.1 () {34 vars in 519 bytes} [Thu Jul 9 04:52:53 2026] GET / => generated 1571 bytes in 2 msecs (HTTP/1.1 300) 3 headers in 106 bytes (1 switches on core 0)
Jul 09 04:52:53 devstack devstack@g-api.service[76333]: DEBUG glance.api.middleware.version_negotiation [None req-b01d860b-af66-491b-8390-e558fc316ebd admin admin] Determining version of request: GET /v2/images/dbf1b5d6-a399-40e2-8a19-aa11cd2e4039 Accept: */* {{(pid=76333) process_request /opt/stack/glance/glance/api/middleware/version_negotiation.py:44}}
Jul 09 04:52:53 devstack devstack@g-api.service[76333]: DEBUG glance.api.middleware.version_negotiation [None req-b01d860b-af66-491b-8390-e558fc316ebd admin admin] Using url versioning {{(pid=76333) process_request /opt/stack/glance/glance/api/middleware/version_negotiation.py:57}}
Jul 09 04:52:53 devstack devstack@g-api.service[76333]: DEBUG glance.api.middleware.version_negotiation [None req-b01d860b-af66-491b-8390-e558fc316ebd admin admin] Matched version: v2 {{(pid=76333) process_request /opt/stack/glance/glance/api/middleware/version_negotiation.py:69}}
Jul 09 04:52:53 devstack devstack@g-api.service[76333]: DEBUG glance.api.middleware.version_negotiation [None req-b01d860b-af66-491b-8390-e558fc316ebd admin admin] new path /v2/images/dbf1b5d6-a399-40e2-8a19-aa11cd2e4039 {{(pid=76333) process_request /opt/stack/glance/glance/api/middleware/version_negotiation.py:70}}
Jul 09 04:52:54 devstack devstack@g-api.service[76333]: [pid: 76333|app: 0|req: 5/11] 127.0.0.1 () {36 vars in 802 bytes} [Thu Jul 9 04:52:53 2026] GET /v2/images/dbf1b5d6-a399-40e2-8a19-aa11cd2e4039 => generated 976 bytes in 65 msecs (HTTP/1.1 200) 4 headers in 157 bytes (1 switches on core 0)
Jul 09 04:53:03 devstack devstack@g-api.service[76333]: DEBUG dbcounter [-] [76333] Writing DB stats glance:SELECT=4 {{(pid=76333) stat_writer /opt/stack/data/venv/lib/python3.12/site-packages/dbcounter.py:115}}
Jul 09 04:54:09 devstack devstack@g-api.service[76332]: DEBUG glance.api.middleware.version_negotiation [None req-295ec32e-6032-4538-ae85-a69d1f0f1246 admin admin] Determining version of request: GET / Accept: application/json {{(pid=76332) process_request /opt/stack/glance/glance/api/middleware/version_negotiation.py:44}}
Jul 09 04:54:09 devstack devstack@g-api.service[76332]: DEBUG glance.api.middleware.version_negotiation [None req-295ec32e-6032-4538-ae85-a69d1f0f1246 admin admin] Using url versioning {{(pid=76332) process_request /opt/stack/glance/glance/api/middleware/version_negotiation.py:57}}
Jul 09 04:54:09 devstack devstack@g-api.service[76332]: DEBUG glance.api.middleware.version_negotiation [None req-295ec32e-6032-4538-ae85-a69d1f0f1246 admin admin] Unknown version. Returning version choices. {{(pid=76332) process_request /opt/stack/glance/glance/api/middleware/version_negotiation.py:64}}
Jul 09 04:54:09 devstack devstack@g-api.service[76332]: [pid: 76332|app: 0|req: 7/12] 127.0.0.1 () {36 vars in 488 bytes} [Thu Jul 9 04:54:09 2026] GET / => generated 1571 bytes in 2 msecs (HTTP/1.1 300) 3 headers in 106 bytes (1 switches on core 0)
Jul 09 04:56:55 devstack devstack@g-api.service[76333]: DEBUG glance.api.middleware.version_negotiation [None req-ba32fe61-3682-4e68-afa7-d3dcf600bdb0 admin admin] Determining version of request: GET / Accept: application/json {{(pid=76333) process_request /opt/stack/glance/glance/api/middleware/version_negotiation.py:44}}
Jul 09 04:56:55 devstack devstack@g-api.service[76333]: DEBUG glance.api.middleware.version_negotiation [None req-ba32fe61-3682-4e68-afa7-d3dcf600bdb0 admin admin] Using url versioning {{(pid=76333) process_request /opt/stack/glance/glance/api/middleware/version_negotiation.py:57}}
Jul 09 04:56:55 devstack devstack@g-api.service[76333]: DEBUG glance.api.middleware.version_negotiation [None req-ba32fe61-3682-4e68-afa7-d3dcf600bdb0 admin admin] Unknown version. Returning version choices. {{(pid=76333) process_request /opt/stack/glance/glance/api/middleware/version_negotiation.py:64}}
Jul 09 04:56:55 devstack devstack@g-api.service[76333]: [pid: 76333|app: 0|req: 6/13] 127.0.0.1 () {34 vars in 505 bytes} [Thu Jul 9 04:56:55 2026] GET / => generated 1571 bytes in 5 msecs (HTTP/1.1 300) 3 headers in 106 bytes (1 switches on core 0)
Jul 09 04:56:55 devstack devstack@g-api.service[76332]: DEBUG glance.api.middleware.version_negotiation [None req-295ec32e-6032-4538-ae85-a69d1f0f1246 admin admin] Determining version of request: GET /v2/images/dbf1b5d6-a399-40e2-8a19-aa11cd2e4039 Accept: */* {{(pid=76332) process_request /opt/stack/glance/glance/api/middleware/version_negotiation.py:44}}
Jul 09 04:56:55 devstack devstack@g-api.service[76332]: DEBUG glance.api.middleware.version_negotiation [None req-295ec32e-6032-4538-ae85-a69d1f0f1246 admin admin] Using url versioning {{(pid=76332) process_request /opt/stack/glance/glance/api/middleware/version_negotiation.py:57}}
Jul 09 04:56:55 devstack devstack@g-api.service[76332]: DEBUG glance.api.middleware.version_negotiation [None req-295ec32e-6032-4538-ae85-a69d1f0f1246 admin admin] Matched version: v2 {{(pid=76332) process_request /opt/stack/glance/glance/api/middleware/version_negotiation.py:69}}
Jul 09 04:56:55 devstack devstack@g-api.service[76332]: DEBUG glance.api.middleware.version_negotiation [None req-295ec32e-6032-4538-ae85-a69d1f0f1246 admin admin] new path /v2/images/dbf1b5d6-a399-40e2-8a19-aa11cd2e4039 {{(pid=76332) process_request /opt/stack/glance/glance/api/middleware/version_negotiation.py:70}}
Jul 09 04:56:55 devstack devstack@g-api.service[76332]: [pid: 76332|app: 0|req: 8/14] 127.0.0.1 () {42 vars in 1061 bytes} [Thu Jul 9 04:56:55 2026] GET /v2/images/dbf1b5d6-a399-40e2-8a19-aa11cd2e4039 => generated 976 bytes in 353 msecs (HTTP/1.1 200) 4 headers in 157 bytes (1 switches on core 0)
Jul 09 04:56:55 devstack devstack@g-api.service[76333]: DEBUG glance.api.middleware.version_negotiation [None req-ba32fe61-3682-4e68-afa7-d3dcf600bdb0 admin admin] Determining version of request: GET /v2/schemas/image Accept: */* {{(pid=76333) process_request /opt/stack/glance/glance/api/middleware/version_negotiation.py:44}}
Jul 09 04:56:55 devstack devstack@g-api.service[76333]: DEBUG glance.api.middleware.version_negotiation [None req-ba32fe61-3682-4e68-afa7-d3dcf600bdb0 admin admin] Using url versioning {{(pid=76333) process_request /opt/stack/glance/glance/api/middleware/version_negotiation.py:57}}
Jul 09 04:56:55 devstack devstack@g-api.service[76333]: DEBUG glance.api.middleware.version_negotiation [None req-ba32fe61-3682-4e68-afa7-d3dcf600bdb0 admin admin] Matched version: v2 {{(pid=76333) process_request /opt/stack/glance/glance/api/middleware/version_negotiation.py:69}}
Jul 09 04:56:55 devstack devstack@g-api.service[76333]: DEBUG glance.api.middleware.version_negotiation [None req-ba32fe61-3682-4e68-afa7-d3dcf600bdb0 admin admin] new path /v2/schemas/image {{(pid=76333) process_request /opt/stack/glance/glance/api/middleware/version_negotiation.py:70}}
Jul 09 04:56:55 devstack devstack@g-api.service[76333]: [pid: 76333|app: 0|req: 7/15] 127.0.0.1 () {42 vars in 1001 bytes} [Thu Jul 9 04:56:55 2026] GET /v2/schemas/image => generated 6083 bytes in 9 msecs (HTTP/1.1 200) 4 headers in 158 bytes (1 switches on core 0)
Jul 09 04:57:05 devstack devstack@g-api.service[76332]: DEBUG glance.api.middleware.version_negotiation [None req-314b8c86-d5ec-457c-8396-58faffd53ac7 tempest-ServersNegativeTestJSON-1497003560 tempest-ServersNegativeTestJSON-1497003560-project-member] Determining version of request: GET / Accept: application/json {{(pid=76332) process_request /opt/stack/glance/glance/api/middleware/version_negotiation.py:44}}
Jul 09 04:57:05 devstack devstack@g-api.service[76332]: DEBUG glance.api.middleware.version_negotiation [None req-314b8c86-d5ec-457c-8396-58faffd53ac7 tempest-ServersNegativeTestJSON-1497003560 tempest-ServersNegativeTestJSON-1497003560-project-member] Using url versioning {{(pid=76332) process_request /opt/stack/glance/glance/api/middleware/version_negotiation.py:57}}
Jul 09 04:57:05 devstack devstack@g-api.service[76332]: DEBUG glance.api.middleware.version_negotiation [None req-314b8c86-d5ec-457c-8396-58faffd53ac7 tempest-ServersNegativeTestJSON-1497003560 tempest-ServersNegativeTestJSON-1497003560-project-member] Unknown version. Returning version choices. {{(pid=76332) process_request /opt/stack/glance/glance/api/middleware/version_negotiation.py:64}}
Jul 09 04:57:05 devstack devstack@g-api.service[76332]: [pid: 76332|app: 0|req: 9/16] 127.0.0.1 () {34 vars in 505 bytes} [Thu Jul 9 04:57:05 2026] GET / => generated 1571 bytes in 3 msecs (HTTP/1.1 300) 3 headers in 106 bytes (1 switches on core 0)
Jul 09 04:57:05 devstack devstack@g-api.service[76332]: DEBUG dbcounter [-] [76332] Writing DB stats glance:SELECT=2 {{(pid=76332) stat_writer /opt/stack/data/venv/lib/python3.12/site-packages/dbcounter.py:115}}
Jul 09 04:57:05 devstack devstack@g-api.service[76333]: DEBUG glance.api.middleware.version_negotiation [None req-314b8c86-d5ec-457c-8396-58faffd53ac7 tempest-ServersNegativeTestJSON-1497003560 tempest-ServersNegativeTestJSON-1497003560-project-member] Determining version of request: GET /v2/images/dbf1b5d6-a399-40e2-8a19-aa11cd2e4039 Accept: */* {{(pid=76333) process_request /opt/stack/glance/glance/api/middleware/version_negotiation.py:44}}
Jul 09 04:57:05 devstack devstack@g-api.service[76333]: DEBUG glance.api.middleware.version_negotiation [None req-314b8c86-d5ec-457c-8396-58faffd53ac7 tempest-ServersNegativeTestJSON-1497003560 tempest-ServersNegativeTestJSON-1497003560-project-member] Using url versioning {{(pid=76333) process_request /opt/stack/glance/glance/api/middleware/version_negotiation.py:57}}
Jul 09 04:57:05 devstack devstack@g-api.service[76333]: DEBUG glance.api.middleware.version_negotiation [None req-314b8c86-d5ec-457c-8396-58faffd53ac7 tempest-ServersNegativeTestJSON-1497003560 tempest-ServersNegativeTestJSON-1497003560-project-member] Matched version: v2 {{(pid=76333) process_request /opt/stack/glance/glance/api/middleware/version_negotiation.py:69}}
Jul 09 04:57:05 devstack devstack@g-api.service[76333]: DEBUG glance.api.middleware.version_negotiation [None req-314b8c86-d5ec-457c-8396-58faffd53ac7 tempest-ServersNegativeTestJSON-1497003560 tempest-ServersNegativeTestJSON-1497003560-project-member] new path /v2/images/dbf1b5d6-a399-40e2-8a19-aa11cd2e4039 {{(pid=76333) process_request /opt/stack/glance/glance/api/middleware/version_negotiation.py:70}}
Jul 09 04:57:05 devstack devstack@g-api.service[76333]: [pid: 76333|app: 0|req: 8/17] 127.0.0.1 () {42 vars in 1061 bytes} [Thu Jul 9 04:57:05 2026] GET /v2/images/dbf1b5d6-a399-40e2-8a19-aa11cd2e4039 => generated 976 bytes in 271 msecs (HTTP/1.1 200) 4 headers in 157 bytes (1 switches on core 0)
Jul 09 04:57:05 devstack devstack@g-api.service[76332]: DEBUG glance.api.middleware.version_negotiation [None req-314b8c86-d5ec-457c-8396-58faffd53ac7 tempest-ServersNegativeTestJSON-1497003560 tempest-ServersNegativeTestJSON-1497003560-project-member] Determining version of request: GET /v2/schemas/image Accept: */* {{(pid=76332) process_request /opt/stack/glance/glance/api/middleware/version_negotiation.py:44}}
Jul 09 04:57:05 devstack devstack@g-api.service[76332]: DEBUG glance.api.middleware.version_negotiation [None req-314b8c86-d5ec-457c-8396-58faffd53ac7 tempest-ServersNegativeTestJSON-1497003560 tempest-ServersNegativeTestJSON-1497003560-project-member] Using url versioning {{(pid=76332) process_request /opt/stack/glance/glance/api/middleware/version_negotiation.py:57}}
Jul 09 04:57:05 devstack devstack@g-api.service[76332]: DEBUG glance.api.middleware.version_negotiation [None req-314b8c86-d5ec-457c-8396-58faffd53ac7 tempest-ServersNegativeTestJSON-1497003560 tempest-ServersNegativeTestJSON-1497003560-project-member] Matched version: v2 {{(pid=76332) process_request /opt/stack/glance/glance/api/middleware/version_negotiation.py:69}}
Jul 09 04:57:05 devstack devstack@g-api.service[76332]: DEBUG glance.api.middleware.version_negotiation [None req-314b8c86-d5ec-457c-8396-58faffd53ac7 tempest-ServersNegativeTestJSON-1497003560 tempest-ServersNegativeTestJSON-1497003560-project-member] new path /v2/schemas/image {{(pid=76332) process_request /opt/stack/glance/glance/api/middleware/version_negotiation.py:70}}
Jul 09 04:57:05 devstack devstack@g-api.service[76332]: [pid: 76332|app: 0|req: 10/18] 127.0.0.1 () {42 vars in 1001 bytes} [Thu Jul 9 04:57:05 2026] GET /v2/schemas/image => generated 6083 bytes in 11 msecs (HTTP/1.1 200) 4 headers in 158 bytes (1 switches on core 0)
Jul 09 04:57:13 devstack devstack@g-api.service[76333]: DEBUG glance.api.middleware.version_negotiation [None req-d9e98b4b-34c1-458a-9491-9f4daafaa644 tempest-AttachVolumeNegativeTest-58469403 tempest-AttachVolumeNegativeTest-58469403-project-member] Determining version of request: GET /v2/images/dbf1b5d6-a399-40e2-8a19-aa11cd2e4039 Accept: */* {{(pid=76333) process_request /opt/stack/glance/glance/api/middleware/version_negotiation.py:44}}
Jul 09 04:57:13 devstack devstack@g-api.service[76333]: DEBUG glance.api.middleware.version_negotiation [None req-d9e98b4b-34c1-458a-9491-9f4daafaa644 tempest-AttachVolumeNegativeTest-58469403 tempest-AttachVolumeNegativeTest-58469403-project-member] Using url versioning {{(pid=76333) process_request /opt/stack/glance/glance/api/middleware/version_negotiation.py:57}}
Jul 09 04:57:13 devstack devstack@g-api.service[76333]: DEBUG glance.api.middleware.version_negotiation [None req-d9e98b4b-34c1-458a-9491-9f4daafaa644 tempest-AttachVolumeNegativeTest-58469403 tempest-AttachVolumeNegativeTest-58469403-project-member] Matched version: v2 {{(pid=76333) process_request /opt/stack/glance/glance/api/middleware/version_negotiation.py:69}}
Jul 09 04:57:13 devstack devstack@g-api.service[76333]: DEBUG glance.api.middleware.version_negotiation [None req-d9e98b4b-34c1-458a-9491-9f4daafaa644 tempest-AttachVolumeNegativeTest-58469403 tempest-AttachVolumeNegativeTest-58469403-project-member] new path /v2/images/dbf1b5d6-a399-40e2-8a19-aa11cd2e4039 {{(pid=76333) process_request /opt/stack/glance/glance/api/middleware/version_negotiation.py:70}}
Jul 09 04:57:13 devstack devstack@g-api.service[76333]: [pid: 76333|app: 0|req: 9/19] 127.0.0.1 () {42 vars in 1061 bytes} [Thu Jul 9 04:57:13 2026] GET /v2/images/dbf1b5d6-a399-40e2-8a19-aa11cd2e4039 => generated 976 bytes in 29 msecs (HTTP/1.1 200) 4 headers in 157 bytes (1 switches on core 0)
Jul 09 04:57:13 devstack devstack@g-api.service[76332]: DEBUG glance.api.middleware.version_negotiation [None req-d9e98b4b-34c1-458a-9491-9f4daafaa644 tempest-AttachVolumeNegativeTest-58469403 tempest-AttachVolumeNegativeTest-58469403-project-member] Determining version of request: GET /v2/images/dbf1b5d6-a399-40e2-8a19-aa11cd2e4039/file Accept: */* {{(pid=76332) process_request /opt/stack/glance/glance/api/middleware/version_negotiation.py:44}}
Jul 09 04:57:13 devstack devstack@g-api.service[76332]: DEBUG glance.api.middleware.version_negotiation [None req-d9e98b4b-34c1-458a-9491-9f4daafaa644 tempest-AttachVolumeNegativeTest-58469403 tempest-AttachVolumeNegativeTest-58469403-project-member] Using url versioning {{(pid=76332) process_request /opt/stack/glance/glance/api/middleware/version_negotiation.py:57}}
Jul 09 04:57:13 devstack devstack@g-api.service[76332]: DEBUG glance.api.middleware.version_negotiation [None req-d9e98b4b-34c1-458a-9491-9f4daafaa644 tempest-AttachVolumeNegativeTest-58469403 tempest-AttachVolumeNegativeTest-58469403-project-member] Matched version: v2 {{(pid=76332) process_request /opt/stack/glance/glance/api/middleware/version_negotiation.py:69}}
Jul 09 04:57:13 devstack devstack@g-api.service[76332]: DEBUG glance.api.middleware.version_negotiation [None req-d9e98b4b-34c1-458a-9491-9f4daafaa644 tempest-AttachVolumeNegativeTest-58469403 tempest-AttachVolumeNegativeTest-58469403-project-member] new path /v2/images/dbf1b5d6-a399-40e2-8a19-aa11cd2e4039/file {{(pid=76332) process_request /opt/stack/glance/glance/api/middleware/version_negotiation.py:70}}
Jul 09 04:57:14 devstack devstack@g-api.service[76332]: DEBUG glance_store._drivers.filesystem [None req-314b8c86-d5ec-457c-8396-58faffd53ac7 tempest-ServersNegativeTestJSON-1497003560 tempest-ServersNegativeTestJSON-1497003560-project-member] Found image at /opt/stack/data/glance/images/dbf1b5d6-a399-40e2-8a19-aa11cd2e4039. Returning in ChunkedFile. {{(pid=76332) get /opt/stack/data/venv/lib/python3.12/site-packages/glance_store/_drivers/filesystem.py:724}}
Jul 09 04:57:14 devstack devstack@g-api.service[76332]: DEBUG glance.image_cache [None req-314b8c86-d5ec-457c-8396-58faffd53ac7 tempest-ServersNegativeTestJSON-1497003560 tempest-ServersNegativeTestJSON-1497003560-project-member] Tee'ing image 'dbf1b5d6-a399-40e2-8a19-aa11cd2e4039' into cache {{(pid=76332) get_caching_iter /opt/stack/glance/glance/image_cache/__init__.py:356}}
Jul 09 04:57:14 devstack devstack@g-api.service[76332]: DEBUG glance.image_cache.drivers.centralized_db [None req-314b8c86-d5ec-457c-8396-58faffd53ac7 tempest-ServersNegativeTestJSON-1497003560 tempest-ServersNegativeTestJSON-1497003560-project-member] Fetch finished, moving '/opt/stack/data/glance/cache/incomplete/dbf1b5d6-a399-40e2-8a19-aa11cd2e4039' to '/opt/stack/data/glance/cache/dbf1b5d6-a399-40e2-8a19-aa11cd2e4039' {{(pid=76332) commit /opt/stack/glance/glance/image_cache/drivers/centralized_db.py:243}}
Jul 09 04:57:14 devstack devstack@g-api.service[76332]: DEBUG glance.image_cache.drivers.centralized_db [None req-314b8c86-d5ec-457c-8396-58faffd53ac7 tempest-ServersNegativeTestJSON-1497003560 tempest-ServersNegativeTestJSON-1497003560-project-member] Image cached successfully. {{(pid=76332) commit /opt/stack/glance/glance/image_cache/drivers/centralized_db.py:258}}
Jul 09 04:57:14 devstack devstack@g-api.service[76332]: [pid: 76332|app: 0|req: 11/20] 127.0.0.1 () {42 vars in 1071 bytes} [Thu Jul 9 04:57:13 2026] GET /v2/images/dbf1b5d6-a399-40e2-8a19-aa11cd2e4039/file => generated 21692416 bytes in 416 msecs (HTTP/1.1 200) 4 headers in 191 bytes (334 switches on core 0)
Jul 09 04:57:14 devstack devstack@g-api.service[76333]: DEBUG glance.api.middleware.version_negotiation [None req-314b8c86-d5ec-457c-8396-58faffd53ac7 tempest-ServersNegativeTestJSON-1497003560 tempest-ServersNegativeTestJSON-1497003560-project-member] Determining version of request: GET /v2/images/dbf1b5d6-a399-40e2-8a19-aa11cd2e4039 Accept: */* {{(pid=76333) process_request /opt/stack/glance/glance/api/middleware/version_negotiation.py:44}}
Jul 09 04:57:14 devstack devstack@g-api.service[76333]: DEBUG glance.api.middleware.version_negotiation [None req-314b8c86-d5ec-457c-8396-58faffd53ac7 tempest-ServersNegativeTestJSON-1497003560 tempest-ServersNegativeTestJSON-1497003560-project-member] Using url versioning {{(pid=76333) process_request /opt/stack/glance/glance/api/middleware/version_negotiation.py:57}}
Jul 09 04:57:14 devstack devstack@g-api.service[76333]: DEBUG glance.api.middleware.version_negotiation [None req-314b8c86-d5ec-457c-8396-58faffd53ac7 tempest-ServersNegativeTestJSON-1497003560 tempest-ServersNegativeTestJSON-1497003560-project-member] Matched version: v2 {{(pid=76333) process_request /opt/stack/glance/glance/api/middleware/version_negotiation.py:69}}
Jul 09 04:57:14 devstack devstack@g-api.service[76333]: DEBUG glance.api.middleware.version_negotiation [None req-314b8c86-d5ec-457c-8396-58faffd53ac7 tempest-ServersNegativeTestJSON-1497003560 tempest-ServersNegativeTestJSON-1497003560-project-member] new path /v2/images/dbf1b5d6-a399-40e2-8a19-aa11cd2e4039 {{(pid=76333) process_request /opt/stack/glance/glance/api/middleware/version_negotiation.py:70}}
Jul 09 04:57:14 devstack devstack@g-api.service[76333]: [pid: 76333|app: 0|req: 10/21] 127.0.0.1 () {42 vars in 1061 bytes} [Thu Jul 9 04:57:14 2026] GET /v2/images/dbf1b5d6-a399-40e2-8a19-aa11cd2e4039 => generated 976 bytes in 36 msecs (HTTP/1.1 200) 4 headers in 157 bytes (1 switches on core 0)
Jul 09 04:57:14 devstack devstack@g-api.service[76332]: DEBUG glance.api.middleware.version_negotiation [None req-314b8c86-d5ec-457c-8396-58faffd53ac7 tempest-ServersNegativeTestJSON-1497003560 tempest-ServersNegativeTestJSON-1497003560-project-member] Determining version of request: GET /v2/schemas/image Accept: */* {{(pid=76332) process_request /opt/stack/glance/glance/api/middleware/version_negotiation.py:44}}
Jul 09 04:57:14 devstack devstack@g-api.service[76332]: DEBUG glance.api.middleware.version_negotiation [None req-314b8c86-d5ec-457c-8396-58faffd53ac7 tempest-ServersNegativeTestJSON-1497003560 tempest-ServersNegativeTestJSON-1497003560-project-member] Using url versioning {{(pid=76332) process_request /opt/stack/glance/glance/api/middleware/version_negotiation.py:57}}
Jul 09 04:57:14 devstack devstack@g-api.service[76332]: DEBUG glance.api.middleware.version_negotiation [None req-314b8c86-d5ec-457c-8396-58faffd53ac7 tempest-ServersNegativeTestJSON-1497003560 tempest-ServersNegativeTestJSON-1497003560-project-member] Matched version: v2 {{(pid=76332) process_request /opt/stack/glance/glance/api/middleware/version_negotiation.py:69}}
Jul 09 04:57:14 devstack devstack@g-api.service[76332]: DEBUG glance.api.middleware.version_negotiation [None req-314b8c86-d5ec-457c-8396-58faffd53ac7 tempest-ServersNegativeTestJSON-1497003560 tempest-ServersNegativeTestJSON-1497003560-project-member] new path /v2/schemas/image {{(pid=76332) process_request /opt/stack/glance/glance/api/middleware/version_negotiation.py:70}}
Jul 09 04:57:14 devstack devstack@g-api.service[76332]: [pid: 76332|app: 0|req: 12/22] 127.0.0.1 () {42 vars in 1001 bytes} [Thu Jul 9 04:57:14 2026] GET /v2/schemas/image => generated 6083 bytes in 10 msecs (HTTP/1.1 200) 4 headers in 158 bytes (1 switches on core 0)
Jul 09 04:57:24 devstack devstack@g-api.service[76332]: DEBUG dbcounter [-] [76332] Writing DB stats glance:SELECT=5,glance:INSERT=1 {{(pid=76332) stat_writer /opt/stack/data/venv/lib/python3.12/site-packages/dbcounter.py:115}}
Jul 09 04:57:24 devstack devstack@g-api.service[76333]: DEBUG dbcounter [-] [76333] Writing DB stats glance:SELECT=6 {{(pid=76333) stat_writer /opt/stack/data/venv/lib/python3.12/site-packages/dbcounter.py:115}}
Jul 09 04:57:38 devstack devstack@g-api.service[76333]: DEBUG glance.api.middleware.version_negotiation [None req-314b8c86-d5ec-457c-8396-58faffd53ac7 tempest-ServersNegativeTestJSON-1497003560 tempest-ServersNegativeTestJSON-1497003560-project-member] Determining version of request: GET /v2/images/dbf1b5d6-a399-40e2-8a19-aa11cd2e4039 Accept: */* {{(pid=76333) process_request /opt/stack/glance/glance/api/middleware/version_negotiation.py:44}}
Jul 09 04:57:38 devstack devstack@g-api.service[76333]: DEBUG glance.api.middleware.version_negotiation [None req-314b8c86-d5ec-457c-8396-58faffd53ac7 tempest-ServersNegativeTestJSON-1497003560 tempest-ServersNegativeTestJSON-1497003560-project-member] Using url versioning {{(pid=76333) process_request /opt/stack/glance/glance/api/middleware/version_negotiation.py:57}}
Jul 09 04:57:38 devstack devstack@g-api.service[76333]: DEBUG glance.api.middleware.version_negotiation [None req-314b8c86-d5ec-457c-8396-58faffd53ac7 tempest-ServersNegativeTestJSON-1497003560 tempest-ServersNegativeTestJSON-1497003560-project-member] Matched version: v2 {{(pid=76333) process_request /opt/stack/glance/glance/api/middleware/version_negotiation.py:69}}
Jul 09 04:57:38 devstack devstack@g-api.service[76333]: DEBUG glance.api.middleware.version_negotiation [None req-314b8c86-d5ec-457c-8396-58faffd53ac7 tempest-ServersNegativeTestJSON-1497003560 tempest-ServersNegativeTestJSON-1497003560-project-member] new path /v2/images/dbf1b5d6-a399-40e2-8a19-aa11cd2e4039 {{(pid=76333) process_request /opt/stack/glance/glance/api/middleware/version_negotiation.py:70}}
Jul 09 04:57:38 devstack devstack@g-api.service[76333]: [pid: 76333|app: 0|req: 11/23] 127.0.0.1 () {42 vars in 1061 bytes} [Thu Jul 9 04:57:38 2026] GET /v2/images/dbf1b5d6-a399-40e2-8a19-aa11cd2e4039 => generated 976 bytes in 55 msecs (HTTP/1.1 200) 4 headers in 157 bytes (1 switches on core 0)
Jul 09 04:57:38 devstack devstack@g-api.service[76332]: DEBUG glance.api.middleware.version_negotiation [None req-314b8c86-d5ec-457c-8396-58faffd53ac7 tempest-ServersNegativeTestJSON-1497003560 tempest-ServersNegativeTestJSON-1497003560-project-member] Determining version of request: GET /v2/schemas/image Accept: */* {{(pid=76332) process_request /opt/stack/glance/glance/api/middleware/version_negotiation.py:44}}
Jul 09 04:57:38 devstack devstack@g-api.service[76332]: DEBUG glance.api.middleware.version_negotiation [None req-314b8c86-d5ec-457c-8396-58faffd53ac7 tempest-ServersNegativeTestJSON-1497003560 tempest-ServersNegativeTestJSON-1497003560-project-member] Using url versioning {{(pid=76332) process_request /opt/stack/glance/glance/api/middleware/version_negotiation.py:57}}
Jul 09 04:57:38 devstack devstack@g-api.service[76332]: DEBUG glance.api.middleware.version_negotiation [None req-314b8c86-d5ec-457c-8396-58faffd53ac7 tempest-ServersNegativeTestJSON-1497003560 tempest-ServersNegativeTestJSON-1497003560-project-member] Matched version: v2 {{(pid=76332) process_request /opt/stack/glance/glance/api/middleware/version_negotiation.py:69}}
Jul 09 04:57:38 devstack devstack@g-api.service[76332]: DEBUG glance.api.middleware.version_negotiation [None req-314b8c86-d5ec-457c-8396-58faffd53ac7 tempest-ServersNegativeTestJSON-1497003560 tempest-ServersNegativeTestJSON-1497003560-project-member] new path /v2/schemas/image {{(pid=76332) process_request /opt/stack/glance/glance/api/middleware/version_negotiation.py:70}}
Jul 09 04:57:38 devstack devstack@g-api.service[76332]: [pid: 76332|app: 0|req: 13/24] 127.0.0.1 () {42 vars in 1001 bytes} [Thu Jul 9 04:57:38 2026] GET /v2/schemas/image => generated 6083 bytes in 13 msecs (HTTP/1.1 200) 4 headers in 158 bytes (1 switches on core 0)
