Feb 23 20:25:54 devstack cinder-volume[82331]: DEBUG oslo_concurrency.processutils [req-5251bf24-acc3-455d-8a96-e125a5e27db9 req-b716f31a-caf6-48fa-89ad-b54cc38430f8 tempest-ServerBootFromVolumeStableRescueTest-484638017 None] CMD "/opt/stack/data/venv/bin/python3.10 -m oslo_concurrency.prlimit --as=1073741824 --cpu=60 -- sudo cinder-rootwrap /etc/cinder/rootwrap.conf env LC_ALL=C qemu-img info -f luks --output=json --force-share /opt/stack/data/cinder/mnt/dfac5acf11cef9747e1130f431d6a788/volume-7d9ab4b7-d94b-4f23-afec-b7808fb77de7" returned: 1 in 0.685s {{(pid=82331) execute /opt/stack/data/venv/lib/python3.10/site-packages/oslo_concurrency/processutils.py:468}}
Feb 23 20:25:54 devstack cinder-volume[82331]: DEBUG oslo_concurrency.processutils [req-5251bf24-acc3-455d-8a96-e125a5e27db9 req-b716f31a-caf6-48fa-89ad-b54cc38430f8 tempest-ServerBootFromVolumeStableRescueTest-484638017 None] '/opt/stack/data/venv/bin/python3.10 -m oslo_concurrency.prlimit --as=1073741824 --cpu=60 -- sudo cinder-rootwrap /etc/cinder/rootwrap.conf env LC_ALL=C qemu-img info -f luks --output=json --force-share /opt/stack/data/cinder/mnt/dfac5acf11cef9747e1130f431d6a788/volume-7d9ab4b7-d94b-4f23-afec-b7808fb77de7' failed. Not Retrying. {{(pid=82331) execute /opt/stack/data/venv/lib/python3.10/site-packages/oslo_concurrency/processutils.py:543}}
Feb 23 20:25:54 devstack cinder-volume[82331]: DEBUG oslo_concurrency.lockutils [req-5251bf24-acc3-455d-8a96-e125a5e27db9 req-b716f31a-caf6-48fa-89ad-b54cc38430f8 tempest-ServerBootFromVolumeStableRescueTest-484638017 None] Lock "quobyte" "released" by "cinder.volume.drivers.quobyte.QuobyteDriver.initialize_connection" :: held 1.304s {{(pid=82331) inner /opt/stack/data/venv/lib/python3.10/site-packages/oslo_concurrency/lockutils.py:538}}
Feb 23 20:25:54 devstack cinder-volume[82331]: DEBUG oslo_concurrency.lockutils [None req-f590ea8a-7a73-4675-b761-ec9e5e9dd5f2 tempest-GroupSnapshotsTest-1471059004 None] Lock "quobyte" acquired by "cinder.volume.drivers.quobyte.QuobyteDriver.create_snapshot" :: waited 0.264s {{(pid=82331) inner /opt/stack/data/venv/lib/python3.10/site-packages/oslo_concurrency/lockutils.py:519}}
Feb 23 20:25:54 devstack cinder-volume[82331]: DEBUG cinder.volume.drivers.remotefs [None req-f590ea8a-7a73-4675-b761-ec9e5e9dd5f2 tempest-GroupSnapshotsTest-1471059004 None] Creating offline snapshot 2a700370-61ca-4f28-8b02-60a68d84f1a0 of volume 65a704ee-9be6-4dfa-adec-898647e494aa {{(pid=82331) _create_snapshot /opt/stack/cinder/cinder/volume/drivers/remotefs.py:1815}}
Feb 23 20:25:54 devstack cinder-volume[82331]: DEBUG oslo.privsep.daemon [-] privsep: reply[ea21f06f-c3ea-4261-bcb6-c97d1ae2ee61]: (4, 'qcow2') {{(pid=83364) _call_back /opt/stack/data/venv/lib/python3.10/site-packages/oslo_privsep/daemon.py:573}}
Feb 23 20:25:54 devstack cinder-volume[82331]: DEBUG oslo_concurrency.processutils [None req-f590ea8a-7a73-4675-b761-ec9e5e9dd5f2 tempest-GroupSnapshotsTest-1471059004 None] Running cmd (subprocess): /opt/stack/data/venv/bin/python3.10 -m oslo_concurrency.prlimit --as=1073741824 --cpu=60 -- sudo cinder-rootwrap /etc/cinder/rootwrap.conf env LC_ALL=C qemu-img info -f qcow2 --output=json --force-share /opt/stack/data/cinder/mnt/dfac5acf11cef9747e1130f431d6a788/volume-65a704ee-9be6-4dfa-adec-898647e494aa {{(pid=82331) execute /opt/stack/data/venv/lib/python3.10/site-packages/oslo_concurrency/processutils.py:440}}
Feb 23 20:25:54 devstack cinder-volume[82331]: DEBUG cinder.volume.manager [req-5251bf24-acc3-455d-8a96-e125a5e27db9 req-b716f31a-caf6-48fa-89ad-b54cc38430f8 tempest-ServerBootFromVolumeStableRescueTest-484638017 None] Connection info returned from driver {'export': 'osci02.corp.quobyte.com/cinder-vol-23510c7c-0d38-4fb5-8268-c667c1f5a8c9', 'name': 'volume-7d9ab4b7-d94b-4f23-afec-b7808fb77de7', 'options': None, 'format': 'raw', 'qos_specs': None, 'access_mode': 'rw', 'encrypted': False, 'cacheable': False, 'driver_volume_type': 'quobyte', 'mount_point_base': '/opt/stack/data/cinder/mnt', 'attachment_id': 'c263bd6d-bb90-4094-b955-b87648101e7c', 'enforce_multipath': True} {{(pid=82331) _connection_create /opt/stack/cinder/cinder/volume/manager.py:4924}}
Feb 23 20:25:54 devstack cinder-volume[82331]: INFO cinder.volume.manager [req-5251bf24-acc3-455d-8a96-e125a5e27db9 req-b716f31a-caf6-48fa-89ad-b54cc38430f8 tempest-ServerBootFromVolumeStableRescueTest-484638017 None] attachment_update completed successfully.
Feb 23 20:25:54 devstack sudo[85495]: quobyte : PWD=/ ; USER=root ; COMMAND=/opt/stack/data/venv/bin/cinder-rootwrap /etc/cinder/rootwrap.conf env LC_ALL=C qemu-img info -f qcow2 --output=json --force-share /opt/stack/data/cinder/mnt/dfac5acf11cef9747e1130f431d6a788/volume-65a704ee-9be6-4dfa-adec-898647e494aa
Feb 23 20:25:54 devstack sudo[85495]: pam_unix(sudo:session): session opened for user root(uid=0) by (uid=1000)
Feb 23 20:25:54 devstack cinder-volume[82331]: DEBUG cinder.quota [None req-caa5d83d-0065-4418-9947-7551870d8990 tempest-GroupsV320Test-1708178039 None] Created reservations ['03f88d8f-ee04-4f43-a087-76fe752d8f00'] {{(pid=82331) reserve /opt/stack/cinder/cinder/quota.py:752}}
Feb 23 20:25:55 devstack cinder-volume[82331]: DEBUG oslo_concurrency.lockutils [None req-caa5d83d-0065-4418-9947-7551870d8990 tempest-GroupsV320Test-1708178039 None] Acquiring lock "quobyte_ensure" by "cinder.volume.drivers.quobyte.QuobyteDriver._ensure_shares_mounted" {{(pid=82331) inner /opt/stack/data/venv/lib/python3.10/site-packages/oslo_concurrency/lockutils.py:506}}
Feb 23 20:25:55 devstack cinder-volume[82331]: DEBUG oslo_concurrency.lockutils [None req-caa5d83d-0065-4418-9947-7551870d8990 tempest-GroupsV320Test-1708178039 None] Lock "quobyte_ensure" acquired by "cinder.volume.drivers.quobyte.QuobyteDriver._ensure_shares_mounted" :: waited 0.001s {{(pid=82331) inner /opt/stack/data/venv/lib/python3.10/site-packages/oslo_concurrency/lockutils.py:519}}
Feb 23 20:25:55 devstack cinder-volume[82331]: DEBUG cinder.volume.drivers.quobyte [None req-caa5d83d-0065-4418-9947-7551870d8990 tempest-GroupsV320Test-1708178039 None] Quobyte Volume URL set to: {'osci02.corp.quobyte.com/cinder-vol-23510c7c-0d38-4fb5-8268-c667c1f5a8c9': None} {{(pid=82331) _load_shares_config /opt/stack/cinder/cinder/volume/drivers/quobyte.py:617}}
Feb 23 20:25:55 devstack cinder-volume[82331]: DEBUG cinder.volume.drivers.quobyte [None req-caa5d83d-0065-4418-9947-7551870d8990 tempest-GroupsV320Test-1708178039 None] Available shares ['osci02.corp.quobyte.com/cinder-vol-23510c7c-0d38-4fb5-8268-c667c1f5a8c9'] {{(pid=82331) _ensure_shares_mounted /opt/stack/cinder/cinder/volume/drivers/quobyte.py:647}}
Feb 23 20:25:55 devstack cinder-volume[82331]: DEBUG oslo_concurrency.lockutils [None req-caa5d83d-0065-4418-9947-7551870d8990 tempest-GroupsV320Test-1708178039 None] Lock "quobyte_ensure" "released" by "cinder.volume.drivers.quobyte.QuobyteDriver._ensure_shares_mounted" :: held 0.004s {{(pid=82331) inner /opt/stack/data/venv/lib/python3.10/site-packages/oslo_concurrency/lockutils.py:538}}
Feb 23 20:25:55 devstack cinder-volume[82331]: DEBUG oslo_concurrency.processutils [None req-caa5d83d-0065-4418-9947-7551870d8990 tempest-GroupsV320Test-1708178039 None] Running cmd (subprocess): sudo cinder-rootwrap /etc/cinder/rootwrap.conf df --portability --block-size 1 /opt/stack/data/cinder/mnt/dfac5acf11cef9747e1130f431d6a788 {{(pid=82331) execute /opt/stack/data/venv/lib/python3.10/site-packages/oslo_concurrency/processutils.py:440}}
Feb 23 20:25:55 devstack sudo[85497]: quobyte : PWD=/ ; USER=root ; COMMAND=/opt/stack/data/venv/bin/cinder-rootwrap /etc/cinder/rootwrap.conf df --portability --block-size 1 /opt/stack/data/cinder/mnt/dfac5acf11cef9747e1130f431d6a788
Feb 23 20:25:55 devstack sudo[85497]: pam_unix(sudo:session): session opened for user root(uid=0) by (uid=1000)
Feb 23 20:25:55 devstack sudo[85495]: pam_unix(sudo:session): session closed for user root
Feb 23 20:25:55 devstack cinder-volume[82331]: DEBUG oslo_concurrency.processutils [None req-f590ea8a-7a73-4675-b761-ec9e5e9dd5f2 tempest-GroupSnapshotsTest-1471059004 None] CMD "/opt/stack/data/venv/bin/python3.10 -m oslo_concurrency.prlimit --as=1073741824 --cpu=60 -- sudo cinder-rootwrap /etc/cinder/rootwrap.conf env LC_ALL=C qemu-img info -f qcow2 --output=json --force-share /opt/stack/data/cinder/mnt/dfac5acf11cef9747e1130f431d6a788/volume-65a704ee-9be6-4dfa-adec-898647e494aa" returned: 0 in 0.550s {{(pid=82331) execute /opt/stack/data/venv/lib/python3.10/site-packages/oslo_concurrency/processutils.py:468}}
Feb 23 20:25:55 devstack cinder-volume[82331]: DEBUG oslo_concurrency.processutils [None req-f590ea8a-7a73-4675-b761-ec9e5e9dd5f2 tempest-GroupSnapshotsTest-1471059004 None] Running cmd (subprocess): sudo cinder-rootwrap /etc/cinder/rootwrap.conf qemu-img create -f qcow2 -o backing_file=/opt/stack/data/cinder/mnt/dfac5acf11cef9747e1130f431d6a788/volume-65a704ee-9be6-4dfa-adec-898647e494aa,backing_fmt=qcow2 /opt/stack/data/cinder/mnt/dfac5acf11cef9747e1130f431d6a788/volume-65a704ee-9be6-4dfa-adec-898647e494aa.2a700370-61ca-4f28-8b02-60a68d84f1a0 1G {{(pid=82331) execute /opt/stack/data/venv/lib/python3.10/site-packages/oslo_concurrency/processutils.py:440}}
Feb 23 20:25:55 devstack sudo[85502]: quobyte : PWD=/ ; USER=root ; COMMAND=/opt/stack/data/venv/bin/cinder-rootwrap /etc/cinder/rootwrap.conf qemu-img create -f qcow2 -o backing_file=/opt/stack/data/cinder/mnt/dfac5acf11cef9747e1130f431d6a788/volume-65a704ee-9be6-4dfa-adec-898647e494aa,backing_fmt=qcow2 /opt/stack/data/cinder/mnt/dfac5acf11cef9747e1130f431d6a788/volume-65a704ee-9be6-4dfa-adec-898647e494aa.2a700370-61ca-4f28-8b02-60a68d84f1a0 1G
Feb 23 20:25:55 devstack sudo[85502]: pam_unix(sudo:session): session opened for user root(uid=0) by (uid=1000)
Feb 23 20:25:55 devstack sudo[85497]: pam_unix(sudo:session): session closed for user root
Feb 23 20:25:55 devstack cinder-volume[82331]: DEBUG oslo_concurrency.processutils [None req-caa5d83d-0065-4418-9947-7551870d8990 tempest-GroupsV320Test-1708178039 None] CMD "sudo cinder-rootwrap /etc/cinder/rootwrap.conf df --portability --block-size 1 /opt/stack/data/cinder/mnt/dfac5acf11cef9747e1130f431d6a788" returned: 0 in 0.474s {{(pid=82331) execute /opt/stack/data/venv/lib/python3.10/site-packages/oslo_concurrency/processutils.py:468}}
Feb 23 20:25:55 devstack cinder-volume[82331]: DEBUG cinder.manager [None req-caa5d83d-0065-4418-9947-7551870d8990 tempest-GroupsV320Test-1708178039 None] Notifying Schedulers of capabilities ... {{(pid=82331) _publish_service_capabilities /opt/stack/cinder/cinder/manager.py:202}}
Feb 23 20:25:55 devstack cinder-volume[82331]: INFO cinder.volume.manager [None req-caa5d83d-0065-4418-9947-7551870d8990 tempest-GroupsV320Test-1708178039 None] Delete group completed successfully.
Feb 23 20:25:55 devstack sudo[85502]: pam_unix(sudo:session): session closed for user root
Feb 23 20:25:55 devstack cinder-volume[82331]: DEBUG oslo_concurrency.processutils [None req-f590ea8a-7a73-4675-b761-ec9e5e9dd5f2 tempest-GroupSnapshotsTest-1471059004 None] CMD "sudo cinder-rootwrap /etc/cinder/rootwrap.conf qemu-img create -f qcow2 -o backing_file=/opt/stack/data/cinder/mnt/dfac5acf11cef9747e1130f431d6a788/volume-65a704ee-9be6-4dfa-adec-898647e494aa,backing_fmt=qcow2 /opt/stack/data/cinder/mnt/dfac5acf11cef9747e1130f431d6a788/volume-65a704ee-9be6-4dfa-adec-898647e494aa.2a700370-61ca-4f28-8b02-60a68d84f1a0 1G" returned: 0 in 0.545s {{(pid=82331) execute /opt/stack/data/venv/lib/python3.10/site-packages/oslo_concurrency/processutils.py:468}}
Feb 23 20:25:55 devstack cinder-volume[82331]: DEBUG oslo_concurrency.processutils [None req-f590ea8a-7a73-4675-b761-ec9e5e9dd5f2 tempest-GroupSnapshotsTest-1471059004 None] Running cmd (subprocess): sudo cinder-rootwrap /etc/cinder/rootwrap.conf qemu-img rebase -u -b volume-65a704ee-9be6-4dfa-adec-898647e494aa -F qcow2 /opt/stack/data/cinder/mnt/dfac5acf11cef9747e1130f431d6a788/volume-65a704ee-9be6-4dfa-adec-898647e494aa.2a700370-61ca-4f28-8b02-60a68d84f1a0 {{(pid=82331) execute /opt/stack/data/venv/lib/python3.10/site-packages/oslo_concurrency/processutils.py:440}}
Feb 23 20:25:55 devstack sudo[85513]: quobyte : PWD=/ ; USER=root ; COMMAND=/opt/stack/data/venv/bin/cinder-rootwrap /etc/cinder/rootwrap.conf qemu-img rebase -u -b volume-65a704ee-9be6-4dfa-adec-898647e494aa -F qcow2 /opt/stack/data/cinder/mnt/dfac5acf11cef9747e1130f431d6a788/volume-65a704ee-9be6-4dfa-adec-898647e494aa.2a700370-61ca-4f28-8b02-60a68d84f1a0
Feb 23 20:25:55 devstack sudo[85513]: pam_unix(sudo:session): session opened for user root(uid=0) by (uid=1000)
Feb 23 20:25:57 devstack sudo[85513]: pam_unix(sudo:session): session closed for user root
Feb 23 20:25:57 devstack cinder-volume[82331]: DEBUG oslo_concurrency.processutils [None req-f590ea8a-7a73-4675-b761-ec9e5e9dd5f2 tempest-GroupSnapshotsTest-1471059004 None] CMD "sudo cinder-rootwrap /etc/cinder/rootwrap.conf qemu-img rebase -u -b volume-65a704ee-9be6-4dfa-adec-898647e494aa -F qcow2 /opt/stack/data/cinder/mnt/dfac5acf11cef9747e1130f431d6a788/volume-65a704ee-9be6-4dfa-adec-898647e494aa.2a700370-61ca-4f28-8b02-60a68d84f1a0" returned: 0 in 1.611s {{(pid=82331) execute /opt/stack/data/venv/lib/python3.10/site-packages/oslo_concurrency/processutils.py:468}}
Feb 23 20:25:57 devstack cinder-volume[82331]: WARNING cinder.volume.drivers.remotefs [None req-f590ea8a-7a73-4675-b761-ec9e5e9dd5f2 tempest-GroupSnapshotsTest-1471059004 None] /opt/stack/data/cinder/mnt/dfac5acf11cef9747e1130f431d6a788/volume-65a704ee-9be6-4dfa-adec-898647e494aa.2a700370-61ca-4f28-8b02-60a68d84f1a0 is being set with open permissions: ugo+rw: NotImplementedError
Feb 23 20:25:57 devstack cinder-volume[82331]: DEBUG oslo_concurrency.processutils [None req-f590ea8a-7a73-4675-b761-ec9e5e9dd5f2 tempest-GroupSnapshotsTest-1471059004 None] Running cmd (subprocess): sudo cinder-rootwrap /etc/cinder/rootwrap.conf chmod ugo+rw /opt/stack/data/cinder/mnt/dfac5acf11cef9747e1130f431d6a788/volume-65a704ee-9be6-4dfa-adec-898647e494aa.2a700370-61ca-4f28-8b02-60a68d84f1a0 {{(pid=82331) execute /opt/stack/data/venv/lib/python3.10/site-packages/oslo_concurrency/processutils.py:440}}
Feb 23 20:25:57 devstack sudo[85580]: quobyte : PWD=/ ; USER=root ; COMMAND=/opt/stack/data/venv/bin/cinder-rootwrap /etc/cinder/rootwrap.conf chmod ugo+rw /opt/stack/data/cinder/mnt/dfac5acf11cef9747e1130f431d6a788/volume-65a704ee-9be6-4dfa-adec-898647e494aa.2a700370-61ca-4f28-8b02-60a68d84f1a0
Feb 23 20:25:57 devstack sudo[85580]: pam_unix(sudo:session): session opened for user root(uid=0) by (uid=1000)
Feb 23 20:25:58 devstack sudo[85580]: pam_unix(sudo:session): session closed for user root
Feb 23 20:25:58 devstack cinder-volume[82331]: DEBUG oslo_concurrency.processutils [None req-f590ea8a-7a73-4675-b761-ec9e5e9dd5f2 tempest-GroupSnapshotsTest-1471059004 None] CMD "sudo cinder-rootwrap /etc/cinder/rootwrap.conf chmod ugo+rw /opt/stack/data/cinder/mnt/dfac5acf11cef9747e1130f431d6a788/volume-65a704ee-9be6-4dfa-adec-898647e494aa.2a700370-61ca-4f28-8b02-60a68d84f1a0" returned: 0 in 0.627s {{(pid=82331) execute /opt/stack/data/venv/lib/python3.10/site-packages/oslo_concurrency/processutils.py:468}}
Feb 23 20:25:58 devstack cinder-volume[82331]: DEBUG oslo_concurrency.processutils [None req-f590ea8a-7a73-4675-b761-ec9e5e9dd5f2 tempest-GroupSnapshotsTest-1471059004 None] Running cmd (subprocess): sudo cinder-rootwrap /etc/cinder/rootwrap.conf truncate -s0 /opt/stack/data/cinder/mnt/dfac5acf11cef9747e1130f431d6a788/volume-65a704ee-9be6-4dfa-adec-898647e494aa.info {{(pid=82331) execute /opt/stack/data/venv/lib/python3.10/site-packages/oslo_concurrency/processutils.py:440}}
Feb 23 20:25:58 devstack sudo[85586]: quobyte : PWD=/ ; USER=root ; COMMAND=/opt/stack/data/venv/bin/cinder-rootwrap /etc/cinder/rootwrap.conf truncate -s0 /opt/stack/data/cinder/mnt/dfac5acf11cef9747e1130f431d6a788/volume-65a704ee-9be6-4dfa-adec-898647e494aa.info
Feb 23 20:25:58 devstack sudo[85586]: pam_unix(sudo:session): session opened for user root(uid=0) by (uid=1000)
Feb 23 20:25:58 devstack sudo[85586]: pam_unix(sudo:session): session closed for user root
Feb 23 20:25:58 devstack cinder-volume[82331]: DEBUG oslo_concurrency.processutils [None req-f590ea8a-7a73-4675-b761-ec9e5e9dd5f2 tempest-GroupSnapshotsTest-1471059004 None] CMD "sudo cinder-rootwrap /etc/cinder/rootwrap.conf truncate -s0 /opt/stack/data/cinder/mnt/dfac5acf11cef9747e1130f431d6a788/volume-65a704ee-9be6-4dfa-adec-898647e494aa.info" returned: 0 in 0.726s {{(pid=82331) execute /opt/stack/data/venv/lib/python3.10/site-packages/oslo_concurrency/processutils.py:468}}
Feb 23 20:25:58 devstack cinder-volume[82331]: WARNING cinder.volume.drivers.remotefs [None req-f590ea8a-7a73-4675-b761-ec9e5e9dd5f2 tempest-GroupSnapshotsTest-1471059004 None] /opt/stack/data/cinder/mnt/dfac5acf11cef9747e1130f431d6a788/volume-65a704ee-9be6-4dfa-adec-898647e494aa.info is being set with open permissions: ugo+rw: NotImplementedError
Feb 23 20:25:58 devstack cinder-volume[82331]: DEBUG oslo_concurrency.processutils [None req-f590ea8a-7a73-4675-b761-ec9e5e9dd5f2 tempest-GroupSnapshotsTest-1471059004 None] Running cmd (subprocess): sudo cinder-rootwrap /etc/cinder/rootwrap.conf chmod ugo+rw /opt/stack/data/cinder/mnt/dfac5acf11cef9747e1130f431d6a788/volume-65a704ee-9be6-4dfa-adec-898647e494aa.info {{(pid=82331) execute /opt/stack/data/venv/lib/python3.10/site-packages/oslo_concurrency/processutils.py:440}}
Feb 23 20:25:58 devstack sudo[85589]: quobyte : PWD=/ ; USER=root ; COMMAND=/opt/stack/data/venv/bin/cinder-rootwrap /etc/cinder/rootwrap.conf chmod ugo+rw /opt/stack/data/cinder/mnt/dfac5acf11cef9747e1130f431d6a788/volume-65a704ee-9be6-4dfa-adec-898647e494aa.info
Feb 23 20:25:58 devstack sudo[85589]: pam_unix(sudo:session): session opened for user root(uid=0) by (uid=1000)
Feb 23 20:25:59 devstack sudo[85589]: pam_unix(sudo:session): session closed for user root
Feb 23 20:25:59 devstack cinder-volume[82331]: DEBUG oslo_concurrency.processutils [None req-f590ea8a-7a73-4675-b761-ec9e5e9dd5f2 tempest-GroupSnapshotsTest-1471059004 None] CMD "sudo cinder-rootwrap /etc/cinder/rootwrap.conf chmod ugo+rw /opt/stack/data/cinder/mnt/dfac5acf11cef9747e1130f431d6a788/volume-65a704ee-9be6-4dfa-adec-898647e494aa.info" returned: 0 in 0.951s {{(pid=82331) execute /opt/stack/data/venv/lib/python3.10/site-packages/oslo_concurrency/processutils.py:468}}
Feb 23 20:25:59 devstack cinder-volume[82331]: DEBUG oslo_concurrency.lockutils [None req-f590ea8a-7a73-4675-b761-ec9e5e9dd5f2 tempest-GroupSnapshotsTest-1471059004 None] Lock "quobyte" "released" by "cinder.volume.drivers.quobyte.QuobyteDriver.create_snapshot" :: held 5.120s {{(pid=82331) inner /opt/stack/data/venv/lib/python3.10/site-packages/oslo_concurrency/lockutils.py:538}}
Feb 23 20:25:59 devstack cinder-volume[82331]: DEBUG oslo_concurrency.lockutils [None req-f590ea8a-7a73-4675-b761-ec9e5e9dd5f2 tempest-GroupSnapshotsTest-1471059004 None] Acquiring lock "quobyte" by "cinder.volume.drivers.quobyte.QuobyteDriver.create_snapshot" {{(pid=82331) inner /opt/stack/data/venv/lib/python3.10/site-packages/oslo_concurrency/lockutils.py:506}}
Feb 23 20:25:59 devstack cinder-volume[82331]: DEBUG oslo_concurrency.lockutils [None req-f590ea8a-7a73-4675-b761-ec9e5e9dd5f2 tempest-GroupSnapshotsTest-1471059004 None] Lock "quobyte" acquired by "cinder.volume.drivers.quobyte.QuobyteDriver.create_snapshot" :: waited 0.001s {{(pid=82331) inner /opt/stack/data/venv/lib/python3.10/site-packages/oslo_concurrency/lockutils.py:519}}
Feb 23 20:25:59 devstack cinder-volume[82331]: DEBUG cinder.volume.drivers.remotefs [None req-f590ea8a-7a73-4675-b761-ec9e5e9dd5f2 tempest-GroupSnapshotsTest-1471059004 None] Creating offline snapshot 646f1bf7-728b-4931-abe9-f919273376ef of volume cfe179b1-c0a3-4ef9-86d8-7adddbc7351d {{(pid=82331) _create_snapshot /opt/stack/cinder/cinder/volume/drivers/remotefs.py:1815}}
Feb 23 20:26:00 devstack cinder-volume[82331]: DEBUG oslo.privsep.daemon [-] privsep: reply[4769c05c-2420-4032-9f25-3cace06f8c6b]: (4, 'qcow2') {{(pid=83364) _call_back /opt/stack/data/venv/lib/python3.10/site-packages/oslo_privsep/daemon.py:573}}
Feb 23 20:26:00 devstack cinder-volume[82331]: DEBUG oslo_concurrency.processutils [None req-f590ea8a-7a73-4675-b761-ec9e5e9dd5f2 tempest-GroupSnapshotsTest-1471059004 None] Running cmd (subprocess): /opt/stack/data/venv/bin/python3.10 -m oslo_concurrency.prlimit --as=1073741824 --cpu=60 -- sudo cinder-rootwrap /etc/cinder/rootwrap.conf env LC_ALL=C qemu-img info -f qcow2 --output=json --force-share /opt/stack/data/cinder/mnt/dfac5acf11cef9747e1130f431d6a788/volume-cfe179b1-c0a3-4ef9-86d8-7adddbc7351d {{(pid=82331) execute /opt/stack/data/venv/lib/python3.10/site-packages/oslo_concurrency/processutils.py:440}}
Feb 23 20:26:00 devstack sudo[85617]: quobyte : PWD=/ ; USER=root ; COMMAND=/opt/stack/data/venv/bin/cinder-rootwrap /etc/cinder/rootwrap.conf env LC_ALL=C qemu-img info -f qcow2 --output=json --force-share /opt/stack/data/cinder/mnt/dfac5acf11cef9747e1130f431d6a788/volume-cfe179b1-c0a3-4ef9-86d8-7adddbc7351d
Feb 23 20:26:00 devstack sudo[85617]: pam_unix(sudo:session): session opened for user root(uid=0) by (uid=1000)
Feb 23 20:26:00 devstack sudo[85617]: pam_unix(sudo:session): session closed for user root
Feb 23 20:26:00 devstack cinder-volume[82331]: DEBUG oslo_concurrency.processutils [None req-f590ea8a-7a73-4675-b761-ec9e5e9dd5f2 tempest-GroupSnapshotsTest-1471059004 None] CMD "/opt/stack/data/venv/bin/python3.10 -m oslo_concurrency.prlimit --as=1073741824 --cpu=60 -- sudo cinder-rootwrap /etc/cinder/rootwrap.conf env LC_ALL=C qemu-img info -f qcow2 --output=json --force-share /opt/stack/data/cinder/mnt/dfac5acf11cef9747e1130f431d6a788/volume-cfe179b1-c0a3-4ef9-86d8-7adddbc7351d" returned: 0 in 0.669s {{(pid=82331) execute /opt/stack/data/venv/lib/python3.10/site-packages/oslo_concurrency/processutils.py:468}}
Feb 23 20:26:00 devstack cinder-volume[82331]: DEBUG oslo_concurrency.processutils [None req-f590ea8a-7a73-4675-b761-ec9e5e9dd5f2 tempest-GroupSnapshotsTest-1471059004 None] Running cmd (subprocess): sudo cinder-rootwrap /etc/cinder/rootwrap.conf qemu-img create -f qcow2 -o backing_file=/opt/stack/data/cinder/mnt/dfac5acf11cef9747e1130f431d6a788/volume-cfe179b1-c0a3-4ef9-86d8-7adddbc7351d,backing_fmt=qcow2 /opt/stack/data/cinder/mnt/dfac5acf11cef9747e1130f431d6a788/volume-cfe179b1-c0a3-4ef9-86d8-7adddbc7351d.646f1bf7-728b-4931-abe9-f919273376ef 1G {{(pid=82331) execute /opt/stack/data/venv/lib/python3.10/site-packages/oslo_concurrency/processutils.py:440}}
Feb 23 20:26:00 devstack sudo[85624]: quobyte : PWD=/ ; USER=root ; COMMAND=/opt/stack/data/venv/bin/cinder-rootwrap /etc/cinder/rootwrap.conf qemu-img create -f qcow2 -o backing_file=/opt/stack/data/cinder/mnt/dfac5acf11cef9747e1130f431d6a788/volume-cfe179b1-c0a3-4ef9-86d8-7adddbc7351d,backing_fmt=qcow2 /opt/stack/data/cinder/mnt/dfac5acf11cef9747e1130f431d6a788/volume-cfe179b1-c0a3-4ef9-86d8-7adddbc7351d.646f1bf7-728b-4931-abe9-f919273376ef 1G
Feb 23 20:26:00 devstack sudo[85624]: pam_unix(sudo:session): session opened for user root(uid=0) by (uid=1000)
Feb 23 20:26:01 devstack sudo[85624]: pam_unix(sudo:session): session closed for user root
Feb 23 20:26:01 devstack cinder-volume[82331]: DEBUG oslo_concurrency.processutils [None req-f590ea8a-7a73-4675-b761-ec9e5e9dd5f2 tempest-GroupSnapshotsTest-1471059004 None] CMD "sudo cinder-rootwrap /etc/cinder/rootwrap.conf qemu-img create -f qcow2 -o backing_file=/opt/stack/data/cinder/mnt/dfac5acf11cef9747e1130f431d6a788/volume-cfe179b1-c0a3-4ef9-86d8-7adddbc7351d,backing_fmt=qcow2 /opt/stack/data/cinder/mnt/dfac5acf11cef9747e1130f431d6a788/volume-cfe179b1-c0a3-4ef9-86d8-7adddbc7351d.646f1bf7-728b-4931-abe9-f919273376ef 1G" returned: 0 in 0.802s {{(pid=82331) execute /opt/stack/data/venv/lib/python3.10/site-packages/oslo_concurrency/processutils.py:468}}
Feb 23 20:26:01 devstack cinder-volume[82331]: DEBUG oslo_concurrency.processutils [None req-f590ea8a-7a73-4675-b761-ec9e5e9dd5f2 tempest-GroupSnapshotsTest-1471059004 None] Running cmd (subprocess): sudo cinder-rootwrap /etc/cinder/rootwrap.conf qemu-img rebase -u -b volume-cfe179b1-c0a3-4ef9-86d8-7adddbc7351d -F qcow2 /opt/stack/data/cinder/mnt/dfac5acf11cef9747e1130f431d6a788/volume-cfe179b1-c0a3-4ef9-86d8-7adddbc7351d.646f1bf7-728b-4931-abe9-f919273376ef {{(pid=82331) execute /opt/stack/data/venv/lib/python3.10/site-packages/oslo_concurrency/processutils.py:440}}
Feb 23 20:26:01 devstack sudo[85629]: quobyte : PWD=/ ; USER=root ; COMMAND=/opt/stack/data/venv/bin/cinder-rootwrap /etc/cinder/rootwrap.conf qemu-img rebase -u -b volume-cfe179b1-c0a3-4ef9-86d8-7adddbc7351d -F qcow2 /opt/stack/data/cinder/mnt/dfac5acf11cef9747e1130f431d6a788/volume-cfe179b1-c0a3-4ef9-86d8-7adddbc7351d.646f1bf7-728b-4931-abe9-f919273376ef
Feb 23 20:26:01 devstack sudo[85629]: pam_unix(sudo:session): session opened for user root(uid=0) by (uid=1000)
Feb 23 20:26:02 devstack sudo[85629]: pam_unix(sudo:session): session closed for user root
Feb 23 20:26:02 devstack cinder-volume[82331]: DEBUG oslo_concurrency.processutils [None req-f590ea8a-7a73-4675-b761-ec9e5e9dd5f2 tempest-GroupSnapshotsTest-1471059004 None] CMD "sudo cinder-rootwrap /etc/cinder/rootwrap.conf qemu-img rebase -u -b volume-cfe179b1-c0a3-4ef9-86d8-7adddbc7351d -F qcow2 /opt/stack/data/cinder/mnt/dfac5acf11cef9747e1130f431d6a788/volume-cfe179b1-c0a3-4ef9-86d8-7adddbc7351d.646f1bf7-728b-4931-abe9-f919273376ef" returned: 0 in 0.726s {{(pid=82331) execute /opt/stack/data/venv/lib/python3.10/site-packages/oslo_concurrency/processutils.py:468}}
Feb 23 20:26:02 devstack cinder-volume[82331]: WARNING cinder.volume.drivers.remotefs [None req-f590ea8a-7a73-4675-b761-ec9e5e9dd5f2 tempest-GroupSnapshotsTest-1471059004 None] /opt/stack/data/cinder/mnt/dfac5acf11cef9747e1130f431d6a788/volume-cfe179b1-c0a3-4ef9-86d8-7adddbc7351d.646f1bf7-728b-4931-abe9-f919273376ef is being set with open permissions: ugo+rw: NotImplementedError
Feb 23 20:26:02 devstack cinder-volume[82331]: DEBUG oslo_concurrency.processutils [None req-f590ea8a-7a73-4675-b761-ec9e5e9dd5f2 tempest-GroupSnapshotsTest-1471059004 None] Running cmd (subprocess): sudo cinder-rootwrap /etc/cinder/rootwrap.conf chmod ugo+rw /opt/stack/data/cinder/mnt/dfac5acf11cef9747e1130f431d6a788/volume-cfe179b1-c0a3-4ef9-86d8-7adddbc7351d.646f1bf7-728b-4931-abe9-f919273376ef {{(pid=82331) execute /opt/stack/data/venv/lib/python3.10/site-packages/oslo_concurrency/processutils.py:440}}
Feb 23 20:26:02 devstack sudo[85634]: quobyte : PWD=/ ; USER=root ; COMMAND=/opt/stack/data/venv/bin/cinder-rootwrap /etc/cinder/rootwrap.conf chmod ugo+rw /opt/stack/data/cinder/mnt/dfac5acf11cef9747e1130f431d6a788/volume-cfe179b1-c0a3-4ef9-86d8-7adddbc7351d.646f1bf7-728b-4931-abe9-f919273376ef
Feb 23 20:26:02 devstack sudo[85634]: pam_unix(sudo:session): session opened for user root(uid=0) by (uid=1000)
Feb 23 20:26:02 devstack sudo[85634]: pam_unix(sudo:session): session closed for user root
Feb 23 20:26:02 devstack cinder-volume[82331]: DEBUG oslo_concurrency.processutils [None req-f590ea8a-7a73-4675-b761-ec9e5e9dd5f2 tempest-GroupSnapshotsTest-1471059004 None] CMD "sudo cinder-rootwrap /etc/cinder/rootwrap.conf chmod ugo+rw /opt/stack/data/cinder/mnt/dfac5acf11cef9747e1130f431d6a788/volume-cfe179b1-c0a3-4ef9-86d8-7adddbc7351d.646f1bf7-728b-4931-abe9-f919273376ef" returned: 0 in 0.629s {{(pid=82331) execute /opt/stack/data/venv/lib/python3.10/site-packages/oslo_concurrency/processutils.py:468}}
Feb 23 20:26:02 devstack cinder-volume[82331]: DEBUG oslo_concurrency.processutils [None req-f590ea8a-7a73-4675-b761-ec9e5e9dd5f2 tempest-GroupSnapshotsTest-1471059004 None] Running cmd (subprocess): sudo cinder-rootwrap /etc/cinder/rootwrap.conf truncate -s0 /opt/stack/data/cinder/mnt/dfac5acf11cef9747e1130f431d6a788/volume-cfe179b1-c0a3-4ef9-86d8-7adddbc7351d.info {{(pid=82331) execute /opt/stack/data/venv/lib/python3.10/site-packages/oslo_concurrency/processutils.py:440}}
Feb 23 20:26:02 devstack sudo[85637]: quobyte : PWD=/ ; USER=root ; COMMAND=/opt/stack/data/venv/bin/cinder-rootwrap /etc/cinder/rootwrap.conf truncate -s0 /opt/stack/data/cinder/mnt/dfac5acf11cef9747e1130f431d6a788/volume-cfe179b1-c0a3-4ef9-86d8-7adddbc7351d.info
Feb 23 20:26:02 devstack sudo[85637]: pam_unix(sudo:session): session opened for user root(uid=0) by (uid=1000)
Feb 23 20:26:03 devstack sudo[85637]: pam_unix(sudo:session): session closed for user root
Feb 23 20:26:03 devstack cinder-volume[82331]: DEBUG oslo_concurrency.processutils [None req-f590ea8a-7a73-4675-b761-ec9e5e9dd5f2 tempest-GroupSnapshotsTest-1471059004 None] CMD "sudo cinder-rootwrap /etc/cinder/rootwrap.conf truncate -s0 /opt/stack/data/cinder/mnt/dfac5acf11cef9747e1130f431d6a788/volume-cfe179b1-c0a3-4ef9-86d8-7adddbc7351d.info" returned: 0 in 0.840s {{(pid=82331) execute /opt/stack/data/venv/lib/python3.10/site-packages/oslo_concurrency/processutils.py:468}}
Feb 23 20:26:03 devstack cinder-volume[82331]: WARNING cinder.volume.drivers.remotefs [None req-f590ea8a-7a73-4675-b761-ec9e5e9dd5f2 tempest-GroupSnapshotsTest-1471059004 None] /opt/stack/data/cinder/mnt/dfac5acf11cef9747e1130f431d6a788/volume-cfe179b1-c0a3-4ef9-86d8-7adddbc7351d.info is being set with open permissions: ugo+rw: NotImplementedError
Feb 23 20:26:03 devstack cinder-volume[82331]: DEBUG oslo_concurrency.processutils [None req-f590ea8a-7a73-4675-b761-ec9e5e9dd5f2 tempest-GroupSnapshotsTest-1471059004 None] Running cmd (subprocess): sudo cinder-rootwrap /etc/cinder/rootwrap.conf chmod ugo+rw /opt/stack/data/cinder/mnt/dfac5acf11cef9747e1130f431d6a788/volume-cfe179b1-c0a3-4ef9-86d8-7adddbc7351d.info {{(pid=82331) execute /opt/stack/data/venv/lib/python3.10/site-packages/oslo_concurrency/processutils.py:440}}
Feb 23 20:26:03 devstack sudo[85640]: quobyte : PWD=/ ; USER=root ; COMMAND=/opt/stack/data/venv/bin/cinder-rootwrap /etc/cinder/rootwrap.conf chmod ugo+rw /opt/stack/data/cinder/mnt/dfac5acf11cef9747e1130f431d6a788/volume-cfe179b1-c0a3-4ef9-86d8-7adddbc7351d.info
Feb 23 20:26:03 devstack sudo[85640]: pam_unix(sudo:session): session opened for user root(uid=0) by (uid=1000)
Feb 23 20:26:04 devstack sudo[85640]: pam_unix(sudo:session): session closed for user root
Feb 23 20:26:04 devstack cinder-volume[82331]: DEBUG oslo_concurrency.processutils [None req-f590ea8a-7a73-4675-b761-ec9e5e9dd5f2 tempest-GroupSnapshotsTest-1471059004 None] CMD "sudo cinder-rootwrap /etc/cinder/rootwrap.conf chmod ugo+rw /opt/stack/data/cinder/mnt/dfac5acf11cef9747e1130f431d6a788/volume-cfe179b1-c0a3-4ef9-86d8-7adddbc7351d.info" returned: 0 in 0.940s {{(pid=82331) execute /opt/stack/data/venv/lib/python3.10/site-packages/oslo_concurrency/processutils.py:468}}
Feb 23 20:26:04 devstack cinder-volume[82331]: DEBUG oslo_concurrency.lockutils [None req-f590ea8a-7a73-4675-b761-ec9e5e9dd5f2 tempest-GroupSnapshotsTest-1471059004 None] Lock "quobyte" "released" by "cinder.volume.drivers.quobyte.QuobyteDriver.create_snapshot" :: held 4.811s {{(pid=82331) inner /opt/stack/data/venv/lib/python3.10/site-packages/oslo_concurrency/lockutils.py:538}}
Feb 23 20:26:04 devstack cinder-volume[82331]: INFO cinder.volume.manager [None req-f590ea8a-7a73-4675-b761-ec9e5e9dd5f2 tempest-GroupSnapshotsTest-1471059004 None] group_snapshot aed6dc69-b4b0-4e25-b48b-8aef762865e5: created successfully
Feb 23 20:26:05 devstack cinder-volume[82331]: INFO cinder.volume.manager [None req-5933345d-5e74-4ccb-977d-92861ae8546d tempest-GroupSnapshotsTest-1471059004 None] group_snapshot aed6dc69-b4b0-4e25-b48b-8aef762865e5: deleting
Feb 23 20:26:05 devstack cinder-volume[82331]: DEBUG cinder.volume.manager [None req-5933345d-5e74-4ccb-977d-92861ae8546d tempest-GroupSnapshotsTest-1471059004 None] group_snapshot aed6dc69-b4b0-4e25-b48b-8aef762865e5: deleting {{(pid=82331) delete_group_snapshot /opt/stack/cinder/cinder/volume/manager.py:4350}}
Feb 23 20:26:05 devstack cinder-volume[82331]: DEBUG cinder.coordination [None req-5933345d-5e74-4ccb-977d-92861ae8546d tempest-GroupSnapshotsTest-1471059004 None] Acquiring lock "cinder-quobyte-65a704ee-9be6-4dfa-adec-898647e494aa" by "delete_snapshot" {{(pid=82331) __acquire /opt/stack/cinder/cinder/coordination.py:138}}
Feb 23 20:26:05 devstack cinder-volume[82331]: DEBUG cinder.coordination [None req-5933345d-5e74-4ccb-977d-92861ae8546d tempest-GroupSnapshotsTest-1471059004 None] Lock "cinder-quobyte-65a704ee-9be6-4dfa-adec-898647e494aa" acquired by "delete_snapshot" :: waited 0.037s {{(pid=82331) __acquire /opt/stack/cinder/cinder/coordination.py:141}}
Feb 23 20:26:05 devstack cinder-volume[82331]: DEBUG cinder.coordination [None req-5933345d-5e74-4ccb-977d-92861ae8546d tempest-GroupSnapshotsTest-1471059004 None] Acquiring lock "cinder-quobyte-2a700370-61ca-4f28-8b02-60a68d84f1a0" by "_delete_snapshot" {{(pid=82331) __acquire /opt/stack/cinder/cinder/coordination.py:138}}
Feb 23 20:26:05 devstack cinder-volume[82331]: DEBUG cinder.coordination [None req-5933345d-5e74-4ccb-977d-92861ae8546d tempest-GroupSnapshotsTest-1471059004 None] Lock "cinder-quobyte-2a700370-61ca-4f28-8b02-60a68d84f1a0" acquired by "_delete_snapshot" :: waited 0.041s {{(pid=82331) __acquire /opt/stack/cinder/cinder/coordination.py:141}}
Feb 23 20:26:05 devstack cinder-volume[82331]: DEBUG cinder.volume.drivers.remotefs [None req-5933345d-5e74-4ccb-977d-92861ae8546d tempest-GroupSnapshotsTest-1471059004 None] Deleting offline snapshot 2a700370-61ca-4f28-8b02-60a68d84f1a0 of volume 65a704ee-9be6-4dfa-adec-898647e494aa {{(pid=82331) _delete_snapshot /opt/stack/cinder/cinder/volume/drivers/remotefs.py:1288}}
Feb 23 20:26:05 devstack cinder-volume[82331]: DEBUG cinder.volume.drivers.remotefs [None req-5933345d-5e74-4ccb-977d-92861ae8546d tempest-GroupSnapshotsTest-1471059004 None] snapshot_file for this snap is: volume-65a704ee-9be6-4dfa-adec-898647e494aa.2a700370-61ca-4f28-8b02-60a68d84f1a0 {{(pid=82331) _delete_snapshot /opt/stack/cinder/cinder/volume/drivers/remotefs.py:1317}}
Feb 23 20:26:05 devstack cinder-volume[82331]: DEBUG oslo.privsep.daemon [-] privsep: reply[ddbece7f-5a43-4841-8f62-0426818592b3]: (4, 'qcow2') {{(pid=83364) _call_back /opt/stack/data/venv/lib/python3.10/site-packages/oslo_privsep/daemon.py:573}}
Feb 23 20:26:05 devstack cinder-volume[82331]: DEBUG oslo_concurrency.processutils [None req-5933345d-5e74-4ccb-977d-92861ae8546d tempest-GroupSnapshotsTest-1471059004 None] Running cmd (subprocess): /opt/stack/data/venv/bin/python3.10 -m oslo_concurrency.prlimit --as=1073741824 --cpu=60 -- sudo cinder-rootwrap /etc/cinder/rootwrap.conf env LC_ALL=C qemu-img info -f qcow2 --output=json --force-share /opt/stack/data/cinder/mnt/dfac5acf11cef9747e1130f431d6a788/volume-65a704ee-9be6-4dfa-adec-898647e494aa.2a700370-61ca-4f28-8b02-60a68d84f1a0 {{(pid=82331) execute /opt/stack/data/venv/lib/python3.10/site-packages/oslo_concurrency/processutils.py:440}}
Feb 23 20:26:06 devstack sudo[85643]: quobyte : PWD=/ ; USER=root ; COMMAND=/opt/stack/data/venv/bin/cinder-rootwrap /etc/cinder/rootwrap.conf env LC_ALL=C qemu-img info -f qcow2 --output=json --force-share /opt/stack/data/cinder/mnt/dfac5acf11cef9747e1130f431d6a788/volume-65a704ee-9be6-4dfa-adec-898647e494aa.2a700370-61ca-4f28-8b02-60a68d84f1a0
Feb 23 20:26:06 devstack sudo[85643]: pam_unix(sudo:session): session opened for user root(uid=0) by (uid=1000)
Feb 23 20:26:07 devstack sudo[85643]: pam_unix(sudo:session): session closed for user root
Feb 23 20:26:07 devstack cinder-volume[82331]: DEBUG oslo_concurrency.processutils [None req-5933345d-5e74-4ccb-977d-92861ae8546d tempest-GroupSnapshotsTest-1471059004 None] CMD "/opt/stack/data/venv/bin/python3.10 -m oslo_concurrency.prlimit --as=1073741824 --cpu=60 -- sudo cinder-rootwrap /etc/cinder/rootwrap.conf env LC_ALL=C qemu-img info -f qcow2 --output=json --force-share /opt/stack/data/cinder/mnt/dfac5acf11cef9747e1130f431d6a788/volume-65a704ee-9be6-4dfa-adec-898647e494aa.2a700370-61ca-4f28-8b02-60a68d84f1a0" returned: 0 in 1.759s {{(pid=82331) execute /opt/stack/data/venv/lib/python3.10/site-packages/oslo_concurrency/processutils.py:468}}
Feb 23 20:26:07 devstack cinder-volume[82331]: DEBUG cinder.volume.drivers.remotefs [None req-5933345d-5e74-4ccb-977d-92861ae8546d tempest-GroupSnapshotsTest-1471059004 None] Fetching qemu-img info with special backing_file_template: (/opt/stack/data/cinder/mnt/[0-9a-f]+/)?(volume-65a704ee-9be6-4dfa-adec-898647e494aa(.(tmp-snap-)?[0-9a-f-]+)?|volume_from_snapshot_cache/(tmp-snap-)?[0-9a-f-]+(.(child-|parent-)[0-9a-f-]+)?)$ {{(pid=82331) _qemu_img_info_base /opt/stack/cinder/cinder/volume/drivers/remotefs.py:896}}
Feb 23 20:26:07 devstack cinder-volume[82331]: DEBUG oslo.privsep.daemon [-] privsep: reply[90d65a13-8ab8-4141-9748-61f2ac46f7a4]: (4, 'qcow2') {{(pid=83364) _call_back /opt/stack/data/venv/lib/python3.10/site-packages/oslo_privsep/daemon.py:573}}
Feb 23 20:26:07 devstack cinder-volume[82331]: DEBUG oslo_concurrency.processutils [None req-5933345d-5e74-4ccb-977d-92861ae8546d tempest-GroupSnapshotsTest-1471059004 None] Running cmd (subprocess): /opt/stack/data/venv/bin/python3.10 -m oslo_concurrency.prlimit --as=1073741824 --cpu=60 -- sudo cinder-rootwrap /etc/cinder/rootwrap.conf env LC_ALL=C qemu-img info -f qcow2 --output=json --force-share /opt/stack/data/cinder/mnt/dfac5acf11cef9747e1130f431d6a788/volume-65a704ee-9be6-4dfa-adec-898647e494aa {{(pid=82331) execute /opt/stack/data/venv/lib/python3.10/site-packages/oslo_concurrency/processutils.py:440}}
Feb 23 20:26:07 devstack sudo[85659]: quobyte : PWD=/ ; USER=root ; COMMAND=/opt/stack/data/venv/bin/cinder-rootwrap /etc/cinder/rootwrap.conf env LC_ALL=C qemu-img info -f qcow2 --output=json --force-share /opt/stack/data/cinder/mnt/dfac5acf11cef9747e1130f431d6a788/volume-65a704ee-9be6-4dfa-adec-898647e494aa
Feb 23 20:26:07 devstack sudo[85659]: pam_unix(sudo:session): session opened for user root(uid=0) by (uid=1000)
Feb 23 20:26:09 devstack sudo[85659]: pam_unix(sudo:session): session closed for user root
Feb 23 20:26:09 devstack cinder-volume[82331]: DEBUG oslo_concurrency.processutils [None req-5933345d-5e74-4ccb-977d-92861ae8546d tempest-GroupSnapshotsTest-1471059004 None] CMD "/opt/stack/data/venv/bin/python3.10 -m oslo_concurrency.prlimit --as=1073741824 --cpu=60 -- sudo cinder-rootwrap /etc/cinder/rootwrap.conf env LC_ALL=C qemu-img info -f qcow2 --output=json --force-share /opt/stack/data/cinder/mnt/dfac5acf11cef9747e1130f431d6a788/volume-65a704ee-9be6-4dfa-adec-898647e494aa" returned: 0 in 1.216s {{(pid=82331) execute /opt/stack/data/venv/lib/python3.10/site-packages/oslo_concurrency/processutils.py:468}}
Feb 23 20:26:09 devstack cinder-volume[82331]: DEBUG oslo_concurrency.processutils [None req-5933345d-5e74-4ccb-977d-92861ae8546d tempest-GroupSnapshotsTest-1471059004 None] Running cmd (subprocess): sudo cinder-rootwrap /etc/cinder/rootwrap.conf qemu-img commit -d /opt/stack/data/cinder/mnt/dfac5acf11cef9747e1130f431d6a788/volume-65a704ee-9be6-4dfa-adec-898647e494aa.2a700370-61ca-4f28-8b02-60a68d84f1a0 {{(pid=82331) execute /opt/stack/data/venv/lib/python3.10/site-packages/oslo_concurrency/processutils.py:440}}
Feb 23 20:26:09 devstack sudo[85669]: quobyte : PWD=/ ; USER=root ; COMMAND=/opt/stack/data/venv/bin/cinder-rootwrap /etc/cinder/rootwrap.conf qemu-img commit -d /opt/stack/data/cinder/mnt/dfac5acf11cef9747e1130f431d6a788/volume-65a704ee-9be6-4dfa-adec-898647e494aa.2a700370-61ca-4f28-8b02-60a68d84f1a0
Feb 23 20:26:09 devstack sudo[85669]: pam_unix(sudo:session): session opened for user root(uid=0) by (uid=1000)
Feb 23 20:26:09 devstack cinder-volume[82331]: DEBUG cinder.volume.flows.manager.create_volume [None req-fbaf2aba-6577-4599-9393-2c2b6676e7b8 tempest-VolumesServicesTestJSON-1572528925 None] Volume reschedule parameters: True retry: {'num_attempts': 1, 'backends': ['devstack@QuobyteHD#QuobyteHD'], 'hosts': ['devstack@QuobyteHD#QuobyteHD']} {{(pid=82331) get_flow /opt/stack/cinder/cinder/volume/flows/manager/create_volume.py:1388}}
Feb 23 20:26:09 devstack cinder-volume[82331]: DEBUG cinder.volume.manager [None req-fbaf2aba-6577-4599-9393-2c2b6676e7b8 tempest-VolumesServicesTestJSON-1572528925 None] Flow 'volume_create_manager' (73e62677-785b-492c-8fad-d7f14ea61742) transitioned into state 'RUNNING' from state 'PENDING' {{(pid=82331) _flow_receiver /opt/stack/data/venv/lib/python3.10/site-packages/taskflow/listeners/logging.py:145}}
Feb 23 20:26:09 devstack cinder-volume[82331]: DEBUG cinder.volume.manager [None req-fbaf2aba-6577-4599-9393-2c2b6676e7b8 tempest-VolumesServicesTestJSON-1572528925 None] Task 'cinder.volume.flows.manager.create_volume.ExtractVolumeRefTask;volume:create' (615bda34-1874-4f75-a0d1-4858f965bd28) transitioned into state 'RUNNING' from state 'PENDING' {{(pid=82331) _task_receiver /opt/stack/data/venv/lib/python3.10/site-packages/taskflow/listeners/logging.py:194}}
Feb 23 20:26:09 devstack cinder-volume[82331]: DEBUG cinder.volume.manager [None req-fbaf2aba-6577-4599-9393-2c2b6676e7b8 tempest-VolumesServicesTestJSON-1572528925 None] Task 'cinder.volume.flows.manager.create_volume.ExtractVolumeRefTask;volume:create' (615bda34-1874-4f75-a0d1-4858f965bd28) transitioned into state 'SUCCESS' from state 'RUNNING' with result 'Volume(_name_id=None,admin_metadata=,attach_status='detached',availability_zone='nova',bootable=False,cluster=,cluster_name=None,consistencygroup=,consistencygroup_id=None,created_at=2026-02-23T19:26:10Z,deleted=False,deleted_at=None,display_description=None,display_name='tempest-VolumesServicesTestJSON-Volume-480452778',ec2_id=None,encryption_key_id=None,glance_metadata=,group=,group_id=None,host='devstack@QuobyteHD#QuobyteHD',id=72dc5607-1301-43ab-bfed-c4a5fcc0aa1d,launched_at=None,metadata={},migration_status=None,multiattach=False,previous_status=None,project_id='86c5836a944e478caffac620f309ce16',provider_auth=None,provider_geometry=None,provider_id=None,provider_location=None,replication_driver_data=None,replication_extended_status=None,replication_status=None,scheduled_at=2026-02-23T19:26:10Z,service_uuid=None,shared_targets=True,size=1,snapshot_id=None,snapshots=,source_volid=None,status='creating',terminated_at=None,updated_at=2026-02-23T19:26:10Z,use_quota=True,user_id='71e327c2b2e3491590f1749a4fe7a176',volume_attachment=VolumeAttachmentList,volume_type=VolumeType(c1eb0b77-e4cc-4d3a-b25a-a0068e0ac122),volume_type_id=c1eb0b77-e4cc-4d3a-b25a-a0068e0ac122)' {{(pid=82331) _task_receiver /opt/stack/data/venv/lib/python3.10/site-packages/taskflow/listeners/logging.py:182}}
Feb 23 20:26:09 devstack cinder-volume[82331]: DEBUG cinder.volume.manager [None req-fbaf2aba-6577-4599-9393-2c2b6676e7b8 tempest-VolumesServicesTestJSON-1572528925 None] Task 'cinder.volume.flows.manager.create_volume.OnFailureRescheduleTask;volume:create' (841c86e4-c246-415a-ba7a-fa99fc818f9b) transitioned into state 'RUNNING' from state 'PENDING' {{(pid=82331) _task_receiver /opt/stack/data/venv/lib/python3.10/site-packages/taskflow/listeners/logging.py:194}}
Feb 23 20:26:09 devstack cinder-volume[82331]: DEBUG cinder.volume.manager [None req-fbaf2aba-6577-4599-9393-2c2b6676e7b8 tempest-VolumesServicesTestJSON-1572528925 None] Task 'cinder.volume.flows.manager.create_volume.OnFailureRescheduleTask;volume:create' (841c86e4-c246-415a-ba7a-fa99fc818f9b) transitioned into state 'SUCCESS' from state 'RUNNING' with result 'None' {{(pid=82331) _task_receiver /opt/stack/data/venv/lib/python3.10/site-packages/taskflow/listeners/logging.py:182}}
Feb 23 20:26:09 devstack cinder-volume[82331]: DEBUG cinder.volume.manager [None req-fbaf2aba-6577-4599-9393-2c2b6676e7b8 tempest-VolumesServicesTestJSON-1572528925 None] Task 'cinder.volume.flows.manager.create_volume.ExtractVolumeSpecTask;volume:create' (c78765e3-fe66-4edd-9b33-8c18daafee0d) transitioned into state 'RUNNING' from state 'PENDING' {{(pid=82331) _task_receiver /opt/stack/data/venv/lib/python3.10/site-packages/taskflow/listeners/logging.py:194}}
Feb 23 20:26:09 devstack cinder-volume[82331]: DEBUG cinder.volume.manager [None req-fbaf2aba-6577-4599-9393-2c2b6676e7b8 tempest-VolumesServicesTestJSON-1572528925 None] Task 'cinder.volume.flows.manager.create_volume.ExtractVolumeSpecTask;volume:create' (c78765e3-fe66-4edd-9b33-8c18daafee0d) transitioned into state 'SUCCESS' from state 'RUNNING' with result '{'status': 'creating', 'type': 'raw', 'volume_id': '72dc5607-1301-43ab-bfed-c4a5fcc0aa1d', 'volume_name': 'volume-72dc5607-1301-43ab-bfed-c4a5fcc0aa1d', 'volume_size': 1}' {{(pid=82331) _task_receiver /opt/stack/data/venv/lib/python3.10/site-packages/taskflow/listeners/logging.py:182}}
Feb 23 20:26:09 devstack cinder-volume[82331]: DEBUG cinder.volume.manager [None req-fbaf2aba-6577-4599-9393-2c2b6676e7b8 tempest-VolumesServicesTestJSON-1572528925 None] Task 'cinder.volume.flows.manager.create_volume.NotifyVolumeActionTask;volume:create, create.start' (4a8c23c0-b0a6-4465-9840-760f975b63a3) transitioned into state 'RUNNING' from state 'PENDING' {{(pid=82331) _task_receiver /opt/stack/data/venv/lib/python3.10/site-packages/taskflow/listeners/logging.py:194}}
Feb 23 20:26:09 devstack cinder-volume[82331]: DEBUG cinder.volume.manager [None req-fbaf2aba-6577-4599-9393-2c2b6676e7b8 tempest-VolumesServicesTestJSON-1572528925 None] Task 'cinder.volume.flows.manager.create_volume.NotifyVolumeActionTask;volume:create, create.start' (4a8c23c0-b0a6-4465-9840-760f975b63a3) transitioned into state 'SUCCESS' from state 'RUNNING' with result 'None' {{(pid=82331) _task_receiver /opt/stack/data/venv/lib/python3.10/site-packages/taskflow/listeners/logging.py:182}}
Feb 23 20:26:09 devstack sudo[85669]: pam_unix(sudo:session): session closed for user root
Feb 23 20:26:09 devstack cinder-volume[82331]: DEBUG cinder.volume.manager [None req-fbaf2aba-6577-4599-9393-2c2b6676e7b8 tempest-VolumesServicesTestJSON-1572528925 None] Task 'cinder.volume.flows.manager.create_volume.CreateVolumeFromSpecTask;volume:create' (05318d33-4f56-4f7d-a548-7c9602d6e12a) transitioned into state 'RUNNING' from state 'PENDING' {{(pid=82331) _task_receiver /opt/stack/data/venv/lib/python3.10/site-packages/taskflow/listeners/logging.py:194}}
Feb 23 20:26:09 devstack cinder-volume[82331]: INFO cinder.volume.flows.manager.create_volume [None req-fbaf2aba-6577-4599-9393-2c2b6676e7b8 tempest-VolumesServicesTestJSON-1572528925 None] Volume 72dc5607-1301-43ab-bfed-c4a5fcc0aa1d: being created as raw with specification: {'status': 'creating', 'volume_name': 'volume-72dc5607-1301-43ab-bfed-c4a5fcc0aa1d', 'volume_size': 1}
Feb 23 20:26:09 devstack cinder-volume[82331]: DEBUG oslo_concurrency.lockutils [None req-fbaf2aba-6577-4599-9393-2c2b6676e7b8 tempest-VolumesServicesTestJSON-1572528925 None] Acquiring lock "quobyte" by "cinder.volume.drivers.quobyte.QuobyteDriver.create_volume" {{(pid=82331) inner /opt/stack/data/venv/lib/python3.10/site-packages/oslo_concurrency/lockutils.py:506}}
Feb 23 20:26:09 devstack cinder-volume[82331]: DEBUG oslo_concurrency.lockutils [None req-fbaf2aba-6577-4599-9393-2c2b6676e7b8 tempest-VolumesServicesTestJSON-1572528925 None] Lock "quobyte" acquired by "cinder.volume.drivers.quobyte.QuobyteDriver.create_volume" :: waited 0.001s {{(pid=82331) inner /opt/stack/data/venv/lib/python3.10/site-packages/oslo_concurrency/lockutils.py:519}}
Feb 23 20:26:09 devstack cinder-volume[82331]: DEBUG cinder.volume.drivers.quobyte [None req-fbaf2aba-6577-4599-9393-2c2b6676e7b8 tempest-VolumesServicesTestJSON-1572528925 None] ==> create_volume: call "{'self': , 'volume': Volume(_name_id=None,admin_metadata=,attach_status='detached',availability_zone='nova',bootable=False,cluster=,cluster_name=None,consistencygroup=,consistencygroup_id=None,created_at=2026-02-23T19:26:10Z,deleted=False,deleted_at=None,display_description=None,display_name='tempest-VolumesServicesTestJSON-Volume-480452778',ec2_id=None,encryption_key_id=None,glance_metadata=,group=,group_id=None,host='devstack@QuobyteHD#QuobyteHD',id=72dc5607-1301-43ab-bfed-c4a5fcc0aa1d,launched_at=None,metadata={},migration_status=None,multiattach=False,previous_status=None,project_id='86c5836a944e478caffac620f309ce16',provider_auth=None,provider_geometry=None,provider_id=None,provider_location=None,replication_driver_data=None,replication_extended_status=None,replication_status=None,scheduled_at=2026-02-23T19:26:10Z,service_uuid=None,shared_targets=True,size=1,snapshot_id=None,snapshots=,source_volid=None,status='creating',terminated_at=None,updated_at=2026-02-23T19:26:10Z,use_quota=True,user_id='71e327c2b2e3491590f1749a4fe7a176',volume_attachment=VolumeAttachmentList,volume_type=VolumeType(c1eb0b77-e4cc-4d3a-b25a-a0068e0ac122),volume_type_id=c1eb0b77-e4cc-4d3a-b25a-a0068e0ac122)}" {{(pid=82331) trace_logging_wrapper /opt/stack/cinder/cinder/volume/volume_utils.py:1498}}
Feb 23 20:26:09 devstack cinder-volume[82331]: DEBUG cinder.volume.drivers.remotefs [None req-fbaf2aba-6577-4599-9393-2c2b6676e7b8 tempest-VolumesServicesTestJSON-1572528925 None] Creating volume 72dc5607-1301-43ab-bfed-c4a5fcc0aa1d {{(pid=82331) create_volume /opt/stack/cinder/cinder/volume/drivers/remotefs.py:292}}
Feb 23 20:26:09 devstack cinder-volume[82331]: DEBUG oslo_concurrency.lockutils [None req-fbaf2aba-6577-4599-9393-2c2b6676e7b8 tempest-VolumesServicesTestJSON-1572528925 None] Acquiring lock "quobyte_ensure" by "cinder.volume.drivers.quobyte.QuobyteDriver._ensure_shares_mounted" {{(pid=82331) inner /opt/stack/data/venv/lib/python3.10/site-packages/oslo_concurrency/lockutils.py:506}}
Feb 23 20:26:09 devstack cinder-volume[82331]: DEBUG oslo_concurrency.lockutils [None req-fbaf2aba-6577-4599-9393-2c2b6676e7b8 tempest-VolumesServicesTestJSON-1572528925 None] Lock "quobyte_ensure" acquired by "cinder.volume.drivers.quobyte.QuobyteDriver._ensure_shares_mounted" :: waited 0.000s {{(pid=82331) inner /opt/stack/data/venv/lib/python3.10/site-packages/oslo_concurrency/lockutils.py:519}}
