Jul 31 10:33:06 devstack devstack@g-api.service[78701]: DEBUG glance.common.config [None req-9f9aeaee-b8f7-4dde-8ac7-919e385661ab None None] barbican_service_user.cafile = None {{(pid=78701) log_opt_values /opt/stack/data/venv/lib/python3.12/site-packages/oslo_config/cfg.py:3253}}
Jul 31 10:33:06 devstack devstack@g-api.service[78701]: DEBUG glance.common.config [None req-9f9aeaee-b8f7-4dde-8ac7-919e385661ab None None] barbican_service_user.certfile = None {{(pid=78701) log_opt_values /opt/stack/data/venv/lib/python3.12/site-packages/oslo_config/cfg.py:3253}}
Jul 31 10:33:06 devstack devstack@g-api.service[78701]: DEBUG glance.common.config [None req-9f9aeaee-b8f7-4dde-8ac7-919e385661ab None None] barbican_service_user.collect_timing = False {{(pid=78701) log_opt_values /opt/stack/data/venv/lib/python3.12/site-packages/oslo_config/cfg.py:3253}}
Jul 31 10:33:06 devstack devstack@g-api.service[78701]: DEBUG glance.common.config [None req-9f9aeaee-b8f7-4dde-8ac7-919e385661ab None None] barbican_service_user.insecure = False {{(pid=78701) log_opt_values /opt/stack/data/venv/lib/python3.12/site-packages/oslo_config/cfg.py:3253}}
Jul 31 10:33:06 devstack devstack@g-api.service[78701]: DEBUG glance.common.config [None req-9f9aeaee-b8f7-4dde-8ac7-919e385661ab None None] barbican_service_user.keyfile = None {{(pid=78701) log_opt_values /opt/stack/data/venv/lib/python3.12/site-packages/oslo_config/cfg.py:3253}}
Jul 31 10:33:06 devstack devstack@g-api.service[78701]: DEBUG glance.common.config [None req-9f9aeaee-b8f7-4dde-8ac7-919e385661ab None None] barbican_service_user.split_loggers = False {{(pid=78701) log_opt_values /opt/stack/data/venv/lib/python3.12/site-packages/oslo_config/cfg.py:3253}}
Jul 31 10:33:06 devstack devstack@g-api.service[78701]: DEBUG glance.common.config [None req-9f9aeaee-b8f7-4dde-8ac7-919e385661ab None None] barbican_service_user.timeout = None {{(pid=78701) log_opt_values /opt/stack/data/venv/lib/python3.12/site-packages/oslo_config/cfg.py:3253}}
Jul 31 10:33:06 devstack devstack@g-api.service[78701]: DEBUG glance.common.config [None req-9f9aeaee-b8f7-4dde-8ac7-919e385661ab None None] database.asyncio_connection = **** {{(pid=78701) log_opt_values /opt/stack/data/venv/lib/python3.12/site-packages/oslo_config/cfg.py:3253}}
Jul 31 10:33:06 devstack devstack@g-api.service[78701]: DEBUG glance.common.config [None req-9f9aeaee-b8f7-4dde-8ac7-919e385661ab None None] database.asyncio_slave_connection = **** {{(pid=78701) log_opt_values /opt/stack/data/venv/lib/python3.12/site-packages/oslo_config/cfg.py:3253}}
Jul 31 10:33:06 devstack devstack@g-api.service[78701]: DEBUG glance.common.config [None req-9f9aeaee-b8f7-4dde-8ac7-919e385661ab None None] database.backend = sqlalchemy {{(pid=78701) log_opt_values /opt/stack/data/venv/lib/python3.12/site-packages/oslo_config/cfg.py:3253}}
Jul 31 10:33:06 devstack devstack@g-api.service[78701]: DEBUG glance.common.config [None req-9f9aeaee-b8f7-4dde-8ac7-919e385661ab None None] database.connection = **** {{(pid=78701) log_opt_values /opt/stack/data/venv/lib/python3.12/site-packages/oslo_config/cfg.py:3253}}
Jul 31 10:33:06 devstack devstack@g-api.service[78701]: DEBUG glance.common.config [None req-9f9aeaee-b8f7-4dde-8ac7-919e385661ab None None] database.connection_debug = 0 {{(pid=78701) log_opt_values /opt/stack/data/venv/lib/python3.12/site-packages/oslo_config/cfg.py:3253}}
Jul 31 10:33:06 devstack devstack@g-api.service[78701]: DEBUG glance.common.config [None req-9f9aeaee-b8f7-4dde-8ac7-919e385661ab None None] database.connection_parameters = {{(pid=78701) log_opt_values /opt/stack/data/venv/lib/python3.12/site-packages/oslo_config/cfg.py:3253}}
Jul 31 10:33:06 devstack devstack@g-api.service[78701]: DEBUG glance.common.config [None req-9f9aeaee-b8f7-4dde-8ac7-919e385661ab None None] database.connection_recycle_time = 3600 {{(pid=78701) log_opt_values /opt/stack/data/venv/lib/python3.12/site-packages/oslo_config/cfg.py:3253}}
Jul 31 10:33:06 devstack devstack@g-api.service[78701]: DEBUG glance.common.config [None req-9f9aeaee-b8f7-4dde-8ac7-919e385661ab None None] database.connection_trace = False {{(pid=78701) log_opt_values /opt/stack/data/venv/lib/python3.12/site-packages/oslo_config/cfg.py:3253}}
Jul 31 10:33:06 devstack devstack@g-api.service[78701]: DEBUG glance.common.config [None req-9f9aeaee-b8f7-4dde-8ac7-919e385661ab None None] database.db_inc_retry_interval = True {{(pid=78701) log_opt_values /opt/stack/data/venv/lib/python3.12/site-packages/oslo_config/cfg.py:3253}}
Jul 31 10:33:06 devstack devstack@g-api.service[78701]: DEBUG glance.common.config [None req-9f9aeaee-b8f7-4dde-8ac7-919e385661ab None None] database.db_max_retries = 20 {{(pid=78701) log_opt_values /opt/stack/data/venv/lib/python3.12/site-packages/oslo_config/cfg.py:3253}}
Jul 31 10:33:06 devstack devstack@g-api.service[78701]: DEBUG glance.common.config [None req-9f9aeaee-b8f7-4dde-8ac7-919e385661ab None None] database.db_max_retry_interval = 10 {{(pid=78701) log_opt_values /opt/stack/data/venv/lib/python3.12/site-packages/oslo_config/cfg.py:3253}}
Jul 31 10:33:06 devstack devstack@g-api.service[78701]: DEBUG glance.common.config [None req-9f9aeaee-b8f7-4dde-8ac7-919e385661ab None None] database.db_retry_interval = 1 {{(pid=78701) log_opt_values /opt/stack/data/venv/lib/python3.12/site-packages/oslo_config/cfg.py:3253}}
Jul 31 10:33:06 devstack devstack@g-api.service[78701]: DEBUG glance.common.config [None req-9f9aeaee-b8f7-4dde-8ac7-919e385661ab None None] database.max_overflow = 50 {{(pid=78701) log_opt_values /opt/stack/data/venv/lib/python3.12/site-packages/oslo_config/cfg.py:3253}}
Jul 31 10:33:06 devstack devstack@g-api.service[78701]: DEBUG glance.common.config [None req-9f9aeaee-b8f7-4dde-8ac7-919e385661ab None None] database.max_pool_size = 5 {{(pid=78701) log_opt_values /opt/stack/data/venv/lib/python3.12/site-packages/oslo_config/cfg.py:3253}}
Jul 31 10:33:06 devstack devstack@g-api.service[78701]: DEBUG glance.common.config [None req-9f9aeaee-b8f7-4dde-8ac7-919e385661ab None None] database.max_retries = 10 {{(pid=78701) log_opt_values /opt/stack/data/venv/lib/python3.12/site-packages/oslo_config/cfg.py:3253}}
Jul 31 10:33:06 devstack devstack@g-api.service[78701]: DEBUG glance.common.config [None req-9f9aeaee-b8f7-4dde-8ac7-919e385661ab None None] database.mysql_sql_mode = TRADITIONAL {{(pid=78701) log_opt_values /opt/stack/data/venv/lib/python3.12/site-packages/oslo_config/cfg.py:3253}}
Jul 31 10:33:06 devstack devstack@g-api.service[78701]: DEBUG glance.common.config [None req-9f9aeaee-b8f7-4dde-8ac7-919e385661ab None None] database.mysql_wsrep_sync_wait = None {{(pid=78701) log_opt_values /opt/stack/data/venv/lib/python3.12/site-packages/oslo_config/cfg.py:3253}}
Jul 31 10:33:06 devstack devstack@g-api.service[78701]: DEBUG glance.common.config [None req-9f9aeaee-b8f7-4dde-8ac7-919e385661ab None None] database.pool_timeout = None {{(pid=78701) log_opt_values /opt/stack/data/venv/lib/python3.12/site-packages/oslo_config/cfg.py:3253}}
Jul 31 10:33:06 devstack devstack@g-api.service[78701]: DEBUG glance.common.config [None req-9f9aeaee-b8f7-4dde-8ac7-919e385661ab None None] database.retry_interval = 10 {{(pid=78701) log_opt_values /opt/stack/data/venv/lib/python3.12/site-packages/oslo_config/cfg.py:3253}}
Jul 31 10:33:06 devstack devstack@g-api.service[78701]: DEBUG glance.common.config [None req-9f9aeaee-b8f7-4dde-8ac7-919e385661ab None None] database.slave_connection = **** {{(pid=78701) log_opt_values /opt/stack/data/venv/lib/python3.12/site-packages/oslo_config/cfg.py:3253}}
Jul 31 10:33:06 devstack devstack@g-api.service[78701]: DEBUG glance.common.config [None req-9f9aeaee-b8f7-4dde-8ac7-919e385661ab None None] database.sqlite_synchronous = True {{(pid=78701) log_opt_values /opt/stack/data/venv/lib/python3.12/site-packages/oslo_config/cfg.py:3253}}
Jul 31 10:33:06 devstack devstack@g-api.service[78701]: DEBUG glance.common.config [None req-9f9aeaee-b8f7-4dde-8ac7-919e385661ab None None] database.synchronous_reader = True {{(pid=78701) log_opt_values /opt/stack/data/venv/lib/python3.12/site-packages/oslo_config/cfg.py:3253}}
Jul 31 10:33:06 devstack devstack@g-api.service[78701]: DEBUG glance.common.config [None req-9f9aeaee-b8f7-4dde-8ac7-919e385661ab None None] database.use_db_reconnect = False {{(pid=78701) log_opt_values /opt/stack/data/venv/lib/python3.12/site-packages/oslo_config/cfg.py:3253}}
Jul 31 10:33:06 devstack devstack@g-api.service[78701]: DEBUG glance.common.config [None req-9f9aeaee-b8f7-4dde-8ac7-919e385661ab None None] healthcheck.allowed_source_ranges = [] {{(pid=78701) log_opt_values /opt/stack/data/venv/lib/python3.12/site-packages/oslo_config/cfg.py:3253}}
Jul 31 10:33:06 devstack devstack@g-api.service[78701]: DEBUG glance.common.config [None req-9f9aeaee-b8f7-4dde-8ac7-919e385661ab None None] healthcheck.backends = ['disable_by_file'] {{(pid=78701) log_opt_values /opt/stack/data/venv/lib/python3.12/site-packages/oslo_config/cfg.py:3253}}
Jul 31 10:33:06 devstack devstack@g-api.service[78701]: DEBUG glance.common.config [None req-9f9aeaee-b8f7-4dde-8ac7-919e385661ab None None] healthcheck.detailed = False {{(pid=78701) log_opt_values /opt/stack/data/venv/lib/python3.12/site-packages/oslo_config/cfg.py:3253}}
Jul 31 10:33:06 devstack devstack@g-api.service[78701]: DEBUG glance.common.config [None req-9f9aeaee-b8f7-4dde-8ac7-919e385661ab None None] healthcheck.disable_by_file_path = None {{(pid=78701) log_opt_values /opt/stack/data/venv/lib/python3.12/site-packages/oslo_config/cfg.py:3253}}
Jul 31 10:33:06 devstack devstack@g-api.service[78701]: DEBUG glance.common.config [None req-9f9aeaee-b8f7-4dde-8ac7-919e385661ab None None] healthcheck.ignore_proxied_requests = False {{(pid=78701) log_opt_values /opt/stack/data/venv/lib/python3.12/site-packages/oslo_config/cfg.py:3253}}
Jul 31 10:33:06 devstack devstack@g-api.service[78701]: DEBUG glance.common.config [None req-9f9aeaee-b8f7-4dde-8ac7-919e385661ab None None] ******************************************************************************** {{(pid=78701) log_opt_values /opt/stack/data/venv/lib/python3.12/site-packages/oslo_config/cfg.py:3260}}
Jul 31 10:33:06 devstack devstack@g-api.service[78701]: WSGI app 0 (mountpoint='') ready in 6 seconds on interpreter 0x731d9a6a4668 pid: 78701 (default app)
Jul 31 10:33:10 devstack devstack@g-api.service[78700]: DEBUG glance.api.middleware.version_negotiation [None req-5d73a701-7c16-4705-abe8-ac1972b802f6 None None] Determining version of request: GET / Accept: application/json {{(pid=78700) process_request /opt/stack/glance/glance/api/middleware/version_negotiation.py:44}}
Jul 31 10:33:10 devstack devstack@g-api.service[78700]: DEBUG glance.api.middleware.version_negotiation [None req-5d73a701-7c16-4705-abe8-ac1972b802f6 None None] Using url versioning {{(pid=78700) process_request /opt/stack/glance/glance/api/middleware/version_negotiation.py:57}}
Jul 31 10:33:10 devstack devstack@g-api.service[78700]: DEBUG glance.api.middleware.version_negotiation [None req-5d73a701-7c16-4705-abe8-ac1972b802f6 None None] Unknown version. Returning version choices. {{(pid=78700) process_request /opt/stack/glance/glance/api/middleware/version_negotiation.py:64}}
Jul 31 10:33:10 devstack devstack@g-api.service[78700]: [pid: 78700|app: 0|req: 2/2] 127.0.0.1 () {34 vars in 519 bytes} [Fri Jul 31 10:33:10 2026] GET / => generated 1571 bytes in 5 msecs (HTTP/1.1 300) 3 headers in 106 bytes (1 switches on core 0)
Jul 31 10:33:10 devstack devstack@g-api.service[78701]: DEBUG glance.api.middleware.version_negotiation [None req-9f9aeaee-b8f7-4dde-8ac7-919e385661ab None None] Determining version of request: POST /v2/images Accept: */* {{(pid=78701) process_request /opt/stack/glance/glance/api/middleware/version_negotiation.py:44}}
Jul 31 10:33:10 devstack devstack@g-api.service[78701]: DEBUG glance.api.middleware.version_negotiation [None req-9f9aeaee-b8f7-4dde-8ac7-919e385661ab None None] Using url versioning {{(pid=78701) process_request /opt/stack/glance/glance/api/middleware/version_negotiation.py:57}}
Jul 31 10:33:10 devstack devstack@g-api.service[78701]: DEBUG glance.api.middleware.version_negotiation [None req-9f9aeaee-b8f7-4dde-8ac7-919e385661ab None None] Matched version: v2 {{(pid=78701) process_request /opt/stack/glance/glance/api/middleware/version_negotiation.py:69}}
Jul 31 10:33:10 devstack devstack@g-api.service[78701]: DEBUG glance.api.middleware.version_negotiation [None req-9f9aeaee-b8f7-4dde-8ac7-919e385661ab None None] new path /v2/images {{(pid=78701) process_request /opt/stack/glance/glance/api/middleware/version_negotiation.py:70}}
Jul 31 10:33:11 devstack devstack@g-api.service[78701]: [pid: 78701|app: 0|req: 1/3] 127.0.0.1 () {40 vars in 782 bytes} [Fri Jul 31 10:33:10 2026] POST /v2/images => generated 807 bytes in 1198 msecs (HTTP/1.1 201) 6 headers in 314 bytes (1 switches on core 0)
Jul 31 10:33:11 devstack devstack@g-api.service[78700]: DEBUG glance.api.middleware.version_negotiation [None req-5d73a701-7c16-4705-abe8-ac1972b802f6 None None] Determining version of request: PUT /v2/images/b429196b-9072-49ce-b54e-9693a9fd5306/file Accept: {{(pid=78700) process_request /opt/stack/glance/glance/api/middleware/version_negotiation.py:44}}
Jul 31 10:33:11 devstack devstack@g-api.service[78700]: DEBUG glance.api.middleware.version_negotiation [None req-5d73a701-7c16-4705-abe8-ac1972b802f6 None None] Using url versioning {{(pid=78700) process_request /opt/stack/glance/glance/api/middleware/version_negotiation.py:57}}
Jul 31 10:33:11 devstack devstack@g-api.service[78700]: DEBUG glance.api.middleware.version_negotiation [None req-5d73a701-7c16-4705-abe8-ac1972b802f6 None None] Matched version: v2 {{(pid=78700) process_request /opt/stack/glance/glance/api/middleware/version_negotiation.py:69}}
Jul 31 10:33:11 devstack devstack@g-api.service[78700]: DEBUG glance.api.middleware.version_negotiation [None req-5d73a701-7c16-4705-abe8-ac1972b802f6 None None] new path /v2/images/b429196b-9072-49ce-b54e-9693a9fd5306/file {{(pid=78700) process_request /opt/stack/glance/glance/api/middleware/version_negotiation.py:70}}
Jul 31 10:33:12 devstack devstack@g-api.service[78700]: INFO glance.api.v2.image_data [None req-91d0e719-183b-4e85-a500-67a4102aa2da admin admin] Unable to create trust: no such option collect_timing in group [keystone_authtoken] Use the existing user token.
Jul 31 10:33:12 devstack devstack@g-api.service[78700]: DEBUG glance.location [None req-91d0e719-183b-4e85-a500-67a4102aa2da admin admin] Enabling in-flight format inspection for qcow2 {{(pid=78700) set_data /opt/stack/glance/glance/location.py:596}}
Jul 31 10:33:12 devstack devstack@g-api.service[78700]: DEBUG oslo_utils.imageutils.format_inspector [None req-91d0e719-183b-4e85-a500-67a4102aa2da admin admin] Format inspector for vmdk does not match, excluding from consideration (Signature KDMV not found: b'QFI\xfb') {{(pid=78700) _process_chunk /opt/stack/data/venv/lib/python3.12/site-packages/oslo_utils/imageutils/format_inspector.py:1758}}
Jul 31 10:33:12 devstack devstack@g-api.service[78700]: DEBUG oslo_utils.imageutils.format_inspector [None req-91d0e719-183b-4e85-a500-67a4102aa2da admin admin] Format inspector for vhdx does not match, excluding from consideration (Region signature not found at 30000) {{(pid=78700) _process_chunk /opt/stack/data/venv/lib/python3.12/site-packages/oslo_utils/imageutils/format_inspector.py:1758}}
Jul 31 10:33:13 devstack devstack@g-api.service[78700]: DEBUG glance_store._drivers.filesystem [None req-91d0e719-183b-4e85-a500-67a4102aa2da admin admin] Wrote 21692416 bytes to /opt/stack/data/glance/images/b429196b-9072-49ce-b54e-9693a9fd5306 with checksum 87617e24a5e30cb3b87fda8c0764838f and multihash 9a9bce0083a00939ec17c11febbfc767aa211aaa54f51e75c5a8b271a9b5637c77205a518b7a2007cb391d23cceb01e0e4e8d64832317151bc85b734b92a7be0 {{(pid=78700) add /opt/stack/data/venv/lib/python3.12/site-packages/glance_store/_drivers/filesystem.py:899}}
Jul 31 10:33:13 devstack devstack@g-api.service[78700]: INFO glance.location [None req-91d0e719-183b-4e85-a500-67a4102aa2da admin admin] Image format matched and virtual size computed: 117440512
Jul 31 10:33:13 devstack devstack@g-api.service[78700]: DEBUG glance_store.backend [None req-91d0e719-183b-4e85-a500-67a4102aa2da admin admin] Skipping store.set_acls... not implemented. {{(pid=78700) set_acls /opt/stack/data/venv/lib/python3.12/site-packages/glance_store/backend.py:507}}
Jul 31 10:33:13 devstack devstack@g-api.service[78700]: [pid: 78700|app: 0|req: 3/4] 127.0.0.1 () {40 vars in 875 bytes} [Fri Jul 31 10:33:11 2026] PUT /v2/images/b429196b-9072-49ce-b54e-9693a9fd5306/file => generated 0 bytes in 1823 msecs (HTTP/1.1 204) 4 headers in 171 bytes (1 switches on core 0)
Jul 31 10:33:13 devstack devstack@g-api.service[78701]: DEBUG glance.api.middleware.version_negotiation [None req-8652f58d-9e9f-447a-9e3d-595a9f80bdd5 admin admin] Determining version of request: GET /v2/images/b429196b-9072-49ce-b54e-9693a9fd5306 Accept: */* {{(pid=78701) process_request /opt/stack/glance/glance/api/middleware/version_negotiation.py:44}}
Jul 31 10:33:13 devstack devstack@g-api.service[78701]: DEBUG glance.api.middleware.version_negotiation [None req-8652f58d-9e9f-447a-9e3d-595a9f80bdd5 admin admin] Using url versioning {{(pid=78701) process_request /opt/stack/glance/glance/api/middleware/version_negotiation.py:57}}
Jul 31 10:33:13 devstack devstack@g-api.service[78701]: DEBUG glance.api.middleware.version_negotiation [None req-8652f58d-9e9f-447a-9e3d-595a9f80bdd5 admin admin] Matched version: v2 {{(pid=78701) process_request /opt/stack/glance/glance/api/middleware/version_negotiation.py:69}}
Jul 31 10:33:13 devstack devstack@g-api.service[78701]: DEBUG glance.api.middleware.version_negotiation [None req-8652f58d-9e9f-447a-9e3d-595a9f80bdd5 admin admin] new path /v2/images/b429196b-9072-49ce-b54e-9693a9fd5306 {{(pid=78701) process_request /opt/stack/glance/glance/api/middleware/version_negotiation.py:70}}
Jul 31 10:33:13 devstack devstack@g-api.service[78701]: [pid: 78701|app: 0|req: 2/5] 127.0.0.1 () {36 vars in 802 bytes} [Fri Jul 31 10:33:13 2026] GET /v2/images/b429196b-9072-49ce-b54e-9693a9fd5306 => generated 976 bytes in 25 msecs (HTTP/1.1 200) 4 headers in 157 bytes (1 switches on core 0)
Jul 31 10:33:23 devstack devstack@g-api.service[78700]: DEBUG dbcounter [-] [78700] Writing DB stats glance:INSERT=5,glance:SELECT=16,glance:UPDATE=2 {{(pid=78700) stat_writer /opt/stack/data/venv/lib/python3.12/site-packages/dbcounter.py:115}}
Jul 31 10:33:23 devstack devstack@g-api.service[78701]: DEBUG dbcounter [-] [78701] Writing DB stats glance:INSERT=9,glance:SELECT=6 {{(pid=78701) stat_writer /opt/stack/data/venv/lib/python3.12/site-packages/dbcounter.py:115}}
Jul 31 10:33:58 devstack devstack@g-api.service[78700]: DEBUG glance.api.middleware.version_negotiation [None req-91d0e719-183b-4e85-a500-67a4102aa2da admin admin] Determining version of request: GET / Accept: application/json {{(pid=78700) process_request /opt/stack/glance/glance/api/middleware/version_negotiation.py:44}}
Jul 31 10:33:58 devstack devstack@g-api.service[78700]: DEBUG glance.api.middleware.version_negotiation [None req-91d0e719-183b-4e85-a500-67a4102aa2da admin admin] Using url versioning {{(pid=78700) process_request /opt/stack/glance/glance/api/middleware/version_negotiation.py:57}}
Jul 31 10:33:58 devstack devstack@g-api.service[78700]: DEBUG glance.api.middleware.version_negotiation [None req-91d0e719-183b-4e85-a500-67a4102aa2da admin admin] Unknown version. Returning version choices. {{(pid=78700) process_request /opt/stack/glance/glance/api/middleware/version_negotiation.py:64}}
Jul 31 10:33:58 devstack devstack@g-api.service[78700]: [pid: 78700|app: 0|req: 4/6] 127.0.0.1 () {34 vars in 519 bytes} [Fri Jul 31 10:33:58 2026] GET / => generated 1571 bytes in 2 msecs (HTTP/1.1 300) 3 headers in 106 bytes (1 switches on core 0)
Jul 31 10:33:58 devstack devstack@g-api.service[78701]: DEBUG glance.api.middleware.version_negotiation [None req-8dc7a347-6859-4dc6-9133-4038917185ea admin admin] Determining version of request: GET /v2/images Accept: application/json {{(pid=78701) process_request /opt/stack/glance/glance/api/middleware/version_negotiation.py:44}}
Jul 31 10:33:58 devstack devstack@g-api.service[78701]: DEBUG glance.api.middleware.version_negotiation [None req-8dc7a347-6859-4dc6-9133-4038917185ea admin admin] Using url versioning {{(pid=78701) process_request /opt/stack/glance/glance/api/middleware/version_negotiation.py:57}}
Jul 31 10:33:58 devstack devstack@g-api.service[78701]: DEBUG glance.api.middleware.version_negotiation [None req-8dc7a347-6859-4dc6-9133-4038917185ea admin admin] Matched version: v2 {{(pid=78701) process_request /opt/stack/glance/glance/api/middleware/version_negotiation.py:69}}
Jul 31 10:33:58 devstack devstack@g-api.service[78701]: DEBUG glance.api.middleware.version_negotiation [None req-8dc7a347-6859-4dc6-9133-4038917185ea admin admin] new path /v2/images {{(pid=78701) process_request /opt/stack/glance/glance/api/middleware/version_negotiation.py:70}}
Jul 31 10:33:58 devstack devstack@g-api.service[78701]: [pid: 78701|app: 0|req: 3/7] 127.0.0.1 () {36 vars in 741 bytes} [Fri Jul 31 10:33:58 2026] GET /v2/images => generated 1045 bytes in 91 msecs (HTTP/1.1 200) 4 headers in 158 bytes (1 switches on core 0)
Jul 31 10:34:08 devstack devstack@g-api.service[78700]: DEBUG glance.api.middleware.version_negotiation [None req-91d0e719-183b-4e85-a500-67a4102aa2da admin admin] Determining version of request: GET / Accept: application/json {{(pid=78700) process_request /opt/stack/glance/glance/api/middleware/version_negotiation.py:44}}
Jul 31 10:34:08 devstack devstack@g-api.service[78700]: DEBUG glance.api.middleware.version_negotiation [None req-91d0e719-183b-4e85-a500-67a4102aa2da admin admin] Using url versioning {{(pid=78700) process_request /opt/stack/glance/glance/api/middleware/version_negotiation.py:57}}
Jul 31 10:34:08 devstack devstack@g-api.service[78700]: DEBUG glance.api.middleware.version_negotiation [None req-91d0e719-183b-4e85-a500-67a4102aa2da admin admin] Unknown version. Returning version choices. {{(pid=78700) process_request /opt/stack/glance/glance/api/middleware/version_negotiation.py:64}}
Jul 31 10:34:08 devstack devstack@g-api.service[78700]: [pid: 78700|app: 0|req: 5/8] 127.0.0.1 () {34 vars in 519 bytes} [Fri Jul 31 10:34:08 2026] GET / => generated 1571 bytes in 3 msecs (HTTP/1.1 300) 3 headers in 106 bytes (1 switches on core 0)
Jul 31 10:34:08 devstack devstack@g-api.service[78701]: DEBUG glance.api.middleware.version_negotiation [None req-c20a409d-ba70-40b6-977c-bf580794642b admin admin] Determining version of request: GET /v2/images/b429196b-9072-49ce-b54e-9693a9fd5306 Accept: */* {{(pid=78701) process_request /opt/stack/glance/glance/api/middleware/version_negotiation.py:44}}
Jul 31 10:34:08 devstack devstack@g-api.service[78701]: DEBUG glance.api.middleware.version_negotiation [None req-c20a409d-ba70-40b6-977c-bf580794642b admin admin] Using url versioning {{(pid=78701) process_request /opt/stack/glance/glance/api/middleware/version_negotiation.py:57}}
Jul 31 10:34:08 devstack devstack@g-api.service[78701]: DEBUG glance.api.middleware.version_negotiation [None req-c20a409d-ba70-40b6-977c-bf580794642b admin admin] Matched version: v2 {{(pid=78701) process_request /opt/stack/glance/glance/api/middleware/version_negotiation.py:69}}
Jul 31 10:34:08 devstack devstack@g-api.service[78701]: DEBUG glance.api.middleware.version_negotiation [None req-c20a409d-ba70-40b6-977c-bf580794642b admin admin] new path /v2/images/b429196b-9072-49ce-b54e-9693a9fd5306 {{(pid=78701) process_request /opt/stack/glance/glance/api/middleware/version_negotiation.py:70}}
Jul 31 10:34:08 devstack devstack@g-api.service[78701]: [pid: 78701|app: 0|req: 4/9] 127.0.0.1 () {36 vars in 802 bytes} [Fri Jul 31 10:34:08 2026] GET /v2/images/b429196b-9072-49ce-b54e-9693a9fd5306 => generated 976 bytes in 79 msecs (HTTP/1.1 200) 4 headers in 157 bytes (1 switches on core 0)
Jul 31 10:34:14 devstack devstack@g-api.service[78700]: DEBUG glance.api.middleware.version_negotiation [None req-91d0e719-183b-4e85-a500-67a4102aa2da admin admin] Determining version of request: GET / Accept: application/json {{(pid=78700) process_request /opt/stack/glance/glance/api/middleware/version_negotiation.py:44}}
Jul 31 10:34:14 devstack devstack@g-api.service[78700]: DEBUG glance.api.middleware.version_negotiation [None req-91d0e719-183b-4e85-a500-67a4102aa2da admin admin] Using url versioning {{(pid=78700) process_request /opt/stack/glance/glance/api/middleware/version_negotiation.py:57}}
Jul 31 10:34:14 devstack devstack@g-api.service[78700]: DEBUG glance.api.middleware.version_negotiation [None req-91d0e719-183b-4e85-a500-67a4102aa2da admin admin] Unknown version. Returning version choices. {{(pid=78700) process_request /opt/stack/glance/glance/api/middleware/version_negotiation.py:64}}
Jul 31 10:34:14 devstack devstack@g-api.service[78700]: [pid: 78700|app: 0|req: 6/10] 127.0.0.1 () {34 vars in 519 bytes} [Fri Jul 31 10:34:14 2026] GET / => generated 1571 bytes in 2 msecs (HTTP/1.1 300) 3 headers in 106 bytes (1 switches on core 0)
Jul 31 10:34:14 devstack devstack@g-api.service[78701]: DEBUG glance.api.middleware.version_negotiation [None req-2ebcc027-91cf-44e0-8966-19fefb354919 admin admin] Determining version of request: GET /v2/images/b429196b-9072-49ce-b54e-9693a9fd5306 Accept: */* {{(pid=78701) process_request /opt/stack/glance/glance/api/middleware/version_negotiation.py:44}}
Jul 31 10:34:14 devstack devstack@g-api.service[78701]: DEBUG glance.api.middleware.version_negotiation [None req-2ebcc027-91cf-44e0-8966-19fefb354919 admin admin] Using url versioning {{(pid=78701) process_request /opt/stack/glance/glance/api/middleware/version_negotiation.py:57}}
Jul 31 10:34:14 devstack devstack@g-api.service[78701]: DEBUG glance.api.middleware.version_negotiation [None req-2ebcc027-91cf-44e0-8966-19fefb354919 admin admin] Matched version: v2 {{(pid=78701) process_request /opt/stack/glance/glance/api/middleware/version_negotiation.py:69}}
Jul 31 10:34:14 devstack devstack@g-api.service[78701]: DEBUG glance.api.middleware.version_negotiation [None req-2ebcc027-91cf-44e0-8966-19fefb354919 admin admin] new path /v2/images/b429196b-9072-49ce-b54e-9693a9fd5306 {{(pid=78701) process_request /opt/stack/glance/glance/api/middleware/version_negotiation.py:70}}
Jul 31 10:34:14 devstack devstack@g-api.service[78701]: [pid: 78701|app: 0|req: 5/11] 127.0.0.1 () {36 vars in 802 bytes} [Fri Jul 31 10:34:14 2026] GET /v2/images/b429196b-9072-49ce-b54e-9693a9fd5306 => generated 976 bytes in 76 msecs (HTTP/1.1 200) 4 headers in 157 bytes (1 switches on core 0)
Jul 31 10:34:24 devstack devstack@g-api.service[78701]: DEBUG dbcounter [-] [78701] Writing DB stats glance:SELECT=5 {{(pid=78701) stat_writer /opt/stack/data/venv/lib/python3.12/site-packages/dbcounter.py:115}}
Jul 31 10:35:31 devstack devstack@g-api.service[78700]: DEBUG glance.api.middleware.version_negotiation [None req-91d0e719-183b-4e85-a500-67a4102aa2da admin admin] Determining version of request: GET / Accept: application/json {{(pid=78700) process_request /opt/stack/glance/glance/api/middleware/version_negotiation.py:44}}
Jul 31 10:35:31 devstack devstack@g-api.service[78700]: DEBUG glance.api.middleware.version_negotiation [None req-91d0e719-183b-4e85-a500-67a4102aa2da admin admin] Using url versioning {{(pid=78700) process_request /opt/stack/glance/glance/api/middleware/version_negotiation.py:57}}
Jul 31 10:35:31 devstack devstack@g-api.service[78700]: DEBUG glance.api.middleware.version_negotiation [None req-91d0e719-183b-4e85-a500-67a4102aa2da admin admin] Unknown version. Returning version choices. {{(pid=78700) process_request /opt/stack/glance/glance/api/middleware/version_negotiation.py:64}}
Jul 31 10:35:31 devstack devstack@g-api.service[78700]: [pid: 78700|app: 0|req: 7/12] 127.0.0.1 () {36 vars in 488 bytes} [Fri Jul 31 10:35:31 2026] GET / => generated 1571 bytes in 3 msecs (HTTP/1.1 300) 3 headers in 106 bytes (1 switches on core 0)
Jul 31 10:38:21 devstack devstack@g-api.service[78701]: DEBUG glance.api.middleware.version_negotiation [None req-22e2aee5-605b-40c5-ab50-fbde25f75c04 admin admin] Determining version of request: GET / Accept: application/json {{(pid=78701) process_request /opt/stack/glance/glance/api/middleware/version_negotiation.py:44}}
Jul 31 10:38:21 devstack devstack@g-api.service[78701]: DEBUG glance.api.middleware.version_negotiation [None req-22e2aee5-605b-40c5-ab50-fbde25f75c04 admin admin] Using url versioning {{(pid=78701) process_request /opt/stack/glance/glance/api/middleware/version_negotiation.py:57}}
Jul 31 10:38:21 devstack devstack@g-api.service[78701]: DEBUG glance.api.middleware.version_negotiation [None req-22e2aee5-605b-40c5-ab50-fbde25f75c04 admin admin] Unknown version. Returning version choices. {{(pid=78701) process_request /opt/stack/glance/glance/api/middleware/version_negotiation.py:64}}
Jul 31 10:38:21 devstack devstack@g-api.service[78701]: [pid: 78701|app: 0|req: 6/13] 127.0.0.1 () {34 vars in 505 bytes} [Fri Jul 31 10:38:21 2026] GET / => generated 1571 bytes in 5 msecs (HTTP/1.1 300) 3 headers in 106 bytes (1 switches on core 0)
Jul 31 10:38:21 devstack devstack@g-api.service[78700]: DEBUG glance.api.middleware.version_negotiation [None req-91d0e719-183b-4e85-a500-67a4102aa2da admin admin] Determining version of request: GET /v2/images/b429196b-9072-49ce-b54e-9693a9fd5306 Accept: */* {{(pid=78700) process_request /opt/stack/glance/glance/api/middleware/version_negotiation.py:44}}
Jul 31 10:38:21 devstack devstack@g-api.service[78700]: DEBUG glance.api.middleware.version_negotiation [None req-91d0e719-183b-4e85-a500-67a4102aa2da admin admin] Using url versioning {{(pid=78700) process_request /opt/stack/glance/glance/api/middleware/version_negotiation.py:57}}
Jul 31 10:38:21 devstack devstack@g-api.service[78700]: DEBUG glance.api.middleware.version_negotiation [None req-91d0e719-183b-4e85-a500-67a4102aa2da admin admin] Matched version: v2 {{(pid=78700) process_request /opt/stack/glance/glance/api/middleware/version_negotiation.py:69}}
Jul 31 10:38:21 devstack devstack@g-api.service[78700]: DEBUG glance.api.middleware.version_negotiation [None req-91d0e719-183b-4e85-a500-67a4102aa2da admin admin] new path /v2/images/b429196b-9072-49ce-b54e-9693a9fd5306 {{(pid=78700) process_request /opt/stack/glance/glance/api/middleware/version_negotiation.py:70}}
Jul 31 10:38:22 devstack devstack@g-api.service[78700]: [pid: 78700|app: 0|req: 8/14] 127.0.0.1 () {42 vars in 1061 bytes} [Fri Jul 31 10:38:21 2026] GET /v2/images/b429196b-9072-49ce-b54e-9693a9fd5306 => generated 976 bytes in 318 msecs (HTTP/1.1 200) 4 headers in 157 bytes (1 switches on core 0)
Jul 31 10:38:22 devstack devstack@g-api.service[78701]: DEBUG glance.api.middleware.version_negotiation [None req-22e2aee5-605b-40c5-ab50-fbde25f75c04 admin admin] Determining version of request: GET /v2/schemas/image Accept: */* {{(pid=78701) process_request /opt/stack/glance/glance/api/middleware/version_negotiation.py:44}}
Jul 31 10:38:22 devstack devstack@g-api.service[78701]: DEBUG glance.api.middleware.version_negotiation [None req-22e2aee5-605b-40c5-ab50-fbde25f75c04 admin admin] Using url versioning {{(pid=78701) process_request /opt/stack/glance/glance/api/middleware/version_negotiation.py:57}}
Jul 31 10:38:22 devstack devstack@g-api.service[78701]: DEBUG glance.api.middleware.version_negotiation [None req-22e2aee5-605b-40c5-ab50-fbde25f75c04 admin admin] Matched version: v2 {{(pid=78701) process_request /opt/stack/glance/glance/api/middleware/version_negotiation.py:69}}
Jul 31 10:38:22 devstack devstack@g-api.service[78701]: DEBUG glance.api.middleware.version_negotiation [None req-22e2aee5-605b-40c5-ab50-fbde25f75c04 admin admin] new path /v2/schemas/image {{(pid=78701) process_request /opt/stack/glance/glance/api/middleware/version_negotiation.py:70}}
Jul 31 10:38:22 devstack devstack@g-api.service[78701]: [pid: 78701|app: 0|req: 7/15] 127.0.0.1 () {42 vars in 1001 bytes} [Fri Jul 31 10:38:22 2026] GET /v2/schemas/image => generated 6083 bytes in 10 msecs (HTTP/1.1 200) 4 headers in 158 bytes (1 switches on core 0)
Jul 31 10:38:28 devstack devstack@g-api.service[78700]: DEBUG glance.api.middleware.version_negotiation [None req-f493cdd1-f87e-4c65-82cf-2234ce0fb9a9 tempest-DeleteServersTestJSON-819418394 tempest-DeleteServersTestJSON-819418394-project-member] Determining version of request: GET / Accept: application/json {{(pid=78700) process_request /opt/stack/glance/glance/api/middleware/version_negotiation.py:44}}
Jul 31 10:38:28 devstack devstack@g-api.service[78700]: DEBUG glance.api.middleware.version_negotiation [None req-f493cdd1-f87e-4c65-82cf-2234ce0fb9a9 tempest-DeleteServersTestJSON-819418394 tempest-DeleteServersTestJSON-819418394-project-member] Using url versioning {{(pid=78700) process_request /opt/stack/glance/glance/api/middleware/version_negotiation.py:57}}
Jul 31 10:38:28 devstack devstack@g-api.service[78700]: DEBUG glance.api.middleware.version_negotiation [None req-f493cdd1-f87e-4c65-82cf-2234ce0fb9a9 tempest-DeleteServersTestJSON-819418394 tempest-DeleteServersTestJSON-819418394-project-member] Unknown version. Returning version choices. {{(pid=78700) process_request /opt/stack/glance/glance/api/middleware/version_negotiation.py:64}}
Jul 31 10:38:28 devstack devstack@g-api.service[78700]: [pid: 78700|app: 0|req: 9/16] 127.0.0.1 () {34 vars in 505 bytes} [Fri Jul 31 10:38:28 2026] GET / => generated 1571 bytes in 4 msecs (HTTP/1.1 300) 3 headers in 106 bytes (1 switches on core 0)
Jul 31 10:38:28 devstack devstack@g-api.service[78701]: DEBUG glance.api.middleware.version_negotiation [None req-f493cdd1-f87e-4c65-82cf-2234ce0fb9a9 tempest-DeleteServersTestJSON-819418394 tempest-DeleteServersTestJSON-819418394-project-member] Determining version of request: GET /v2/images/b429196b-9072-49ce-b54e-9693a9fd5306 Accept: */* {{(pid=78701) process_request /opt/stack/glance/glance/api/middleware/version_negotiation.py:44}}
Jul 31 10:38:28 devstack devstack@g-api.service[78701]: DEBUG glance.api.middleware.version_negotiation [None req-f493cdd1-f87e-4c65-82cf-2234ce0fb9a9 tempest-DeleteServersTestJSON-819418394 tempest-DeleteServersTestJSON-819418394-project-member] Using url versioning {{(pid=78701) process_request /opt/stack/glance/glance/api/middleware/version_negotiation.py:57}}
Jul 31 10:38:28 devstack devstack@g-api.service[78701]: DEBUG glance.api.middleware.version_negotiation [None req-f493cdd1-f87e-4c65-82cf-2234ce0fb9a9 tempest-DeleteServersTestJSON-819418394 tempest-DeleteServersTestJSON-819418394-project-member] Matched version: v2 {{(pid=78701) process_request /opt/stack/glance/glance/api/middleware/version_negotiation.py:69}}
Jul 31 10:38:28 devstack devstack@g-api.service[78701]: DEBUG glance.api.middleware.version_negotiation [None req-f493cdd1-f87e-4c65-82cf-2234ce0fb9a9 tempest-DeleteServersTestJSON-819418394 tempest-DeleteServersTestJSON-819418394-project-member] new path /v2/images/b429196b-9072-49ce-b54e-9693a9fd5306 {{(pid=78701) process_request /opt/stack/glance/glance/api/middleware/version_negotiation.py:70}}
Jul 31 10:38:29 devstack devstack@g-api.service[78701]: [pid: 78701|app: 0|req: 8/17] 127.0.0.1 () {42 vars in 1061 bytes} [Fri Jul 31 10:38:28 2026] GET /v2/images/b429196b-9072-49ce-b54e-9693a9fd5306 => generated 976 bytes in 277 msecs (HTTP/1.1 200) 4 headers in 157 bytes (1 switches on core 0)
Jul 31 10:38:29 devstack devstack@g-api.service[78700]: DEBUG glance.api.middleware.version_negotiation [None req-f493cdd1-f87e-4c65-82cf-2234ce0fb9a9 tempest-DeleteServersTestJSON-819418394 tempest-DeleteServersTestJSON-819418394-project-member] Determining version of request: GET /v2/schemas/image Accept: */* {{(pid=78700) process_request /opt/stack/glance/glance/api/middleware/version_negotiation.py:44}}
Jul 31 10:38:29 devstack devstack@g-api.service[78700]: DEBUG glance.api.middleware.version_negotiation [None req-f493cdd1-f87e-4c65-82cf-2234ce0fb9a9 tempest-DeleteServersTestJSON-819418394 tempest-DeleteServersTestJSON-819418394-project-member] Using url versioning {{(pid=78700) process_request /opt/stack/glance/glance/api/middleware/version_negotiation.py:57}}
Jul 31 10:38:29 devstack devstack@g-api.service[78700]: DEBUG glance.api.middleware.version_negotiation [None req-f493cdd1-f87e-4c65-82cf-2234ce0fb9a9 tempest-DeleteServersTestJSON-819418394 tempest-DeleteServersTestJSON-819418394-project-member] Matched version: v2 {{(pid=78700) process_request /opt/stack/glance/glance/api/middleware/version_negotiation.py:69}}
Jul 31 10:38:29 devstack devstack@g-api.service[78700]: DEBUG glance.api.middleware.version_negotiation [None req-f493cdd1-f87e-4c65-82cf-2234ce0fb9a9 tempest-DeleteServersTestJSON-819418394 tempest-DeleteServersTestJSON-819418394-project-member] new path /v2/schemas/image {{(pid=78700) process_request /opt/stack/glance/glance/api/middleware/version_negotiation.py:70}}
Jul 31 10:38:29 devstack devstack@g-api.service[78700]: [pid: 78700|app: 0|req: 10/18] 127.0.0.1 () {42 vars in 1001 bytes} [Fri Jul 31 10:38:29 2026] GET /v2/schemas/image => generated 6083 bytes in 9 msecs (HTTP/1.1 200) 4 headers in 158 bytes (1 switches on core 0)
Jul 31 10:38:32 devstack devstack@g-api.service[78700]: DEBUG dbcounter [-] [78700] Writing DB stats glance:SELECT=2 {{(pid=78700) stat_writer /opt/stack/data/venv/lib/python3.12/site-packages/dbcounter.py:115}}
Jul 31 10:38:37 devstack devstack@g-api.service[78701]: DEBUG glance.api.middleware.version_negotiation [None req-a6ada953-da77-41e1-b1b0-c0d23732a6ca tempest-ServerRescueNegativeTestJSON-1298829817 tempest-ServerRescueNegativeTestJSON-1298829817-project-member] Determining version of request: GET /v2/images/b429196b-9072-49ce-b54e-9693a9fd5306 Accept: */* {{(pid=78701) process_request /opt/stack/glance/glance/api/middleware/version_negotiation.py:44}}
Jul 31 10:38:37 devstack devstack@g-api.service[78701]: DEBUG glance.api.middleware.version_negotiation [None req-a6ada953-da77-41e1-b1b0-c0d23732a6ca tempest-ServerRescueNegativeTestJSON-1298829817 tempest-ServerRescueNegativeTestJSON-1298829817-project-member] Using url versioning {{(pid=78701) process_request /opt/stack/glance/glance/api/middleware/version_negotiation.py:57}}
Jul 31 10:38:37 devstack devstack@g-api.service[78701]: DEBUG glance.api.middleware.version_negotiation [None req-a6ada953-da77-41e1-b1b0-c0d23732a6ca tempest-ServerRescueNegativeTestJSON-1298829817 tempest-ServerRescueNegativeTestJSON-1298829817-project-member] Matched version: v2 {{(pid=78701) process_request /opt/stack/glance/glance/api/middleware/version_negotiation.py:69}}
Jul 31 10:38:37 devstack devstack@g-api.service[78701]: DEBUG glance.api.middleware.version_negotiation [None req-a6ada953-da77-41e1-b1b0-c0d23732a6ca tempest-ServerRescueNegativeTestJSON-1298829817 tempest-ServerRescueNegativeTestJSON-1298829817-project-member] new path /v2/images/b429196b-9072-49ce-b54e-9693a9fd5306 {{(pid=78701) process_request /opt/stack/glance/glance/api/middleware/version_negotiation.py:70}}
Jul 31 10:38:37 devstack devstack@g-api.service[78701]: [pid: 78701|app: 0|req: 9/19] 127.0.0.1 () {42 vars in 1061 bytes} [Fri Jul 31 10:38:37 2026] GET /v2/images/b429196b-9072-49ce-b54e-9693a9fd5306 => generated 976 bytes in 287 msecs (HTTP/1.1 200) 4 headers in 157 bytes (1 switches on core 0)
Jul 31 10:38:37 devstack devstack@g-api.service[78700]: DEBUG glance.api.middleware.version_negotiation [None req-a6ada953-da77-41e1-b1b0-c0d23732a6ca tempest-ServerRescueNegativeTestJSON-1298829817 tempest-ServerRescueNegativeTestJSON-1298829817-project-member] Determining version of request: GET /v2/images/b429196b-9072-49ce-b54e-9693a9fd5306/file Accept: */* {{(pid=78700) process_request /opt/stack/glance/glance/api/middleware/version_negotiation.py:44}}
Jul 31 10:38:37 devstack devstack@g-api.service[78700]: DEBUG glance.api.middleware.version_negotiation [None req-a6ada953-da77-41e1-b1b0-c0d23732a6ca tempest-ServerRescueNegativeTestJSON-1298829817 tempest-ServerRescueNegativeTestJSON-1298829817-project-member] Using url versioning {{(pid=78700) process_request /opt/stack/glance/glance/api/middleware/version_negotiation.py:57}}
Jul 31 10:38:37 devstack devstack@g-api.service[78700]: DEBUG glance.api.middleware.version_negotiation [None req-a6ada953-da77-41e1-b1b0-c0d23732a6ca tempest-ServerRescueNegativeTestJSON-1298829817 tempest-ServerRescueNegativeTestJSON-1298829817-project-member] Matched version: v2 {{(pid=78700) process_request /opt/stack/glance/glance/api/middleware/version_negotiation.py:69}}
Jul 31 10:38:37 devstack devstack@g-api.service[78700]: DEBUG glance.api.middleware.version_negotiation [None req-a6ada953-da77-41e1-b1b0-c0d23732a6ca tempest-ServerRescueNegativeTestJSON-1298829817 tempest-ServerRescueNegativeTestJSON-1298829817-project-member] new path /v2/images/b429196b-9072-49ce-b54e-9693a9fd5306/file {{(pid=78700) process_request /opt/stack/glance/glance/api/middleware/version_negotiation.py:70}}
Jul 31 10:38:37 devstack devstack@g-api.service[78700]: DEBUG glance_store._drivers.filesystem [None req-f493cdd1-f87e-4c65-82cf-2234ce0fb9a9 tempest-DeleteServersTestJSON-819418394 tempest-DeleteServersTestJSON-819418394-project-member] Found image at /opt/stack/data/glance/images/b429196b-9072-49ce-b54e-9693a9fd5306. Returning in ChunkedFile. {{(pid=78700) get /opt/stack/data/venv/lib/python3.12/site-packages/glance_store/_drivers/filesystem.py:724}}
Jul 31 10:38:37 devstack devstack@g-api.service[78700]: DEBUG glance.image_cache [None req-f493cdd1-f87e-4c65-82cf-2234ce0fb9a9 tempest-DeleteServersTestJSON-819418394 tempest-DeleteServersTestJSON-819418394-project-member] Tee'ing image 'b429196b-9072-49ce-b54e-9693a9fd5306' into cache {{(pid=78700) get_caching_iter /opt/stack/glance/glance/image_cache/__init__.py:356}}
Jul 31 10:38:38 devstack devstack@g-api.service[78700]: DEBUG glance.image_cache.drivers.centralized_db [None req-f493cdd1-f87e-4c65-82cf-2234ce0fb9a9 tempest-DeleteServersTestJSON-819418394 tempest-DeleteServersTestJSON-819418394-project-member] Fetch finished, moving '/opt/stack/data/glance/cache/incomplete/b429196b-9072-49ce-b54e-9693a9fd5306' to '/opt/stack/data/glance/cache/b429196b-9072-49ce-b54e-9693a9fd5306' {{(pid=78700) commit /opt/stack/glance/glance/image_cache/drivers/centralized_db.py:243}}
Jul 31 10:38:38 devstack devstack@g-api.service[78700]: DEBUG glance.image_cache.drivers.centralized_db [None req-f493cdd1-f87e-4c65-82cf-2234ce0fb9a9 tempest-DeleteServersTestJSON-819418394 tempest-DeleteServersTestJSON-819418394-project-member] Image cached successfully. {{(pid=78700) commit /opt/stack/glance/glance/image_cache/drivers/centralized_db.py:258}}
Jul 31 10:38:38 devstack devstack@g-api.service[78700]: [pid: 78700|app: 0|req: 11/20] 127.0.0.1 () {42 vars in 1071 bytes} [Fri Jul 31 10:38:37 2026] GET /v2/images/b429196b-9072-49ce-b54e-9693a9fd5306/file => generated 21692416 bytes in 678 msecs (HTTP/1.1 200) 4 headers in 191 bytes (337 switches on core 0)
Jul 31 10:38:38 devstack devstack@g-api.service[78701]: DEBUG glance.api.middleware.version_negotiation [None req-f493cdd1-f87e-4c65-82cf-2234ce0fb9a9 tempest-DeleteServersTestJSON-819418394 tempest-DeleteServersTestJSON-819418394-project-member] Determining version of request: GET /v2/images/b429196b-9072-49ce-b54e-9693a9fd5306 Accept: */* {{(pid=78701) process_request /opt/stack/glance/glance/api/middleware/version_negotiation.py:44}}
Jul 31 10:38:38 devstack devstack@g-api.service[78701]: DEBUG glance.api.middleware.version_negotiation [None req-f493cdd1-f87e-4c65-82cf-2234ce0fb9a9 tempest-DeleteServersTestJSON-819418394 tempest-DeleteServersTestJSON-819418394-project-member] Using url versioning {{(pid=78701) process_request /opt/stack/glance/glance/api/middleware/version_negotiation.py:57}}
Jul 31 10:38:38 devstack devstack@g-api.service[78701]: DEBUG glance.api.middleware.version_negotiation [None req-f493cdd1-f87e-4c65-82cf-2234ce0fb9a9 tempest-DeleteServersTestJSON-819418394 tempest-DeleteServersTestJSON-819418394-project-member] Matched version: v2 {{(pid=78701) process_request /opt/stack/glance/glance/api/middleware/version_negotiation.py:69}}
Jul 31 10:38:38 devstack devstack@g-api.service[78701]: DEBUG glance.api.middleware.version_negotiation [None req-f493cdd1-f87e-4c65-82cf-2234ce0fb9a9 tempest-DeleteServersTestJSON-819418394 tempest-DeleteServersTestJSON-819418394-project-member] new path /v2/images/b429196b-9072-49ce-b54e-9693a9fd5306 {{(pid=78701) process_request /opt/stack/glance/glance/api/middleware/version_negotiation.py:70}}
Jul 31 10:38:38 devstack devstack@g-api.service[78701]: [pid: 78701|app: 0|req: 10/21] 127.0.0.1 () {42 vars in 1061 bytes} [Fri Jul 31 10:38:38 2026] GET /v2/images/b429196b-9072-49ce-b54e-9693a9fd5306 => generated 976 bytes in 56 msecs (HTTP/1.1 200) 4 headers in 157 bytes (1 switches on core 0)
Jul 31 10:38:38 devstack devstack@g-api.service[78700]: DEBUG glance.api.middleware.version_negotiation [None req-f493cdd1-f87e-4c65-82cf-2234ce0fb9a9 tempest-DeleteServersTestJSON-819418394 tempest-DeleteServersTestJSON-819418394-project-member] Determining version of request: GET /v2/schemas/image Accept: */* {{(pid=78700) process_request /opt/stack/glance/glance/api/middleware/version_negotiation.py:44}}
Jul 31 10:38:38 devstack devstack@g-api.service[78700]: DEBUG glance.api.middleware.version_negotiation [None req-f493cdd1-f87e-4c65-82cf-2234ce0fb9a9 tempest-DeleteServersTestJSON-819418394 tempest-DeleteServersTestJSON-819418394-project-member] Using url versioning {{(pid=78700) process_request /opt/stack/glance/glance/api/middleware/version_negotiation.py:57}}
Jul 31 10:38:38 devstack devstack@g-api.service[78700]: DEBUG glance.api.middleware.version_negotiation [None req-f493cdd1-f87e-4c65-82cf-2234ce0fb9a9 tempest-DeleteServersTestJSON-819418394 tempest-DeleteServersTestJSON-819418394-project-member] Matched version: v2 {{(pid=78700) process_request /opt/stack/glance/glance/api/middleware/version_negotiation.py:69}}
Jul 31 10:38:38 devstack devstack@g-api.service[78700]: DEBUG glance.api.middleware.version_negotiation [None req-f493cdd1-f87e-4c65-82cf-2234ce0fb9a9 tempest-DeleteServersTestJSON-819418394 tempest-DeleteServersTestJSON-819418394-project-member] new path /v2/schemas/image {{(pid=78700) process_request /opt/stack/glance/glance/api/middleware/version_negotiation.py:70}}
Jul 31 10:38:38 devstack devstack@g-api.service[78700]: [pid: 78700|app: 0|req: 12/22] 127.0.0.1 () {42 vars in 1001 bytes} [Fri Jul 31 10:38:38 2026] GET /v2/schemas/image => generated 6083 bytes in 11 msecs (HTTP/1.1 200) 4 headers in 158 bytes (1 switches on core 0)
Jul 31 10:38:45 devstack devstack@g-api.service[78701]: DEBUG glance.api.middleware.version_negotiation [None req-f493cdd1-f87e-4c65-82cf-2234ce0fb9a9 tempest-DeleteServersTestJSON-819418394 tempest-DeleteServersTestJSON-819418394-project-member] Determining version of request: GET /v2/images/b429196b-9072-49ce-b54e-9693a9fd5306 Accept: */* {{(pid=78701) process_request /opt/stack/glance/glance/api/middleware/version_negotiation.py:44}}
Jul 31 10:38:45 devstack devstack@g-api.service[78701]: DEBUG glance.api.middleware.version_negotiation [None req-f493cdd1-f87e-4c65-82cf-2234ce0fb9a9 tempest-DeleteServersTestJSON-819418394 tempest-DeleteServersTestJSON-819418394-project-member] Using url versioning {{(pid=78701) process_request /opt/stack/glance/glance/api/middleware/version_negotiation.py:57}}
Jul 31 10:38:45 devstack devstack@g-api.service[78701]: DEBUG glance.api.middleware.version_negotiation [None req-f493cdd1-f87e-4c65-82cf-2234ce0fb9a9 tempest-DeleteServersTestJSON-819418394 tempest-DeleteServersTestJSON-819418394-project-member] Matched version: v2 {{(pid=78701) process_request /opt/stack/glance/glance/api/middleware/version_negotiation.py:69}}
Jul 31 10:38:45 devstack devstack@g-api.service[78701]: DEBUG glance.api.middleware.version_negotiation [None req-f493cdd1-f87e-4c65-82cf-2234ce0fb9a9 tempest-DeleteServersTestJSON-819418394 tempest-DeleteServersTestJSON-819418394-project-member] new path /v2/images/b429196b-9072-49ce-b54e-9693a9fd5306 {{(pid=78701) process_request /opt/stack/glance/glance/api/middleware/version_negotiation.py:70}}
Jul 31 10:38:45 devstack devstack@g-api.service[78701]: [pid: 78701|app: 0|req: 11/23] 127.0.0.1 () {42 vars in 1061 bytes} [Fri Jul 31 10:38:45 2026] GET /v2/images/b429196b-9072-49ce-b54e-9693a9fd5306 => generated 976 bytes in 26 msecs (HTTP/1.1 200) 4 headers in 157 bytes (1 switches on core 0)
Jul 31 10:38:45 devstack devstack@g-api.service[78700]: DEBUG glance.api.middleware.version_negotiation [None req-f493cdd1-f87e-4c65-82cf-2234ce0fb9a9 tempest-DeleteServersTestJSON-819418394 tempest-DeleteServersTestJSON-819418394-project-member] Determining version of request: GET /v2/schemas/image Accept: */* {{(pid=78700) process_request /opt/stack/glance/glance/api/middleware/version_negotiation.py:44}}
Jul 31 10:38:45 devstack devstack@g-api.service[78700]: DEBUG glance.api.middleware.version_negotiation [None req-f493cdd1-f87e-4c65-82cf-2234ce0fb9a9 tempest-DeleteServersTestJSON-819418394 tempest-DeleteServersTestJSON-819418394-project-member] Using url versioning {{(pid=78700) process_request /opt/stack/glance/glance/api/middleware/version_negotiation.py:57}}
Jul 31 10:38:45 devstack devstack@g-api.service[78700]: DEBUG glance.api.middleware.version_negotiation [None req-f493cdd1-f87e-4c65-82cf-2234ce0fb9a9 tempest-DeleteServersTestJSON-819418394 tempest-DeleteServersTestJSON-819418394-project-member] Matched version: v2 {{(pid=78700) process_request /opt/stack/glance/glance/api/middleware/version_negotiation.py:69}}
