Feb 13 18:17:03 devstack devstack@g-api.service[71603]: DEBUG glance.common.config [None req-c4a43673-aa6c-4e3d-b435-be84b663c9ce None None] barbican_service_user.cafile = None {{(pid=71603) log_opt_values /opt/stack/data/venv/lib/python3.10/site-packages/oslo_config/cfg.py:2824}}
Feb 13 18:17:03 devstack devstack@g-api.service[71603]: DEBUG glance.common.config [None req-c4a43673-aa6c-4e3d-b435-be84b663c9ce None None] barbican_service_user.certfile = None {{(pid=71603) log_opt_values /opt/stack/data/venv/lib/python3.10/site-packages/oslo_config/cfg.py:2824}}
Feb 13 18:17:03 devstack devstack@g-api.service[71603]: DEBUG glance.common.config [None req-c4a43673-aa6c-4e3d-b435-be84b663c9ce None None] barbican_service_user.collect_timing = False {{(pid=71603) log_opt_values /opt/stack/data/venv/lib/python3.10/site-packages/oslo_config/cfg.py:2824}}
Feb 13 18:17:03 devstack devstack@g-api.service[71603]: DEBUG glance.common.config [None req-c4a43673-aa6c-4e3d-b435-be84b663c9ce None None] barbican_service_user.insecure = False {{(pid=71603) log_opt_values /opt/stack/data/venv/lib/python3.10/site-packages/oslo_config/cfg.py:2824}}
Feb 13 18:17:03 devstack devstack@g-api.service[71603]: DEBUG glance.common.config [None req-c4a43673-aa6c-4e3d-b435-be84b663c9ce None None] barbican_service_user.keyfile = None {{(pid=71603) log_opt_values /opt/stack/data/venv/lib/python3.10/site-packages/oslo_config/cfg.py:2824}}
Feb 13 18:17:03 devstack devstack@g-api.service[71603]: DEBUG glance.common.config [None req-c4a43673-aa6c-4e3d-b435-be84b663c9ce None None] barbican_service_user.split_loggers = False {{(pid=71603) log_opt_values /opt/stack/data/venv/lib/python3.10/site-packages/oslo_config/cfg.py:2824}}
Feb 13 18:17:03 devstack devstack@g-api.service[71603]: DEBUG glance.common.config [None req-c4a43673-aa6c-4e3d-b435-be84b663c9ce None None] barbican_service_user.timeout = None {{(pid=71603) log_opt_values /opt/stack/data/venv/lib/python3.10/site-packages/oslo_config/cfg.py:2824}}
Feb 13 18:17:03 devstack devstack@g-api.service[71603]: DEBUG glance.common.config [None req-c4a43673-aa6c-4e3d-b435-be84b663c9ce None None] database.asyncio_connection = **** {{(pid=71603) log_opt_values /opt/stack/data/venv/lib/python3.10/site-packages/oslo_config/cfg.py:2824}}
Feb 13 18:17:03 devstack devstack@g-api.service[71603]: DEBUG glance.common.config [None req-c4a43673-aa6c-4e3d-b435-be84b663c9ce None None] database.asyncio_slave_connection = **** {{(pid=71603) log_opt_values /opt/stack/data/venv/lib/python3.10/site-packages/oslo_config/cfg.py:2824}}
Feb 13 18:17:03 devstack devstack@g-api.service[71603]: DEBUG glance.common.config [None req-c4a43673-aa6c-4e3d-b435-be84b663c9ce None None] database.backend = sqlalchemy {{(pid=71603) log_opt_values /opt/stack/data/venv/lib/python3.10/site-packages/oslo_config/cfg.py:2824}}
Feb 13 18:17:03 devstack devstack@g-api.service[71603]: DEBUG glance.common.config [None req-c4a43673-aa6c-4e3d-b435-be84b663c9ce None None] database.connection = **** {{(pid=71603) log_opt_values /opt/stack/data/venv/lib/python3.10/site-packages/oslo_config/cfg.py:2824}}
Feb 13 18:17:03 devstack devstack@g-api.service[71603]: DEBUG glance.common.config [None req-c4a43673-aa6c-4e3d-b435-be84b663c9ce None None] database.connection_debug = 0 {{(pid=71603) log_opt_values /opt/stack/data/venv/lib/python3.10/site-packages/oslo_config/cfg.py:2824}}
Feb 13 18:17:03 devstack devstack@g-api.service[71603]: DEBUG glance.common.config [None req-c4a43673-aa6c-4e3d-b435-be84b663c9ce None None] database.connection_parameters = {{(pid=71603) log_opt_values /opt/stack/data/venv/lib/python3.10/site-packages/oslo_config/cfg.py:2824}}
Feb 13 18:17:03 devstack devstack@g-api.service[71603]: DEBUG glance.common.config [None req-c4a43673-aa6c-4e3d-b435-be84b663c9ce None None] database.connection_recycle_time = 3600 {{(pid=71603) log_opt_values /opt/stack/data/venv/lib/python3.10/site-packages/oslo_config/cfg.py:2824}}
Feb 13 18:17:03 devstack devstack@g-api.service[71603]: DEBUG glance.common.config [None req-c4a43673-aa6c-4e3d-b435-be84b663c9ce None None] database.connection_trace = False {{(pid=71603) log_opt_values /opt/stack/data/venv/lib/python3.10/site-packages/oslo_config/cfg.py:2824}}
Feb 13 18:17:03 devstack devstack@g-api.service[71603]: DEBUG glance.common.config [None req-c4a43673-aa6c-4e3d-b435-be84b663c9ce None None] database.db_inc_retry_interval = True {{(pid=71603) log_opt_values /opt/stack/data/venv/lib/python3.10/site-packages/oslo_config/cfg.py:2824}}
Feb 13 18:17:03 devstack devstack@g-api.service[71603]: DEBUG glance.common.config [None req-c4a43673-aa6c-4e3d-b435-be84b663c9ce None None] database.db_max_retries = 20 {{(pid=71603) log_opt_values /opt/stack/data/venv/lib/python3.10/site-packages/oslo_config/cfg.py:2824}}
Feb 13 18:17:03 devstack devstack@g-api.service[71603]: DEBUG glance.common.config [None req-c4a43673-aa6c-4e3d-b435-be84b663c9ce None None] database.db_max_retry_interval = 10 {{(pid=71603) log_opt_values /opt/stack/data/venv/lib/python3.10/site-packages/oslo_config/cfg.py:2824}}
Feb 13 18:17:03 devstack devstack@g-api.service[71603]: DEBUG glance.common.config [None req-c4a43673-aa6c-4e3d-b435-be84b663c9ce None None] database.db_retry_interval = 1 {{(pid=71603) log_opt_values /opt/stack/data/venv/lib/python3.10/site-packages/oslo_config/cfg.py:2824}}
Feb 13 18:17:03 devstack devstack@g-api.service[71603]: DEBUG glance.common.config [None req-c4a43673-aa6c-4e3d-b435-be84b663c9ce None None] database.max_overflow = 50 {{(pid=71603) log_opt_values /opt/stack/data/venv/lib/python3.10/site-packages/oslo_config/cfg.py:2824}}
Feb 13 18:17:03 devstack devstack@g-api.service[71603]: DEBUG glance.common.config [None req-c4a43673-aa6c-4e3d-b435-be84b663c9ce None None] database.max_pool_size = 5 {{(pid=71603) log_opt_values /opt/stack/data/venv/lib/python3.10/site-packages/oslo_config/cfg.py:2824}}
Feb 13 18:17:03 devstack devstack@g-api.service[71603]: DEBUG glance.common.config [None req-c4a43673-aa6c-4e3d-b435-be84b663c9ce None None] database.max_retries = 10 {{(pid=71603) log_opt_values /opt/stack/data/venv/lib/python3.10/site-packages/oslo_config/cfg.py:2824}}
Feb 13 18:17:03 devstack devstack@g-api.service[71603]: DEBUG glance.common.config [None req-c4a43673-aa6c-4e3d-b435-be84b663c9ce None None] database.mysql_sql_mode = TRADITIONAL {{(pid=71603) log_opt_values /opt/stack/data/venv/lib/python3.10/site-packages/oslo_config/cfg.py:2824}}
Feb 13 18:17:03 devstack devstack@g-api.service[71603]: DEBUG glance.common.config [None req-c4a43673-aa6c-4e3d-b435-be84b663c9ce None None] database.mysql_wsrep_sync_wait = None {{(pid=71603) log_opt_values /opt/stack/data/venv/lib/python3.10/site-packages/oslo_config/cfg.py:2824}}
Feb 13 18:17:03 devstack devstack@g-api.service[71603]: DEBUG glance.common.config [None req-c4a43673-aa6c-4e3d-b435-be84b663c9ce None None] database.pool_timeout = None {{(pid=71603) log_opt_values /opt/stack/data/venv/lib/python3.10/site-packages/oslo_config/cfg.py:2824}}
Feb 13 18:17:03 devstack devstack@g-api.service[71603]: DEBUG glance.common.config [None req-c4a43673-aa6c-4e3d-b435-be84b663c9ce None None] database.retry_interval = 10 {{(pid=71603) log_opt_values /opt/stack/data/venv/lib/python3.10/site-packages/oslo_config/cfg.py:2824}}
Feb 13 18:17:03 devstack devstack@g-api.service[71603]: DEBUG glance.common.config [None req-c4a43673-aa6c-4e3d-b435-be84b663c9ce None None] database.slave_connection = **** {{(pid=71603) log_opt_values /opt/stack/data/venv/lib/python3.10/site-packages/oslo_config/cfg.py:2824}}
Feb 13 18:17:03 devstack devstack@g-api.service[71603]: DEBUG glance.common.config [None req-c4a43673-aa6c-4e3d-b435-be84b663c9ce None None] database.sqlite_synchronous = True {{(pid=71603) log_opt_values /opt/stack/data/venv/lib/python3.10/site-packages/oslo_config/cfg.py:2824}}
Feb 13 18:17:03 devstack devstack@g-api.service[71603]: DEBUG glance.common.config [None req-c4a43673-aa6c-4e3d-b435-be84b663c9ce None None] database.synchronous_reader = True {{(pid=71603) log_opt_values /opt/stack/data/venv/lib/python3.10/site-packages/oslo_config/cfg.py:2824}}
Feb 13 18:17:03 devstack devstack@g-api.service[71603]: DEBUG glance.common.config [None req-c4a43673-aa6c-4e3d-b435-be84b663c9ce None None] database.use_db_reconnect = False {{(pid=71603) log_opt_values /opt/stack/data/venv/lib/python3.10/site-packages/oslo_config/cfg.py:2824}}
Feb 13 18:17:03 devstack devstack@g-api.service[71603]: DEBUG glance.common.config [None req-c4a43673-aa6c-4e3d-b435-be84b663c9ce None None] healthcheck.allowed_source_ranges = [] {{(pid=71603) log_opt_values /opt/stack/data/venv/lib/python3.10/site-packages/oslo_config/cfg.py:2824}}
Feb 13 18:17:03 devstack devstack@g-api.service[71603]: DEBUG glance.common.config [None req-c4a43673-aa6c-4e3d-b435-be84b663c9ce None None] healthcheck.backends = ['disable_by_file'] {{(pid=71603) log_opt_values /opt/stack/data/venv/lib/python3.10/site-packages/oslo_config/cfg.py:2824}}
Feb 13 18:17:03 devstack devstack@g-api.service[71603]: DEBUG glance.common.config [None req-c4a43673-aa6c-4e3d-b435-be84b663c9ce None None] healthcheck.detailed = False {{(pid=71603) log_opt_values /opt/stack/data/venv/lib/python3.10/site-packages/oslo_config/cfg.py:2824}}
Feb 13 18:17:03 devstack devstack@g-api.service[71603]: DEBUG glance.common.config [None req-c4a43673-aa6c-4e3d-b435-be84b663c9ce None None] healthcheck.disable_by_file_path = None {{(pid=71603) log_opt_values /opt/stack/data/venv/lib/python3.10/site-packages/oslo_config/cfg.py:2824}}
Feb 13 18:17:03 devstack devstack@g-api.service[71603]: DEBUG glance.common.config [None req-c4a43673-aa6c-4e3d-b435-be84b663c9ce None None] healthcheck.ignore_proxied_requests = False {{(pid=71603) log_opt_values /opt/stack/data/venv/lib/python3.10/site-packages/oslo_config/cfg.py:2824}}
Feb 13 18:17:03 devstack devstack@g-api.service[71603]: DEBUG glance.common.config [None req-c4a43673-aa6c-4e3d-b435-be84b663c9ce None None] ******************************************************************************** {{(pid=71603) log_opt_values /opt/stack/data/venv/lib/python3.10/site-packages/oslo_config/cfg.py:2828}}
Feb 13 18:17:03 devstack devstack@g-api.service[71603]: WSGI app 0 (mountpoint='') ready in 4 seconds on interpreter 0x55d33c6666a0 pid: 71603 (default app)
Feb 13 18:17:05 devstack devstack@g-api.service[71602]: DEBUG glance.api.middleware.version_negotiation [None req-cc393e08-9499-4a5c-a6f9-4ba8e6c067ca None None] Determining version of request: GET / Accept: application/json {{(pid=71602) process_request /opt/stack/glance/glance/api/middleware/version_negotiation.py:44}}
Feb 13 18:17:05 devstack devstack@g-api.service[71602]: DEBUG glance.api.middleware.version_negotiation [None req-cc393e08-9499-4a5c-a6f9-4ba8e6c067ca None None] Using url versioning {{(pid=71602) process_request /opt/stack/glance/glance/api/middleware/version_negotiation.py:57}}
Feb 13 18:17:05 devstack devstack@g-api.service[71602]: DEBUG glance.api.middleware.version_negotiation [None req-cc393e08-9499-4a5c-a6f9-4ba8e6c067ca None None] Unknown version. Returning version choices. {{(pid=71602) process_request /opt/stack/glance/glance/api/middleware/version_negotiation.py:64}}
Feb 13 18:17:05 devstack devstack@g-api.service[71602]: [pid: 71602|app: 0|req: 2/2] 127.0.0.1 () {34 vars in 516 bytes} [Fri Feb 13 18:17:05 2026] GET / => generated 1446 bytes in 2 msecs (HTTP/1.1 300) 3 headers in 106 bytes (1 switches on core 0)
Feb 13 18:17:05 devstack devstack@g-api.service[71603]: DEBUG glance.api.middleware.version_negotiation [None req-c4a43673-aa6c-4e3d-b435-be84b663c9ce None None] Determining version of request: POST /v2/images Accept: */* {{(pid=71603) process_request /opt/stack/glance/glance/api/middleware/version_negotiation.py:44}}
Feb 13 18:17:05 devstack devstack@g-api.service[71603]: DEBUG glance.api.middleware.version_negotiation [None req-c4a43673-aa6c-4e3d-b435-be84b663c9ce None None] Using url versioning {{(pid=71603) process_request /opt/stack/glance/glance/api/middleware/version_negotiation.py:57}}
Feb 13 18:17:05 devstack devstack@g-api.service[71603]: DEBUG glance.api.middleware.version_negotiation [None req-c4a43673-aa6c-4e3d-b435-be84b663c9ce None None] Matched version: v2 {{(pid=71603) process_request /opt/stack/glance/glance/api/middleware/version_negotiation.py:69}}
Feb 13 18:17:05 devstack devstack@g-api.service[71603]: DEBUG glance.api.middleware.version_negotiation [None req-c4a43673-aa6c-4e3d-b435-be84b663c9ce None None] new path /v2/images {{(pid=71603) process_request /opt/stack/glance/glance/api/middleware/version_negotiation.py:70}}
Feb 13 18:17:06 devstack devstack@g-api.service[71603]: [pid: 71603|app: 0|req: 1/3] 127.0.0.1 () {40 vars in 779 bytes} [Fri Feb 13 18:17:05 2026] POST /v2/images => generated 807 bytes in 823 msecs (HTTP/1.1 201) 6 headers in 314 bytes (1 switches on core 0)
Feb 13 18:17:06 devstack devstack@g-api.service[71602]: DEBUG glance.api.middleware.version_negotiation [None req-cc393e08-9499-4a5c-a6f9-4ba8e6c067ca None None] Determining version of request: PUT /v2/images/3fb2b368-7de2-4991-817c-b4074ae66480/file Accept: {{(pid=71602) process_request /opt/stack/glance/glance/api/middleware/version_negotiation.py:44}}
Feb 13 18:17:06 devstack devstack@g-api.service[71602]: DEBUG glance.api.middleware.version_negotiation [None req-cc393e08-9499-4a5c-a6f9-4ba8e6c067ca None None] Using url versioning {{(pid=71602) process_request /opt/stack/glance/glance/api/middleware/version_negotiation.py:57}}
Feb 13 18:17:06 devstack devstack@g-api.service[71602]: DEBUG glance.api.middleware.version_negotiation [None req-cc393e08-9499-4a5c-a6f9-4ba8e6c067ca None None] Matched version: v2 {{(pid=71602) process_request /opt/stack/glance/glance/api/middleware/version_negotiation.py:69}}
Feb 13 18:17:06 devstack devstack@g-api.service[71602]: DEBUG glance.api.middleware.version_negotiation [None req-cc393e08-9499-4a5c-a6f9-4ba8e6c067ca None None] new path /v2/images/3fb2b368-7de2-4991-817c-b4074ae66480/file {{(pid=71602) process_request /opt/stack/glance/glance/api/middleware/version_negotiation.py:70}}
Feb 13 18:17:07 devstack devstack@g-api.service[71602]: INFO glance.api.v2.image_data [None req-d632e461-b9e5-4120-b2e9-ab5e05b71d85 admin admin] Unable to create trust: no such option collect_timing in group [keystone_authtoken] Use the existing user token.
Feb 13 18:17:07 devstack devstack@g-api.service[71602]: DEBUG glance.location [None req-d632e461-b9e5-4120-b2e9-ab5e05b71d85 admin admin] Enabling in-flight format inspection for qcow2 {{(pid=71602) set_data /opt/stack/glance/glance/location.py:616}}
Feb 13 18:17:07 devstack devstack@g-api.service[71602]: DEBUG oslo_utils.imageutils.format_inspector [None req-d632e461-b9e5-4120-b2e9-ab5e05b71d85 admin admin] Format inspector for vmdk does not match, excluding from consideration (Signature KDMV not found: b'QFI\xfb') {{(pid=71602) _process_chunk /opt/stack/data/venv/lib/python3.10/site-packages/oslo_utils/imageutils/format_inspector.py:1537}}
Feb 13 18:17:07 devstack devstack@g-api.service[71602]: DEBUG oslo_utils.imageutils.format_inspector [None req-d632e461-b9e5-4120-b2e9-ab5e05b71d85 admin admin] Format inspector for vhdx does not match, excluding from consideration (Region signature not found at 30000) {{(pid=71602) _process_chunk /opt/stack/data/venv/lib/python3.10/site-packages/oslo_utils/imageutils/format_inspector.py:1537}}
Feb 13 18:17:07 devstack devstack@g-api.service[71602]: DEBUG glance_store._drivers.filesystem [None req-d632e461-b9e5-4120-b2e9-ab5e05b71d85 admin admin] Wrote 21692416 bytes to /opt/stack/data/glance/images/3fb2b368-7de2-4991-817c-b4074ae66480 with checksum 87617e24a5e30cb3b87fda8c0764838f and multihash 9a9bce0083a00939ec17c11febbfc767aa211aaa54f51e75c5a8b271a9b5637c77205a518b7a2007cb391d23cceb01e0e4e8d64832317151bc85b734b92a7be0 {{(pid=71602) add /opt/stack/data/venv/lib/python3.10/site-packages/glance_store/_drivers/filesystem.py:794}}
Feb 13 18:17:07 devstack devstack@g-api.service[71602]: INFO glance.location [None req-d632e461-b9e5-4120-b2e9-ab5e05b71d85 admin admin] Image format matched and virtual size computed: 117440512
Feb 13 18:17:07 devstack devstack@g-api.service[71602]: DEBUG glance_store.backend [None req-d632e461-b9e5-4120-b2e9-ab5e05b71d85 admin admin] Skipping store.set_acls... not implemented. {{(pid=71602) set_acls /opt/stack/data/venv/lib/python3.10/site-packages/glance_store/backend.py:507}}
Feb 13 18:17:07 devstack devstack@g-api.service[71602]: [pid: 71602|app: 0|req: 3/4] 127.0.0.1 () {40 vars in 872 bytes} [Fri Feb 13 18:17:06 2026] PUT /v2/images/3fb2b368-7de2-4991-817c-b4074ae66480/file => generated 0 bytes in 1312 msecs (HTTP/1.1 204) 4 headers in 171 bytes (1 switches on core 0)
Feb 13 18:17:07 devstack devstack@g-api.service[71603]: DEBUG glance.api.middleware.version_negotiation [None req-40d5e996-6ded-4346-b42d-17b33a803bb2 admin admin] Determining version of request: GET /v2/images/3fb2b368-7de2-4991-817c-b4074ae66480 Accept: */* {{(pid=71603) process_request /opt/stack/glance/glance/api/middleware/version_negotiation.py:44}}
Feb 13 18:17:07 devstack devstack@g-api.service[71603]: DEBUG glance.api.middleware.version_negotiation [None req-40d5e996-6ded-4346-b42d-17b33a803bb2 admin admin] Using url versioning {{(pid=71603) process_request /opt/stack/glance/glance/api/middleware/version_negotiation.py:57}}
Feb 13 18:17:07 devstack devstack@g-api.service[71603]: DEBUG glance.api.middleware.version_negotiation [None req-40d5e996-6ded-4346-b42d-17b33a803bb2 admin admin] Matched version: v2 {{(pid=71603) process_request /opt/stack/glance/glance/api/middleware/version_negotiation.py:69}}
Feb 13 18:17:07 devstack devstack@g-api.service[71603]: DEBUG glance.api.middleware.version_negotiation [None req-40d5e996-6ded-4346-b42d-17b33a803bb2 admin admin] new path /v2/images/3fb2b368-7de2-4991-817c-b4074ae66480 {{(pid=71603) process_request /opt/stack/glance/glance/api/middleware/version_negotiation.py:70}}
Feb 13 18:17:07 devstack devstack@g-api.service[71603]: [pid: 71603|app: 0|req: 2/5] 127.0.0.1 () {36 vars in 799 bytes} [Fri Feb 13 18:17:07 2026] GET /v2/images/3fb2b368-7de2-4991-817c-b4074ae66480 => generated 976 bytes in 18 msecs (HTTP/1.1 200) 4 headers in 157 bytes (1 switches on core 0)
Feb 13 18:17:17 devstack devstack@g-api.service[71602]: DEBUG dbcounter [-] [71602] Writing DB stats glance:INSERT=5,glance:SELECT=16,glance:UPDATE=2 {{(pid=71602) stat_writer /opt/stack/data/venv/lib/python3.10/site-packages/dbcounter.py:115}}
Feb 13 18:17:17 devstack devstack@g-api.service[71603]: DEBUG dbcounter [-] [71603] Writing DB stats glance:INSERT=9,glance:SELECT=6 {{(pid=71603) stat_writer /opt/stack/data/venv/lib/python3.10/site-packages/dbcounter.py:115}}
Feb 13 18:17:35 devstack devstack@g-api.service[71602]: DEBUG glance.api.middleware.version_negotiation [None req-d632e461-b9e5-4120-b2e9-ab5e05b71d85 admin admin] Determining version of request: GET / Accept: application/json {{(pid=71602) process_request /opt/stack/glance/glance/api/middleware/version_negotiation.py:44}}
Feb 13 18:17:35 devstack devstack@g-api.service[71602]: DEBUG glance.api.middleware.version_negotiation [None req-d632e461-b9e5-4120-b2e9-ab5e05b71d85 admin admin] Using url versioning {{(pid=71602) process_request /opt/stack/glance/glance/api/middleware/version_negotiation.py:57}}
Feb 13 18:17:35 devstack devstack@g-api.service[71602]: DEBUG glance.api.middleware.version_negotiation [None req-d632e461-b9e5-4120-b2e9-ab5e05b71d85 admin admin] Unknown version. Returning version choices. {{(pid=71602) process_request /opt/stack/glance/glance/api/middleware/version_negotiation.py:64}}
Feb 13 18:17:35 devstack devstack@g-api.service[71602]: [pid: 71602|app: 0|req: 4/6] 127.0.0.1 () {34 vars in 516 bytes} [Fri Feb 13 18:17:35 2026] GET / => generated 1446 bytes in 2 msecs (HTTP/1.1 300) 3 headers in 106 bytes (1 switches on core 0)
Feb 13 18:17:35 devstack devstack@g-api.service[71603]: DEBUG glance.api.middleware.version_negotiation [None req-23113abc-f1e3-42bd-b630-272b1ca17ce4 admin admin] Determining version of request: GET /v2/images Accept: application/json {{(pid=71603) process_request /opt/stack/glance/glance/api/middleware/version_negotiation.py:44}}
Feb 13 18:17:35 devstack devstack@g-api.service[71603]: DEBUG glance.api.middleware.version_negotiation [None req-23113abc-f1e3-42bd-b630-272b1ca17ce4 admin admin] Using url versioning {{(pid=71603) process_request /opt/stack/glance/glance/api/middleware/version_negotiation.py:57}}
Feb 13 18:17:35 devstack devstack@g-api.service[71603]: DEBUG glance.api.middleware.version_negotiation [None req-23113abc-f1e3-42bd-b630-272b1ca17ce4 admin admin] Matched version: v2 {{(pid=71603) process_request /opt/stack/glance/glance/api/middleware/version_negotiation.py:69}}
Feb 13 18:17:35 devstack devstack@g-api.service[71603]: DEBUG glance.api.middleware.version_negotiation [None req-23113abc-f1e3-42bd-b630-272b1ca17ce4 admin admin] new path /v2/images {{(pid=71603) process_request /opt/stack/glance/glance/api/middleware/version_negotiation.py:70}}
Feb 13 18:17:35 devstack devstack@g-api.service[71603]: [pid: 71603|app: 0|req: 3/7] 127.0.0.1 () {36 vars in 738 bytes} [Fri Feb 13 18:17:35 2026] GET /v2/images => generated 1045 bytes in 62 msecs (HTTP/1.1 200) 4 headers in 158 bytes (1 switches on core 0)
Feb 13 18:17:40 devstack devstack@g-api.service[71602]: DEBUG glance.api.middleware.version_negotiation [None req-d632e461-b9e5-4120-b2e9-ab5e05b71d85 admin admin] Determining version of request: GET / Accept: application/json {{(pid=71602) process_request /opt/stack/glance/glance/api/middleware/version_negotiation.py:44}}
Feb 13 18:17:40 devstack devstack@g-api.service[71602]: DEBUG glance.api.middleware.version_negotiation [None req-d632e461-b9e5-4120-b2e9-ab5e05b71d85 admin admin] Using url versioning {{(pid=71602) process_request /opt/stack/glance/glance/api/middleware/version_negotiation.py:57}}
Feb 13 18:17:40 devstack devstack@g-api.service[71602]: DEBUG glance.api.middleware.version_negotiation [None req-d632e461-b9e5-4120-b2e9-ab5e05b71d85 admin admin] Unknown version. Returning version choices. {{(pid=71602) process_request /opt/stack/glance/glance/api/middleware/version_negotiation.py:64}}
Feb 13 18:17:40 devstack devstack@g-api.service[71602]: [pid: 71602|app: 0|req: 5/8] 127.0.0.1 () {34 vars in 516 bytes} [Fri Feb 13 18:17:40 2026] GET / => generated 1446 bytes in 3 msecs (HTTP/1.1 300) 3 headers in 106 bytes (1 switches on core 0)
Feb 13 18:17:40 devstack devstack@g-api.service[71603]: DEBUG glance.api.middleware.version_negotiation [None req-895814a7-b0e6-42ab-8a1d-7d5326092f81 admin admin] Determining version of request: GET /v2/images/3fb2b368-7de2-4991-817c-b4074ae66480 Accept: */* {{(pid=71603) process_request /opt/stack/glance/glance/api/middleware/version_negotiation.py:44}}
Feb 13 18:17:40 devstack devstack@g-api.service[71603]: DEBUG glance.api.middleware.version_negotiation [None req-895814a7-b0e6-42ab-8a1d-7d5326092f81 admin admin] Using url versioning {{(pid=71603) process_request /opt/stack/glance/glance/api/middleware/version_negotiation.py:57}}
Feb 13 18:17:40 devstack devstack@g-api.service[71603]: DEBUG glance.api.middleware.version_negotiation [None req-895814a7-b0e6-42ab-8a1d-7d5326092f81 admin admin] Matched version: v2 {{(pid=71603) process_request /opt/stack/glance/glance/api/middleware/version_negotiation.py:69}}
Feb 13 18:17:40 devstack devstack@g-api.service[71603]: DEBUG glance.api.middleware.version_negotiation [None req-895814a7-b0e6-42ab-8a1d-7d5326092f81 admin admin] new path /v2/images/3fb2b368-7de2-4991-817c-b4074ae66480 {{(pid=71603) process_request /opt/stack/glance/glance/api/middleware/version_negotiation.py:70}}
Feb 13 18:17:40 devstack devstack@g-api.service[71603]: [pid: 71603|app: 0|req: 4/9] 127.0.0.1 () {36 vars in 799 bytes} [Fri Feb 13 18:17:40 2026] GET /v2/images/3fb2b368-7de2-4991-817c-b4074ae66480 => generated 976 bytes in 43 msecs (HTTP/1.1 200) 4 headers in 157 bytes (1 switches on core 0)
Feb 13 18:17:46 devstack devstack@g-api.service[71602]: DEBUG glance.api.middleware.version_negotiation [None req-d632e461-b9e5-4120-b2e9-ab5e05b71d85 admin admin] Determining version of request: GET / Accept: application/json {{(pid=71602) process_request /opt/stack/glance/glance/api/middleware/version_negotiation.py:44}}
Feb 13 18:17:46 devstack devstack@g-api.service[71602]: DEBUG glance.api.middleware.version_negotiation [None req-d632e461-b9e5-4120-b2e9-ab5e05b71d85 admin admin] Using url versioning {{(pid=71602) process_request /opt/stack/glance/glance/api/middleware/version_negotiation.py:57}}
Feb 13 18:17:46 devstack devstack@g-api.service[71602]: DEBUG glance.api.middleware.version_negotiation [None req-d632e461-b9e5-4120-b2e9-ab5e05b71d85 admin admin] Unknown version. Returning version choices. {{(pid=71602) process_request /opt/stack/glance/glance/api/middleware/version_negotiation.py:64}}
Feb 13 18:17:46 devstack devstack@g-api.service[71602]: [pid: 71602|app: 0|req: 6/10] 127.0.0.1 () {34 vars in 516 bytes} [Fri Feb 13 18:17:46 2026] GET / => generated 1446 bytes in 3 msecs (HTTP/1.1 300) 3 headers in 106 bytes (1 switches on core 0)
Feb 13 18:17:46 devstack devstack@g-api.service[71603]: DEBUG glance.api.middleware.version_negotiation [None req-2b53697a-e9c9-41ed-9444-912bbf63e421 admin admin] Determining version of request: GET /v2/images/3fb2b368-7de2-4991-817c-b4074ae66480 Accept: */* {{(pid=71603) process_request /opt/stack/glance/glance/api/middleware/version_negotiation.py:44}}
Feb 13 18:17:46 devstack devstack@g-api.service[71603]: DEBUG glance.api.middleware.version_negotiation [None req-2b53697a-e9c9-41ed-9444-912bbf63e421 admin admin] Using url versioning {{(pid=71603) process_request /opt/stack/glance/glance/api/middleware/version_negotiation.py:57}}
Feb 13 18:17:46 devstack devstack@g-api.service[71603]: DEBUG glance.api.middleware.version_negotiation [None req-2b53697a-e9c9-41ed-9444-912bbf63e421 admin admin] Matched version: v2 {{(pid=71603) process_request /opt/stack/glance/glance/api/middleware/version_negotiation.py:69}}
Feb 13 18:17:46 devstack devstack@g-api.service[71603]: DEBUG glance.api.middleware.version_negotiation [None req-2b53697a-e9c9-41ed-9444-912bbf63e421 admin admin] new path /v2/images/3fb2b368-7de2-4991-817c-b4074ae66480 {{(pid=71603) process_request /opt/stack/glance/glance/api/middleware/version_negotiation.py:70}}
Feb 13 18:17:46 devstack devstack@g-api.service[71603]: [pid: 71603|app: 0|req: 5/11] 127.0.0.1 () {36 vars in 799 bytes} [Fri Feb 13 18:17:46 2026] GET /v2/images/3fb2b368-7de2-4991-817c-b4074ae66480 => generated 976 bytes in 46 msecs (HTTP/1.1 200) 4 headers in 157 bytes (1 switches on core 0)
Feb 13 18:17:56 devstack devstack@g-api.service[71603]: DEBUG dbcounter [-] [71603] Writing DB stats glance:SELECT=5 {{(pid=71603) stat_writer /opt/stack/data/venv/lib/python3.10/site-packages/dbcounter.py:115}}
Feb 13 18:19:05 devstack devstack@g-api.service[71602]: DEBUG glance.api.middleware.version_negotiation [None req-d632e461-b9e5-4120-b2e9-ab5e05b71d85 admin admin] Determining version of request: GET / Accept: application/json {{(pid=71602) process_request /opt/stack/glance/glance/api/middleware/version_negotiation.py:44}}
Feb 13 18:19:05 devstack devstack@g-api.service[71602]: DEBUG glance.api.middleware.version_negotiation [None req-d632e461-b9e5-4120-b2e9-ab5e05b71d85 admin admin] Using url versioning {{(pid=71602) process_request /opt/stack/glance/glance/api/middleware/version_negotiation.py:57}}
Feb 13 18:19:05 devstack devstack@g-api.service[71602]: DEBUG glance.api.middleware.version_negotiation [None req-d632e461-b9e5-4120-b2e9-ab5e05b71d85 admin admin] Unknown version. Returning version choices. {{(pid=71602) process_request /opt/stack/glance/glance/api/middleware/version_negotiation.py:64}}
Feb 13 18:19:05 devstack devstack@g-api.service[71602]: [pid: 71602|app: 0|req: 7/12] 127.0.0.1 () {36 vars in 487 bytes} [Fri Feb 13 18:19:05 2026] GET / => generated 1446 bytes in 2 msecs (HTTP/1.1 300) 3 headers in 106 bytes (1 switches on core 0)
Feb 13 18:19:52 devstack devstack@g-api.service[71603]: DEBUG glance.api.middleware.version_negotiation [None req-20b534ec-f620-40eb-be3e-ac50e534b79c admin admin] Determining version of request: GET / Accept: application/json {{(pid=71603) process_request /opt/stack/glance/glance/api/middleware/version_negotiation.py:44}}
Feb 13 18:19:52 devstack devstack@g-api.service[71603]: DEBUG glance.api.middleware.version_negotiation [None req-20b534ec-f620-40eb-be3e-ac50e534b79c admin admin] Using url versioning {{(pid=71603) process_request /opt/stack/glance/glance/api/middleware/version_negotiation.py:57}}
Feb 13 18:19:52 devstack devstack@g-api.service[71603]: DEBUG glance.api.middleware.version_negotiation [None req-20b534ec-f620-40eb-be3e-ac50e534b79c admin admin] Unknown version. Returning version choices. {{(pid=71603) process_request /opt/stack/glance/glance/api/middleware/version_negotiation.py:64}}
Feb 13 18:19:52 devstack devstack@g-api.service[71603]: [pid: 71603|app: 0|req: 6/13] 127.0.0.1 () {34 vars in 503 bytes} [Fri Feb 13 18:19:52 2026] GET / => generated 1446 bytes in 4 msecs (HTTP/1.1 300) 3 headers in 106 bytes (1 switches on core 0)
Feb 13 18:19:52 devstack devstack@g-api.service[71602]: DEBUG glance.api.middleware.version_negotiation [None req-d632e461-b9e5-4120-b2e9-ab5e05b71d85 admin admin] Determining version of request: GET /v2/images/3fb2b368-7de2-4991-817c-b4074ae66480 Accept: */* {{(pid=71602) process_request /opt/stack/glance/glance/api/middleware/version_negotiation.py:44}}
Feb 13 18:19:52 devstack devstack@g-api.service[71602]: DEBUG glance.api.middleware.version_negotiation [None req-d632e461-b9e5-4120-b2e9-ab5e05b71d85 admin admin] Using url versioning {{(pid=71602) process_request /opt/stack/glance/glance/api/middleware/version_negotiation.py:57}}
Feb 13 18:19:52 devstack devstack@g-api.service[71602]: DEBUG glance.api.middleware.version_negotiation [None req-d632e461-b9e5-4120-b2e9-ab5e05b71d85 admin admin] Matched version: v2 {{(pid=71602) process_request /opt/stack/glance/glance/api/middleware/version_negotiation.py:69}}
Feb 13 18:19:52 devstack devstack@g-api.service[71602]: DEBUG glance.api.middleware.version_negotiation [None req-d632e461-b9e5-4120-b2e9-ab5e05b71d85 admin admin] new path /v2/images/3fb2b368-7de2-4991-817c-b4074ae66480 {{(pid=71602) process_request /opt/stack/glance/glance/api/middleware/version_negotiation.py:70}}
Feb 13 18:19:52 devstack devstack@g-api.service[71603]: DEBUG glance.api.middleware.version_negotiation [None req-20b534ec-f620-40eb-be3e-ac50e534b79c admin admin] Determining version of request: GET / Accept: application/json {{(pid=71603) process_request /opt/stack/glance/glance/api/middleware/version_negotiation.py:44}}
Feb 13 18:19:52 devstack devstack@g-api.service[71603]: DEBUG glance.api.middleware.version_negotiation [None req-20b534ec-f620-40eb-be3e-ac50e534b79c admin admin] Using url versioning {{(pid=71603) process_request /opt/stack/glance/glance/api/middleware/version_negotiation.py:57}}
Feb 13 18:19:52 devstack devstack@g-api.service[71603]: DEBUG glance.api.middleware.version_negotiation [None req-20b534ec-f620-40eb-be3e-ac50e534b79c admin admin] Unknown version. Returning version choices. {{(pid=71603) process_request /opt/stack/glance/glance/api/middleware/version_negotiation.py:64}}
Feb 13 18:19:52 devstack devstack@g-api.service[71603]: [pid: 71603|app: 0|req: 7/14] 127.0.0.1 () {34 vars in 503 bytes} [Fri Feb 13 18:19:52 2026] GET / => generated 1446 bytes in 3 msecs (HTTP/1.1 300) 3 headers in 106 bytes (1 switches on core 0)
Feb 13 18:19:52 devstack devstack@g-api.service[71603]: DEBUG glance.api.middleware.version_negotiation [None req-20b534ec-f620-40eb-be3e-ac50e534b79c admin admin] Determining version of request: GET /v2/images/3fb2b368-7de2-4991-817c-b4074ae66480 Accept: */* {{(pid=71603) process_request /opt/stack/glance/glance/api/middleware/version_negotiation.py:44}}
Feb 13 18:19:52 devstack devstack@g-api.service[71603]: DEBUG glance.api.middleware.version_negotiation [None req-20b534ec-f620-40eb-be3e-ac50e534b79c admin admin] Using url versioning {{(pid=71603) process_request /opt/stack/glance/glance/api/middleware/version_negotiation.py:57}}
Feb 13 18:19:52 devstack devstack@g-api.service[71603]: DEBUG glance.api.middleware.version_negotiation [None req-20b534ec-f620-40eb-be3e-ac50e534b79c admin admin] Matched version: v2 {{(pid=71603) process_request /opt/stack/glance/glance/api/middleware/version_negotiation.py:69}}
Feb 13 18:19:52 devstack devstack@g-api.service[71603]: DEBUG glance.api.middleware.version_negotiation [None req-20b534ec-f620-40eb-be3e-ac50e534b79c admin admin] new path /v2/images/3fb2b368-7de2-4991-817c-b4074ae66480 {{(pid=71603) process_request /opt/stack/glance/glance/api/middleware/version_negotiation.py:70}}
Feb 13 18:19:53 devstack devstack@g-api.service[71602]: WARNING keystonemiddleware.auth_token [None req-d632e461-b9e5-4120-b2e9-ab5e05b71d85 admin admin] A valid token was submitted as a service token, but it was not a valid service token. This is incorrect but backwards compatible behaviour. This will be removed in future releases.
Feb 13 18:19:53 devstack devstack@g-api.service[71603]: WARNING keystonemiddleware.auth_token [None req-20b534ec-f620-40eb-be3e-ac50e534b79c admin admin] A valid token was submitted as a service token, but it was not a valid service token. This is incorrect but backwards compatible behaviour. This will be removed in future releases.
Feb 13 18:19:53 devstack devstack@g-api.service[71602]: [pid: 71602|app: 0|req: 8/15] 127.0.0.1 () {42 vars in 1058 bytes} [Fri Feb 13 18:19:52 2026] GET /v2/images/3fb2b368-7de2-4991-817c-b4074ae66480 => generated 976 bytes in 211 msecs (HTTP/1.1 200) 4 headers in 157 bytes (1 switches on core 0)
Feb 13 18:19:53 devstack devstack@g-api.service[71602]: DEBUG glance.api.middleware.version_negotiation [None req-195c8d48-0067-454d-8304-454dca10ea1e tempest-ServersNegativeTestJSON-380870053 tempest-ServersNegativeTestJSON-380870053-project-member] Determining version of request: GET /v2/schemas/image Accept: */* {{(pid=71602) process_request /opt/stack/glance/glance/api/middleware/version_negotiation.py:44}}
Feb 13 18:19:53 devstack devstack@g-api.service[71602]: DEBUG glance.api.middleware.version_negotiation [None req-195c8d48-0067-454d-8304-454dca10ea1e tempest-ServersNegativeTestJSON-380870053 tempest-ServersNegativeTestJSON-380870053-project-member] Using url versioning {{(pid=71602) process_request /opt/stack/glance/glance/api/middleware/version_negotiation.py:57}}
Feb 13 18:19:53 devstack devstack@g-api.service[71602]: DEBUG glance.api.middleware.version_negotiation [None req-195c8d48-0067-454d-8304-454dca10ea1e tempest-ServersNegativeTestJSON-380870053 tempest-ServersNegativeTestJSON-380870053-project-member] Matched version: v2 {{(pid=71602) process_request /opt/stack/glance/glance/api/middleware/version_negotiation.py:69}}
Feb 13 18:19:53 devstack devstack@g-api.service[71602]: DEBUG glance.api.middleware.version_negotiation [None req-195c8d48-0067-454d-8304-454dca10ea1e tempest-ServersNegativeTestJSON-380870053 tempest-ServersNegativeTestJSON-380870053-project-member] new path /v2/schemas/image {{(pid=71602) process_request /opt/stack/glance/glance/api/middleware/version_negotiation.py:70}}
Feb 13 18:19:53 devstack devstack@g-api.service[71603]: [pid: 71603|app: 0|req: 8/16] 127.0.0.1 () {42 vars in 1058 bytes} [Fri Feb 13 18:19:52 2026] GET /v2/images/3fb2b368-7de2-4991-817c-b4074ae66480 => generated 976 bytes in 138 msecs (HTTP/1.1 200) 4 headers in 157 bytes (1 switches on core 0)
Feb 13 18:19:53 devstack devstack@g-api.service[71603]: DEBUG glance.api.middleware.version_negotiation [None req-f9e6f2a7-4d1d-40a2-8be4-fdc1152912d0 tempest-DeleteServersTestJSON-1201300436 tempest-DeleteServersTestJSON-1201300436-project-member] Determining version of request: GET /v2/schemas/image Accept: */* {{(pid=71603) process_request /opt/stack/glance/glance/api/middleware/version_negotiation.py:44}}
Feb 13 18:19:53 devstack devstack@g-api.service[71603]: DEBUG glance.api.middleware.version_negotiation [None req-f9e6f2a7-4d1d-40a2-8be4-fdc1152912d0 tempest-DeleteServersTestJSON-1201300436 tempest-DeleteServersTestJSON-1201300436-project-member] Using url versioning {{(pid=71603) process_request /opt/stack/glance/glance/api/middleware/version_negotiation.py:57}}
Feb 13 18:19:53 devstack devstack@g-api.service[71603]: DEBUG glance.api.middleware.version_negotiation [None req-f9e6f2a7-4d1d-40a2-8be4-fdc1152912d0 tempest-DeleteServersTestJSON-1201300436 tempest-DeleteServersTestJSON-1201300436-project-member] Matched version: v2 {{(pid=71603) process_request /opt/stack/glance/glance/api/middleware/version_negotiation.py:69}}
Feb 13 18:19:53 devstack devstack@g-api.service[71603]: DEBUG glance.api.middleware.version_negotiation [None req-f9e6f2a7-4d1d-40a2-8be4-fdc1152912d0 tempest-DeleteServersTestJSON-1201300436 tempest-DeleteServersTestJSON-1201300436-project-member] new path /v2/schemas/image {{(pid=71603) process_request /opt/stack/glance/glance/api/middleware/version_negotiation.py:70}}
Feb 13 18:19:53 devstack devstack@g-api.service[71602]: [pid: 71602|app: 0|req: 9/17] 127.0.0.1 () {42 vars in 998 bytes} [Fri Feb 13 18:19:53 2026] GET /v2/schemas/image => generated 6083 bytes in 15 msecs (HTTP/1.1 200) 4 headers in 158 bytes (1 switches on core 0)
Feb 13 18:19:53 devstack devstack@g-api.service[71603]: [pid: 71603|app: 0|req: 9/18] 127.0.0.1 () {42 vars in 998 bytes} [Fri Feb 13 18:19:53 2026] GET /v2/schemas/image => generated 6083 bytes in 12 msecs (HTTP/1.1 200) 4 headers in 158 bytes (1 switches on core 0)
Feb 13 18:19:56 devstack devstack@g-api.service[71602]: DEBUG glance.api.middleware.version_negotiation [None req-195c8d48-0067-454d-8304-454dca10ea1e tempest-ServersNegativeTestJSON-380870053 tempest-ServersNegativeTestJSON-380870053-project-member] Determining version of request: GET /v2/images/3fb2b368-7de2-4991-817c-b4074ae66480 Accept: */* {{(pid=71602) process_request /opt/stack/glance/glance/api/middleware/version_negotiation.py:44}}
Feb 13 18:19:56 devstack devstack@g-api.service[71602]: DEBUG glance.api.middleware.version_negotiation [None req-195c8d48-0067-454d-8304-454dca10ea1e tempest-ServersNegativeTestJSON-380870053 tempest-ServersNegativeTestJSON-380870053-project-member] Using url versioning {{(pid=71602) process_request /opt/stack/glance/glance/api/middleware/version_negotiation.py:57}}
Feb 13 18:19:56 devstack devstack@g-api.service[71602]: DEBUG glance.api.middleware.version_negotiation [None req-195c8d48-0067-454d-8304-454dca10ea1e tempest-ServersNegativeTestJSON-380870053 tempest-ServersNegativeTestJSON-380870053-project-member] Matched version: v2 {{(pid=71602) process_request /opt/stack/glance/glance/api/middleware/version_negotiation.py:69}}
Feb 13 18:19:56 devstack devstack@g-api.service[71602]: DEBUG glance.api.middleware.version_negotiation [None req-195c8d48-0067-454d-8304-454dca10ea1e tempest-ServersNegativeTestJSON-380870053 tempest-ServersNegativeTestJSON-380870053-project-member] new path /v2/images/3fb2b368-7de2-4991-817c-b4074ae66480 {{(pid=71602) process_request /opt/stack/glance/glance/api/middleware/version_negotiation.py:70}}
Feb 13 18:19:56 devstack devstack@g-api.service[71602]: [pid: 71602|app: 0|req: 10/19] 127.0.0.1 () {42 vars in 1058 bytes} [Fri Feb 13 18:19:55 2026] GET /v2/images/3fb2b368-7de2-4991-817c-b4074ae66480 => generated 976 bytes in 31 msecs (HTTP/1.1 200) 4 headers in 157 bytes (1 switches on core 0)
Feb 13 18:19:56 devstack devstack@g-api.service[71603]: DEBUG glance.api.middleware.version_negotiation [None req-f9e6f2a7-4d1d-40a2-8be4-fdc1152912d0 tempest-DeleteServersTestJSON-1201300436 tempest-DeleteServersTestJSON-1201300436-project-member] Determining version of request: GET /v2/schemas/image Accept: */* {{(pid=71603) process_request /opt/stack/glance/glance/api/middleware/version_negotiation.py:44}}
Feb 13 18:19:56 devstack devstack@g-api.service[71603]: DEBUG glance.api.middleware.version_negotiation [None req-f9e6f2a7-4d1d-40a2-8be4-fdc1152912d0 tempest-DeleteServersTestJSON-1201300436 tempest-DeleteServersTestJSON-1201300436-project-member] Using url versioning {{(pid=71603) process_request /opt/stack/glance/glance/api/middleware/version_negotiation.py:57}}
Feb 13 18:19:56 devstack devstack@g-api.service[71603]: DEBUG glance.api.middleware.version_negotiation [None req-f9e6f2a7-4d1d-40a2-8be4-fdc1152912d0 tempest-DeleteServersTestJSON-1201300436 tempest-DeleteServersTestJSON-1201300436-project-member] Matched version: v2 {{(pid=71603) process_request /opt/stack/glance/glance/api/middleware/version_negotiation.py:69}}
Feb 13 18:19:56 devstack devstack@g-api.service[71603]: DEBUG glance.api.middleware.version_negotiation [None req-f9e6f2a7-4d1d-40a2-8be4-fdc1152912d0 tempest-DeleteServersTestJSON-1201300436 tempest-DeleteServersTestJSON-1201300436-project-member] new path /v2/schemas/image {{(pid=71603) process_request /opt/stack/glance/glance/api/middleware/version_negotiation.py:70}}
Feb 13 18:19:56 devstack devstack@g-api.service[71603]: [pid: 71603|app: 0|req: 10/20] 127.0.0.1 () {42 vars in 998 bytes} [Fri Feb 13 18:19:56 2026] GET /v2/schemas/image => generated 6083 bytes in 5 msecs (HTTP/1.1 200) 4 headers in 158 bytes (1 switches on core 0)
Feb 13 18:19:56 devstack devstack@g-api.service[71602]: DEBUG glance.api.middleware.version_negotiation [None req-45d6bd83-9171-40cb-848d-6d454e2a94ba tempest-ServerRescueNegativeTestJSON-1311776030 tempest-ServerRescueNegativeTestJSON-1311776030-project-member] Determining version of request: GET /v2/images/3fb2b368-7de2-4991-817c-b4074ae66480 Accept: */* {{(pid=71602) process_request /opt/stack/glance/glance/api/middleware/version_negotiation.py:44}}
Feb 13 18:19:56 devstack devstack@g-api.service[71602]: DEBUG glance.api.middleware.version_negotiation [None req-45d6bd83-9171-40cb-848d-6d454e2a94ba tempest-ServerRescueNegativeTestJSON-1311776030 tempest-ServerRescueNegativeTestJSON-1311776030-project-member] Using url versioning {{(pid=71602) process_request /opt/stack/glance/glance/api/middleware/version_negotiation.py:57}}
Feb 13 18:19:56 devstack devstack@g-api.service[71602]: DEBUG glance.api.middleware.version_negotiation [None req-45d6bd83-9171-40cb-848d-6d454e2a94ba tempest-ServerRescueNegativeTestJSON-1311776030 tempest-ServerRescueNegativeTestJSON-1311776030-project-member] Matched version: v2 {{(pid=71602) process_request /opt/stack/glance/glance/api/middleware/version_negotiation.py:69}}
Feb 13 18:19:56 devstack devstack@g-api.service[71602]: DEBUG glance.api.middleware.version_negotiation [None req-45d6bd83-9171-40cb-848d-6d454e2a94ba tempest-ServerRescueNegativeTestJSON-1311776030 tempest-ServerRescueNegativeTestJSON-1311776030-project-member] new path /v2/images/3fb2b368-7de2-4991-817c-b4074ae66480 {{(pid=71602) process_request /opt/stack/glance/glance/api/middleware/version_negotiation.py:70}}
Feb 13 18:19:56 devstack devstack@g-api.service[71602]: [pid: 71602|app: 0|req: 11/21] 127.0.0.1 () {42 vars in 1058 bytes} [Fri Feb 13 18:19:56 2026] GET /v2/images/3fb2b368-7de2-4991-817c-b4074ae66480 => generated 976 bytes in 18 msecs (HTTP/1.1 200) 4 headers in 157 bytes (1 switches on core 0)
Feb 13 18:19:56 devstack devstack@g-api.service[71603]: DEBUG glance.api.middleware.version_negotiation [None req-45d6bd83-9171-40cb-848d-6d454e2a94ba tempest-ServerRescueNegativeTestJSON-1311776030 tempest-ServerRescueNegativeTestJSON-1311776030-project-member] Determining version of request: GET /v2/schemas/image Accept: */* {{(pid=71603) process_request /opt/stack/glance/glance/api/middleware/version_negotiation.py:44}}
Feb 13 18:19:56 devstack devstack@g-api.service[71603]: DEBUG glance.api.middleware.version_negotiation [None req-45d6bd83-9171-40cb-848d-6d454e2a94ba tempest-ServerRescueNegativeTestJSON-1311776030 tempest-ServerRescueNegativeTestJSON-1311776030-project-member] Using url versioning {{(pid=71603) process_request /opt/stack/glance/glance/api/middleware/version_negotiation.py:57}}
Feb 13 18:19:56 devstack devstack@g-api.service[71603]: DEBUG glance.api.middleware.version_negotiation [None req-45d6bd83-9171-40cb-848d-6d454e2a94ba tempest-ServerRescueNegativeTestJSON-1311776030 tempest-ServerRescueNegativeTestJSON-1311776030-project-member] Matched version: v2 {{(pid=71603) process_request /opt/stack/glance/glance/api/middleware/version_negotiation.py:69}}
Feb 13 18:19:56 devstack devstack@g-api.service[71603]: DEBUG glance.api.middleware.version_negotiation [None req-45d6bd83-9171-40cb-848d-6d454e2a94ba tempest-ServerRescueNegativeTestJSON-1311776030 tempest-ServerRescueNegativeTestJSON-1311776030-project-member] new path /v2/schemas/image {{(pid=71603) process_request /opt/stack/glance/glance/api/middleware/version_negotiation.py:70}}
Feb 13 18:19:56 devstack devstack@g-api.service[71603]: [pid: 71603|app: 0|req: 11/22] 127.0.0.1 () {42 vars in 998 bytes} [Fri Feb 13 18:19:56 2026] GET /v2/schemas/image => generated 6083 bytes in 13 msecs (HTTP/1.1 200) 4 headers in 158 bytes (1 switches on core 0)
Feb 13 18:20:02 devstack devstack@g-api.service[71602]: DEBUG glance.api.middleware.version_negotiation [None req-0169e1b2-8542-45e9-a522-94b3d6fcec8d tempest-ServerRescueNegativeTestJSON-1311776030 tempest-ServerRescueNegativeTestJSON-1311776030-project-member] Determining version of request: GET /v2/images/3fb2b368-7de2-4991-817c-b4074ae66480 Accept: */* {{(pid=71602) process_request /opt/stack/glance/glance/api/middleware/version_negotiation.py:44}}
Feb 13 18:20:02 devstack devstack@g-api.service[71602]: DEBUG glance.api.middleware.version_negotiation [None req-0169e1b2-8542-45e9-a522-94b3d6fcec8d tempest-ServerRescueNegativeTestJSON-1311776030 tempest-ServerRescueNegativeTestJSON-1311776030-project-member] Using url versioning {{(pid=71602) process_request /opt/stack/glance/glance/api/middleware/version_negotiation.py:57}}
Feb 13 18:20:02 devstack devstack@g-api.service[71602]: DEBUG glance.api.middleware.version_negotiation [None req-0169e1b2-8542-45e9-a522-94b3d6fcec8d tempest-ServerRescueNegativeTestJSON-1311776030 tempest-ServerRescueNegativeTestJSON-1311776030-project-member] Matched version: v2 {{(pid=71602) process_request /opt/stack/glance/glance/api/middleware/version_negotiation.py:69}}
Feb 13 18:20:02 devstack devstack@g-api.service[71602]: DEBUG glance.api.middleware.version_negotiation [None req-0169e1b2-8542-45e9-a522-94b3d6fcec8d tempest-ServerRescueNegativeTestJSON-1311776030 tempest-ServerRescueNegativeTestJSON-1311776030-project-member] new path /v2/images/3fb2b368-7de2-4991-817c-b4074ae66480 {{(pid=71602) process_request /opt/stack/glance/glance/api/middleware/version_negotiation.py:70}}
Feb 13 18:20:03 devstack devstack@g-api.service[71602]: [pid: 71602|app: 0|req: 12/23] 127.0.0.1 () {42 vars in 1058 bytes} [Fri Feb 13 18:20:02 2026] GET /v2/images/3fb2b368-7de2-4991-817c-b4074ae66480 => generated 976 bytes in 17 msecs (HTTP/1.1 200) 4 headers in 157 bytes (1 switches on core 0)
Feb 13 18:20:03 devstack devstack@g-api.service[71603]: DEBUG glance.api.middleware.version_negotiation [None req-0169e1b2-8542-45e9-a522-94b3d6fcec8d tempest-ServerRescueNegativeTestJSON-1311776030 tempest-ServerRescueNegativeTestJSON-1311776030-project-member] Determining version of request: GET /v2/images/3fb2b368-7de2-4991-817c-b4074ae66480/file Accept: */* {{(pid=71603) process_request /opt/stack/glance/glance/api/middleware/version_negotiation.py:44}}
Feb 13 18:20:03 devstack devstack@g-api.service[71603]: DEBUG glance.api.middleware.version_negotiation [None req-0169e1b2-8542-45e9-a522-94b3d6fcec8d tempest-ServerRescueNegativeTestJSON-1311776030 tempest-ServerRescueNegativeTestJSON-1311776030-project-member] Using url versioning {{(pid=71603) process_request /opt/stack/glance/glance/api/middleware/version_negotiation.py:57}}
Feb 13 18:20:03 devstack devstack@g-api.service[71603]: DEBUG glance.api.middleware.version_negotiation [None req-0169e1b2-8542-45e9-a522-94b3d6fcec8d tempest-ServerRescueNegativeTestJSON-1311776030 tempest-ServerRescueNegativeTestJSON-1311776030-project-member] Matched version: v2 {{(pid=71603) process_request /opt/stack/glance/glance/api/middleware/version_negotiation.py:69}}
Feb 13 18:20:03 devstack devstack@g-api.service[71603]: DEBUG glance.api.middleware.version_negotiation [None req-0169e1b2-8542-45e9-a522-94b3d6fcec8d tempest-ServerRescueNegativeTestJSON-1311776030 tempest-ServerRescueNegativeTestJSON-1311776030-project-member] new path /v2/images/3fb2b368-7de2-4991-817c-b4074ae66480/file {{(pid=71603) process_request /opt/stack/glance/glance/api/middleware/version_negotiation.py:70}}
Feb 13 18:20:03 devstack devstack@g-api.service[71603]: DEBUG glance_store._drivers.filesystem [None req-f9e6f2a7-4d1d-40a2-8be4-fdc1152912d0 tempest-DeleteServersTestJSON-1201300436 tempest-DeleteServersTestJSON-1201300436-project-member] Found image at /opt/stack/data/glance/images/3fb2b368-7de2-4991-817c-b4074ae66480. Returning in ChunkedFile. {{(pid=71603) get /opt/stack/data/venv/lib/python3.10/site-packages/glance_store/_drivers/filesystem.py:618}}
Feb 13 18:20:03 devstack devstack@g-api.service[71603]: DEBUG glance.image_cache [None req-f9e6f2a7-4d1d-40a2-8be4-fdc1152912d0 tempest-DeleteServersTestJSON-1201300436 tempest-DeleteServersTestJSON-1201300436-project-member] Tee'ing image '3fb2b368-7de2-4991-817c-b4074ae66480' into cache {{(pid=71603) get_caching_iter /opt/stack/glance/glance/image_cache/__init__.py:350}}
