Aug 16 23:07:01 devstack devstack@c-api.service[94168]: INFO cinder.api.openstack.wsgi [None req-1cb7b068-ff8b-418f-8f06-30c2613ba3c7 tempest-VolumesDeleteCascade-1053447042 tempest-VolumesDeleteCascade-1053447042-project-member] GET http://192.168.122.213/volume/v3/snapshots/067226d6-485c-4240-b0e3-fb2174795aee
Aug 16 23:07:01 devstack devstack@c-api.service[94168]: DEBUG cinder.api.openstack.wsgi [None req-1cb7b068-ff8b-418f-8f06-30c2613ba3c7 tempest-VolumesDeleteCascade-1053447042 tempest-VolumesDeleteCascade-1053447042-project-member] Empty body provided in request {{(pid=94168) get_body /opt/stack/cinder/cinder/api/openstack/wsgi.py:725}}
Aug 16 23:07:01 devstack devstack@c-api.service[94168]: DEBUG cinder.api.openstack.wsgi [None req-1cb7b068-ff8b-418f-8f06-30c2613ba3c7 tempest-VolumesDeleteCascade-1053447042 tempest-VolumesDeleteCascade-1053447042-project-member] Calling method 'show' {{(pid=94168) _process_stack /opt/stack/cinder/cinder/api/openstack/wsgi.py:878}}
Aug 16 23:07:01 devstack devstack@c-api.service[94168]: /opt/stack/data/venv/lib/python3.12/site-packages/oslo_context/context.py:102: DeprecationWarning: Policy enforcement is depending on the value of is_admin. This key is deprecated. Please update your policy file to use the standard policy values.
Aug 16 23:07:01 devstack devstack@c-api.service[94168]: warnings.warn(
Aug 16 23:07:01 devstack devstack@c-api.service[94168]: INFO cinder.volume.api [None req-1cb7b068-ff8b-418f-8f06-30c2613ba3c7 tempest-VolumesDeleteCascade-1053447042 tempest-VolumesDeleteCascade-1053447042-project-member] Snapshot retrieved successfully.
Aug 16 23:07:01 devstack devstack@c-api.service[94168]: INFO cinder.api.openstack.wsgi [None req-1cb7b068-ff8b-418f-8f06-30c2613ba3c7 tempest-VolumesDeleteCascade-1053447042 tempest-VolumesDeleteCascade-1053447042-project-member] http://192.168.122.213/volume/v3/snapshots/067226d6-485c-4240-b0e3-fb2174795aee returned with HTTP 200
Aug 16 23:07:01 devstack devstack@c-api.service[94168]: [pid: 94168|app: 0|req: 193/390] 192.168.122.213 () {58 vars in 1238 bytes} [Sun Aug 16 23:07:01 2026] GET /volume/v3/snapshots/067226d6-485c-4240-b0e3-fb2174795aee => generated 439 bytes in 66 msecs (HTTP/1.1 200) 7 headers in 285 bytes (1 switches on core 0)
Aug 16 23:07:02 devstack devstack@c-api.service[94169]: DEBUG cinder.api.middleware.request_id [None req-d08dfa43-aef8-41f0-b5aa-4459c19b7fc2 None None] RequestId filter calling following filter/app {{(pid=94169) _context_setter /opt/stack/cinder/cinder/api/middleware/request_id.py:62}}
Aug 16 23:07:02 devstack devstack@c-api.service[94169]: INFO cinder.api.openstack.wsgi [None req-d08dfa43-aef8-41f0-b5aa-4459c19b7fc2 tempest-VolumesDeleteCascade-1053447042 tempest-VolumesDeleteCascade-1053447042-project-member] GET http://192.168.122.213/volume/v3/snapshots/067226d6-485c-4240-b0e3-fb2174795aee
Aug 16 23:07:02 devstack devstack@c-api.service[94169]: DEBUG cinder.api.openstack.wsgi [None req-d08dfa43-aef8-41f0-b5aa-4459c19b7fc2 tempest-VolumesDeleteCascade-1053447042 tempest-VolumesDeleteCascade-1053447042-project-member] Empty body provided in request {{(pid=94169) get_body /opt/stack/cinder/cinder/api/openstack/wsgi.py:725}}
Aug 16 23:07:02 devstack devstack@c-api.service[94169]: DEBUG cinder.api.openstack.wsgi [None req-d08dfa43-aef8-41f0-b5aa-4459c19b7fc2 tempest-VolumesDeleteCascade-1053447042 tempest-VolumesDeleteCascade-1053447042-project-member] Calling method 'show' {{(pid=94169) _process_stack /opt/stack/cinder/cinder/api/openstack/wsgi.py:878}}
Aug 16 23:07:02 devstack devstack@c-api.service[94169]: /opt/stack/data/venv/lib/python3.12/site-packages/oslo_context/context.py:102: DeprecationWarning: Policy enforcement is depending on the value of is_admin. This key is deprecated. Please update your policy file to use the standard policy values.
Aug 16 23:07:02 devstack devstack@c-api.service[94169]: warnings.warn(
Aug 16 23:07:02 devstack devstack@c-api.service[94169]: INFO cinder.volume.api [None req-d08dfa43-aef8-41f0-b5aa-4459c19b7fc2 tempest-VolumesDeleteCascade-1053447042 tempest-VolumesDeleteCascade-1053447042-project-member] Snapshot retrieved successfully.
Aug 16 23:07:02 devstack devstack@c-api.service[94169]: INFO cinder.api.openstack.wsgi [None req-d08dfa43-aef8-41f0-b5aa-4459c19b7fc2 tempest-VolumesDeleteCascade-1053447042 tempest-VolumesDeleteCascade-1053447042-project-member] http://192.168.122.213/volume/v3/snapshots/067226d6-485c-4240-b0e3-fb2174795aee returned with HTTP 200
Aug 16 23:07:02 devstack devstack@c-api.service[94169]: [pid: 94169|app: 0|req: 198/391] 192.168.122.213 () {58 vars in 1238 bytes} [Sun Aug 16 23:07:02 2026] GET /volume/v3/snapshots/067226d6-485c-4240-b0e3-fb2174795aee => generated 439 bytes in 49 msecs (HTTP/1.1 200) 7 headers in 285 bytes (1 switches on core 0)
Aug 16 23:07:03 devstack devstack@c-api.service[94168]: DEBUG cinder.api.middleware.request_id [None req-3b17ff68-4ea5-483b-adb9-57bfcd144f21 None None] RequestId filter calling following filter/app {{(pid=94168) _context_setter /opt/stack/cinder/cinder/api/middleware/request_id.py:62}}
Aug 16 23:07:03 devstack devstack@c-api.service[94168]: INFO cinder.api.openstack.wsgi [None req-3b17ff68-4ea5-483b-adb9-57bfcd144f21 None None] GET http://192.168.122.213/volume//
Aug 16 23:07:03 devstack devstack@c-api.service[94168]: DEBUG cinder.api.openstack.wsgi [None req-3b17ff68-4ea5-483b-adb9-57bfcd144f21 None None] Empty body provided in request {{(pid=94168) get_body /opt/stack/cinder/cinder/api/openstack/wsgi.py:725}}
Aug 16 23:07:03 devstack devstack@c-api.service[94168]: DEBUG cinder.api.openstack.wsgi [None req-3b17ff68-4ea5-483b-adb9-57bfcd144f21 None None] Calling method 'all' {{(pid=94168) _process_stack /opt/stack/cinder/cinder/api/openstack/wsgi.py:878}}
Aug 16 23:07:03 devstack devstack@c-api.service[94168]: INFO cinder.api.openstack.wsgi [None req-3b17ff68-4ea5-483b-adb9-57bfcd144f21 None None] http://192.168.122.213/volume// returned with HTTP 300
Aug 16 23:07:03 devstack devstack@c-api.service[94168]: [pid: 94168|app: 0|req: 194/392] 192.168.122.213 () {58 vars in 1315 bytes} [Sun Aug 16 23:07:03 2026] GET /volume/ => generated 390 bytes in 9 msecs (HTTP/1.1 300) 7 headers in 299 bytes (1 switches on core 0)
Aug 16 23:07:03 devstack devstack@c-api.service[94169]: DEBUG cinder.api.middleware.request_id [req-ec697dd6-5e04-4767-82a8-c5d5a449d34d req-bf46e2ba-966b-40b1-95ab-e459000f335b None None] RequestId filter calling following filter/app {{(pid=94169) _context_setter /opt/stack/cinder/cinder/api/middleware/request_id.py:62}}
Aug 16 23:07:03 devstack devstack@c-api.service[94169]: INFO cinder.api.openstack.wsgi [req-ec697dd6-5e04-4767-82a8-c5d5a449d34d req-bf46e2ba-966b-40b1-95ab-e459000f335b tempest-ServerActionsTestOtherA-1615225535 tempest-ServerActionsTestOtherA-1615225535-project-member] GET http://192.168.122.213/volume/v3/volumes/f2aa017c-7bdb-4a98-858a-ccafd597070b
Aug 16 23:07:03 devstack devstack@c-api.service[94169]: DEBUG cinder.api.openstack.wsgi [req-ec697dd6-5e04-4767-82a8-c5d5a449d34d req-bf46e2ba-966b-40b1-95ab-e459000f335b tempest-ServerActionsTestOtherA-1615225535 tempest-ServerActionsTestOtherA-1615225535-project-member] Empty body provided in request {{(pid=94169) get_body /opt/stack/cinder/cinder/api/openstack/wsgi.py:725}}
Aug 16 23:07:03 devstack devstack@c-api.service[94169]: DEBUG cinder.api.openstack.wsgi [req-ec697dd6-5e04-4767-82a8-c5d5a449d34d req-bf46e2ba-966b-40b1-95ab-e459000f335b tempest-ServerActionsTestOtherA-1615225535 tempest-ServerActionsTestOtherA-1615225535-project-member] Calling method 'show' {{(pid=94169) _process_stack /opt/stack/cinder/cinder/api/openstack/wsgi.py:878}}
Aug 16 23:07:03 devstack devstack@c-api.service[94169]: /opt/stack/data/venv/lib/python3.12/site-packages/oslo_context/context.py:102: DeprecationWarning: Policy enforcement is depending on the value of is_admin. This key is deprecated. Please update your policy file to use the standard policy values.
Aug 16 23:07:03 devstack devstack@c-api.service[94169]: warnings.warn(
Aug 16 23:07:03 devstack devstack@c-api.service[94169]: INFO cinder.volume.api [req-ec697dd6-5e04-4767-82a8-c5d5a449d34d req-bf46e2ba-966b-40b1-95ab-e459000f335b tempest-ServerActionsTestOtherA-1615225535 tempest-ServerActionsTestOtherA-1615225535-project-member] Volume info retrieved successfully.
Aug 16 23:07:03 devstack devstack@c-api.service[94169]: INFO cinder.api.openstack.wsgi [req-ec697dd6-5e04-4767-82a8-c5d5a449d34d req-bf46e2ba-966b-40b1-95ab-e459000f335b tempest-ServerActionsTestOtherA-1615225535 tempest-ServerActionsTestOtherA-1615225535-project-member] http://192.168.122.213/volume/v3/volumes/f2aa017c-7bdb-4a98-858a-ccafd597070b returned with HTTP 200
Aug 16 23:07:03 devstack devstack@c-api.service[94169]: [pid: 94169|app: 0|req: 199/393] 192.168.122.213 () {62 vars in 1528 bytes} [Sun Aug 16 23:07:03 2026] GET /volume/v3/volumes/f2aa017c-7bdb-4a98-858a-ccafd597070b => generated 1511 bytes in 100 msecs (HTTP/1.1 200) 7 headers in 287 bytes (2 switches on core 0)
Aug 16 23:07:03 devstack devstack@c-api.service[94168]: DEBUG cinder.api.middleware.request_id [req-ec697dd6-5e04-4767-82a8-c5d5a449d34d req-0fda656a-057e-467b-b3d4-18a62f0e22fd None None] RequestId filter calling following filter/app {{(pid=94168) _context_setter /opt/stack/cinder/cinder/api/middleware/request_id.py:62}}
Aug 16 23:07:03 devstack devstack@c-api.service[94168]: INFO cinder.api.openstack.wsgi [req-ec697dd6-5e04-4767-82a8-c5d5a449d34d req-0fda656a-057e-467b-b3d4-18a62f0e22fd tempest-ServerActionsTestOtherA-1615225535 tempest-ServerActionsTestOtherA-1615225535-project-member] PUT http://192.168.122.213/volume/v3/attachments/a04cd7a1-bbee-41f1-b47a-efe04143eb9e
Aug 16 23:07:03 devstack devstack@c-api.service[94168]: DEBUG cinder.api.openstack.wsgi [req-ec697dd6-5e04-4767-82a8-c5d5a449d34d req-0fda656a-057e-467b-b3d4-18a62f0e22fd tempest-ServerActionsTestOtherA-1615225535 tempest-ServerActionsTestOtherA-1615225535-project-member] Action: 'update', calling method: version_select, body: {"attachment": {"connector": {"platform": "x86_64", "os_type": "linux", "ip": "192.168.122.213", "host": "devstack", "multipath": false, "enforce_multipath": true, "initiator": "iqn.2016-04.com.open-iscsi:734fa6886643", "do_local_attach": false, "uuid": "064c80c2-a85f-4aa5-8b10-e46983c87a65", "system uuid": "3d472504-6ed1-4e17-adb3-b07a94009944", "nvme_native_multipath": false, "mountpoint": "/dev/vda"}}} {{(pid=94168) _process_stack /opt/stack/cinder/cinder/api/openstack/wsgi.py:876}}
Aug 16 23:07:03 devstack devstack@c-api.service[94169]: DEBUG cinder.api.middleware.request_id [None req-131d8414-e913-463a-8cdf-f1b32e721982 None None] RequestId filter calling following filter/app {{(pid=94169) _context_setter /opt/stack/cinder/cinder/api/middleware/request_id.py:62}}
Aug 16 23:07:03 devstack devstack@c-api.service[94168]: DEBUG cinder.coordination [req-ec697dd6-5e04-4767-82a8-c5d5a449d34d req-0fda656a-057e-467b-b3d4-18a62f0e22fd tempest-ServerActionsTestOtherA-1615225535 tempest-ServerActionsTestOtherA-1615225535-project-member] Acquiring lock "cinder-attachment_update-f2aa017c-7bdb-4a98-858a-ccafd597070b-devstack" by "attachment_update" {{(pid=94168) __acquire /opt/stack/cinder/cinder/coordination.py:138}}
Aug 16 23:07:03 devstack devstack@c-api.service[94169]: INFO cinder.api.openstack.wsgi [None req-131d8414-e913-463a-8cdf-f1b32e721982 tempest-VolumesDeleteCascade-1053447042 tempest-VolumesDeleteCascade-1053447042-project-member] GET http://192.168.122.213/volume/v3/snapshots/067226d6-485c-4240-b0e3-fb2174795aee
Aug 16 23:07:03 devstack devstack@c-api.service[94169]: DEBUG cinder.api.openstack.wsgi [None req-131d8414-e913-463a-8cdf-f1b32e721982 tempest-VolumesDeleteCascade-1053447042 tempest-VolumesDeleteCascade-1053447042-project-member] Empty body provided in request {{(pid=94169) get_body /opt/stack/cinder/cinder/api/openstack/wsgi.py:725}}
Aug 16 23:07:03 devstack devstack@c-api.service[94169]: DEBUG cinder.api.openstack.wsgi [None req-131d8414-e913-463a-8cdf-f1b32e721982 tempest-VolumesDeleteCascade-1053447042 tempest-VolumesDeleteCascade-1053447042-project-member] Calling method 'show' {{(pid=94169) _process_stack /opt/stack/cinder/cinder/api/openstack/wsgi.py:878}}
Aug 16 23:07:03 devstack devstack@c-api.service[94168]: DEBUG cinder.coordination [req-ec697dd6-5e04-4767-82a8-c5d5a449d34d req-0fda656a-057e-467b-b3d4-18a62f0e22fd tempest-ServerActionsTestOtherA-1615225535 tempest-ServerActionsTestOtherA-1615225535-project-member] Lock "cinder-attachment_update-f2aa017c-7bdb-4a98-858a-ccafd597070b-devstack" acquired by "attachment_update" :: waited 0.049s {{(pid=94168) __acquire /opt/stack/cinder/cinder/coordination.py:141}}
Aug 16 23:07:03 devstack devstack@c-api.service[94168]: /opt/stack/data/venv/lib/python3.12/site-packages/oslo_context/context.py:102: DeprecationWarning: Policy enforcement is depending on the value of is_admin. This key is deprecated. Please update your policy file to use the standard policy values.
Aug 16 23:07:03 devstack devstack@c-api.service[94168]: warnings.warn(
Aug 16 23:07:03 devstack devstack@c-api.service[94169]: /opt/stack/data/venv/lib/python3.12/site-packages/oslo_context/context.py:102: DeprecationWarning: Policy enforcement is depending on the value of is_admin. This key is deprecated. Please update your policy file to use the standard policy values.
Aug 16 23:07:03 devstack devstack@c-api.service[94169]: warnings.warn(
Aug 16 23:07:03 devstack devstack@c-api.service[94169]: INFO cinder.volume.api [None req-131d8414-e913-463a-8cdf-f1b32e721982 tempest-VolumesDeleteCascade-1053447042 tempest-VolumesDeleteCascade-1053447042-project-member] Snapshot retrieved successfully.
Aug 16 23:07:03 devstack devstack@c-api.service[94169]: INFO cinder.api.openstack.wsgi [None req-131d8414-e913-463a-8cdf-f1b32e721982 tempest-VolumesDeleteCascade-1053447042 tempest-VolumesDeleteCascade-1053447042-project-member] http://192.168.122.213/volume/v3/snapshots/067226d6-485c-4240-b0e3-fb2174795aee returned with HTTP 200
Aug 16 23:07:03 devstack devstack@c-api.service[94169]: [pid: 94169|app: 0|req: 200/394] 192.168.122.213 () {58 vars in 1238 bytes} [Sun Aug 16 23:07:03 2026] GET /volume/v3/snapshots/067226d6-485c-4240-b0e3-fb2174795aee => generated 439 bytes in 85 msecs (HTTP/1.1 200) 7 headers in 285 bytes (1 switches on core 0)
Aug 16 23:07:04 devstack devstack@c-api.service[94168]: DEBUG cinder.coordination [req-ec697dd6-5e04-4767-82a8-c5d5a449d34d req-0fda656a-057e-467b-b3d4-18a62f0e22fd tempest-ServerActionsTestOtherA-1615225535 tempest-ServerActionsTestOtherA-1615225535-project-member] Lock "cinder-attachment_update-f2aa017c-7bdb-4a98-858a-ccafd597070b-devstack" released by "attachment_update" :: held 0.991s {{(pid=94168) __release /opt/stack/cinder/cinder/coordination.py:152}}
Aug 16 23:07:04 devstack devstack@c-api.service[94168]: INFO cinder.api.openstack.wsgi [req-ec697dd6-5e04-4767-82a8-c5d5a449d34d req-0fda656a-057e-467b-b3d4-18a62f0e22fd tempest-ServerActionsTestOtherA-1615225535 tempest-ServerActionsTestOtherA-1615225535-project-member] http://192.168.122.213/volume/v3/attachments/a04cd7a1-bbee-41f1-b47a-efe04143eb9e returned with HTTP 200
Aug 16 23:07:04 devstack devstack@c-api.service[94168]: [pid: 94168|app: 0|req: 195/395] 192.168.122.213 () {66 vars in 1593 bytes} [Sun Aug 16 23:07:03 2026] PUT /volume/v3/attachments/a04cd7a1-bbee-41f1-b47a-efe04143eb9e => generated 694 bytes in 1174 msecs (HTTP/1.1 200) 7 headers in 286 bytes (1 switches on core 0)
Aug 16 23:07:04 devstack devstack@c-api.service[94169]: DEBUG cinder.api.middleware.request_id [None req-64a9b211-cee8-46e2-9631-983132552c32 None None] RequestId filter calling following filter/app {{(pid=94169) _context_setter /opt/stack/cinder/cinder/api/middleware/request_id.py:62}}
Aug 16 23:07:04 devstack devstack@c-api.service[94169]: INFO cinder.api.openstack.wsgi [None req-64a9b211-cee8-46e2-9631-983132552c32 tempest-VolumesDeleteCascade-1053447042 tempest-VolumesDeleteCascade-1053447042-project-member] GET http://192.168.122.213/volume/v3/snapshots/067226d6-485c-4240-b0e3-fb2174795aee
Aug 16 23:07:04 devstack devstack@c-api.service[94169]: DEBUG cinder.api.openstack.wsgi [None req-64a9b211-cee8-46e2-9631-983132552c32 tempest-VolumesDeleteCascade-1053447042 tempest-VolumesDeleteCascade-1053447042-project-member] Empty body provided in request {{(pid=94169) get_body /opt/stack/cinder/cinder/api/openstack/wsgi.py:725}}
Aug 16 23:07:04 devstack devstack@c-api.service[94169]: DEBUG cinder.api.openstack.wsgi [None req-64a9b211-cee8-46e2-9631-983132552c32 tempest-VolumesDeleteCascade-1053447042 tempest-VolumesDeleteCascade-1053447042-project-member] Calling method 'show' {{(pid=94169) _process_stack /opt/stack/cinder/cinder/api/openstack/wsgi.py:878}}
Aug 16 23:07:04 devstack devstack@c-api.service[94169]: /opt/stack/data/venv/lib/python3.12/site-packages/oslo_context/context.py:102: DeprecationWarning: Policy enforcement is depending on the value of is_admin. This key is deprecated. Please update your policy file to use the standard policy values.
Aug 16 23:07:04 devstack devstack@c-api.service[94169]: warnings.warn(
Aug 16 23:07:04 devstack devstack@c-api.service[94169]: INFO cinder.volume.api [None req-64a9b211-cee8-46e2-9631-983132552c32 tempest-VolumesDeleteCascade-1053447042 tempest-VolumesDeleteCascade-1053447042-project-member] Snapshot retrieved successfully.
Aug 16 23:07:04 devstack devstack@c-api.service[94168]: DEBUG cinder.api.middleware.request_id [req-ec697dd6-5e04-4767-82a8-c5d5a449d34d req-0cfba04a-5a29-4258-82d7-1d3fd6d5e581 None None] RequestId filter calling following filter/app {{(pid=94168) _context_setter /opt/stack/cinder/cinder/api/middleware/request_id.py:62}}
Aug 16 23:07:04 devstack devstack@c-api.service[94169]: INFO cinder.api.openstack.wsgi [None req-64a9b211-cee8-46e2-9631-983132552c32 tempest-VolumesDeleteCascade-1053447042 tempest-VolumesDeleteCascade-1053447042-project-member] http://192.168.122.213/volume/v3/snapshots/067226d6-485c-4240-b0e3-fb2174795aee returned with HTTP 200
Aug 16 23:07:04 devstack devstack@c-api.service[94169]: [pid: 94169|app: 0|req: 201/396] 192.168.122.213 () {58 vars in 1238 bytes} [Sun Aug 16 23:07:04 2026] GET /volume/v3/snapshots/067226d6-485c-4240-b0e3-fb2174795aee => generated 466 bytes in 59 msecs (HTTP/1.1 200) 7 headers in 285 bytes (1 switches on core 0)
Aug 16 23:07:04 devstack devstack@c-api.service[94169]: DEBUG cinder.api.middleware.request_id [None req-42a4f6b7-7b98-4459-af0d-850acd5639e9 None None] RequestId filter calling following filter/app {{(pid=94169) _context_setter /opt/stack/cinder/cinder/api/middleware/request_id.py:62}}
Aug 16 23:07:04 devstack devstack@c-api.service[94168]: INFO cinder.api.openstack.wsgi [req-ec697dd6-5e04-4767-82a8-c5d5a449d34d req-0cfba04a-5a29-4258-82d7-1d3fd6d5e581 tempest-ServerActionsTestOtherA-1615225535 tempest-ServerActionsTestOtherA-1615225535-project-member] POST http://192.168.122.213/volume/v3/attachments/a04cd7a1-bbee-41f1-b47a-efe04143eb9e/action
Aug 16 23:07:04 devstack devstack@c-api.service[94168]: DEBUG cinder.api.openstack.wsgi [req-ec697dd6-5e04-4767-82a8-c5d5a449d34d req-0cfba04a-5a29-4258-82d7-1d3fd6d5e581 tempest-ServerActionsTestOtherA-1615225535 tempest-ServerActionsTestOtherA-1615225535-project-member] Action body: b'{"os-complete": null}' {{(pid=94168) get_method /opt/stack/cinder/cinder/api/openstack/wsgi.py:993}}
Aug 16 23:07:04 devstack devstack@c-api.service[94168]: DEBUG cinder.api.openstack.wsgi [req-ec697dd6-5e04-4767-82a8-c5d5a449d34d req-0cfba04a-5a29-4258-82d7-1d3fd6d5e581 tempest-ServerActionsTestOtherA-1615225535 tempest-ServerActionsTestOtherA-1615225535-project-member] Action: 'action', calling method: complete, body: {"os-complete": null} {{(pid=94168) _process_stack /opt/stack/cinder/cinder/api/openstack/wsgi.py:876}}
Aug 16 23:07:04 devstack devstack@c-api.service[94169]: INFO cinder.api.openstack.wsgi [None req-42a4f6b7-7b98-4459-af0d-850acd5639e9 tempest-VolumesDeleteCascade-1053447042 tempest-VolumesDeleteCascade-1053447042-project-member] POST http://192.168.122.213/volume/v3/snapshots
Aug 16 23:07:04 devstack devstack@c-api.service[94169]: DEBUG cinder.api.openstack.wsgi [None req-42a4f6b7-7b98-4459-af0d-850acd5639e9 tempest-VolumesDeleteCascade-1053447042 tempest-VolumesDeleteCascade-1053447042-project-member] Action: 'create', calling method: create, body: {"snapshot": {"volume_id": "fe83f67c-69bd-4a4a-949e-6244d95c01e8", "name": "tempest-VolumesDeleteCascade-Snapshot-707570962"}} {{(pid=94169) _process_stack /opt/stack/cinder/cinder/api/openstack/wsgi.py:876}}
Aug 16 23:07:04 devstack devstack@c-api.service[94169]: /opt/stack/data/venv/lib/python3.12/site-packages/oslo_context/context.py:102: DeprecationWarning: Policy enforcement is depending on the value of is_admin. This key is deprecated. Please update your policy file to use the standard policy values.
Aug 16 23:07:04 devstack devstack@c-api.service[94169]: warnings.warn(
Aug 16 23:07:04 devstack devstack@c-api.service[94169]: INFO cinder.volume.api [None req-42a4f6b7-7b98-4459-af0d-850acd5639e9 tempest-VolumesDeleteCascade-1053447042 tempest-VolumesDeleteCascade-1053447042-project-member] Volume info retrieved successfully.
Aug 16 23:07:04 devstack devstack@c-api.service[94169]: INFO cinder.api.v3.snapshots [None req-42a4f6b7-7b98-4459-af0d-850acd5639e9 tempest-VolumesDeleteCascade-1053447042 tempest-VolumesDeleteCascade-1053447042-project-member] Create snapshot from volume fe83f67c-69bd-4a4a-949e-6244d95c01e8
Aug 16 23:07:05 devstack devstack@c-api.service[94169]: WARNING cinder.quota [None req-42a4f6b7-7b98-4459-af0d-850acd5639e9 tempest-VolumesDeleteCascade-1053447042 tempest-VolumesDeleteCascade-1053447042-project-member] Deprecated: Default quota for resource: snapshots_QuobyteHD is set by the default quota flag: quota_snapshots_QuobyteHD, it is now deprecated. Please use the default quota class for default quota.
Aug 16 23:07:05 devstack devstack@c-api.service[94168]: /opt/stack/data/venv/lib/python3.12/site-packages/oslo_context/context.py:102: DeprecationWarning: Policy enforcement is depending on the value of is_admin. This key is deprecated. Please update your policy file to use the standard policy values.
Aug 16 23:07:05 devstack devstack@c-api.service[94168]: warnings.warn(
Aug 16 23:07:05 devstack devstack@c-api.service[94169]: DEBUG cinder.quota [None req-42a4f6b7-7b98-4459-af0d-850acd5639e9 tempest-VolumesDeleteCascade-1053447042 tempest-VolumesDeleteCascade-1053447042-project-member] Created reservations ['9fcf48a4-4059-4062-b153-2c597f571f73', 'a6ebbcbb-9b46-4aa5-b097-027af3a96807', '557d080e-5967-4b44-9094-20dc115624d5', 'ac9ff070-8adb-4072-97d9-a123ba6461e5'] {{(pid=94169) reserve /opt/stack/cinder/cinder/quota.py:752}}
Aug 16 23:07:05 devstack devstack@c-api.service[94168]: INFO cinder.api.openstack.wsgi [req-ec697dd6-5e04-4767-82a8-c5d5a449d34d req-0cfba04a-5a29-4258-82d7-1d3fd6d5e581 tempest-ServerActionsTestOtherA-1615225535 tempest-ServerActionsTestOtherA-1615225535-project-member] http://192.168.122.213/volume/v3/attachments/a04cd7a1-bbee-41f1-b47a-efe04143eb9e/action returned with HTTP 204
Aug 16 23:07:05 devstack devstack@c-api.service[94168]: [pid: 94168|app: 0|req: 196/397] 192.168.122.213 () {66 vars in 1614 bytes} [Sun Aug 16 23:07:04 2026] POST /volume/v3/attachments/a04cd7a1-bbee-41f1-b47a-efe04143eb9e/action => generated 0 bytes in 194 msecs (HTTP/1.1 204) 7 headers in 292 bytes (1 switches on core 0)
Aug 16 23:07:05 devstack devstack@c-api.service[94169]: INFO cinder.volume.api [None req-42a4f6b7-7b98-4459-af0d-850acd5639e9 tempest-VolumesDeleteCascade-1053447042 tempest-VolumesDeleteCascade-1053447042-project-member] Snapshot create request issued successfully.
Aug 16 23:07:05 devstack devstack@c-api.service[94169]: INFO cinder.api.openstack.wsgi [None req-42a4f6b7-7b98-4459-af0d-850acd5639e9 tempest-VolumesDeleteCascade-1053447042 tempest-VolumesDeleteCascade-1053447042-project-member] http://192.168.122.213/volume/v3/snapshots returned with HTTP 202
Aug 16 23:07:05 devstack devstack@c-api.service[94169]: [pid: 94169|app: 0|req: 202/398] 192.168.122.213 () {60 vars in 1149 bytes} [Sun Aug 16 23:07:04 2026] POST /volume/v3/snapshots => generated 306 bytes in 305 msecs (HTTP/1.1 202) 7 headers in 291 bytes (1 switches on core 0)
Aug 16 23:07:05 devstack devstack@c-api.service[94168]: DEBUG cinder.api.middleware.request_id [None req-387c9e77-5ce6-4587-87fe-b9c095b4009c None None] RequestId filter calling following filter/app {{(pid=94168) _context_setter /opt/stack/cinder/cinder/api/middleware/request_id.py:62}}
Aug 16 23:07:05 devstack devstack@c-api.service[94168]: INFO cinder.api.openstack.wsgi [None req-387c9e77-5ce6-4587-87fe-b9c095b4009c tempest-VolumesDeleteCascade-1053447042 tempest-VolumesDeleteCascade-1053447042-project-member] GET http://192.168.122.213/volume/v3/snapshots/045be64f-7022-41c4-91fb-b63f16347d9e
Aug 16 23:07:05 devstack devstack@c-api.service[94168]: DEBUG cinder.api.openstack.wsgi [None req-387c9e77-5ce6-4587-87fe-b9c095b4009c tempest-VolumesDeleteCascade-1053447042 tempest-VolumesDeleteCascade-1053447042-project-member] Empty body provided in request {{(pid=94168) get_body /opt/stack/cinder/cinder/api/openstack/wsgi.py:725}}
Aug 16 23:07:05 devstack devstack@c-api.service[94168]: DEBUG cinder.api.openstack.wsgi [None req-387c9e77-5ce6-4587-87fe-b9c095b4009c tempest-VolumesDeleteCascade-1053447042 tempest-VolumesDeleteCascade-1053447042-project-member] Calling method 'show' {{(pid=94168) _process_stack /opt/stack/cinder/cinder/api/openstack/wsgi.py:878}}
Aug 16 23:07:05 devstack devstack@c-api.service[94168]: /opt/stack/data/venv/lib/python3.12/site-packages/oslo_context/context.py:102: DeprecationWarning: Policy enforcement is depending on the value of is_admin. This key is deprecated. Please update your policy file to use the standard policy values.
Aug 16 23:07:05 devstack devstack@c-api.service[94168]: warnings.warn(
Aug 16 23:07:05 devstack devstack@c-api.service[94168]: INFO cinder.volume.api [None req-387c9e77-5ce6-4587-87fe-b9c095b4009c tempest-VolumesDeleteCascade-1053447042 tempest-VolumesDeleteCascade-1053447042-project-member] Snapshot retrieved successfully.
Aug 16 23:07:05 devstack devstack@c-api.service[94168]: INFO cinder.api.openstack.wsgi [None req-387c9e77-5ce6-4587-87fe-b9c095b4009c tempest-VolumesDeleteCascade-1053447042 tempest-VolumesDeleteCascade-1053447042-project-member] http://192.168.122.213/volume/v3/snapshots/045be64f-7022-41c4-91fb-b63f16347d9e returned with HTTP 200
Aug 16 23:07:05 devstack devstack@c-api.service[94168]: [pid: 94168|app: 0|req: 197/399] 192.168.122.213 () {58 vars in 1238 bytes} [Sun Aug 16 23:07:05 2026] GET /volume/v3/snapshots/045be64f-7022-41c4-91fb-b63f16347d9e => generated 438 bytes in 57 msecs (HTTP/1.1 200) 7 headers in 285 bytes (1 switches on core 0)
Aug 16 23:07:05 devstack devstack@c-api.service[94169]: DEBUG cinder.api.middleware.request_id [None req-736fc799-08cf-4a87-9a4c-e6d90d5de9e8 None None] RequestId filter calling following filter/app {{(pid=94169) _context_setter /opt/stack/cinder/cinder/api/middleware/request_id.py:62}}
Aug 16 23:07:06 devstack devstack@c-api.service[94168]: DEBUG cinder.api.middleware.request_id [None req-2ee61f37-b5ff-4204-aa15-f0ba5b76c962 None None] RequestId filter calling following filter/app {{(pid=94168) _context_setter /opt/stack/cinder/cinder/api/middleware/request_id.py:62}}
Aug 16 23:07:06 devstack devstack@c-api.service[94168]: INFO cinder.api.openstack.wsgi [None req-2ee61f37-b5ff-4204-aa15-f0ba5b76c962 tempest-VolumesDeleteCascade-1053447042 tempest-VolumesDeleteCascade-1053447042-project-member] GET http://192.168.122.213/volume/v3/snapshots/045be64f-7022-41c4-91fb-b63f16347d9e
Aug 16 23:07:06 devstack devstack@c-api.service[94168]: DEBUG cinder.api.openstack.wsgi [None req-2ee61f37-b5ff-4204-aa15-f0ba5b76c962 tempest-VolumesDeleteCascade-1053447042 tempest-VolumesDeleteCascade-1053447042-project-member] Empty body provided in request {{(pid=94168) get_body /opt/stack/cinder/cinder/api/openstack/wsgi.py:725}}
Aug 16 23:07:06 devstack devstack@c-api.service[94168]: DEBUG cinder.api.openstack.wsgi [None req-2ee61f37-b5ff-4204-aa15-f0ba5b76c962 tempest-VolumesDeleteCascade-1053447042 tempest-VolumesDeleteCascade-1053447042-project-member] Calling method 'show' {{(pid=94168) _process_stack /opt/stack/cinder/cinder/api/openstack/wsgi.py:878}}
Aug 16 23:07:06 devstack devstack@c-api.service[94169]: INFO cinder.api.openstack.wsgi [None req-736fc799-08cf-4a87-9a4c-e6d90d5de9e8 tempest-GroupTypesTest-1297948746 tempest-GroupTypesTest-1297948746-project-admin] POST http://192.168.122.213/volume/v3/group_types
Aug 16 23:07:06 devstack devstack@c-api.service[94169]: DEBUG cinder.api.openstack.wsgi [None req-736fc799-08cf-4a87-9a4c-e6d90d5de9e8 tempest-GroupTypesTest-1297948746 tempest-GroupTypesTest-1297948746-project-admin] Action: 'create', calling method: version_select, body: {"group_type": {"name": "tempest-GroupTypesTest-group-type-553689972", "description": "tempest-group-type-description-1104681639", "group_specs": {"consistent_group_snapshot_enabled": " False"}, "is_public": true}} {{(pid=94169) _process_stack /opt/stack/cinder/cinder/api/openstack/wsgi.py:876}}
Aug 16 23:07:06 devstack devstack@c-api.service[94168]: /opt/stack/data/venv/lib/python3.12/site-packages/oslo_context/context.py:102: DeprecationWarning: Policy enforcement is depending on the value of is_admin. This key is deprecated. Please update your policy file to use the standard policy values.
Aug 16 23:07:06 devstack devstack@c-api.service[94168]: warnings.warn(
Aug 16 23:07:06 devstack devstack@c-api.service[94168]: INFO cinder.volume.api [None req-2ee61f37-b5ff-4204-aa15-f0ba5b76c962 tempest-VolumesDeleteCascade-1053447042 tempest-VolumesDeleteCascade-1053447042-project-member] Snapshot retrieved successfully.
Aug 16 23:07:06 devstack devstack@c-api.service[94168]: INFO cinder.api.openstack.wsgi [None req-2ee61f37-b5ff-4204-aa15-f0ba5b76c962 tempest-VolumesDeleteCascade-1053447042 tempest-VolumesDeleteCascade-1053447042-project-member] http://192.168.122.213/volume/v3/snapshots/045be64f-7022-41c4-91fb-b63f16347d9e returned with HTTP 200
Aug 16 23:07:06 devstack devstack@c-api.service[94168]: [pid: 94168|app: 0|req: 198/400] 192.168.122.213 () {58 vars in 1238 bytes} [Sun Aug 16 23:07:06 2026] GET /volume/v3/snapshots/045be64f-7022-41c4-91fb-b63f16347d9e => generated 438 bytes in 57 msecs (HTTP/1.1 200) 7 headers in 285 bytes (1 switches on core 0)
Aug 16 23:07:06 devstack devstack@c-api.service[94169]: /opt/stack/data/venv/lib/python3.12/site-packages/oslo_context/context.py:102: DeprecationWarning: Policy enforcement is depending on the value of is_admin. This key is deprecated. Please update your policy file to use the standard policy values.
Aug 16 23:07:06 devstack devstack@c-api.service[94169]: warnings.warn(
Aug 16 23:07:06 devstack devstack@c-api.service[94169]: INFO cinder.api.openstack.wsgi [None req-736fc799-08cf-4a87-9a4c-e6d90d5de9e8 tempest-GroupTypesTest-1297948746 tempest-GroupTypesTest-1297948746-project-admin] http://192.168.122.213/volume/v3/group_types returned with HTTP 202
Aug 16 23:07:06 devstack devstack@c-api.service[94169]: [pid: 94169|app: 0|req: 203/401] 192.168.122.213 () {62 vars in 1196 bytes} [Sun Aug 16 23:07:05 2026] POST /volume/v3/group_types => generated 264 bytes in 478 msecs (HTTP/1.1 202) 7 headers in 292 bytes (1 switches on core 0)
Aug 16 23:07:06 devstack devstack@c-api.service[94168]: DEBUG cinder.api.middleware.request_id [None req-f49a38d3-21bf-4ee7-803b-b762c48939af None None] RequestId filter calling following filter/app {{(pid=94168) _context_setter /opt/stack/cinder/cinder/api/middleware/request_id.py:62}}
Aug 16 23:07:06 devstack devstack@c-api.service[94168]: INFO cinder.api.openstack.wsgi [None req-f49a38d3-21bf-4ee7-803b-b762c48939af tempest-GroupTypesTest-1297948746 tempest-GroupTypesTest-1297948746-project-admin] GET http://192.168.122.213/volume/v3/group_types
Aug 16 23:07:06 devstack devstack@c-api.service[94168]: DEBUG cinder.api.openstack.wsgi [None req-f49a38d3-21bf-4ee7-803b-b762c48939af tempest-GroupTypesTest-1297948746 tempest-GroupTypesTest-1297948746-project-admin] Empty body provided in request {{(pid=94168) get_body /opt/stack/cinder/cinder/api/openstack/wsgi.py:725}}
Aug 16 23:07:06 devstack devstack@c-api.service[94168]: DEBUG cinder.api.openstack.wsgi [None req-f49a38d3-21bf-4ee7-803b-b762c48939af tempest-GroupTypesTest-1297948746 tempest-GroupTypesTest-1297948746-project-admin] Calling method 'version_select' {{(pid=94168) _process_stack /opt/stack/cinder/cinder/api/openstack/wsgi.py:878}}
Aug 16 23:07:06 devstack devstack@c-api.service[94168]: INFO cinder.api.openstack.wsgi [None req-f49a38d3-21bf-4ee7-803b-b762c48939af tempest-GroupTypesTest-1297948746 tempest-GroupTypesTest-1297948746-project-admin] http://192.168.122.213/volume/v3/group_types returned with HTTP 200
Aug 16 23:07:06 devstack devstack@c-api.service[94168]: [pid: 94168|app: 0|req: 199/402] 192.168.122.213 () {60 vars in 1174 bytes} [Sun Aug 16 23:07:06 2026] GET /volume/v3/group_types => generated 498 bytes in 34 msecs (HTTP/1.1 200) 7 headers in 286 bytes (1 switches on core 0)
Aug 16 23:07:06 devstack devstack@c-api.service[94169]: DEBUG cinder.api.middleware.request_id [None req-1dfd0311-2d24-41c4-bb12-ead8f1c98092 None None] RequestId filter calling following filter/app {{(pid=94169) _context_setter /opt/stack/cinder/cinder/api/middleware/request_id.py:62}}
Aug 16 23:07:06 devstack devstack@c-api.service[94169]: INFO cinder.api.openstack.wsgi [None req-1dfd0311-2d24-41c4-bb12-ead8f1c98092 tempest-GroupTypesTest-1297948746 tempest-GroupTypesTest-1297948746-project-admin] PUT http://192.168.122.213/volume/v3/group_types/342f646b-2808-4d61-877e-7433318df959
Aug 16 23:07:06 devstack devstack@c-api.service[94169]: DEBUG cinder.api.openstack.wsgi [None req-1dfd0311-2d24-41c4-bb12-ead8f1c98092 tempest-GroupTypesTest-1297948746 tempest-GroupTypesTest-1297948746-project-admin] Action: 'update', calling method: version_select, body: {"group_type": {"name": "tempest-GroupTypesTest-updated-group-type-49535921", "description": "updated-group-type-desc"}} {{(pid=94169) _process_stack /opt/stack/cinder/cinder/api/openstack/wsgi.py:876}}
Aug 16 23:07:06 devstack devstack@c-api.service[94169]: INFO cinder.api.openstack.wsgi [None req-1dfd0311-2d24-41c4-bb12-ead8f1c98092 tempest-GroupTypesTest-1297948746 tempest-GroupTypesTest-1297948746-project-admin] http://192.168.122.213/volume/v3/group_types/342f646b-2808-4d61-877e-7433318df959 returned with HTTP 200
Aug 16 23:07:06 devstack devstack@c-api.service[94169]: [pid: 94169|app: 0|req: 204/403] 192.168.122.213 () {62 vars in 1306 bytes} [Sun Aug 16 23:07:06 2026] PUT /volume/v3/group_types/342f646b-2808-4d61-877e-7433318df959 => generated 253 bytes in 56 msecs (HTTP/1.1 200) 7 headers in 286 bytes (1 switches on core 0)
Aug 16 23:07:06 devstack devstack@c-api.service[94168]: DEBUG cinder.api.middleware.request_id [None req-59e62888-27cc-4ec0-8e50-c30b08a94b7e None None] RequestId filter calling following filter/app {{(pid=94168) _context_setter /opt/stack/cinder/cinder/api/middleware/request_id.py:62}}
Aug 16 23:07:06 devstack devstack@c-api.service[94168]: INFO cinder.api.openstack.wsgi [None req-59e62888-27cc-4ec0-8e50-c30b08a94b7e tempest-GroupTypesTest-1297948746 tempest-GroupTypesTest-1297948746-project-admin] GET http://192.168.122.213/volume/v3/group_types/342f646b-2808-4d61-877e-7433318df959
Aug 16 23:07:06 devstack devstack@c-api.service[94168]: DEBUG cinder.api.openstack.wsgi [None req-59e62888-27cc-4ec0-8e50-c30b08a94b7e tempest-GroupTypesTest-1297948746 tempest-GroupTypesTest-1297948746-project-admin] Empty body provided in request {{(pid=94168) get_body /opt/stack/cinder/cinder/api/openstack/wsgi.py:725}}
Aug 16 23:07:06 devstack devstack@c-api.service[94168]: DEBUG cinder.api.openstack.wsgi [None req-59e62888-27cc-4ec0-8e50-c30b08a94b7e tempest-GroupTypesTest-1297948746 tempest-GroupTypesTest-1297948746-project-admin] Calling method 'version_select' {{(pid=94168) _process_stack /opt/stack/cinder/cinder/api/openstack/wsgi.py:878}}
Aug 16 23:07:06 devstack devstack@c-api.service[94168]: INFO cinder.api.openstack.wsgi [None req-59e62888-27cc-4ec0-8e50-c30b08a94b7e tempest-GroupTypesTest-1297948746 tempest-GroupTypesTest-1297948746-project-admin] http://192.168.122.213/volume/v3/group_types/342f646b-2808-4d61-877e-7433318df959 returned with HTTP 200
Aug 16 23:07:06 devstack devstack@c-api.service[94168]: [pid: 94168|app: 0|req: 200/404] 192.168.122.213 () {60 vars in 1285 bytes} [Sun Aug 16 23:07:06 2026] GET /volume/v3/group_types/342f646b-2808-4d61-877e-7433318df959 => generated 253 bytes in 29 msecs (HTTP/1.1 200) 7 headers in 286 bytes (2 switches on core 0)
Aug 16 23:07:06 devstack devstack@c-api.service[94169]: DEBUG cinder.api.middleware.request_id [None req-263ae88f-6fa6-412a-a5f8-977ed214a63c None None] RequestId filter calling following filter/app {{(pid=94169) _context_setter /opt/stack/cinder/cinder/api/middleware/request_id.py:62}}
Aug 16 23:07:06 devstack devstack@c-api.service[94169]: INFO cinder.api.openstack.wsgi [None req-263ae88f-6fa6-412a-a5f8-977ed214a63c tempest-GroupTypesTest-1297948746 tempest-GroupTypesTest-1297948746-project-admin] DELETE http://192.168.122.213/volume/v3/group_types/342f646b-2808-4d61-877e-7433318df959
Aug 16 23:07:06 devstack devstack@c-api.service[94169]: DEBUG cinder.api.openstack.wsgi [None req-263ae88f-6fa6-412a-a5f8-977ed214a63c tempest-GroupTypesTest-1297948746 tempest-GroupTypesTest-1297948746-project-admin] Empty body provided in request {{(pid=94169) get_body /opt/stack/cinder/cinder/api/openstack/wsgi.py:725}}
Aug 16 23:07:06 devstack devstack@c-api.service[94169]: DEBUG cinder.api.openstack.wsgi [None req-263ae88f-6fa6-412a-a5f8-977ed214a63c tempest-GroupTypesTest-1297948746 tempest-GroupTypesTest-1297948746-project-admin] Calling method 'version_select' {{(pid=94169) _process_stack /opt/stack/cinder/cinder/api/openstack/wsgi.py:878}}
Aug 16 23:07:06 devstack devstack@c-api.service[94169]: INFO cinder.api.openstack.wsgi [None req-263ae88f-6fa6-412a-a5f8-977ed214a63c tempest-GroupTypesTest-1297948746 tempest-GroupTypesTest-1297948746-project-admin] http://192.168.122.213/volume/v3/group_types/342f646b-2808-4d61-877e-7433318df959 returned with HTTP 202
Aug 16 23:07:06 devstack devstack@c-api.service[94169]: [pid: 94169|app: 0|req: 205/405] 192.168.122.213 () {60 vars in 1288 bytes} [Sun Aug 16 23:07:06 2026] DELETE /volume/v3/group_types/342f646b-2808-4d61-877e-7433318df959 => generated 0 bytes in 123 msecs (HTTP/1.1 202) 6 headers in 234 bytes (1 switches on core 0)
Aug 16 23:07:06 devstack devstack@c-api.service[94168]: DEBUG cinder.api.middleware.request_id [None req-39d4511b-3d84-4e19-8457-28a5d30ca8a1 None None] RequestId filter calling following filter/app {{(pid=94168) _context_setter /opt/stack/cinder/cinder/api/middleware/request_id.py:62}}
Aug 16 23:07:06 devstack devstack@c-api.service[94168]: INFO cinder.api.openstack.wsgi [None req-39d4511b-3d84-4e19-8457-28a5d30ca8a1 tempest-GroupTypesTest-1297948746 tempest-GroupTypesTest-1297948746-project-admin] GET http://192.168.122.213/volume/v3/group_types
Aug 16 23:07:06 devstack devstack@c-api.service[94168]: DEBUG cinder.api.openstack.wsgi [None req-39d4511b-3d84-4e19-8457-28a5d30ca8a1 tempest-GroupTypesTest-1297948746 tempest-GroupTypesTest-1297948746-project-admin] Empty body provided in request {{(pid=94168) get_body /opt/stack/cinder/cinder/api/openstack/wsgi.py:725}}
Aug 16 23:07:06 devstack devstack@c-api.service[94168]: DEBUG cinder.api.openstack.wsgi [None req-39d4511b-3d84-4e19-8457-28a5d30ca8a1 tempest-GroupTypesTest-1297948746 tempest-GroupTypesTest-1297948746-project-admin] Calling method 'version_select' {{(pid=94168) _process_stack /opt/stack/cinder/cinder/api/openstack/wsgi.py:878}}
Aug 16 23:07:06 devstack devstack@c-api.service[94168]: INFO cinder.api.openstack.wsgi [None req-39d4511b-3d84-4e19-8457-28a5d30ca8a1 tempest-GroupTypesTest-1297948746 tempest-GroupTypesTest-1297948746-project-admin] http://192.168.122.213/volume/v3/group_types returned with HTTP 200
Aug 16 23:07:06 devstack devstack@c-api.service[94168]: [pid: 94168|app: 0|req: 201/406] 192.168.122.213 () {60 vars in 1174 bytes} [Sun Aug 16 23:07:06 2026] GET /volume/v3/group_types => generated 248 bytes in 19 msecs (HTTP/1.1 200) 7 headers in 286 bytes (2 switches on core 0)
Aug 16 23:07:06 devstack devstack@c-api.service[94169]: DEBUG cinder.api.middleware.request_id [None req-9b984b23-b172-4cbf-9a7a-0de06c34d187 None None] RequestId filter calling following filter/app {{(pid=94169) _context_setter /opt/stack/cinder/cinder/api/middleware/request_id.py:62}}
Aug 16 23:07:06 devstack devstack@c-api.service[94169]: INFO cinder.api.openstack.wsgi [None req-9b984b23-b172-4cbf-9a7a-0de06c34d187 tempest-GroupTypesTest-1297948746 tempest-GroupTypesTest-1297948746-project-admin] POST http://192.168.122.213/volume/v3/group_types
Aug 16 23:07:06 devstack devstack@c-api.service[94169]: DEBUG cinder.api.openstack.wsgi [None req-9b984b23-b172-4cbf-9a7a-0de06c34d187 tempest-GroupTypesTest-1297948746 tempest-GroupTypesTest-1297948746-project-admin] Action: 'create', calling method: version_select, body: {"group_type": {"name": "a_tempest-group-type-183268506", "is_public": true}} {{(pid=94169) _process_stack /opt/stack/cinder/cinder/api/openstack/wsgi.py:876}}
Aug 16 23:07:06 devstack devstack@c-api.service[94169]: INFO cinder.api.openstack.wsgi [None req-9b984b23-b172-4cbf-9a7a-0de06c34d187 tempest-GroupTypesTest-1297948746 tempest-GroupTypesTest-1297948746-project-admin] http://192.168.122.213/volume/v3/group_types returned with HTTP 202
Aug 16 23:07:06 devstack devstack@c-api.service[94169]: [pid: 94169|app: 0|req: 206/407] 192.168.122.213 () {62 vars in 1195 bytes} [Sun Aug 16 23:07:06 2026] POST /volume/v3/group_types => generated 163 bytes in 57 msecs (HTTP/1.1 202) 7 headers in 292 bytes (2 switches on core 0)
Aug 16 23:07:06 devstack devstack@c-api.service[94168]: DEBUG cinder.api.middleware.request_id [None req-a28f458c-50a1-4601-a43f-6b041a6ab031 None None] RequestId filter calling following filter/app {{(pid=94168) _context_setter /opt/stack/cinder/cinder/api/middleware/request_id.py:62}}
Aug 16 23:07:06 devstack devstack@c-api.service[94168]: INFO cinder.api.openstack.wsgi [None req-a28f458c-50a1-4601-a43f-6b041a6ab031 tempest-GroupTypesTest-1297948746 tempest-GroupTypesTest-1297948746-project-admin] POST http://192.168.122.213/volume/v3/group_types
Aug 16 23:07:06 devstack devstack@c-api.service[94168]: DEBUG cinder.api.openstack.wsgi [None req-a28f458c-50a1-4601-a43f-6b041a6ab031 tempest-GroupTypesTest-1297948746 tempest-GroupTypesTest-1297948746-project-admin] Action: 'create', calling method: version_select, body: {"group_type": {"name": "b_tempest-group-type-1304997367", "is_public": false}} {{(pid=94168) _process_stack /opt/stack/cinder/cinder/api/openstack/wsgi.py:876}}
Aug 16 23:07:06 devstack devstack@c-api.service[94168]: INFO cinder.api.openstack.wsgi [None req-a28f458c-50a1-4601-a43f-6b041a6ab031 tempest-GroupTypesTest-1297948746 tempest-GroupTypesTest-1297948746-project-admin] http://192.168.122.213/volume/v3/group_types returned with HTTP 202
Aug 16 23:07:06 devstack devstack@c-api.service[94168]: [pid: 94168|app: 0|req: 202/408] 192.168.122.213 () {62 vars in 1195 bytes} [Sun Aug 16 23:07:06 2026] POST /volume/v3/group_types => generated 165 bytes in 62 msecs (HTTP/1.1 202) 7 headers in 292 bytes (1 switches on core 0)
Aug 16 23:07:06 devstack devstack@c-api.service[94169]: DEBUG cinder.api.middleware.request_id [None req-a798a67a-9312-4506-bf51-519766eb0aed None None] RequestId filter calling following filter/app {{(pid=94169) _context_setter /opt/stack/cinder/cinder/api/middleware/request_id.py:62}}
Aug 16 23:07:06 devstack devstack@c-api.service[94169]: INFO cinder.api.openstack.wsgi [None req-a798a67a-9312-4506-bf51-519766eb0aed tempest-GroupTypesTest-1297948746 tempest-GroupTypesTest-1297948746-project-admin] GET http://192.168.122.213/volume/v3/group_types?sort=name%3Aasc&is_public=None
Aug 16 23:07:06 devstack devstack@c-api.service[94169]: DEBUG cinder.api.openstack.wsgi [None req-a798a67a-9312-4506-bf51-519766eb0aed tempest-GroupTypesTest-1297948746 tempest-GroupTypesTest-1297948746-project-admin] Empty body provided in request {{(pid=94169) get_body /opt/stack/cinder/cinder/api/openstack/wsgi.py:725}}
Aug 16 23:07:06 devstack devstack@c-api.service[94169]: DEBUG cinder.api.openstack.wsgi [None req-a798a67a-9312-4506-bf51-519766eb0aed tempest-GroupTypesTest-1297948746 tempest-GroupTypesTest-1297948746-project-admin] Calling method 'version_select' {{(pid=94169) _process_stack /opt/stack/cinder/cinder/api/openstack/wsgi.py:878}}
Aug 16 23:07:06 devstack devstack@c-api.service[94169]: INFO cinder.api.openstack.wsgi [None req-a798a67a-9312-4506-bf51-519766eb0aed tempest-GroupTypesTest-1297948746 tempest-GroupTypesTest-1297948746-project-admin] http://192.168.122.213/volume/v3/group_types?sort=name%3Aasc&is_public=None returned with HTTP 200
Aug 16 23:07:06 devstack devstack@c-api.service[94169]: [pid: 94169|app: 0|req: 207/409] 192.168.122.213 () {60 vars in 1235 bytes} [Sun Aug 16 23:07:06 2026] GET /volume/v3/group_types?sort=name%3Aasc&is_public=None => generated 548 bytes in 36 msecs (HTTP/1.1 200) 7 headers in 286 bytes (1 switches on core 0)
Aug 16 23:07:06 devstack devstack@c-api.service[94168]: DEBUG cinder.api.middleware.request_id [None req-486c7740-d127-4a7e-b76c-08be044743f8 None None] RequestId filter calling following filter/app {{(pid=94168) _context_setter /opt/stack/cinder/cinder/api/middleware/request_id.py:62}}
Aug 16 23:07:06 devstack devstack@c-api.service[94168]: INFO cinder.api.openstack.wsgi [None req-486c7740-d127-4a7e-b76c-08be044743f8 tempest-GroupTypesTest-1297948746 tempest-GroupTypesTest-1297948746-project-admin] GET http://192.168.122.213/volume/v3/group_types?sort=name%3Adesc&is_public=None
Aug 16 23:07:06 devstack devstack@c-api.service[94168]: DEBUG cinder.api.openstack.wsgi [None req-486c7740-d127-4a7e-b76c-08be044743f8 tempest-GroupTypesTest-1297948746 tempest-GroupTypesTest-1297948746-project-admin] Empty body provided in request {{(pid=94168) get_body /opt/stack/cinder/cinder/api/openstack/wsgi.py:725}}
Aug 16 23:07:06 devstack devstack@c-api.service[94168]: DEBUG cinder.api.openstack.wsgi [None req-486c7740-d127-4a7e-b76c-08be044743f8 tempest-GroupTypesTest-1297948746 tempest-GroupTypesTest-1297948746-project-admin] Calling method 'version_select' {{(pid=94168) _process_stack /opt/stack/cinder/cinder/api/openstack/wsgi.py:878}}
Aug 16 23:07:06 devstack devstack@c-api.service[94168]: INFO cinder.api.openstack.wsgi [None req-486c7740-d127-4a7e-b76c-08be044743f8 tempest-GroupTypesTest-1297948746 tempest-GroupTypesTest-1297948746-project-admin] http://192.168.122.213/volume/v3/group_types?sort=name%3Adesc&is_public=None returned with HTTP 200
Aug 16 23:07:06 devstack devstack@c-api.service[94168]: [pid: 94168|app: 0|req: 203/410] 192.168.122.213 () {60 vars in 1237 bytes} [Sun Aug 16 23:07:06 2026] GET /volume/v3/group_types?sort=name%3Adesc&is_public=None => generated 548 bytes in 54 msecs (HTTP/1.1 200) 7 headers in 286 bytes (1 switches on core 0)
Aug 16 23:07:06 devstack devstack@c-api.service[94169]: DEBUG cinder.api.middleware.request_id [None req-9e99cc86-7e09-40bc-b4a9-676552dab288 None None] RequestId filter calling following filter/app {{(pid=94169) _context_setter /opt/stack/cinder/cinder/api/middleware/request_id.py:62}}
Aug 16 23:07:06 devstack devstack@c-api.service[94169]: INFO cinder.api.openstack.wsgi [None req-9e99cc86-7e09-40bc-b4a9-676552dab288 tempest-GroupTypesTest-1297948746 tempest-GroupTypesTest-1297948746-project-admin] GET http://192.168.122.213/volume/v3/group_types?is_public=False
Aug 16 23:07:06 devstack devstack@c-api.service[94169]: DEBUG cinder.api.openstack.wsgi [None req-9e99cc86-7e09-40bc-b4a9-676552dab288 tempest-GroupTypesTest-1297948746 tempest-GroupTypesTest-1297948746-project-admin] Empty body provided in request {{(pid=94169) get_body /opt/stack/cinder/cinder/api/openstack/wsgi.py:725}}
Aug 16 23:07:06 devstack devstack@c-api.service[94169]: DEBUG cinder.api.openstack.wsgi [None req-9e99cc86-7e09-40bc-b4a9-676552dab288 tempest-GroupTypesTest-1297948746 tempest-GroupTypesTest-1297948746-project-admin] Calling method 'version_select' {{(pid=94169) _process_stack /opt/stack/cinder/cinder/api/openstack/wsgi.py:878}}
Aug 16 23:07:06 devstack devstack@c-api.service[94169]: INFO cinder.api.openstack.wsgi [None req-9e99cc86-7e09-40bc-b4a9-676552dab288 tempest-GroupTypesTest-1297948746 tempest-GroupTypesTest-1297948746-project-admin] http://192.168.122.213/volume/v3/group_types?is_public=False returned with HTTP 200
Aug 16 23:07:06 devstack devstack@c-api.service[94169]: [pid: 94169|app: 0|req: 208/411] 192.168.122.213 () {60 vars in 1205 bytes} [Sun Aug 16 23:07:06 2026] GET /volume/v3/group_types?is_public=False => generated 168 bytes in 30 msecs (HTTP/1.1 200) 7 headers in 286 bytes (1 switches on core 0)
Aug 16 23:07:06 devstack devstack@c-api.service[94168]: DEBUG cinder.api.middleware.request_id [None req-7eb96261-12d7-4640-a956-a6c689469000 None None] RequestId filter calling following filter/app {{(pid=94168) _context_setter /opt/stack/cinder/cinder/api/middleware/request_id.py:62}}
Aug 16 23:07:07 devstack devstack@c-api.service[94168]: INFO cinder.api.openstack.wsgi [None req-7eb96261-12d7-4640-a956-a6c689469000 tempest-GroupTypesTest-1297948746 tempest-GroupTypesTest-1297948746-project-admin] GET http://192.168.122.213/volume/v3/group_types?is_public=True
