Jan 26 19:32:14 devstack devstack@keystone.service[42998]: DEBUG keystone.server.flask.common [-] Adding resource routes to API users: ['/users//application_credentials' {}] {{(pid=42998) _add_mapped_resources /opt/stack/keystone/keystone/server/flask/common.py:483}}
Jan 26 19:32:14 devstack devstack@keystone.service[42998]: DEBUG keystone.server.flask.common [-] Adding resource routes to API users: ['/users//application_credentials/' {}] {{(pid=42998) _add_mapped_resources /opt/stack/keystone/keystone/server/flask/common.py:483}}
Jan 26 19:32:14 devstack devstack@keystone.service[42998]: DEBUG keystone.server.flask.common [-] Adding resource routes to API users: ['/users//access_rules' {}] {{(pid=42998) _add_mapped_resources /opt/stack/keystone/keystone/server/flask/common.py:483}}
Jan 26 19:32:14 devstack devstack@keystone.service[42998]: DEBUG keystone.server.flask.common [-] Adding resource routes to API users: ['/users//access_rules/' {}] {{(pid=42998) _add_mapped_resources /opt/stack/keystone/keystone/server/flask/common.py:483}}
Jan 26 19:32:14 devstack devstack@keystone.service[42997]: WSGI app 0 (mountpoint='') ready in 4 seconds on interpreter 0x561373b021c0 pid: 42997 (default app)
Jan 26 19:32:14 devstack devstack@keystone.service[42997]: DEBUG keystone.server.flask.request_processing.req_logging [None req-a7edc834-9cd5-40f5-a713-ccf6119d5331 None None] REQUEST_METHOD: `GET` {{(pid=42997) log_request_info /opt/stack/keystone/keystone/server/flask/request_processing/req_logging.py:26}}
Jan 26 19:32:14 devstack devstack@keystone.service[42997]: DEBUG keystone.server.flask.request_processing.req_logging [None req-a7edc834-9cd5-40f5-a713-ccf6119d5331 None None] SCRIPT_NAME: `/identity` {{(pid=42997) log_request_info /opt/stack/keystone/keystone/server/flask/request_processing/req_logging.py:27}}
Jan 26 19:32:14 devstack devstack@keystone.service[42997]: DEBUG keystone.server.flask.request_processing.req_logging [None req-a7edc834-9cd5-40f5-a713-ccf6119d5331 None None] PATH_INFO: `/v3` {{(pid=42997) log_request_info /opt/stack/keystone/keystone/server/flask/request_processing/req_logging.py:28}}
Jan 26 19:32:14 devstack devstack@keystone.service[42997]: [pid: 42997|app: 0|req: 1/1] 192.168.122.81 () {50 vars in 798 bytes} [Mon Jan 26 19:32:14 2026] GET /identity/v3/ => generated 258 bytes in 5 msecs (HTTP/1.1 200) 5 headers in 177 bytes (1 switches on core 0)
Jan 26 19:32:14 devstack devstack@keystone.service[42998]: WSGI app 0 (mountpoint='') ready in 4 seconds on interpreter 0x561373b021c0 pid: 42998 (default app)
Jan 26 19:32:21 devstack devstack@keystone.service[42997]: DEBUG keystone.server.flask.request_processing.req_logging [None req-7ac8f725-e85c-4fed-be99-3241fd9b414c None None] REQUEST_METHOD: `GET` {{(pid=42997) log_request_info /opt/stack/keystone/keystone/server/flask/request_processing/req_logging.py:26}}
Jan 26 19:32:21 devstack devstack@keystone.service[42997]: DEBUG keystone.server.flask.request_processing.req_logging [None req-7ac8f725-e85c-4fed-be99-3241fd9b414c None None] SCRIPT_NAME: `/identity` {{(pid=42997) log_request_info /opt/stack/keystone/keystone/server/flask/request_processing/req_logging.py:27}}
Jan 26 19:32:21 devstack devstack@keystone.service[42997]: DEBUG keystone.server.flask.request_processing.req_logging [None req-7ac8f725-e85c-4fed-be99-3241fd9b414c None None] PATH_INFO: `/` {{(pid=42997) log_request_info /opt/stack/keystone/keystone/server/flask/request_processing/req_logging.py:28}}
Jan 26 19:32:21 devstack devstack@keystone.service[42997]: [pid: 42997|app: 0|req: 2/2] 192.168.122.81 () {54 vars in 934 bytes} [Mon Jan 26 19:32:21 2026] GET /identity => generated 273 bytes in 2 msecs (HTTP/1.1 300) 6 headers in 237 bytes (1 switches on core 0)
Jan 26 19:32:21 devstack devstack@keystone.service[42998]: DEBUG keystone.server.flask.request_processing.req_logging [None req-28081800-1d16-490f-b9d7-ddb2d5b501df None None] REQUEST_METHOD: `POST` {{(pid=42998) log_request_info /opt/stack/keystone/keystone/server/flask/request_processing/req_logging.py:26}}
Jan 26 19:32:21 devstack devstack@keystone.service[42998]: DEBUG keystone.server.flask.request_processing.req_logging [None req-28081800-1d16-490f-b9d7-ddb2d5b501df None None] SCRIPT_NAME: `/identity` {{(pid=42998) log_request_info /opt/stack/keystone/keystone/server/flask/request_processing/req_logging.py:27}}
Jan 26 19:32:21 devstack devstack@keystone.service[42998]: DEBUG keystone.server.flask.request_processing.req_logging [None req-28081800-1d16-490f-b9d7-ddb2d5b501df None None] PATH_INFO: `/v3/auth/tokens` {{(pid=42998) log_request_info /opt/stack/keystone/keystone/server/flask/request_processing/req_logging.py:28}}
Jan 26 19:32:21 devstack devstack@keystone.service[42998]: INFO dbcounter [None req-28081800-1d16-490f-b9d7-ddb2d5b501df None None] Registered counter for database keystone
Jan 26 19:32:21 devstack devstack@keystone.service[42998]: DEBUG oslo_db.sqlalchemy.engines [None req-28081800-1d16-490f-b9d7-ddb2d5b501df None None] MySQL server mode set to STRICT_TRANS_TABLES,STRICT_ALL_TABLES,NO_ZERO_IN_DATE,NO_ZERO_DATE,ERROR_FOR_DIVISION_BY_ZERO,TRADITIONAL,NO_ENGINE_SUBSTITUTION {{(pid=42998) _check_effective_sql_mode /opt/stack/data/venv/lib/python3.10/site-packages/oslo_db/sqlalchemy/engines.py:325}}
Jan 26 19:32:21 devstack devstack@keystone.service[42998]: DEBUG dbcounter [-] [42998] Writer thread running {{(pid=42998) stat_writer /opt/stack/data/venv/lib/python3.10/site-packages/dbcounter.py:102}}
Jan 26 19:32:21 devstack devstack@keystone.service[42998]: WARNING keystone.common.password_hashing [None req-28081800-1d16-490f-b9d7-ddb2d5b501df None None] Truncating password to algorithm specific maximum length 72 characters.
Jan 26 19:32:22 devstack devstack@keystone.service[42998]: DEBUG keystone.auth.core [None req-28081800-1d16-490f-b9d7-ddb2d5b501df None None] MFA Rules not processed for user `bdb1ca0299c148f4aa075b490f65fb8a`. Rule list: `[]` (Enabled: `True`). {{(pid=42998) check_auth_methods_against_rules /opt/stack/keystone/keystone/auth/core.py:476}}
Jan 26 19:32:22 devstack devstack@keystone.service[42998]: DEBUG keystone.common.fernet_utils [None req-28081800-1d16-490f-b9d7-ddb2d5b501df None None] Loaded 2 Fernet keys from /etc/keystone/fernet-keys/, but `[fernet_tokens] max_active_keys = 3`; perhaps there have not been enough key rotations to reach `max_active_keys` yet? {{(pid=42998) load_keys /opt/stack/keystone/keystone/common/fernet_utils.py:297}}
Jan 26 19:32:22 devstack devstack@keystone.service[42998]: [pid: 42998|app: 0|req: 1/3] 192.168.122.81 () {58 vars in 1031 bytes} [Mon Jan 26 19:32:21 2026] POST /identity/v3/auth/tokens => generated 980 bytes in 433 msecs (HTTP/1.1 201) 6 headers in 384 bytes (1 switches on core 0)
Jan 26 19:32:22 devstack devstack@keystone.service[42997]: DEBUG keystone.server.flask.request_processing.middleware.auth_context [None req-7ac8f725-e85c-4fed-be99-3241fd9b414c None None] Authenticating user token {{(pid=42997) process_request /opt/stack/data/venv/lib/python3.10/site-packages/keystonemiddleware/auth_token/__init__.py:407}}
Jan 26 19:32:22 devstack devstack@keystone.service[42997]: INFO dbcounter [None req-7ac8f725-e85c-4fed-be99-3241fd9b414c None None] Registered counter for database keystone
Jan 26 19:32:22 devstack devstack@keystone.service[42997]: DEBUG oslo_db.sqlalchemy.engines [None req-7ac8f725-e85c-4fed-be99-3241fd9b414c None None] MySQL server mode set to STRICT_TRANS_TABLES,STRICT_ALL_TABLES,NO_ZERO_IN_DATE,NO_ZERO_DATE,ERROR_FOR_DIVISION_BY_ZERO,TRADITIONAL,NO_ENGINE_SUBSTITUTION {{(pid=42997) _check_effective_sql_mode /opt/stack/data/venv/lib/python3.10/site-packages/oslo_db/sqlalchemy/engines.py:325}}
Jan 26 19:32:22 devstack devstack@keystone.service[42997]: DEBUG dbcounter [-] [42997] Writer thread running {{(pid=42997) stat_writer /opt/stack/data/venv/lib/python3.10/site-packages/dbcounter.py:102}}
Jan 26 19:32:22 devstack devstack@keystone.service[42997]: DEBUG keystone.server.flask.request_processing.middleware.auth_context [None req-7ac8f725-e85c-4fed-be99-3241fd9b414c None None] Validating token access rules against request {{(pid=42997) validate_allowed_request /opt/stack/data/venv/lib/python3.10/site-packages/keystonemiddleware/auth_token/__init__.py:545}}
Jan 26 19:32:22 devstack devstack@keystone.service[42997]: DEBUG keystone.server.flask.request_processing.middleware.auth_context [None req-3dad333d-6924-4eec-a80a-639c6c71e820 admin admin] RBAC: auth_context: {'token': , 'domain_id': None, 'trust_id': None, 'trustor_id': None, 'trustee_id': None, 'domain_name': None, 'group_ids': [], 'user_id': 'bdb1ca0299c148f4aa075b490f65fb8a', 'user_domain_id': 'default', 'system_scope': None, 'project_id': 'f131d52f31c24528adf205228c8e7223', 'project_domain_id': 'default', 'roles': ['member', 'reader', 'admin', 'manager'], 'is_admin_project': True, 'service_user_id': None, 'service_user_domain_id': None, 'service_project_id': None, 'service_project_domain_id': None, 'service_roles': []} {{(pid=42997) fill_context /opt/stack/keystone/keystone/server/flask/request_processing/middleware/auth_context.py:509}}
Jan 26 19:32:22 devstack devstack@keystone.service[42997]: DEBUG keystone.server.flask.request_processing.req_logging [None req-3dad333d-6924-4eec-a80a-639c6c71e820 admin admin] REQUEST_METHOD: `GET` {{(pid=42997) log_request_info /opt/stack/keystone/keystone/server/flask/request_processing/req_logging.py:26}}
Jan 26 19:32:22 devstack devstack@keystone.service[42997]: DEBUG keystone.server.flask.request_processing.req_logging [None req-3dad333d-6924-4eec-a80a-639c6c71e820 admin admin] SCRIPT_NAME: `/identity` {{(pid=42997) log_request_info /opt/stack/keystone/keystone/server/flask/request_processing/req_logging.py:27}}
Jan 26 19:32:22 devstack devstack@keystone.service[42997]: DEBUG keystone.server.flask.request_processing.req_logging [None req-3dad333d-6924-4eec-a80a-639c6c71e820 admin admin] PATH_INFO: `/v3/auth/tokens` {{(pid=42997) log_request_info /opt/stack/keystone/keystone/server/flask/request_processing/req_logging.py:28}}
Jan 26 19:32:22 devstack devstack@keystone.service[42997]: DEBUG keystone.common.rbac_enforcer.enforcer [None req-3dad333d-6924-4eec-a80a-639c6c71e820 admin admin] RBAC: Authorizing `identity:validate_token()` {{(pid=42997) enforce_call /opt/stack/keystone/keystone/common/rbac_enforcer/enforcer.py:494}}
Jan 26 19:32:22 devstack devstack@keystone.service[42997]: WARNING keystone.common.rbac_enforcer.enforcer [None req-3dad333d-6924-4eec-a80a-639c6c71e820 admin admin] Deprecated policy rules found. Use oslopolicy-policy-generator and oslopolicy-policy-upgrade to detect and resolve deprecated policies in your configuration.
Jan 26 19:32:22 devstack devstack@keystone.service[42997]: DEBUG keystone.common.rbac_enforcer.enforcer [None req-3dad333d-6924-4eec-a80a-639c6c71e820 admin admin] RBAC: Authorization granted {{(pid=42997) enforce_call /opt/stack/keystone/keystone/common/rbac_enforcer/enforcer.py:505}}
Jan 26 19:32:22 devstack devstack@keystone.service[42997]: [pid: 42997|app: 0|req: 3/4] 192.168.122.81 () {58 vars in 1331 bytes} [Mon Jan 26 19:32:22 2026] GET /identity/v3/auth/tokens => generated 980 bytes in 288 msecs (HTTP/1.1 200) 6 headers in 379 bytes (1 switches on core 0)
Jan 26 19:32:22 devstack devstack@keystone.service[42998]: DEBUG keystone.server.flask.request_processing.middleware.auth_context [None req-28081800-1d16-490f-b9d7-ddb2d5b501df None None] Authenticating user token {{(pid=42998) process_request /opt/stack/data/venv/lib/python3.10/site-packages/keystonemiddleware/auth_token/__init__.py:407}}
Jan 26 19:32:22 devstack devstack@keystone.service[42998]: DEBUG keystone.server.flask.request_processing.middleware.auth_context [None req-28081800-1d16-490f-b9d7-ddb2d5b501df None None] Validating token access rules against request {{(pid=42998) validate_allowed_request /opt/stack/data/venv/lib/python3.10/site-packages/keystonemiddleware/auth_token/__init__.py:545}}
Jan 26 19:32:22 devstack devstack@keystone.service[42998]: DEBUG keystone.server.flask.request_processing.middleware.auth_context [None req-1147b39a-37c5-42dc-bcba-35447def5c85 admin admin] RBAC: auth_context: {'token': , 'domain_id': None, 'trust_id': None, 'trustor_id': None, 'trustee_id': None, 'domain_name': None, 'group_ids': [], 'user_id': 'bdb1ca0299c148f4aa075b490f65fb8a', 'user_domain_id': 'default', 'system_scope': None, 'project_id': 'f131d52f31c24528adf205228c8e7223', 'project_domain_id': 'default', 'roles': ['member', 'reader', 'admin', 'manager'], 'is_admin_project': True, 'service_user_id': None, 'service_user_domain_id': None, 'service_project_id': None, 'service_project_domain_id': None, 'service_roles': []} {{(pid=42998) fill_context /opt/stack/keystone/keystone/server/flask/request_processing/middleware/auth_context.py:509}}
Jan 26 19:32:22 devstack devstack@keystone.service[42998]: DEBUG keystone.server.flask.request_processing.req_logging [None req-1147b39a-37c5-42dc-bcba-35447def5c85 admin admin] REQUEST_METHOD: `GET` {{(pid=42998) log_request_info /opt/stack/keystone/keystone/server/flask/request_processing/req_logging.py:26}}
Jan 26 19:32:22 devstack devstack@keystone.service[42998]: DEBUG keystone.server.flask.request_processing.req_logging [None req-1147b39a-37c5-42dc-bcba-35447def5c85 admin admin] SCRIPT_NAME: `/identity` {{(pid=42998) log_request_info /opt/stack/keystone/keystone/server/flask/request_processing/req_logging.py:27}}
Jan 26 19:32:22 devstack devstack@keystone.service[42998]: DEBUG keystone.server.flask.request_processing.req_logging [None req-1147b39a-37c5-42dc-bcba-35447def5c85 admin admin] PATH_INFO: `/v3/projects/f131d52f31c24528adf205228c8e7223` {{(pid=42998) log_request_info /opt/stack/keystone/keystone/server/flask/request_processing/req_logging.py:28}}
Jan 26 19:32:22 devstack devstack@keystone.service[42998]: DEBUG keystone.common.rbac_enforcer.enforcer [None req-1147b39a-37c5-42dc-bcba-35447def5c85 admin admin] RBAC: Authorizing `identity:get_project(project_id=f131d52f31c24528adf205228c8e7223)` {{(pid=42998) enforce_call /opt/stack/keystone/keystone/common/rbac_enforcer/enforcer.py:494}}
Jan 26 19:32:22 devstack devstack@keystone.service[42998]: WARNING keystone.common.rbac_enforcer.enforcer [None req-1147b39a-37c5-42dc-bcba-35447def5c85 admin admin] Deprecated policy rules found. Use oslopolicy-policy-generator and oslopolicy-policy-upgrade to detect and resolve deprecated policies in your configuration.
Jan 26 19:32:22 devstack devstack@keystone.service[42998]: DEBUG keystone.common.rbac_enforcer.enforcer [None req-1147b39a-37c5-42dc-bcba-35447def5c85 admin admin] RBAC: Authorization granted {{(pid=42998) enforce_call /opt/stack/keystone/keystone/common/rbac_enforcer/enforcer.py:505}}
Jan 26 19:32:22 devstack devstack@keystone.service[42998]: [pid: 42998|app: 0|req: 2/5] 192.168.122.81 () {56 vars in 1214 bytes} [Mon Jan 26 19:32:22 2026] GET /identity/v3/projects/f131d52f31c24528adf205228c8e7223 => generated 347 bytes in 61 msecs (HTTP/1.1 200) 5 headers in 177 bytes (2 switches on core 0)
Jan 26 19:32:24 devstack devstack@keystone.service[42997]: DEBUG keystone.server.flask.request_processing.req_logging [None req-c9582392-4c0f-47cd-88d8-c8b613ac1638 None None] REQUEST_METHOD: `GET` {{(pid=42997) log_request_info /opt/stack/keystone/keystone/server/flask/request_processing/req_logging.py:26}}
Jan 26 19:32:24 devstack devstack@keystone.service[42997]: DEBUG keystone.server.flask.request_processing.req_logging [None req-c9582392-4c0f-47cd-88d8-c8b613ac1638 None None] SCRIPT_NAME: `/identity` {{(pid=42997) log_request_info /opt/stack/keystone/keystone/server/flask/request_processing/req_logging.py:27}}
Jan 26 19:32:24 devstack devstack@keystone.service[42997]: DEBUG keystone.server.flask.request_processing.req_logging [None req-c9582392-4c0f-47cd-88d8-c8b613ac1638 None None] PATH_INFO: `/` {{(pid=42997) log_request_info /opt/stack/keystone/keystone/server/flask/request_processing/req_logging.py:28}}
Jan 26 19:32:24 devstack devstack@keystone.service[42997]: [pid: 42997|app: 0|req: 4/6] 192.168.122.81 () {54 vars in 934 bytes} [Mon Jan 26 19:32:24 2026] GET /identity => generated 273 bytes in 3 msecs (HTTP/1.1 300) 6 headers in 237 bytes (1 switches on core 0)
Jan 26 19:32:24 devstack devstack@keystone.service[42998]: DEBUG keystone.server.flask.request_processing.req_logging [None req-bd4c08d4-e88d-457f-beb0-32099dbd751d None None] REQUEST_METHOD: `POST` {{(pid=42998) log_request_info /opt/stack/keystone/keystone/server/flask/request_processing/req_logging.py:26}}
Jan 26 19:32:24 devstack devstack@keystone.service[42998]: DEBUG keystone.server.flask.request_processing.req_logging [None req-bd4c08d4-e88d-457f-beb0-32099dbd751d None None] SCRIPT_NAME: `/identity` {{(pid=42998) log_request_info /opt/stack/keystone/keystone/server/flask/request_processing/req_logging.py:27}}
Jan 26 19:32:24 devstack devstack@keystone.service[42998]: DEBUG keystone.server.flask.request_processing.req_logging [None req-bd4c08d4-e88d-457f-beb0-32099dbd751d None None] PATH_INFO: `/v3/auth/tokens` {{(pid=42998) log_request_info /opt/stack/keystone/keystone/server/flask/request_processing/req_logging.py:28}}
Jan 26 19:32:24 devstack devstack@keystone.service[42998]: WARNING keystone.common.password_hashing [None req-bd4c08d4-e88d-457f-beb0-32099dbd751d None None] Truncating password to algorithm specific maximum length 72 characters.
Jan 26 19:32:24 devstack devstack@keystone.service[42998]: DEBUG keystone.auth.core [None req-bd4c08d4-e88d-457f-beb0-32099dbd751d None None] MFA Rules not processed for user `bdb1ca0299c148f4aa075b490f65fb8a`. Rule list: `[]` (Enabled: `True`). {{(pid=42998) check_auth_methods_against_rules /opt/stack/keystone/keystone/auth/core.py:476}}
Jan 26 19:32:24 devstack devstack@keystone.service[42998]: DEBUG keystone.common.fernet_utils [None req-bd4c08d4-e88d-457f-beb0-32099dbd751d None None] Loaded 2 Fernet keys from /etc/keystone/fernet-keys/, but `[fernet_tokens] max_active_keys = 3`; perhaps there have not been enough key rotations to reach `max_active_keys` yet? {{(pid=42998) load_keys /opt/stack/keystone/keystone/common/fernet_utils.py:297}}
Jan 26 19:32:24 devstack devstack@keystone.service[42998]: [pid: 42998|app: 0|req: 3/7] 192.168.122.81 () {58 vars in 1031 bytes} [Mon Jan 26 19:32:24 2026] POST /identity/v3/auth/tokens => generated 980 bytes in 38 msecs (HTTP/1.1 201) 6 headers in 384 bytes (1 switches on core 0)
Jan 26 19:32:24 devstack devstack@keystone.service[42997]: DEBUG keystone.server.flask.request_processing.middleware.auth_context [None req-c9582392-4c0f-47cd-88d8-c8b613ac1638 None None] Authenticating user token {{(pid=42997) process_request /opt/stack/data/venv/lib/python3.10/site-packages/keystonemiddleware/auth_token/__init__.py:407}}
Jan 26 19:32:24 devstack devstack@keystone.service[42997]: DEBUG keystone.server.flask.request_processing.middleware.auth_context [None req-c9582392-4c0f-47cd-88d8-c8b613ac1638 None None] Validating token access rules against request {{(pid=42997) validate_allowed_request /opt/stack/data/venv/lib/python3.10/site-packages/keystonemiddleware/auth_token/__init__.py:545}}
Jan 26 19:32:24 devstack devstack@keystone.service[42997]: DEBUG keystone.server.flask.request_processing.middleware.auth_context [None req-551e92c5-00b2-4767-8979-ed669b7084a4 admin admin] RBAC: auth_context: {'token': , 'domain_id': None, 'trust_id': None, 'trustor_id': None, 'trustee_id': None, 'domain_name': None, 'group_ids': [], 'user_id': 'bdb1ca0299c148f4aa075b490f65fb8a', 'user_domain_id': 'default', 'system_scope': None, 'project_id': 'f131d52f31c24528adf205228c8e7223', 'project_domain_id': 'default', 'roles': ['member', 'reader', 'admin', 'manager'], 'is_admin_project': True, 'service_user_id': None, 'service_user_domain_id': None, 'service_project_id': None, 'service_project_domain_id': None, 'service_roles': []} {{(pid=42997) fill_context /opt/stack/keystone/keystone/server/flask/request_processing/middleware/auth_context.py:509}}
Jan 26 19:32:24 devstack devstack@keystone.service[42997]: DEBUG keystone.server.flask.request_processing.req_logging [None req-551e92c5-00b2-4767-8979-ed669b7084a4 admin admin] REQUEST_METHOD: `GET` {{(pid=42997) log_request_info /opt/stack/keystone/keystone/server/flask/request_processing/req_logging.py:26}}
Jan 26 19:32:24 devstack devstack@keystone.service[42997]: DEBUG keystone.server.flask.request_processing.req_logging [None req-551e92c5-00b2-4767-8979-ed669b7084a4 admin admin] SCRIPT_NAME: `/identity` {{(pid=42997) log_request_info /opt/stack/keystone/keystone/server/flask/request_processing/req_logging.py:27}}
Jan 26 19:32:24 devstack devstack@keystone.service[42997]: DEBUG keystone.server.flask.request_processing.req_logging [None req-551e92c5-00b2-4767-8979-ed669b7084a4 admin admin] PATH_INFO: `/v3/users/admin` {{(pid=42997) log_request_info /opt/stack/keystone/keystone/server/flask/request_processing/req_logging.py:28}}
Jan 26 19:32:24 devstack devstack@keystone.service[42997]: DEBUG keystone.common.rbac_enforcer.enforcer [None req-551e92c5-00b2-4767-8979-ed669b7084a4 admin admin] RBAC: Authorizing `identity:get_user(user_id=admin)` {{(pid=42997) enforce_call /opt/stack/keystone/keystone/common/rbac_enforcer/enforcer.py:494}}
Jan 26 19:32:24 devstack devstack@keystone.service[42997]: DEBUG keystone.common.rbac_enforcer.enforcer [None req-551e92c5-00b2-4767-8979-ed669b7084a4 admin admin] RBAC: Authorization granted {{(pid=42997) enforce_call /opt/stack/keystone/keystone/common/rbac_enforcer/enforcer.py:505}}
Jan 26 19:32:24 devstack devstack@keystone.service[42997]: DEBUG keystone.server.flask.application [None req-551e92c5-00b2-4767-8979-ed669b7084a4 admin admin] Could not find user: admin. {{(pid=42997) _handle_keystone_exception /opt/stack/keystone/keystone/server/flask/application.py:146}}
Jan 26 19:32:24 devstack devstack@keystone.service[42997]: [pid: 42997|app: 0|req: 5/8] 192.168.122.81 () {56 vars in 1168 bytes} [Mon Jan 26 19:32:24 2026] GET /identity/v3/users/admin => generated 83 bytes in 50 msecs (HTTP/1.1 404) 5 headers in 183 bytes (1 switches on core 0)
Jan 26 19:32:24 devstack devstack@keystone.service[42998]: DEBUG keystone.server.flask.request_processing.middleware.auth_context [None req-bd4c08d4-e88d-457f-beb0-32099dbd751d None None] Authenticating user token {{(pid=42998) process_request /opt/stack/data/venv/lib/python3.10/site-packages/keystonemiddleware/auth_token/__init__.py:407}}
Jan 26 19:32:24 devstack devstack@keystone.service[42998]: DEBUG keystone.server.flask.request_processing.middleware.auth_context [None req-bd4c08d4-e88d-457f-beb0-32099dbd751d None None] Validating token access rules against request {{(pid=42998) validate_allowed_request /opt/stack/data/venv/lib/python3.10/site-packages/keystonemiddleware/auth_token/__init__.py:545}}
Jan 26 19:32:24 devstack devstack@keystone.service[42998]: DEBUG keystone.server.flask.request_processing.middleware.auth_context [None req-8a0204ba-2101-4368-9475-46e3f2407d56 admin admin] RBAC: auth_context: {'token': , 'domain_id': None, 'trust_id': None, 'trustor_id': None, 'trustee_id': None, 'domain_name': None, 'group_ids': [], 'user_id': 'bdb1ca0299c148f4aa075b490f65fb8a', 'user_domain_id': 'default', 'system_scope': None, 'project_id': 'f131d52f31c24528adf205228c8e7223', 'project_domain_id': 'default', 'roles': ['member', 'reader', 'admin', 'manager'], 'is_admin_project': True, 'service_user_id': None, 'service_user_domain_id': None, 'service_project_id': None, 'service_project_domain_id': None, 'service_roles': []} {{(pid=42998) fill_context /opt/stack/keystone/keystone/server/flask/request_processing/middleware/auth_context.py:509}}
Jan 26 19:32:24 devstack devstack@keystone.service[42998]: DEBUG keystone.server.flask.request_processing.req_logging [None req-8a0204ba-2101-4368-9475-46e3f2407d56 admin admin] REQUEST_METHOD: `GET` {{(pid=42998) log_request_info /opt/stack/keystone/keystone/server/flask/request_processing/req_logging.py:26}}
Jan 26 19:32:24 devstack devstack@keystone.service[42998]: DEBUG keystone.server.flask.request_processing.req_logging [None req-8a0204ba-2101-4368-9475-46e3f2407d56 admin admin] SCRIPT_NAME: `/identity` {{(pid=42998) log_request_info /opt/stack/keystone/keystone/server/flask/request_processing/req_logging.py:27}}
Jan 26 19:32:24 devstack devstack@keystone.service[42998]: DEBUG keystone.server.flask.request_processing.req_logging [None req-8a0204ba-2101-4368-9475-46e3f2407d56 admin admin] PATH_INFO: `/v3/users` {{(pid=42998) log_request_info /opt/stack/keystone/keystone/server/flask/request_processing/req_logging.py:28}}
Jan 26 19:32:24 devstack devstack@keystone.service[42998]: DEBUG keystone.common.rbac_enforcer.enforcer [None req-8a0204ba-2101-4368-9475-46e3f2407d56 admin admin] RBAC: Adding query filter params (name=admin) {{(pid=42998) _extract_filter_values /opt/stack/keystone/keystone/common/rbac_enforcer/enforcer.py:176}}
Jan 26 19:32:24 devstack devstack@keystone.service[42998]: DEBUG keystone.common.rbac_enforcer.enforcer [None req-8a0204ba-2101-4368-9475-46e3f2407d56 admin admin] RBAC: Authorizing `identity:list_users()` {{(pid=42998) enforce_call /opt/stack/keystone/keystone/common/rbac_enforcer/enforcer.py:494}}
Jan 26 19:32:24 devstack devstack@keystone.service[42998]: DEBUG keystone.common.rbac_enforcer.enforcer [None req-8a0204ba-2101-4368-9475-46e3f2407d56 admin admin] RBAC: Authorization granted {{(pid=42998) enforce_call /opt/stack/keystone/keystone/common/rbac_enforcer/enforcer.py:505}}
Jan 26 19:32:24 devstack devstack@keystone.service[42998]: [pid: 42998|app: 0|req: 4/9] 192.168.122.81 () {56 vars in 1184 bytes} [Mon Jan 26 19:32:24 2026] GET /identity/v3/users?name=admin => generated 358 bytes in 63 msecs (HTTP/1.1 200) 5 headers in 177 bytes (1 switches on core 0)
Jan 26 19:32:26 devstack devstack@keystone.service[42997]: DEBUG keystone.server.flask.request_processing.req_logging [None req-5a6c0500-4fbb-4c3a-88ba-320d632b44df None None] REQUEST_METHOD: `GET` {{(pid=42997) log_request_info /opt/stack/keystone/keystone/server/flask/request_processing/req_logging.py:26}}
Jan 26 19:32:26 devstack devstack@keystone.service[42997]: DEBUG keystone.server.flask.request_processing.req_logging [None req-5a6c0500-4fbb-4c3a-88ba-320d632b44df None None] SCRIPT_NAME: `/identity` {{(pid=42997) log_request_info /opt/stack/keystone/keystone/server/flask/request_processing/req_logging.py:27}}
Jan 26 19:32:26 devstack devstack@keystone.service[42997]: DEBUG keystone.server.flask.request_processing.req_logging [None req-5a6c0500-4fbb-4c3a-88ba-320d632b44df None None] PATH_INFO: `/` {{(pid=42997) log_request_info /opt/stack/keystone/keystone/server/flask/request_processing/req_logging.py:28}}
Jan 26 19:32:26 devstack devstack@keystone.service[42997]: [pid: 42997|app: 0|req: 6/10] 192.168.122.81 () {54 vars in 934 bytes} [Mon Jan 26 19:32:26 2026] GET /identity => generated 273 bytes in 2 msecs (HTTP/1.1 300) 6 headers in 237 bytes (1 switches on core 0)
Jan 26 19:32:26 devstack devstack@keystone.service[42998]: DEBUG keystone.server.flask.request_processing.req_logging [None req-3123b1b6-cf23-4b73-8df0-f857d9538c27 None None] REQUEST_METHOD: `POST` {{(pid=42998) log_request_info /opt/stack/keystone/keystone/server/flask/request_processing/req_logging.py:26}}
Jan 26 19:32:26 devstack devstack@keystone.service[42998]: DEBUG keystone.server.flask.request_processing.req_logging [None req-3123b1b6-cf23-4b73-8df0-f857d9538c27 None None] SCRIPT_NAME: `/identity` {{(pid=42998) log_request_info /opt/stack/keystone/keystone/server/flask/request_processing/req_logging.py:27}}
Jan 26 19:32:26 devstack devstack@keystone.service[42998]: DEBUG keystone.server.flask.request_processing.req_logging [None req-3123b1b6-cf23-4b73-8df0-f857d9538c27 None None] PATH_INFO: `/v3/auth/tokens` {{(pid=42998) log_request_info /opt/stack/keystone/keystone/server/flask/request_processing/req_logging.py:28}}
Jan 26 19:32:26 devstack devstack@keystone.service[42998]: WARNING keystone.common.password_hashing [None req-3123b1b6-cf23-4b73-8df0-f857d9538c27 None None] Truncating password to algorithm specific maximum length 72 characters.
Jan 26 19:32:26 devstack devstack@keystone.service[42998]: DEBUG keystone.auth.core [None req-3123b1b6-cf23-4b73-8df0-f857d9538c27 None None] MFA Rules not processed for user `bdb1ca0299c148f4aa075b490f65fb8a`. Rule list: `[]` (Enabled: `True`). {{(pid=42998) check_auth_methods_against_rules /opt/stack/keystone/keystone/auth/core.py:476}}
Jan 26 19:32:26 devstack devstack@keystone.service[42998]: DEBUG keystone.common.fernet_utils [None req-3123b1b6-cf23-4b73-8df0-f857d9538c27 None None] Loaded 2 Fernet keys from /etc/keystone/fernet-keys/, but `[fernet_tokens] max_active_keys = 3`; perhaps there have not been enough key rotations to reach `max_active_keys` yet? {{(pid=42998) load_keys /opt/stack/keystone/keystone/common/fernet_utils.py:297}}
Jan 26 19:32:26 devstack devstack@keystone.service[42997]: DEBUG keystone.server.flask.request_processing.req_logging [None req-2e1879e7-2ca3-4a81-bbee-42e5e0191c60 None None] REQUEST_METHOD: `GET` {{(pid=42997) log_request_info /opt/stack/keystone/keystone/server/flask/request_processing/req_logging.py:26}}
Jan 26 19:32:26 devstack devstack@keystone.service[42997]: DEBUG keystone.server.flask.request_processing.req_logging [None req-2e1879e7-2ca3-4a81-bbee-42e5e0191c60 None None] SCRIPT_NAME: `/identity` {{(pid=42997) log_request_info /opt/stack/keystone/keystone/server/flask/request_processing/req_logging.py:27}}
Jan 26 19:32:26 devstack devstack@keystone.service[42997]: DEBUG keystone.server.flask.request_processing.req_logging [None req-2e1879e7-2ca3-4a81-bbee-42e5e0191c60 None None] PATH_INFO: `/` {{(pid=42997) log_request_info /opt/stack/keystone/keystone/server/flask/request_processing/req_logging.py:28}}
Jan 26 19:32:26 devstack devstack@keystone.service[42997]: [pid: 42997|app: 0|req: 7/11] 192.168.122.81 () {54 vars in 934 bytes} [Mon Jan 26 19:32:26 2026] GET /identity => generated 273 bytes in 2 msecs (HTTP/1.1 300) 6 headers in 237 bytes (1 switches on core 0)
Jan 26 19:32:26 devstack devstack@keystone.service[42997]: DEBUG keystone.server.flask.request_processing.req_logging [None req-6b53e838-7781-4f69-b2d3-5b6ac2e2a749 None None] REQUEST_METHOD: `POST` {{(pid=42997) log_request_info /opt/stack/keystone/keystone/server/flask/request_processing/req_logging.py:26}}
Jan 26 19:32:26 devstack devstack@keystone.service[42997]: DEBUG keystone.server.flask.request_processing.req_logging [None req-6b53e838-7781-4f69-b2d3-5b6ac2e2a749 None None] SCRIPT_NAME: `/identity` {{(pid=42997) log_request_info /opt/stack/keystone/keystone/server/flask/request_processing/req_logging.py:27}}
Jan 26 19:32:26 devstack devstack@keystone.service[42997]: DEBUG keystone.server.flask.request_processing.req_logging [None req-6b53e838-7781-4f69-b2d3-5b6ac2e2a749 None None] PATH_INFO: `/v3/auth/tokens` {{(pid=42997) log_request_info /opt/stack/keystone/keystone/server/flask/request_processing/req_logging.py:28}}
Jan 26 19:32:26 devstack devstack@keystone.service[42997]: WARNING keystone.common.password_hashing [None req-6b53e838-7781-4f69-b2d3-5b6ac2e2a749 None None] Truncating password to algorithm specific maximum length 72 characters.
Jan 26 19:32:26 devstack devstack@keystone.service[42998]: [pid: 42998|app: 0|req: 5/12] 192.168.122.81 () {58 vars in 1031 bytes} [Mon Jan 26 19:32:26 2026] POST /identity/v3/auth/tokens => generated 865 bytes in 102 msecs (HTTP/1.1 201) 6 headers in 363 bytes (1 switches on core 0)
Jan 26 19:32:26 devstack devstack@keystone.service[42997]: DEBUG keystone.auth.core [None req-6b53e838-7781-4f69-b2d3-5b6ac2e2a749 None None] MFA Rules not processed for user `bdb1ca0299c148f4aa075b490f65fb8a`. Rule list: `[]` (Enabled: `True`). {{(pid=42997) check_auth_methods_against_rules /opt/stack/keystone/keystone/auth/core.py:476}}
Jan 26 19:32:26 devstack devstack@keystone.service[42997]: DEBUG keystone.common.fernet_utils [None req-6b53e838-7781-4f69-b2d3-5b6ac2e2a749 None None] Loaded 2 Fernet keys from /etc/keystone/fernet-keys/, but `[fernet_tokens] max_active_keys = 3`; perhaps there have not been enough key rotations to reach `max_active_keys` yet? {{(pid=42997) load_keys /opt/stack/keystone/keystone/common/fernet_utils.py:297}}
Jan 26 19:32:26 devstack devstack@keystone.service[42997]: [pid: 42997|app: 0|req: 8/13] 192.168.122.81 () {58 vars in 1031 bytes} [Mon Jan 26 19:32:26 2026] POST /identity/v3/auth/tokens => generated 865 bytes in 125 msecs (HTTP/1.1 201) 6 headers in 363 bytes (1 switches on core 0)
Jan 26 19:32:26 devstack devstack@keystone.service[42998]: DEBUG keystone.server.flask.request_processing.middleware.auth_context [None req-3123b1b6-cf23-4b73-8df0-f857d9538c27 None None] Authenticating user token {{(pid=42998) process_request /opt/stack/data/venv/lib/python3.10/site-packages/keystonemiddleware/auth_token/__init__.py:407}}
Jan 26 19:32:26 devstack devstack@keystone.service[42998]: DEBUG keystone.server.flask.request_processing.middleware.auth_context [None req-3123b1b6-cf23-4b73-8df0-f857d9538c27 None None] Validating token access rules against request {{(pid=42998) validate_allowed_request /opt/stack/data/venv/lib/python3.10/site-packages/keystonemiddleware/auth_token/__init__.py:545}}
Jan 26 19:32:26 devstack devstack@keystone.service[42998]: DEBUG keystone.server.flask.request_processing.middleware.auth_context [None req-90caa857-a944-4bd0-a8b2-ee2e7f6c0095 None admin] RBAC: auth_context: {'token': , 'domain_id': None, 'trust_id': None, 'trustor_id': None, 'trustee_id': None, 'domain_name': None, 'group_ids': [], 'user_id': 'bdb1ca0299c148f4aa075b490f65fb8a', 'user_domain_id': 'default', 'system_scope': 'all', 'project_id': None, 'project_domain_id': None, 'roles': ['admin', 'manager', 'member', 'reader'], 'is_admin_project': True, 'service_user_id': None, 'service_user_domain_id': None, 'service_project_id': None, 'service_project_domain_id': None, 'service_roles': []} {{(pid=42998) fill_context /opt/stack/keystone/keystone/server/flask/request_processing/middleware/auth_context.py:509}}
Jan 26 19:32:26 devstack devstack@keystone.service[42998]: DEBUG keystone.server.flask.request_processing.req_logging [None req-90caa857-a944-4bd0-a8b2-ee2e7f6c0095 None admin] REQUEST_METHOD: `GET` {{(pid=42998) log_request_info /opt/stack/keystone/keystone/server/flask/request_processing/req_logging.py:26}}
Jan 26 19:32:26 devstack devstack@keystone.service[42998]: DEBUG keystone.server.flask.request_processing.req_logging [None req-90caa857-a944-4bd0-a8b2-ee2e7f6c0095 None admin] SCRIPT_NAME: `/identity` {{(pid=42998) log_request_info /opt/stack/keystone/keystone/server/flask/request_processing/req_logging.py:27}}
Jan 26 19:32:26 devstack devstack@keystone.service[42998]: DEBUG keystone.server.flask.request_processing.req_logging [None req-90caa857-a944-4bd0-a8b2-ee2e7f6c0095 None admin] PATH_INFO: `/v3/roles/admin` {{(pid=42998) log_request_info /opt/stack/keystone/keystone/server/flask/request_processing/req_logging.py:28}}
Jan 26 19:32:26 devstack devstack@keystone.service[42997]: DEBUG keystone.server.flask.request_processing.middleware.auth_context [None req-6b53e838-7781-4f69-b2d3-5b6ac2e2a749 None None] Authenticating user token {{(pid=42997) process_request /opt/stack/data/venv/lib/python3.10/site-packages/keystonemiddleware/auth_token/__init__.py:407}}
Jan 26 19:32:26 devstack devstack@keystone.service[42998]: DEBUG keystone.common.rbac_enforcer.enforcer [None req-90caa857-a944-4bd0-a8b2-ee2e7f6c0095 None admin] Extracting inferred target data resulted in "NOT FOUND (404)". {{(pid=42998) enforce_call /opt/stack/keystone/keystone/common/rbac_enforcer/enforcer.py:445}}
Jan 26 19:32:26 devstack devstack@keystone.service[42998]: DEBUG keystone.server.flask.application [None req-90caa857-a944-4bd0-a8b2-ee2e7f6c0095 None admin] Could not find role: admin. {{(pid=42998) _handle_keystone_exception /opt/stack/keystone/keystone/server/flask/application.py:146}}
Jan 26 19:32:26 devstack devstack@keystone.service[42998]: [pid: 42998|app: 0|req: 6/14] 192.168.122.81 () {56 vars in 1147 bytes} [Mon Jan 26 19:32:26 2026] GET /identity/v3/roles/admin => generated 83 bytes in 113 msecs (HTTP/1.1 404) 5 headers in 183 bytes (1 switches on core 0)
Jan 26 19:32:26 devstack devstack@keystone.service[42998]: DEBUG keystone.server.flask.request_processing.middleware.auth_context [None req-90caa857-a944-4bd0-a8b2-ee2e7f6c0095 None admin] Authenticating user token {{(pid=42998) process_request /opt/stack/data/venv/lib/python3.10/site-packages/keystonemiddleware/auth_token/__init__.py:407}}
Jan 26 19:32:26 devstack devstack@keystone.service[42997]: DEBUG keystone.server.flask.request_processing.middleware.auth_context [None req-6b53e838-7781-4f69-b2d3-5b6ac2e2a749 None None] Validating token access rules against request {{(pid=42997) validate_allowed_request /opt/stack/data/venv/lib/python3.10/site-packages/keystonemiddleware/auth_token/__init__.py:545}}
Jan 26 19:32:26 devstack devstack@keystone.service[42998]: DEBUG keystone.server.flask.request_processing.middleware.auth_context [None req-90caa857-a944-4bd0-a8b2-ee2e7f6c0095 None admin] Validating token access rules against request {{(pid=42998) validate_allowed_request /opt/stack/data/venv/lib/python3.10/site-packages/keystonemiddleware/auth_token/__init__.py:545}}
Jan 26 19:32:26 devstack devstack@keystone.service[42998]: DEBUG keystone.server.flask.request_processing.middleware.auth_context [None req-0f62b075-f55e-4c50-bdd2-0345ac0d5a0f None admin] RBAC: auth_context: {'token': , 'domain_id': None, 'trust_id': None, 'trustor_id': None, 'trustee_id': None, 'domain_name': None, 'group_ids': [], 'user_id': 'bdb1ca0299c148f4aa075b490f65fb8a', 'user_domain_id': 'default', 'system_scope': 'all', 'project_id': None, 'project_domain_id': None, 'roles': ['admin', 'manager', 'member', 'reader'], 'is_admin_project': True, 'service_user_id': None, 'service_user_domain_id': None, 'service_project_id': None, 'service_project_domain_id': None, 'service_roles': []} {{(pid=42998) fill_context /opt/stack/keystone/keystone/server/flask/request_processing/middleware/auth_context.py:509}}
Jan 26 19:32:26 devstack devstack@keystone.service[42998]: DEBUG keystone.server.flask.request_processing.req_logging [None req-0f62b075-f55e-4c50-bdd2-0345ac0d5a0f None admin] REQUEST_METHOD: `GET` {{(pid=42998) log_request_info /opt/stack/keystone/keystone/server/flask/request_processing/req_logging.py:26}}
Jan 26 19:32:26 devstack devstack@keystone.service[42998]: DEBUG keystone.server.flask.request_processing.req_logging [None req-0f62b075-f55e-4c50-bdd2-0345ac0d5a0f None admin] SCRIPT_NAME: `/identity` {{(pid=42998) log_request_info /opt/stack/keystone/keystone/server/flask/request_processing/req_logging.py:27}}
Jan 26 19:32:26 devstack devstack@keystone.service[42998]: DEBUG keystone.server.flask.request_processing.req_logging [None req-0f62b075-f55e-4c50-bdd2-0345ac0d5a0f None admin] PATH_INFO: `/v3/roles` {{(pid=42998) log_request_info /opt/stack/keystone/keystone/server/flask/request_processing/req_logging.py:28}}
Jan 26 19:32:26 devstack devstack@keystone.service[42997]: DEBUG keystone.server.flask.request_processing.middleware.auth_context [None req-5b06cc30-5a4e-4e4c-a7c3-cc297dc09dd1 None admin] RBAC: auth_context: {'token': , 'domain_id': None, 'trust_id': None, 'trustor_id': None, 'trustee_id': None, 'domain_name': None, 'group_ids': [], 'user_id': 'bdb1ca0299c148f4aa075b490f65fb8a', 'user_domain_id': 'default', 'system_scope': 'all', 'project_id': None, 'project_domain_id': None, 'roles': ['admin', 'manager', 'member', 'reader'], 'is_admin_project': True, 'service_user_id': None, 'service_user_domain_id': None, 'service_project_id': None, 'service_project_domain_id': None, 'service_roles': []} {{(pid=42997) fill_context /opt/stack/keystone/keystone/server/flask/request_processing/middleware/auth_context.py:509}}
Jan 26 19:32:26 devstack devstack@keystone.service[42998]: DEBUG keystone.common.rbac_enforcer.enforcer [None req-0f62b075-f55e-4c50-bdd2-0345ac0d5a0f None admin] RBAC: Adding query filter params (name=admin) {{(pid=42998) _extract_filter_values /opt/stack/keystone/keystone/common/rbac_enforcer/enforcer.py:176}}
Jan 26 19:32:26 devstack devstack@keystone.service[42998]: DEBUG keystone.common.rbac_enforcer.enforcer [None req-0f62b075-f55e-4c50-bdd2-0345ac0d5a0f None admin] RBAC: Authorizing `identity:list_roles()` {{(pid=42998) enforce_call /opt/stack/keystone/keystone/common/rbac_enforcer/enforcer.py:494}}
Jan 26 19:32:26 devstack devstack@keystone.service[42997]: DEBUG keystone.server.flask.request_processing.req_logging [None req-5b06cc30-5a4e-4e4c-a7c3-cc297dc09dd1 None admin] REQUEST_METHOD: `POST` {{(pid=42997) log_request_info /opt/stack/keystone/keystone/server/flask/request_processing/req_logging.py:26}}
Jan 26 19:32:26 devstack devstack@keystone.service[42997]: DEBUG keystone.server.flask.request_processing.req_logging [None req-5b06cc30-5a4e-4e4c-a7c3-cc297dc09dd1 None admin] SCRIPT_NAME: `/identity` {{(pid=42997) log_request_info /opt/stack/keystone/keystone/server/flask/request_processing/req_logging.py:27}}
Jan 26 19:32:26 devstack devstack@keystone.service[42997]: DEBUG keystone.server.flask.request_processing.req_logging [None req-5b06cc30-5a4e-4e4c-a7c3-cc297dc09dd1 None admin] PATH_INFO: `/v3/domains` {{(pid=42997) log_request_info /opt/stack/keystone/keystone/server/flask/request_processing/req_logging.py:28}}
Jan 26 19:32:26 devstack devstack@keystone.service[42998]: DEBUG keystone.common.rbac_enforcer.enforcer [None req-0f62b075-f55e-4c50-bdd2-0345ac0d5a0f None admin] RBAC: Authorization granted {{(pid=42998) enforce_call /opt/stack/keystone/keystone/common/rbac_enforcer/enforcer.py:505}}
Jan 26 19:32:26 devstack devstack@keystone.service[42997]: DEBUG keystone.common.rbac_enforcer.enforcer [None req-5b06cc30-5a4e-4e4c-a7c3-cc297dc09dd1 None admin] RBAC: Authorizing `identity:create_domain()` {{(pid=42997) enforce_call /opt/stack/keystone/keystone/common/rbac_enforcer/enforcer.py:494}}
Jan 26 19:32:26 devstack devstack@keystone.service[42997]: DEBUG keystone.common.rbac_enforcer.enforcer [None req-5b06cc30-5a4e-4e4c-a7c3-cc297dc09dd1 None admin] RBAC: Authorization granted {{(pid=42997) enforce_call /opt/stack/keystone/keystone/common/rbac_enforcer/enforcer.py:505}}
Jan 26 19:32:26 devstack devstack@keystone.service[42998]: [pid: 42998|app: 0|req: 7/15] 192.168.122.81 () {56 vars in 1163 bytes} [Mon Jan 26 19:32:26 2026] GET /identity/v3/roles?name=admin => generated 345 bytes in 122 msecs (HTTP/1.1 200) 5 headers in 177 bytes (1 switches on core 0)
Jan 26 19:32:26 devstack devstack@keystone.service[42997]: DEBUG keystone.common.sql.core [None req-5b06cc30-5a4e-4e4c-a7c3-cc297dc09dd1 None admin] Conflict project: (pymysql.err.IntegrityError) (1062, "Duplicate entry '<>-Default' for key 'project.ixu_project_name_domain_id'")
Jan 26 19:32:26 devstack devstack@keystone.service[42997]: [SQL: INSERT INTO project (id, name, domain_id, description, enabled, extra, parent_id, is_domain) VALUES (%(id)s, %(name)s, %(domain_id)s, %(description)s, %(enabled)s, %(extra)s, %(parent_id)s, %(is_domain)s)]
Jan 26 19:32:26 devstack devstack@keystone.service[42997]: [parameters: {'id': '15f9c138d5054e71b3878155a7f3c22b', 'name': 'Default', 'domain_id': '<>', 'description': '', 'enabled': 1, 'extra': '{}', 'parent_id': None, 'is_domain': 1}]
Jan 26 19:32:26 devstack devstack@keystone.service[42997]: (Background on this error at: https://sqlalche.me/e/20/gkpj) {{(pid=42997) wrapper /opt/stack/keystone/keystone/common/sql/core.py:580}}
Jan 26 19:32:26 devstack devstack@keystone.service[42998]: DEBUG keystone.server.flask.request_processing.middleware.auth_context [None req-0f62b075-f55e-4c50-bdd2-0345ac0d5a0f None admin] Authenticating user token {{(pid=42998) process_request /opt/stack/data/venv/lib/python3.10/site-packages/keystonemiddleware/auth_token/__init__.py:407}}
Jan 26 19:32:26 devstack devstack@keystone.service[42997]: ERROR keystone.server.flask.application [None req-5b06cc30-5a4e-4e4c-a7c3-cc297dc09dd1 None admin] Conflict occurred attempting to store project - it is not permitted to have two projects acting as domains with the same name: Default.: keystone.exception.Conflict: Conflict occurred attempting to store project - it is not permitted to have two projects acting as domains with the same name: Default.
Jan 26 19:32:26 devstack devstack@keystone.service[42997]: ERROR keystone.server.flask.application
Traceback (most recent call last):
Jan 26 19:32:26 devstack devstack@keystone.service[42997]: ERROR keystone.server.flask.application
File "/opt/stack/data/venv/lib/python3.10/site-packages/sqlalchemy/engine/base.py", line 1967, in _exec_single_context
Jan 26 19:32:26 devstack devstack@keystone.service[42997]: ERROR keystone.server.flask.application self.dialect.do_execute(
Jan 26 19:32:26 devstack devstack@keystone.service[42997]: ERROR keystone.server.flask.application
File "/opt/stack/data/venv/lib/python3.10/site-packages/sqlalchemy/engine/default.py", line 951, in do_execute
Jan 26 19:32:26 devstack devstack@keystone.service[42997]: ERROR keystone.server.flask.application cursor.execute(statement, parameters)
Jan 26 19:32:26 devstack devstack@keystone.service[42997]: ERROR keystone.server.flask.application
File "/opt/stack/data/venv/lib/python3.10/site-packages/pymysql/cursors.py", line 153, in execute
Jan 26 19:32:26 devstack devstack@keystone.service[42997]: ERROR keystone.server.flask.application result = self._query(query)
Jan 26 19:32:26 devstack devstack@keystone.service[42997]: ERROR keystone.server.flask.application
File "/opt/stack/data/venv/lib/python3.10/site-packages/pymysql/cursors.py", line 322, in _query
Jan 26 19:32:26 devstack devstack@keystone.service[42997]: ERROR keystone.server.flask.application conn.query(q)
Jan 26 19:32:26 devstack devstack@keystone.service[42997]: ERROR keystone.server.flask.application
File "/opt/stack/data/venv/lib/python3.10/site-packages/pymysql/connections.py", line 575, in query
Jan 26 19:32:26 devstack devstack@keystone.service[42997]: ERROR keystone.server.flask.application self._affected_rows = self._read_query_result(unbuffered=unbuffered)
Jan 26 19:32:26 devstack devstack@keystone.service[42997]: ERROR keystone.server.flask.application
File "/opt/stack/data/venv/lib/python3.10/site-packages/pymysql/connections.py", line 826, in _read_query_result
Jan 26 19:32:26 devstack devstack@keystone.service[42997]: ERROR keystone.server.flask.application result.read()
Jan 26 19:32:26 devstack devstack@keystone.service[42997]: ERROR keystone.server.flask.application
File "/opt/stack/data/venv/lib/python3.10/site-packages/pymysql/connections.py", line 1203, in read
Jan 26 19:32:26 devstack devstack@keystone.service[42997]: ERROR keystone.server.flask.application first_packet = self.connection._read_packet()
Jan 26 19:32:26 devstack devstack@keystone.service[42997]: ERROR keystone.server.flask.application
File "/opt/stack/data/venv/lib/python3.10/site-packages/pymysql/connections.py", line 782, in _read_packet
Jan 26 19:32:26 devstack devstack@keystone.service[42997]: ERROR keystone.server.flask.application packet.raise_for_error()
Jan 26 19:32:26 devstack devstack@keystone.service[42997]: ERROR keystone.server.flask.application
File "/opt/stack/data/venv/lib/python3.10/site-packages/pymysql/protocol.py", line 219, in raise_for_error
Jan 26 19:32:26 devstack devstack@keystone.service[42997]: ERROR keystone.server.flask.application err.raise_mysql_exception(self._data)
Jan 26 19:32:26 devstack devstack@keystone.service[42997]: ERROR keystone.server.flask.application
File "/opt/stack/data/venv/lib/python3.10/site-packages/pymysql/err.py", line 150, in raise_mysql_exception
Jan 26 19:32:26 devstack devstack@keystone.service[42997]: ERROR keystone.server.flask.application raise errorclass(errno, errval)
Jan 26 19:32:26 devstack devstack@keystone.service[42997]: ERROR keystone.server.flask.application pymysql.err.IntegrityError: (1062, "Duplicate entry '<>-Default' for key 'project.ixu_project_name_domain_id'")
Jan 26 19:32:26 devstack devstack@keystone.service[42997]: ERROR keystone.server.flask.application
Jan 26 19:32:26 devstack devstack@keystone.service[42997]: ERROR keystone.server.flask.application The above exception was the direct cause of the following exception:
Jan 26 19:32:26 devstack devstack@keystone.service[42997]: ERROR keystone.server.flask.application
Jan 26 19:32:26 devstack devstack@keystone.service[42997]: ERROR keystone.server.flask.application
Traceback (most recent call last):
Jan 26 19:32:26 devstack devstack@keystone.service[42997]: ERROR keystone.server.flask.application
File "/opt/stack/keystone/keystone/common/sql/core.py", line 575, in wrapper
Jan 26 19:32:26 devstack devstack@keystone.service[42997]: ERROR keystone.server.flask.application return method(*args, **kwargs)
Jan 26 19:32:26 devstack devstack@keystone.service[42997]: ERROR keystone.server.flask.application
File "/opt/stack/keystone/keystone/resource/backends/sql.py", line 278, in create_project
Jan 26 19:32:26 devstack devstack@keystone.service[42997]: ERROR keystone.server.flask.application with sql.session_for_write() as session:
Jan 26 19:32:26 devstack devstack@keystone.service[42997]: ERROR keystone.server.flask.application
File "/usr/lib/python3.10/contextlib.py", line 142, in __exit__
Jan 26 19:32:26 devstack devstack@keystone.service[42997]: ERROR keystone.server.flask.application next(self.gen)
Jan 26 19:32:26 devstack devstack@keystone.service[42997]: ERROR keystone.server.flask.application
File "/opt/stack/data/venv/lib/python3.10/site-packages/oslo_db/sqlalchemy/enginefacade.py", line 1175, in _transaction_scope
