Jan 23 15:10:54 devstack devstack@g-api.service[75262]: DEBUG glance.common.config [None req-8ff0b437-38ab-4141-bf97-a17e22dcdedd None None] barbican_service_user.cafile = None {{(pid=75262) log_opt_values /opt/stack/data/venv/lib/python3.10/site-packages/oslo_config/cfg.py:2824}}
Jan 23 15:10:54 devstack devstack@g-api.service[75262]: DEBUG glance.common.config [None req-8ff0b437-38ab-4141-bf97-a17e22dcdedd None None] barbican_service_user.certfile = None {{(pid=75262) log_opt_values /opt/stack/data/venv/lib/python3.10/site-packages/oslo_config/cfg.py:2824}}
Jan 23 15:10:54 devstack devstack@g-api.service[75262]: DEBUG glance.common.config [None req-8ff0b437-38ab-4141-bf97-a17e22dcdedd None None] barbican_service_user.collect_timing = False {{(pid=75262) log_opt_values /opt/stack/data/venv/lib/python3.10/site-packages/oslo_config/cfg.py:2824}}
Jan 23 15:10:54 devstack devstack@g-api.service[75262]: DEBUG glance.common.config [None req-8ff0b437-38ab-4141-bf97-a17e22dcdedd None None] barbican_service_user.insecure = False {{(pid=75262) log_opt_values /opt/stack/data/venv/lib/python3.10/site-packages/oslo_config/cfg.py:2824}}
Jan 23 15:10:54 devstack devstack@g-api.service[75262]: DEBUG glance.common.config [None req-8ff0b437-38ab-4141-bf97-a17e22dcdedd None None] barbican_service_user.keyfile = None {{(pid=75262) log_opt_values /opt/stack/data/venv/lib/python3.10/site-packages/oslo_config/cfg.py:2824}}
Jan 23 15:10:54 devstack devstack@g-api.service[75262]: DEBUG glance.common.config [None req-8ff0b437-38ab-4141-bf97-a17e22dcdedd None None] barbican_service_user.split_loggers = False {{(pid=75262) log_opt_values /opt/stack/data/venv/lib/python3.10/site-packages/oslo_config/cfg.py:2824}}
Jan 23 15:10:54 devstack devstack@g-api.service[75262]: DEBUG glance.common.config [None req-8ff0b437-38ab-4141-bf97-a17e22dcdedd None None] barbican_service_user.timeout = None {{(pid=75262) log_opt_values /opt/stack/data/venv/lib/python3.10/site-packages/oslo_config/cfg.py:2824}}
Jan 23 15:10:54 devstack devstack@g-api.service[75262]: DEBUG glance.common.config [None req-8ff0b437-38ab-4141-bf97-a17e22dcdedd None None] database.asyncio_connection = **** {{(pid=75262) log_opt_values /opt/stack/data/venv/lib/python3.10/site-packages/oslo_config/cfg.py:2824}}
Jan 23 15:10:54 devstack devstack@g-api.service[75262]: DEBUG glance.common.config [None req-8ff0b437-38ab-4141-bf97-a17e22dcdedd None None] database.asyncio_slave_connection = **** {{(pid=75262) log_opt_values /opt/stack/data/venv/lib/python3.10/site-packages/oslo_config/cfg.py:2824}}
Jan 23 15:10:54 devstack devstack@g-api.service[75262]: DEBUG glance.common.config [None req-8ff0b437-38ab-4141-bf97-a17e22dcdedd None None] database.backend = sqlalchemy {{(pid=75262) log_opt_values /opt/stack/data/venv/lib/python3.10/site-packages/oslo_config/cfg.py:2824}}
Jan 23 15:10:54 devstack devstack@g-api.service[75262]: DEBUG glance.common.config [None req-8ff0b437-38ab-4141-bf97-a17e22dcdedd None None] database.connection = **** {{(pid=75262) log_opt_values /opt/stack/data/venv/lib/python3.10/site-packages/oslo_config/cfg.py:2824}}
Jan 23 15:10:54 devstack devstack@g-api.service[75262]: DEBUG glance.common.config [None req-8ff0b437-38ab-4141-bf97-a17e22dcdedd None None] database.connection_debug = 0 {{(pid=75262) log_opt_values /opt/stack/data/venv/lib/python3.10/site-packages/oslo_config/cfg.py:2824}}
Jan 23 15:10:54 devstack devstack@g-api.service[75262]: DEBUG glance.common.config [None req-8ff0b437-38ab-4141-bf97-a17e22dcdedd None None] database.connection_parameters = {{(pid=75262) log_opt_values /opt/stack/data/venv/lib/python3.10/site-packages/oslo_config/cfg.py:2824}}
Jan 23 15:10:54 devstack devstack@g-api.service[75262]: DEBUG glance.common.config [None req-8ff0b437-38ab-4141-bf97-a17e22dcdedd None None] database.connection_recycle_time = 3600 {{(pid=75262) log_opt_values /opt/stack/data/venv/lib/python3.10/site-packages/oslo_config/cfg.py:2824}}
Jan 23 15:10:54 devstack devstack@g-api.service[75262]: DEBUG glance.common.config [None req-8ff0b437-38ab-4141-bf97-a17e22dcdedd None None] database.connection_trace = False {{(pid=75262) log_opt_values /opt/stack/data/venv/lib/python3.10/site-packages/oslo_config/cfg.py:2824}}
Jan 23 15:10:54 devstack devstack@g-api.service[75262]: DEBUG glance.common.config [None req-8ff0b437-38ab-4141-bf97-a17e22dcdedd None None] database.db_inc_retry_interval = True {{(pid=75262) log_opt_values /opt/stack/data/venv/lib/python3.10/site-packages/oslo_config/cfg.py:2824}}
Jan 23 15:10:54 devstack devstack@g-api.service[75262]: DEBUG glance.common.config [None req-8ff0b437-38ab-4141-bf97-a17e22dcdedd None None] database.db_max_retries = 20 {{(pid=75262) log_opt_values /opt/stack/data/venv/lib/python3.10/site-packages/oslo_config/cfg.py:2824}}
Jan 23 15:10:54 devstack devstack@g-api.service[75262]: DEBUG glance.common.config [None req-8ff0b437-38ab-4141-bf97-a17e22dcdedd None None] database.db_max_retry_interval = 10 {{(pid=75262) log_opt_values /opt/stack/data/venv/lib/python3.10/site-packages/oslo_config/cfg.py:2824}}
Jan 23 15:10:54 devstack devstack@g-api.service[75262]: DEBUG glance.common.config [None req-8ff0b437-38ab-4141-bf97-a17e22dcdedd None None] database.db_retry_interval = 1 {{(pid=75262) log_opt_values /opt/stack/data/venv/lib/python3.10/site-packages/oslo_config/cfg.py:2824}}
Jan 23 15:10:54 devstack devstack@g-api.service[75262]: DEBUG glance.common.config [None req-8ff0b437-38ab-4141-bf97-a17e22dcdedd None None] database.max_overflow = 50 {{(pid=75262) log_opt_values /opt/stack/data/venv/lib/python3.10/site-packages/oslo_config/cfg.py:2824}}
Jan 23 15:10:54 devstack devstack@g-api.service[75262]: DEBUG glance.common.config [None req-8ff0b437-38ab-4141-bf97-a17e22dcdedd None None] database.max_pool_size = 5 {{(pid=75262) log_opt_values /opt/stack/data/venv/lib/python3.10/site-packages/oslo_config/cfg.py:2824}}
Jan 23 15:10:54 devstack devstack@g-api.service[75262]: DEBUG glance.common.config [None req-8ff0b437-38ab-4141-bf97-a17e22dcdedd None None] database.max_retries = 10 {{(pid=75262) log_opt_values /opt/stack/data/venv/lib/python3.10/site-packages/oslo_config/cfg.py:2824}}
Jan 23 15:10:54 devstack devstack@g-api.service[75262]: DEBUG glance.common.config [None req-8ff0b437-38ab-4141-bf97-a17e22dcdedd None None] database.mysql_sql_mode = TRADITIONAL {{(pid=75262) log_opt_values /opt/stack/data/venv/lib/python3.10/site-packages/oslo_config/cfg.py:2824}}
Jan 23 15:10:54 devstack devstack@g-api.service[75262]: DEBUG glance.common.config [None req-8ff0b437-38ab-4141-bf97-a17e22dcdedd None None] database.mysql_wsrep_sync_wait = None {{(pid=75262) log_opt_values /opt/stack/data/venv/lib/python3.10/site-packages/oslo_config/cfg.py:2824}}
Jan 23 15:10:54 devstack devstack@g-api.service[75262]: DEBUG glance.common.config [None req-8ff0b437-38ab-4141-bf97-a17e22dcdedd None None] database.pool_timeout = None {{(pid=75262) log_opt_values /opt/stack/data/venv/lib/python3.10/site-packages/oslo_config/cfg.py:2824}}
Jan 23 15:10:54 devstack devstack@g-api.service[75262]: DEBUG glance.common.config [None req-8ff0b437-38ab-4141-bf97-a17e22dcdedd None None] database.retry_interval = 10 {{(pid=75262) log_opt_values /opt/stack/data/venv/lib/python3.10/site-packages/oslo_config/cfg.py:2824}}
Jan 23 15:10:54 devstack devstack@g-api.service[75262]: DEBUG glance.common.config [None req-8ff0b437-38ab-4141-bf97-a17e22dcdedd None None] database.slave_connection = **** {{(pid=75262) log_opt_values /opt/stack/data/venv/lib/python3.10/site-packages/oslo_config/cfg.py:2824}}
Jan 23 15:10:54 devstack devstack@g-api.service[75262]: DEBUG glance.common.config [None req-8ff0b437-38ab-4141-bf97-a17e22dcdedd None None] database.sqlite_synchronous = True {{(pid=75262) log_opt_values /opt/stack/data/venv/lib/python3.10/site-packages/oslo_config/cfg.py:2824}}
Jan 23 15:10:54 devstack devstack@g-api.service[75262]: DEBUG glance.common.config [None req-8ff0b437-38ab-4141-bf97-a17e22dcdedd None None] database.synchronous_reader = True {{(pid=75262) log_opt_values /opt/stack/data/venv/lib/python3.10/site-packages/oslo_config/cfg.py:2824}}
Jan 23 15:10:54 devstack devstack@g-api.service[75262]: DEBUG glance.common.config [None req-8ff0b437-38ab-4141-bf97-a17e22dcdedd None None] database.use_db_reconnect = False {{(pid=75262) log_opt_values /opt/stack/data/venv/lib/python3.10/site-packages/oslo_config/cfg.py:2824}}
Jan 23 15:10:54 devstack devstack@g-api.service[75262]: DEBUG glance.common.config [None req-8ff0b437-38ab-4141-bf97-a17e22dcdedd None None] healthcheck.allowed_source_ranges = [] {{(pid=75262) log_opt_values /opt/stack/data/venv/lib/python3.10/site-packages/oslo_config/cfg.py:2824}}
Jan 23 15:10:54 devstack devstack@g-api.service[75262]: DEBUG glance.common.config [None req-8ff0b437-38ab-4141-bf97-a17e22dcdedd None None] healthcheck.backends = ['disable_by_file'] {{(pid=75262) log_opt_values /opt/stack/data/venv/lib/python3.10/site-packages/oslo_config/cfg.py:2824}}
Jan 23 15:10:54 devstack devstack@g-api.service[75262]: DEBUG glance.common.config [None req-8ff0b437-38ab-4141-bf97-a17e22dcdedd None None] healthcheck.detailed = False {{(pid=75262) log_opt_values /opt/stack/data/venv/lib/python3.10/site-packages/oslo_config/cfg.py:2824}}
Jan 23 15:10:54 devstack devstack@g-api.service[75262]: DEBUG glance.common.config [None req-8ff0b437-38ab-4141-bf97-a17e22dcdedd None None] healthcheck.disable_by_file_path = None {{(pid=75262) log_opt_values /opt/stack/data/venv/lib/python3.10/site-packages/oslo_config/cfg.py:2824}}
Jan 23 15:10:54 devstack devstack@g-api.service[75262]: DEBUG glance.common.config [None req-8ff0b437-38ab-4141-bf97-a17e22dcdedd None None] healthcheck.ignore_proxied_requests = False {{(pid=75262) log_opt_values /opt/stack/data/venv/lib/python3.10/site-packages/oslo_config/cfg.py:2824}}
Jan 23 15:10:54 devstack devstack@g-api.service[75262]: DEBUG glance.common.config [None req-8ff0b437-38ab-4141-bf97-a17e22dcdedd None None] ******************************************************************************** {{(pid=75262) log_opt_values /opt/stack/data/venv/lib/python3.10/site-packages/oslo_config/cfg.py:2828}}
Jan 23 15:10:54 devstack devstack@g-api.service[75262]: WSGI app 0 (mountpoint='') ready in 4 seconds on interpreter 0x55ee617426a0 pid: 75262 (default app)
Jan 23 15:10:57 devstack devstack@g-api.service[75264]: DEBUG glance.api.middleware.version_negotiation [None req-a3289623-301d-449d-929e-d09d06470661 None None] Determining version of request: GET / Accept: application/json {{(pid=75264) process_request /opt/stack/glance/glance/api/middleware/version_negotiation.py:44}}
Jan 23 15:10:57 devstack devstack@g-api.service[75264]: DEBUG glance.api.middleware.version_negotiation [None req-a3289623-301d-449d-929e-d09d06470661 None None] Using url versioning {{(pid=75264) process_request /opt/stack/glance/glance/api/middleware/version_negotiation.py:57}}
Jan 23 15:10:57 devstack devstack@g-api.service[75264]: DEBUG glance.api.middleware.version_negotiation [None req-a3289623-301d-449d-929e-d09d06470661 None None] Unknown version. Returning version choices. {{(pid=75264) process_request /opt/stack/glance/glance/api/middleware/version_negotiation.py:64}}
Jan 23 15:10:57 devstack devstack@g-api.service[75264]: [pid: 75264|app: 0|req: 2/2] 127.0.0.1 () {34 vars in 516 bytes} [Fri Jan 23 15:10:57 2026] GET / => generated 1446 bytes in 2 msecs (HTTP/1.1 300) 3 headers in 106 bytes (1 switches on core 0)
Jan 23 15:10:57 devstack devstack@g-api.service[75262]: DEBUG glance.api.middleware.version_negotiation [None req-8ff0b437-38ab-4141-bf97-a17e22dcdedd None None] Determining version of request: POST /v2/images Accept: */* {{(pid=75262) process_request /opt/stack/glance/glance/api/middleware/version_negotiation.py:44}}
Jan 23 15:10:57 devstack devstack@g-api.service[75262]: DEBUG glance.api.middleware.version_negotiation [None req-8ff0b437-38ab-4141-bf97-a17e22dcdedd None None] Using url versioning {{(pid=75262) process_request /opt/stack/glance/glance/api/middleware/version_negotiation.py:57}}
Jan 23 15:10:57 devstack devstack@g-api.service[75262]: DEBUG glance.api.middleware.version_negotiation [None req-8ff0b437-38ab-4141-bf97-a17e22dcdedd None None] Matched version: v2 {{(pid=75262) process_request /opt/stack/glance/glance/api/middleware/version_negotiation.py:69}}
Jan 23 15:10:57 devstack devstack@g-api.service[75262]: DEBUG glance.api.middleware.version_negotiation [None req-8ff0b437-38ab-4141-bf97-a17e22dcdedd None None] new path /v2/images {{(pid=75262) process_request /opt/stack/glance/glance/api/middleware/version_negotiation.py:70}}
Jan 23 15:10:57 devstack devstack@g-api.service[75262]: [pid: 75262|app: 0|req: 1/3] 127.0.0.1 () {40 vars in 779 bytes} [Fri Jan 23 15:10:57 2026] POST /v2/images => generated 807 bytes in 816 msecs (HTTP/1.1 201) 6 headers in 314 bytes (1 switches on core 0)
Jan 23 15:10:57 devstack devstack@g-api.service[75264]: DEBUG glance.api.middleware.version_negotiation [None req-a3289623-301d-449d-929e-d09d06470661 None None] Determining version of request: PUT /v2/images/6e24ade8-3f8a-4f19-af88-8e4fc6b380f5/file Accept: {{(pid=75264) process_request /opt/stack/glance/glance/api/middleware/version_negotiation.py:44}}
Jan 23 15:10:57 devstack devstack@g-api.service[75264]: DEBUG glance.api.middleware.version_negotiation [None req-a3289623-301d-449d-929e-d09d06470661 None None] Using url versioning {{(pid=75264) process_request /opt/stack/glance/glance/api/middleware/version_negotiation.py:57}}
Jan 23 15:10:57 devstack devstack@g-api.service[75264]: DEBUG glance.api.middleware.version_negotiation [None req-a3289623-301d-449d-929e-d09d06470661 None None] Matched version: v2 {{(pid=75264) process_request /opt/stack/glance/glance/api/middleware/version_negotiation.py:69}}
Jan 23 15:10:57 devstack devstack@g-api.service[75264]: DEBUG glance.api.middleware.version_negotiation [None req-a3289623-301d-449d-929e-d09d06470661 None None] new path /v2/images/6e24ade8-3f8a-4f19-af88-8e4fc6b380f5/file {{(pid=75264) process_request /opt/stack/glance/glance/api/middleware/version_negotiation.py:70}}
Jan 23 15:10:58 devstack devstack@g-api.service[75264]: INFO glance.api.v2.image_data [None req-a6ed1b29-a94c-4299-a621-d5e4bebeb5aa admin admin] Unable to create trust: no such option collect_timing in group [keystone_authtoken] Use the existing user token.
Jan 23 15:10:58 devstack devstack@g-api.service[75264]: DEBUG glance.location [None req-a6ed1b29-a94c-4299-a621-d5e4bebeb5aa admin admin] Enabling in-flight format inspection for qcow2 {{(pid=75264) set_data /opt/stack/glance/glance/location.py:616}}
Jan 23 15:10:58 devstack devstack@g-api.service[75264]: DEBUG oslo_utils.imageutils.format_inspector [None req-a6ed1b29-a94c-4299-a621-d5e4bebeb5aa admin admin] Format inspector for vmdk does not match, excluding from consideration (Signature KDMV not found: b'QFI\xfb') {{(pid=75264) _process_chunk /opt/stack/data/venv/lib/python3.10/site-packages/oslo_utils/imageutils/format_inspector.py:1537}}
Jan 23 15:10:58 devstack devstack@g-api.service[75264]: DEBUG oslo_utils.imageutils.format_inspector [None req-a6ed1b29-a94c-4299-a621-d5e4bebeb5aa admin admin] Format inspector for vhdx does not match, excluding from consideration (Region signature not found at 30000) {{(pid=75264) _process_chunk /opt/stack/data/venv/lib/python3.10/site-packages/oslo_utils/imageutils/format_inspector.py:1537}}
Jan 23 15:10:59 devstack devstack@g-api.service[75264]: DEBUG glance_store._drivers.filesystem [None req-a6ed1b29-a94c-4299-a621-d5e4bebeb5aa admin admin] Wrote 21692416 bytes to /opt/stack/data/glance/images/6e24ade8-3f8a-4f19-af88-8e4fc6b380f5 with checksum 87617e24a5e30cb3b87fda8c0764838f and multihash 9a9bce0083a00939ec17c11febbfc767aa211aaa54f51e75c5a8b271a9b5637c77205a518b7a2007cb391d23cceb01e0e4e8d64832317151bc85b734b92a7be0 {{(pid=75264) add /opt/stack/data/venv/lib/python3.10/site-packages/glance_store/_drivers/filesystem.py:794}}
Jan 23 15:10:59 devstack devstack@g-api.service[75264]: INFO glance.location [None req-a6ed1b29-a94c-4299-a621-d5e4bebeb5aa admin admin] Image format matched and virtual size computed: 117440512
Jan 23 15:10:59 devstack devstack@g-api.service[75264]: DEBUG glance_store.backend [None req-a6ed1b29-a94c-4299-a621-d5e4bebeb5aa admin admin] Skipping store.set_acls... not implemented. {{(pid=75264) set_acls /opt/stack/data/venv/lib/python3.10/site-packages/glance_store/backend.py:507}}
Jan 23 15:10:59 devstack devstack@g-api.service[75264]: [pid: 75264|app: 0|req: 3/4] 127.0.0.1 () {40 vars in 872 bytes} [Fri Jan 23 15:10:57 2026] PUT /v2/images/6e24ade8-3f8a-4f19-af88-8e4fc6b380f5/file => generated 0 bytes in 1214 msecs (HTTP/1.1 204) 4 headers in 171 bytes (1 switches on core 0)
Jan 23 15:10:59 devstack devstack@g-api.service[75262]: DEBUG glance.api.middleware.version_negotiation [None req-9e7fb695-aba4-4f21-9333-52c3a2bc7e1d admin admin] Determining version of request: GET /v2/images/6e24ade8-3f8a-4f19-af88-8e4fc6b380f5 Accept: */* {{(pid=75262) process_request /opt/stack/glance/glance/api/middleware/version_negotiation.py:44}}
Jan 23 15:10:59 devstack devstack@g-api.service[75262]: DEBUG glance.api.middleware.version_negotiation [None req-9e7fb695-aba4-4f21-9333-52c3a2bc7e1d admin admin] Using url versioning {{(pid=75262) process_request /opt/stack/glance/glance/api/middleware/version_negotiation.py:57}}
Jan 23 15:10:59 devstack devstack@g-api.service[75262]: DEBUG glance.api.middleware.version_negotiation [None req-9e7fb695-aba4-4f21-9333-52c3a2bc7e1d admin admin] Matched version: v2 {{(pid=75262) process_request /opt/stack/glance/glance/api/middleware/version_negotiation.py:69}}
Jan 23 15:10:59 devstack devstack@g-api.service[75262]: DEBUG glance.api.middleware.version_negotiation [None req-9e7fb695-aba4-4f21-9333-52c3a2bc7e1d admin admin] new path /v2/images/6e24ade8-3f8a-4f19-af88-8e4fc6b380f5 {{(pid=75262) process_request /opt/stack/glance/glance/api/middleware/version_negotiation.py:70}}
Jan 23 15:10:59 devstack devstack@g-api.service[75262]: [pid: 75262|app: 0|req: 2/5] 127.0.0.1 () {36 vars in 799 bytes} [Fri Jan 23 15:10:59 2026] GET /v2/images/6e24ade8-3f8a-4f19-af88-8e4fc6b380f5 => generated 976 bytes in 15 msecs (HTTP/1.1 200) 4 headers in 157 bytes (1 switches on core 0)
Jan 23 15:11:09 devstack devstack@g-api.service[75264]: DEBUG dbcounter [-] [75264] Writing DB stats glance:INSERT=5,glance:SELECT=16,glance:UPDATE=2 {{(pid=75264) stat_writer /opt/stack/data/venv/lib/python3.10/site-packages/dbcounter.py:115}}
Jan 23 15:11:09 devstack devstack@g-api.service[75262]: DEBUG dbcounter [-] [75262] Writing DB stats glance:INSERT=9,glance:SELECT=6 {{(pid=75262) stat_writer /opt/stack/data/venv/lib/python3.10/site-packages/dbcounter.py:115}}
Jan 23 15:11:40 devstack devstack@g-api.service[75264]: DEBUG glance.api.middleware.version_negotiation [None req-a6ed1b29-a94c-4299-a621-d5e4bebeb5aa admin admin] Determining version of request: GET / Accept: application/json {{(pid=75264) process_request /opt/stack/glance/glance/api/middleware/version_negotiation.py:44}}
Jan 23 15:11:40 devstack devstack@g-api.service[75264]: DEBUG glance.api.middleware.version_negotiation [None req-a6ed1b29-a94c-4299-a621-d5e4bebeb5aa admin admin] Using url versioning {{(pid=75264) process_request /opt/stack/glance/glance/api/middleware/version_negotiation.py:57}}
Jan 23 15:11:40 devstack devstack@g-api.service[75264]: DEBUG glance.api.middleware.version_negotiation [None req-a6ed1b29-a94c-4299-a621-d5e4bebeb5aa admin admin] Unknown version. Returning version choices. {{(pid=75264) process_request /opt/stack/glance/glance/api/middleware/version_negotiation.py:64}}
Jan 23 15:11:40 devstack devstack@g-api.service[75264]: [pid: 75264|app: 0|req: 4/6] 127.0.0.1 () {34 vars in 513 bytes} [Fri Jan 23 15:11:40 2026] GET / => generated 1446 bytes in 2 msecs (HTTP/1.1 300) 3 headers in 106 bytes (1 switches on core 0)
Jan 23 15:11:40 devstack devstack@g-api.service[75262]: DEBUG glance.api.middleware.version_negotiation [None req-02d44025-2db0-4642-80d8-3ff15c5c4e13 admin admin] Determining version of request: GET /v2/images Accept: application/json {{(pid=75262) process_request /opt/stack/glance/glance/api/middleware/version_negotiation.py:44}}
Jan 23 15:11:40 devstack devstack@g-api.service[75262]: DEBUG glance.api.middleware.version_negotiation [None req-02d44025-2db0-4642-80d8-3ff15c5c4e13 admin admin] Using url versioning {{(pid=75262) process_request /opt/stack/glance/glance/api/middleware/version_negotiation.py:57}}
Jan 23 15:11:40 devstack devstack@g-api.service[75262]: DEBUG glance.api.middleware.version_negotiation [None req-02d44025-2db0-4642-80d8-3ff15c5c4e13 admin admin] Matched version: v2 {{(pid=75262) process_request /opt/stack/glance/glance/api/middleware/version_negotiation.py:69}}
Jan 23 15:11:40 devstack devstack@g-api.service[75262]: DEBUG glance.api.middleware.version_negotiation [None req-02d44025-2db0-4642-80d8-3ff15c5c4e13 admin admin] new path /v2/images {{(pid=75262) process_request /opt/stack/glance/glance/api/middleware/version_negotiation.py:70}}
Jan 23 15:11:40 devstack devstack@g-api.service[75262]: [pid: 75262|app: 0|req: 3/7] 127.0.0.1 () {36 vars in 735 bytes} [Fri Jan 23 15:11:40 2026] GET /v2/images => generated 1045 bytes in 66 msecs (HTTP/1.1 200) 4 headers in 158 bytes (1 switches on core 0)
Jan 23 15:11:46 devstack devstack@g-api.service[75264]: DEBUG glance.api.middleware.version_negotiation [None req-a6ed1b29-a94c-4299-a621-d5e4bebeb5aa admin admin] Determining version of request: GET / Accept: application/json {{(pid=75264) process_request /opt/stack/glance/glance/api/middleware/version_negotiation.py:44}}
Jan 23 15:11:46 devstack devstack@g-api.service[75264]: DEBUG glance.api.middleware.version_negotiation [None req-a6ed1b29-a94c-4299-a621-d5e4bebeb5aa admin admin] Using url versioning {{(pid=75264) process_request /opt/stack/glance/glance/api/middleware/version_negotiation.py:57}}
Jan 23 15:11:46 devstack devstack@g-api.service[75264]: DEBUG glance.api.middleware.version_negotiation [None req-a6ed1b29-a94c-4299-a621-d5e4bebeb5aa admin admin] Unknown version. Returning version choices. {{(pid=75264) process_request /opt/stack/glance/glance/api/middleware/version_negotiation.py:64}}
Jan 23 15:11:46 devstack devstack@g-api.service[75264]: [pid: 75264|app: 0|req: 5/8] 127.0.0.1 () {34 vars in 513 bytes} [Fri Jan 23 15:11:46 2026] GET / => generated 1446 bytes in 2 msecs (HTTP/1.1 300) 3 headers in 106 bytes (1 switches on core 0)
Jan 23 15:11:46 devstack devstack@g-api.service[75262]: DEBUG glance.api.middleware.version_negotiation [None req-7e705798-ff9a-44c0-b8b8-c0c2015bdff4 admin admin] Determining version of request: GET /v2/images/6e24ade8-3f8a-4f19-af88-8e4fc6b380f5 Accept: */* {{(pid=75262) process_request /opt/stack/glance/glance/api/middleware/version_negotiation.py:44}}
Jan 23 15:11:46 devstack devstack@g-api.service[75262]: DEBUG glance.api.middleware.version_negotiation [None req-7e705798-ff9a-44c0-b8b8-c0c2015bdff4 admin admin] Using url versioning {{(pid=75262) process_request /opt/stack/glance/glance/api/middleware/version_negotiation.py:57}}
Jan 23 15:11:46 devstack devstack@g-api.service[75262]: DEBUG glance.api.middleware.version_negotiation [None req-7e705798-ff9a-44c0-b8b8-c0c2015bdff4 admin admin] Matched version: v2 {{(pid=75262) process_request /opt/stack/glance/glance/api/middleware/version_negotiation.py:69}}
Jan 23 15:11:46 devstack devstack@g-api.service[75262]: DEBUG glance.api.middleware.version_negotiation [None req-7e705798-ff9a-44c0-b8b8-c0c2015bdff4 admin admin] new path /v2/images/6e24ade8-3f8a-4f19-af88-8e4fc6b380f5 {{(pid=75262) process_request /opt/stack/glance/glance/api/middleware/version_negotiation.py:70}}
Jan 23 15:11:46 devstack devstack@g-api.service[75262]: [pid: 75262|app: 0|req: 4/9] 127.0.0.1 () {36 vars in 796 bytes} [Fri Jan 23 15:11:46 2026] GET /v2/images/6e24ade8-3f8a-4f19-af88-8e4fc6b380f5 => generated 976 bytes in 46 msecs (HTTP/1.1 200) 4 headers in 157 bytes (1 switches on core 0)
Jan 23 15:11:49 devstack devstack@g-api.service[75264]: DEBUG glance.api.middleware.version_negotiation [None req-a6ed1b29-a94c-4299-a621-d5e4bebeb5aa admin admin] Determining version of request: GET / Accept: application/json {{(pid=75264) process_request /opt/stack/glance/glance/api/middleware/version_negotiation.py:44}}
Jan 23 15:11:49 devstack devstack@g-api.service[75264]: DEBUG glance.api.middleware.version_negotiation [None req-a6ed1b29-a94c-4299-a621-d5e4bebeb5aa admin admin] Using url versioning {{(pid=75264) process_request /opt/stack/glance/glance/api/middleware/version_negotiation.py:57}}
Jan 23 15:11:49 devstack devstack@g-api.service[75264]: DEBUG glance.api.middleware.version_negotiation [None req-a6ed1b29-a94c-4299-a621-d5e4bebeb5aa admin admin] Unknown version. Returning version choices. {{(pid=75264) process_request /opt/stack/glance/glance/api/middleware/version_negotiation.py:64}}
Jan 23 15:11:49 devstack devstack@g-api.service[75264]: [pid: 75264|app: 0|req: 6/10] 127.0.0.1 () {34 vars in 513 bytes} [Fri Jan 23 15:11:49 2026] GET / => generated 1446 bytes in 3 msecs (HTTP/1.1 300) 3 headers in 106 bytes (1 switches on core 0)
Jan 23 15:11:49 devstack devstack@g-api.service[75262]: DEBUG glance.api.middleware.version_negotiation [None req-c3666d2f-0c29-4f0b-84be-72783751b840 admin admin] Determining version of request: GET /v2/images/6e24ade8-3f8a-4f19-af88-8e4fc6b380f5 Accept: */* {{(pid=75262) process_request /opt/stack/glance/glance/api/middleware/version_negotiation.py:44}}
Jan 23 15:11:49 devstack devstack@g-api.service[75262]: DEBUG glance.api.middleware.version_negotiation [None req-c3666d2f-0c29-4f0b-84be-72783751b840 admin admin] Using url versioning {{(pid=75262) process_request /opt/stack/glance/glance/api/middleware/version_negotiation.py:57}}
Jan 23 15:11:49 devstack devstack@g-api.service[75262]: DEBUG glance.api.middleware.version_negotiation [None req-c3666d2f-0c29-4f0b-84be-72783751b840 admin admin] Matched version: v2 {{(pid=75262) process_request /opt/stack/glance/glance/api/middleware/version_negotiation.py:69}}
Jan 23 15:11:49 devstack devstack@g-api.service[75262]: DEBUG glance.api.middleware.version_negotiation [None req-c3666d2f-0c29-4f0b-84be-72783751b840 admin admin] new path /v2/images/6e24ade8-3f8a-4f19-af88-8e4fc6b380f5 {{(pid=75262) process_request /opt/stack/glance/glance/api/middleware/version_negotiation.py:70}}
Jan 23 15:11:49 devstack devstack@g-api.service[75262]: [pid: 75262|app: 0|req: 5/11] 127.0.0.1 () {36 vars in 796 bytes} [Fri Jan 23 15:11:49 2026] GET /v2/images/6e24ade8-3f8a-4f19-af88-8e4fc6b380f5 => generated 976 bytes in 44 msecs (HTTP/1.1 200) 4 headers in 157 bytes (1 switches on core 0)
Jan 23 15:11:59 devstack devstack@g-api.service[75262]: DEBUG dbcounter [-] [75262] Writing DB stats glance:SELECT=5 {{(pid=75262) stat_writer /opt/stack/data/venv/lib/python3.10/site-packages/dbcounter.py:115}}
Jan 23 15:13:11 devstack devstack@g-api.service[75264]: DEBUG glance.api.middleware.version_negotiation [None req-a6ed1b29-a94c-4299-a621-d5e4bebeb5aa admin admin] Determining version of request: GET / Accept: application/json {{(pid=75264) process_request /opt/stack/glance/glance/api/middleware/version_negotiation.py:44}}
Jan 23 15:13:11 devstack devstack@g-api.service[75264]: DEBUG glance.api.middleware.version_negotiation [None req-a6ed1b29-a94c-4299-a621-d5e4bebeb5aa admin admin] Using url versioning {{(pid=75264) process_request /opt/stack/glance/glance/api/middleware/version_negotiation.py:57}}
Jan 23 15:13:11 devstack devstack@g-api.service[75264]: DEBUG glance.api.middleware.version_negotiation [None req-a6ed1b29-a94c-4299-a621-d5e4bebeb5aa admin admin] Unknown version. Returning version choices. {{(pid=75264) process_request /opt/stack/glance/glance/api/middleware/version_negotiation.py:64}}
Jan 23 15:13:11 devstack devstack@g-api.service[75264]: [pid: 75264|app: 0|req: 7/12] 127.0.0.1 () {36 vars in 484 bytes} [Fri Jan 23 15:13:11 2026] GET / => generated 1446 bytes in 2 msecs (HTTP/1.1 300) 3 headers in 106 bytes (1 switches on core 0)
Jan 23 15:14:10 devstack devstack@g-api.service[75262]: DEBUG glance.api.middleware.version_negotiation [None req-504fd0b6-ea76-4b16-b448-3de79c80083f admin admin] Determining version of request: GET / Accept: application/json {{(pid=75262) process_request /opt/stack/glance/glance/api/middleware/version_negotiation.py:44}}
Jan 23 15:14:10 devstack devstack@g-api.service[75262]: DEBUG glance.api.middleware.version_negotiation [None req-504fd0b6-ea76-4b16-b448-3de79c80083f admin admin] Using url versioning {{(pid=75262) process_request /opt/stack/glance/glance/api/middleware/version_negotiation.py:57}}
Jan 23 15:14:10 devstack devstack@g-api.service[75262]: DEBUG glance.api.middleware.version_negotiation [None req-504fd0b6-ea76-4b16-b448-3de79c80083f admin admin] Unknown version. Returning version choices. {{(pid=75262) process_request /opt/stack/glance/glance/api/middleware/version_negotiation.py:64}}
Jan 23 15:14:10 devstack devstack@g-api.service[75262]: [pid: 75262|app: 0|req: 6/13] 127.0.0.1 () {34 vars in 500 bytes} [Fri Jan 23 15:14:10 2026] GET / => generated 1446 bytes in 2 msecs (HTTP/1.1 300) 3 headers in 106 bytes (1 switches on core 0)
Jan 23 15:14:10 devstack devstack@g-api.service[75264]: DEBUG glance.api.middleware.version_negotiation [None req-a6ed1b29-a94c-4299-a621-d5e4bebeb5aa admin admin] Determining version of request: GET /v2/images/6e24ade8-3f8a-4f19-af88-8e4fc6b380f5 Accept: */* {{(pid=75264) process_request /opt/stack/glance/glance/api/middleware/version_negotiation.py:44}}
Jan 23 15:14:10 devstack devstack@g-api.service[75264]: DEBUG glance.api.middleware.version_negotiation [None req-a6ed1b29-a94c-4299-a621-d5e4bebeb5aa admin admin] Using url versioning {{(pid=75264) process_request /opt/stack/glance/glance/api/middleware/version_negotiation.py:57}}
Jan 23 15:14:10 devstack devstack@g-api.service[75264]: DEBUG glance.api.middleware.version_negotiation [None req-a6ed1b29-a94c-4299-a621-d5e4bebeb5aa admin admin] Matched version: v2 {{(pid=75264) process_request /opt/stack/glance/glance/api/middleware/version_negotiation.py:69}}
Jan 23 15:14:10 devstack devstack@g-api.service[75264]: DEBUG glance.api.middleware.version_negotiation [None req-a6ed1b29-a94c-4299-a621-d5e4bebeb5aa admin admin] new path /v2/images/6e24ade8-3f8a-4f19-af88-8e4fc6b380f5 {{(pid=75264) process_request /opt/stack/glance/glance/api/middleware/version_negotiation.py:70}}
Jan 23 15:14:10 devstack devstack@g-api.service[75264]: WARNING keystonemiddleware.auth_token [None req-a6ed1b29-a94c-4299-a621-d5e4bebeb5aa admin admin] A valid token was submitted as a service token, but it was not a valid service token. This is incorrect but backwards compatible behaviour. This will be removed in future releases.
Jan 23 15:14:10 devstack devstack@g-api.service[75262]: DEBUG glance.api.middleware.version_negotiation [None req-504fd0b6-ea76-4b16-b448-3de79c80083f admin admin] Determining version of request: GET /v2/schemas/image Accept: */* {{(pid=75262) process_request /opt/stack/glance/glance/api/middleware/version_negotiation.py:44}}
Jan 23 15:14:10 devstack devstack@g-api.service[75262]: DEBUG glance.api.middleware.version_negotiation [None req-504fd0b6-ea76-4b16-b448-3de79c80083f admin admin] Using url versioning {{(pid=75262) process_request /opt/stack/glance/glance/api/middleware/version_negotiation.py:57}}
Jan 23 15:14:10 devstack devstack@g-api.service[75262]: DEBUG glance.api.middleware.version_negotiation [None req-504fd0b6-ea76-4b16-b448-3de79c80083f admin admin] Matched version: v2 {{(pid=75262) process_request /opt/stack/glance/glance/api/middleware/version_negotiation.py:69}}
Jan 23 15:14:10 devstack devstack@g-api.service[75262]: DEBUG glance.api.middleware.version_negotiation [None req-504fd0b6-ea76-4b16-b448-3de79c80083f admin admin] new path /v2/schemas/image {{(pid=75262) process_request /opt/stack/glance/glance/api/middleware/version_negotiation.py:70}}
Jan 23 15:14:10 devstack devstack@g-api.service[75264]: [pid: 75264|app: 0|req: 8/14] 127.0.0.1 () {42 vars in 1055 bytes} [Fri Jan 23 15:14:10 2026] GET /v2/images/6e24ade8-3f8a-4f19-af88-8e4fc6b380f5 => generated 976 bytes in 219 msecs (HTTP/1.1 200) 4 headers in 157 bytes (1 switches on core 0)
Jan 23 15:14:10 devstack devstack@g-api.service[75262]: WARNING keystonemiddleware.auth_token [None req-504fd0b6-ea76-4b16-b448-3de79c80083f admin admin] A valid token was submitted as a service token, but it was not a valid service token. This is incorrect but backwards compatible behaviour. This will be removed in future releases.
Jan 23 15:14:10 devstack devstack@g-api.service[75262]: [pid: 75262|app: 0|req: 7/15] 127.0.0.1 () {42 vars in 995 bytes} [Fri Jan 23 15:14:10 2026] GET /v2/schemas/image => generated 6083 bytes in 10 msecs (HTTP/1.1 200) 4 headers in 158 bytes (1 switches on core 0)
Jan 23 15:14:18 devstack devstack@g-api.service[75264]: DEBUG glance.api.middleware.version_negotiation [None req-6e8be762-0d80-4c7d-9691-bac78b6c60c7 tempest-AttachVolumeTestJSON-1574807356 tempest-AttachVolumeTestJSON-1574807356-project-member] Determining version of request: GET /v2/images/6e24ade8-3f8a-4f19-af88-8e4fc6b380f5 Accept: application/json {{(pid=75264) process_request /opt/stack/glance/glance/api/middleware/version_negotiation.py:44}}
Jan 23 15:14:18 devstack devstack@g-api.service[75264]: DEBUG glance.api.middleware.version_negotiation [None req-6e8be762-0d80-4c7d-9691-bac78b6c60c7 tempest-AttachVolumeTestJSON-1574807356 tempest-AttachVolumeTestJSON-1574807356-project-member] Using url versioning {{(pid=75264) process_request /opt/stack/glance/glance/api/middleware/version_negotiation.py:57}}
Jan 23 15:14:18 devstack devstack@g-api.service[75264]: DEBUG glance.api.middleware.version_negotiation [None req-6e8be762-0d80-4c7d-9691-bac78b6c60c7 tempest-AttachVolumeTestJSON-1574807356 tempest-AttachVolumeTestJSON-1574807356-project-member] Matched version: v2 {{(pid=75264) process_request /opt/stack/glance/glance/api/middleware/version_negotiation.py:69}}
Jan 23 15:14:18 devstack devstack@g-api.service[75264]: DEBUG glance.api.middleware.version_negotiation [None req-6e8be762-0d80-4c7d-9691-bac78b6c60c7 tempest-AttachVolumeTestJSON-1574807356 tempest-AttachVolumeTestJSON-1574807356-project-member] new path /v2/images/6e24ade8-3f8a-4f19-af88-8e4fc6b380f5 {{(pid=75264) process_request /opt/stack/glance/glance/api/middleware/version_negotiation.py:70}}
Jan 23 15:14:18 devstack devstack@g-api.service[75264]: [pid: 75264|app: 0|req: 9/16] 127.0.0.1 () {38 vars in 780 bytes} [Fri Jan 23 15:14:18 2026] GET /v2/images/6e24ade8-3f8a-4f19-af88-8e4fc6b380f5 => generated 976 bytes in 195 msecs (HTTP/1.1 200) 4 headers in 157 bytes (1 switches on core 0)
Jan 23 15:14:18 devstack devstack@g-api.service[75262]: DEBUG glance.api.middleware.version_negotiation [None req-6e8be762-0d80-4c7d-9691-bac78b6c60c7 tempest-AttachVolumeTestJSON-1574807356 tempest-AttachVolumeTestJSON-1574807356-project-member] Determining version of request: GET /v2/images/6e24ade8-3f8a-4f19-af88-8e4fc6b380f5/file Accept: application/json {{(pid=75262) process_request /opt/stack/glance/glance/api/middleware/version_negotiation.py:44}}
Jan 23 15:14:18 devstack devstack@g-api.service[75262]: DEBUG glance.api.middleware.version_negotiation [None req-6e8be762-0d80-4c7d-9691-bac78b6c60c7 tempest-AttachVolumeTestJSON-1574807356 tempest-AttachVolumeTestJSON-1574807356-project-member] Using url versioning {{(pid=75262) process_request /opt/stack/glance/glance/api/middleware/version_negotiation.py:57}}
Jan 23 15:14:18 devstack devstack@g-api.service[75262]: DEBUG glance.api.middleware.version_negotiation [None req-6e8be762-0d80-4c7d-9691-bac78b6c60c7 tempest-AttachVolumeTestJSON-1574807356 tempest-AttachVolumeTestJSON-1574807356-project-member] Matched version: v2 {{(pid=75262) process_request /opt/stack/glance/glance/api/middleware/version_negotiation.py:69}}
Jan 23 15:14:18 devstack devstack@g-api.service[75262]: DEBUG glance.api.middleware.version_negotiation [None req-6e8be762-0d80-4c7d-9691-bac78b6c60c7 tempest-AttachVolumeTestJSON-1574807356 tempest-AttachVolumeTestJSON-1574807356-project-member] new path /v2/images/6e24ade8-3f8a-4f19-af88-8e4fc6b380f5/file {{(pid=75262) process_request /opt/stack/glance/glance/api/middleware/version_negotiation.py:70}}
Jan 23 15:14:18 devstack devstack@g-api.service[75262]: DEBUG glance_store._drivers.filesystem [None req-3443025c-5e9f-4239-a7b1-51ec3e712e6e tempest-AttachSCSIVolumeTestJSON-309661829 tempest-AttachSCSIVolumeTestJSON-309661829-project-admin] Found image at /opt/stack/data/glance/images/6e24ade8-3f8a-4f19-af88-8e4fc6b380f5. Returning in ChunkedFile. {{(pid=75262) get /opt/stack/data/venv/lib/python3.10/site-packages/glance_store/_drivers/filesystem.py:618}}
Jan 23 15:14:18 devstack devstack@g-api.service[75262]: DEBUG glance.image_cache [None req-3443025c-5e9f-4239-a7b1-51ec3e712e6e tempest-AttachSCSIVolumeTestJSON-309661829 tempest-AttachSCSIVolumeTestJSON-309661829-project-admin] Tee'ing image '6e24ade8-3f8a-4f19-af88-8e4fc6b380f5' into cache {{(pid=75262) get_caching_iter /opt/stack/glance/glance/image_cache/__init__.py:350}}
Jan 23 15:14:18 devstack devstack@g-api.service[75264]: DEBUG glance.api.middleware.version_negotiation [None req-bbe3d24d-db2d-4a87-a3d3-a1c3ec4e5cac tempest-AttachSCSIVolumeTestJSON-309661829 tempest-AttachSCSIVolumeTestJSON-309661829-project-admin] Determining version of request: POST /v2/images Accept: application/json {{(pid=75264) process_request /opt/stack/glance/glance/api/middleware/version_negotiation.py:44}}
Jan 23 15:14:18 devstack devstack@g-api.service[75264]: DEBUG glance.api.middleware.version_negotiation [None req-bbe3d24d-db2d-4a87-a3d3-a1c3ec4e5cac tempest-AttachSCSIVolumeTestJSON-309661829 tempest-AttachSCSIVolumeTestJSON-309661829-project-admin] Using url versioning {{(pid=75264) process_request /opt/stack/glance/glance/api/middleware/version_negotiation.py:57}}
Jan 23 15:14:18 devstack devstack@g-api.service[75264]: DEBUG glance.api.middleware.version_negotiation [None req-bbe3d24d-db2d-4a87-a3d3-a1c3ec4e5cac tempest-AttachSCSIVolumeTestJSON-309661829 tempest-AttachSCSIVolumeTestJSON-309661829-project-admin] Matched version: v2 {{(pid=75264) process_request /opt/stack/glance/glance/api/middleware/version_negotiation.py:69}}
Jan 23 15:14:18 devstack devstack@g-api.service[75264]: DEBUG glance.api.middleware.version_negotiation [None req-bbe3d24d-db2d-4a87-a3d3-a1c3ec4e5cac tempest-AttachSCSIVolumeTestJSON-309661829 tempest-AttachSCSIVolumeTestJSON-309661829-project-admin] new path /v2/images {{(pid=75264) process_request /opt/stack/glance/glance/api/middleware/version_negotiation.py:70}}
Jan 23 15:14:19 devstack devstack@g-api.service[75264]: [pid: 75264|app: 0|req: 10/17] 127.0.0.1 () {40 vars in 728 bytes} [Fri Jan 23 15:14:18 2026] POST /v2/images => generated 690 bytes in 689 msecs (HTTP/1.1 201) 6 headers in 314 bytes (1 switches on core 0)
Jan 23 15:14:19 devstack devstack@g-api.service[75264]: DEBUG glance.api.middleware.version_negotiation [None req-ff7ffcfc-f6bc-448a-9746-fdf8501d3641 tempest-AttachSCSIVolumeTestJSON-309661829 tempest-AttachSCSIVolumeTestJSON-309661829-project-admin] Determining version of request: PUT /v2/images/2dbdb8bb-a43d-42be-8213-dd06ba66b30b/file Accept: {{(pid=75264) process_request /opt/stack/glance/glance/api/middleware/version_negotiation.py:44}}
Jan 23 15:14:19 devstack devstack@g-api.service[75264]: DEBUG glance.api.middleware.version_negotiation [None req-ff7ffcfc-f6bc-448a-9746-fdf8501d3641 tempest-AttachSCSIVolumeTestJSON-309661829 tempest-AttachSCSIVolumeTestJSON-309661829-project-admin] Using url versioning {{(pid=75264) process_request /opt/stack/glance/glance/api/middleware/version_negotiation.py:57}}
Jan 23 15:14:19 devstack devstack@g-api.service[75264]: DEBUG glance.api.middleware.version_negotiation [None req-ff7ffcfc-f6bc-448a-9746-fdf8501d3641 tempest-AttachSCSIVolumeTestJSON-309661829 tempest-AttachSCSIVolumeTestJSON-309661829-project-admin] Matched version: v2 {{(pid=75264) process_request /opt/stack/glance/glance/api/middleware/version_negotiation.py:69}}
Jan 23 15:14:19 devstack devstack@g-api.service[75264]: DEBUG glance.api.middleware.version_negotiation [None req-ff7ffcfc-f6bc-448a-9746-fdf8501d3641 tempest-AttachSCSIVolumeTestJSON-309661829 tempest-AttachSCSIVolumeTestJSON-309661829-project-admin] new path /v2/images/2dbdb8bb-a43d-42be-8213-dd06ba66b30b/file {{(pid=75264) process_request /opt/stack/glance/glance/api/middleware/version_negotiation.py:70}}
Jan 23 15:14:19 devstack devstack@g-api.service[75262]: DEBUG glance.image_cache.drivers.centralized_db [None req-3443025c-5e9f-4239-a7b1-51ec3e712e6e tempest-AttachSCSIVolumeTestJSON-309661829 tempest-AttachSCSIVolumeTestJSON-309661829-project-admin] Fetch finished, moving '/opt/stack/data/glance/cache/incomplete/6e24ade8-3f8a-4f19-af88-8e4fc6b380f5' to '/opt/stack/data/glance/cache/6e24ade8-3f8a-4f19-af88-8e4fc6b380f5' {{(pid=75262) commit /opt/stack/glance/glance/image_cache/drivers/centralized_db.py:235}}
Jan 23 15:14:19 devstack devstack@g-api.service[75262]: DEBUG glance.image_cache.drivers.centralized_db [None req-3443025c-5e9f-4239-a7b1-51ec3e712e6e tempest-AttachSCSIVolumeTestJSON-309661829 tempest-AttachSCSIVolumeTestJSON-309661829-project-admin] Image cached successfully. {{(pid=75262) commit /opt/stack/glance/glance/image_cache/drivers/centralized_db.py:250}}
Jan 23 15:14:19 devstack devstack@g-api.service[75262]: [pid: 75262|app: 0|req: 8/18] 127.0.0.1 () {38 vars in 790 bytes} [Fri Jan 23 15:14:18 2026] GET /v2/images/6e24ade8-3f8a-4f19-af88-8e4fc6b380f5/file => generated 21692416 bytes in 849 msecs (HTTP/1.1 200) 4 headers in 191 bytes (335 switches on core 0)
Jan 23 15:14:20 devstack devstack@g-api.service[75264]: INFO glance.api.v2.image_data [None req-23c7e867-fd1c-4903-ba3a-330c840e2c62 tempest-AttachSCSIVolumeTestJSON-309661829 tempest-AttachSCSIVolumeTestJSON-309661829-project-admin] Unable to create trust: no such option collect_timing in group [keystone_authtoken] Use the existing user token.
Jan 23 15:14:20 devstack devstack@g-api.service[75264]: DEBUG glance.location [None req-23c7e867-fd1c-4903-ba3a-330c840e2c62 tempest-AttachSCSIVolumeTestJSON-309661829 tempest-AttachSCSIVolumeTestJSON-309661829-project-admin] Enabling in-flight format inspection for qcow2 {{(pid=75264) set_data /opt/stack/glance/glance/location.py:616}}
Jan 23 15:14:20 devstack devstack@g-api.service[75264]: DEBUG oslo_utils.imageutils.format_inspector [None req-23c7e867-fd1c-4903-ba3a-330c840e2c62 tempest-AttachSCSIVolumeTestJSON-309661829 tempest-AttachSCSIVolumeTestJSON-309661829-project-admin] Format inspector for vmdk does not match, excluding from consideration (Signature KDMV not found: b'QFI\xfb') {{(pid=75264) _process_chunk /opt/stack/data/venv/lib/python3.10/site-packages/oslo_utils/imageutils/format_inspector.py:1537}}
Jan 23 15:14:20 devstack devstack@g-api.service[75264]: DEBUG oslo_utils.imageutils.format_inspector [None req-23c7e867-fd1c-4903-ba3a-330c840e2c62 tempest-AttachSCSIVolumeTestJSON-309661829 tempest-AttachSCSIVolumeTestJSON-309661829-project-admin] Format inspector for vhdx does not match, excluding from consideration (Region signature not found at 30000) {{(pid=75264) _process_chunk /opt/stack/data/venv/lib/python3.10/site-packages/oslo_utils/imageutils/format_inspector.py:1537}}
Jan 23 15:14:20 devstack devstack@g-api.service[75264]: DEBUG glance_store._drivers.filesystem [None req-23c7e867-fd1c-4903-ba3a-330c840e2c62 tempest-AttachSCSIVolumeTestJSON-309661829 tempest-AttachSCSIVolumeTestJSON-309661829-project-admin] Wrote 21692416 bytes to /opt/stack/data/glance/images/2dbdb8bb-a43d-42be-8213-dd06ba66b30b with checksum 87617e24a5e30cb3b87fda8c0764838f and multihash 9a9bce0083a00939ec17c11febbfc767aa211aaa54f51e75c5a8b271a9b5637c77205a518b7a2007cb391d23cceb01e0e4e8d64832317151bc85b734b92a7be0 {{(pid=75264) add /opt/stack/data/venv/lib/python3.10/site-packages/glance_store/_drivers/filesystem.py:794}}
Jan 23 15:14:20 devstack devstack@g-api.service[75264]: INFO glance.location [None req-23c7e867-fd1c-4903-ba3a-330c840e2c62 tempest-AttachSCSIVolumeTestJSON-309661829 tempest-AttachSCSIVolumeTestJSON-309661829-project-admin] Image format matched and virtual size computed: 117440512
Jan 23 15:14:20 devstack devstack@g-api.service[75264]: DEBUG glance_store.backend [None req-23c7e867-fd1c-4903-ba3a-330c840e2c62 tempest-AttachSCSIVolumeTestJSON-309661829 tempest-AttachSCSIVolumeTestJSON-309661829-project-admin] Skipping store.set_acls... not implemented. {{(pid=75264) set_acls /opt/stack/data/venv/lib/python3.10/site-packages/glance_store/backend.py:507}}
Jan 23 15:14:20 devstack devstack@g-api.service[75264]: [pid: 75264|app: 0|req: 11/19] 127.0.0.1 () {38 vars in 800 bytes} [Fri Jan 23 15:14:19 2026] PUT /v2/images/2dbdb8bb-a43d-42be-8213-dd06ba66b30b/file => generated 0 bytes in 1377 msecs (HTTP/1.1 204) 4 headers in 171 bytes (1 switches on core 0)
Jan 23 15:14:27 devstack devstack@g-api.service[75262]: DEBUG glance.api.middleware.version_negotiation [None req-3443025c-5e9f-4239-a7b1-51ec3e712e6e tempest-AttachSCSIVolumeTestJSON-309661829 tempest-AttachSCSIVolumeTestJSON-309661829-project-admin] Determining version of request: GET /v2/images/6e24ade8-3f8a-4f19-af88-8e4fc6b380f5 Accept: */* {{(pid=75262) process_request /opt/stack/glance/glance/api/middleware/version_negotiation.py:44}}
Jan 23 15:14:27 devstack devstack@g-api.service[75262]: DEBUG glance.api.middleware.version_negotiation [None req-3443025c-5e9f-4239-a7b1-51ec3e712e6e tempest-AttachSCSIVolumeTestJSON-309661829 tempest-AttachSCSIVolumeTestJSON-309661829-project-admin] Using url versioning {{(pid=75262) process_request /opt/stack/glance/glance/api/middleware/version_negotiation.py:57}}
Jan 23 15:14:27 devstack devstack@g-api.service[75262]: DEBUG glance.api.middleware.version_negotiation [None req-3443025c-5e9f-4239-a7b1-51ec3e712e6e tempest-AttachSCSIVolumeTestJSON-309661829 tempest-AttachSCSIVolumeTestJSON-309661829-project-admin] Matched version: v2 {{(pid=75262) process_request /opt/stack/glance/glance/api/middleware/version_negotiation.py:69}}
Jan 23 15:14:27 devstack devstack@g-api.service[75262]: DEBUG glance.api.middleware.version_negotiation [None req-3443025c-5e9f-4239-a7b1-51ec3e712e6e tempest-AttachSCSIVolumeTestJSON-309661829 tempest-AttachSCSIVolumeTestJSON-309661829-project-admin] new path /v2/images/6e24ade8-3f8a-4f19-af88-8e4fc6b380f5 {{(pid=75262) process_request /opt/stack/glance/glance/api/middleware/version_negotiation.py:70}}
Jan 23 15:14:27 devstack devstack@g-api.service[75262]: [pid: 75262|app: 0|req: 9/20] 127.0.0.1 () {42 vars in 1055 bytes} [Fri Jan 23 15:14:27 2026] GET /v2/images/6e24ade8-3f8a-4f19-af88-8e4fc6b380f5 => generated 976 bytes in 42 msecs (HTTP/1.1 200) 4 headers in 157 bytes (1 switches on core 0)
Jan 23 15:14:27 devstack devstack@g-api.service[75264]: DEBUG glance.api.middleware.version_negotiation [None req-23c7e867-fd1c-4903-ba3a-330c840e2c62 tempest-AttachSCSIVolumeTestJSON-309661829 tempest-AttachSCSIVolumeTestJSON-309661829-project-admin] Determining version of request: GET /v2/images/6e24ade8-3f8a-4f19-af88-8e4fc6b380f5/file Accept: */* {{(pid=75264) process_request /opt/stack/glance/glance/api/middleware/version_negotiation.py:44}}
Jan 23 15:14:27 devstack devstack@g-api.service[75264]: DEBUG glance.api.middleware.version_negotiation [None req-23c7e867-fd1c-4903-ba3a-330c840e2c62 tempest-AttachSCSIVolumeTestJSON-309661829 tempest-AttachSCSIVolumeTestJSON-309661829-project-admin] Using url versioning {{(pid=75264) process_request /opt/stack/glance/glance/api/middleware/version_negotiation.py:57}}
Jan 23 15:14:27 devstack devstack@g-api.service[75264]: DEBUG glance.api.middleware.version_negotiation [None req-23c7e867-fd1c-4903-ba3a-330c840e2c62 tempest-AttachSCSIVolumeTestJSON-309661829 tempest-AttachSCSIVolumeTestJSON-309661829-project-admin] Matched version: v2 {{(pid=75264) process_request /opt/stack/glance/glance/api/middleware/version_negotiation.py:69}}
Jan 23 15:14:27 devstack devstack@g-api.service[75264]: DEBUG glance.api.middleware.version_negotiation [None req-23c7e867-fd1c-4903-ba3a-330c840e2c62 tempest-AttachSCSIVolumeTestJSON-309661829 tempest-AttachSCSIVolumeTestJSON-309661829-project-admin] new path /v2/images/6e24ade8-3f8a-4f19-af88-8e4fc6b380f5/file {{(pid=75264) process_request /opt/stack/glance/glance/api/middleware/version_negotiation.py:70}}
Jan 23 15:14:27 devstack devstack@g-api.service[75264]: DEBUG glance.api.middleware.cache [None req-6e8be762-0d80-4c7d-9691-bac78b6c60c7 tempest-AttachVolumeTestJSON-1574807356 tempest-AttachVolumeTestJSON-1574807356-project-member] Cache hit for image '6e24ade8-3f8a-4f19-af88-8e4fc6b380f5' {{(pid=75264) process_request /opt/stack/glance/glance/api/middleware/cache.py:160}}
Jan 23 15:14:27 devstack devstack@g-api.service[75264]: [pid: 75264|app: 0|req: 12/21] 127.0.0.1 () {42 vars in 1065 bytes} [Fri Jan 23 15:14:27 2026] GET /v2/images/6e24ade8-3f8a-4f19-af88-8e4fc6b380f5/file => generated 21692416 bytes in 97 msecs (HTTP/1.1 200) 5 headers in 217 bytes (334 switches on core 0)
Jan 23 15:14:28 devstack devstack@g-api.service[75262]: DEBUG glance.api.middleware.version_negotiation [None req-6e8be762-0d80-4c7d-9691-bac78b6c60c7 tempest-AttachVolumeTestJSON-1574807356 tempest-AttachVolumeTestJSON-1574807356-project-member] Determining version of request: GET /v2/images/6e24ade8-3f8a-4f19-af88-8e4fc6b380f5 Accept: */* {{(pid=75262) process_request /opt/stack/glance/glance/api/middleware/version_negotiation.py:44}}
