Aug 28 08:44:01 devstack sudo[88679]: quobyte : PWD=/ ; USER=root ; COMMAND=/opt/stack/data/venv/bin/cinder-rootwrap /etc/cinder/rootwrap.conf env LC_ALL=C qemu-img info -f qcow2 --output=json --force-share /opt/stack/data/cinder/mnt/165518590158c27583f60773e828e93b/volume-082203fe-f9fb-4901-9e39-f12fb81697bb
Aug 28 08:44:01 devstack sudo[88679]: pam_unix(sudo:session): session opened for user root(uid=0) by (uid=1000)
Aug 28 08:44:01 devstack sudo[88678]: pam_unix(sudo:session): session closed for user root
Aug 28 08:44:01 devstack cinder-volume[85762]: DEBUG oslo_concurrency.processutils [None req-bb5dfcd0-d264-4c1e-8100-1a487b62dede tempest-VolumesDeleteCascade-947953010 None] CMD "/opt/stack/data/venv/bin/python3.12 -m oslo_concurrency.prlimit --as=1073741824 --cpu=60 -- sudo cinder-rootwrap /etc/cinder/rootwrap.conf env LC_ALL=C qemu-img info -f qcow2 --output=json --force-share /opt/stack/data/cinder/mnt/165518590158c27583f60773e828e93b/volume-b7634f51-a659-4411-ace1-71ef5a1d1f74" returned: 0 in 0.666s {{(pid=85762) execute /opt/stack/data/venv/lib/python3.12/site-packages/oslo_concurrency/processutils.py:468}}
Aug 28 08:44:01 devstack cinder-volume[85762]: DEBUG oslo_concurrency.processutils [None req-bb5dfcd0-d264-4c1e-8100-1a487b62dede tempest-VolumesDeleteCascade-947953010 None] Running cmd (subprocess): sudo cinder-rootwrap /etc/cinder/rootwrap.conf qemu-img create -f qcow2 -o backing_file=/opt/stack/data/cinder/mnt/165518590158c27583f60773e828e93b/volume-b7634f51-a659-4411-ace1-71ef5a1d1f74,backing_fmt=qcow2 /opt/stack/data/cinder/mnt/165518590158c27583f60773e828e93b/volume-b7634f51-a659-4411-ace1-71ef5a1d1f74.1ce378b3-b146-4436-940e-58e9a0b90137 1G {{(pid=85762) execute /opt/stack/data/venv/lib/python3.12/site-packages/oslo_concurrency/processutils.py:440}}
Aug 28 08:44:01 devstack sudo[88689]: quobyte : PWD=/ ; USER=root ; COMMAND=/opt/stack/data/venv/bin/cinder-rootwrap /etc/cinder/rootwrap.conf qemu-img create -f qcow2 -o backing_file=/opt/stack/data/cinder/mnt/165518590158c27583f60773e828e93b/volume-b7634f51-a659-4411-ace1-71ef5a1d1f74,backing_fmt=qcow2 /opt/stack/data/cinder/mnt/165518590158c27583f60773e828e93b/volume-b7634f51-a659-4411-ace1-71ef5a1d1f74.1ce378b3-b146-4436-940e-58e9a0b90137 1G
Aug 28 08:44:01 devstack sudo[88689]: pam_unix(sudo:session): session opened for user root(uid=0) by (uid=1000)
Aug 28 08:44:02 devstack sudo[88679]: pam_unix(sudo:session): session closed for user root
Aug 28 08:44:02 devstack cinder-volume[85762]: DEBUG oslo_concurrency.processutils [None req-aca48414-7a0d-4eac-86ee-609e2aa5d061 tempest-VolumesTestJSON-1290947583 None] CMD "/opt/stack/data/venv/bin/python3.12 -m oslo_concurrency.prlimit --as=1073741824 --cpu=60 -- sudo cinder-rootwrap /etc/cinder/rootwrap.conf env LC_ALL=C qemu-img info -f qcow2 --output=json --force-share /opt/stack/data/cinder/mnt/165518590158c27583f60773e828e93b/volume-082203fe-f9fb-4901-9e39-f12fb81697bb" returned: 0 in 0.667s {{(pid=85762) execute /opt/stack/data/venv/lib/python3.12/site-packages/oslo_concurrency/processutils.py:468}}
Aug 28 08:44:02 devstack cinder-volume[85762]: DEBUG oslo_concurrency.processutils [None req-aca48414-7a0d-4eac-86ee-609e2aa5d061 tempest-VolumesTestJSON-1290947583 None] Running cmd (subprocess): sudo cinder-rootwrap /etc/cinder/rootwrap.conf rm -f /opt/stack/data/cinder/mnt/165518590158c27583f60773e828e93b/volume-082203fe-f9fb-4901-9e39-f12fb81697bb {{(pid=85762) execute /opt/stack/data/venv/lib/python3.12/site-packages/oslo_concurrency/processutils.py:440}}
Aug 28 08:44:02 devstack sudo[88691]: quobyte : PWD=/ ; USER=root ; COMMAND=/opt/stack/data/venv/bin/cinder-rootwrap /etc/cinder/rootwrap.conf rm -f /opt/stack/data/cinder/mnt/165518590158c27583f60773e828e93b/volume-082203fe-f9fb-4901-9e39-f12fb81697bb
Aug 28 08:44:02 devstack sudo[88691]: pam_unix(sudo:session): session opened for user root(uid=0) by (uid=1000)
Aug 28 08:44:02 devstack sudo[88691]: pam_unix(sudo:session): session closed for user root
Aug 28 08:44:02 devstack cinder-volume[85762]: DEBUG oslo_concurrency.processutils [None req-aca48414-7a0d-4eac-86ee-609e2aa5d061 tempest-VolumesTestJSON-1290947583 None] CMD "sudo cinder-rootwrap /etc/cinder/rootwrap.conf rm -f /opt/stack/data/cinder/mnt/165518590158c27583f60773e828e93b/volume-082203fe-f9fb-4901-9e39-f12fb81697bb" returned: 0 in 0.581s {{(pid=85762) execute /opt/stack/data/venv/lib/python3.12/site-packages/oslo_concurrency/processutils.py:468}}
Aug 28 08:44:02 devstack cinder-volume[85762]: DEBUG cinder.coordination [None req-aca48414-7a0d-4eac-86ee-609e2aa5d061 tempest-VolumesTestJSON-1290947583 None] Lock "cinder-quobyte-082203fe-f9fb-4901-9e39-f12fb81697bb" released by "delete_volume" :: held 1.319s {{(pid=85762) __release /opt/stack/cinder/cinder/coordination.py:152}}
Aug 28 08:44:02 devstack cinder-volume[85762]: DEBUG cinder.quota [None req-aca48414-7a0d-4eac-86ee-609e2aa5d061 tempest-VolumesTestJSON-1290947583 None] Created reservations ['9acca8aa-0e62-4836-801f-6fb6a16b532d', 'df4681e8-1275-4c53-b925-c1e683509692', 'abd5e8f1-592a-4581-9216-132f9de21e50', '49144ce8-7ff2-4de6-8654-b22a44855920'] {{(pid=85762) reserve /opt/stack/cinder/cinder/quota.py:752}}
Aug 28 08:44:02 devstack sudo[88689]: pam_unix(sudo:session): session closed for user root
Aug 28 08:44:02 devstack cinder-volume[85762]: DEBUG oslo_concurrency.processutils [None req-bb5dfcd0-d264-4c1e-8100-1a487b62dede tempest-VolumesDeleteCascade-947953010 None] CMD "sudo cinder-rootwrap /etc/cinder/rootwrap.conf qemu-img create -f qcow2 -o backing_file=/opt/stack/data/cinder/mnt/165518590158c27583f60773e828e93b/volume-b7634f51-a659-4411-ace1-71ef5a1d1f74,backing_fmt=qcow2 /opt/stack/data/cinder/mnt/165518590158c27583f60773e828e93b/volume-b7634f51-a659-4411-ace1-71ef5a1d1f74.1ce378b3-b146-4436-940e-58e9a0b90137 1G" returned: 0 in 0.837s {{(pid=85762) execute /opt/stack/data/venv/lib/python3.12/site-packages/oslo_concurrency/processutils.py:468}}
Aug 28 08:44:02 devstack cinder-volume[85762]: DEBUG oslo_concurrency.processutils [None req-bb5dfcd0-d264-4c1e-8100-1a487b62dede tempest-VolumesDeleteCascade-947953010 None] Running cmd (subprocess): sudo cinder-rootwrap /etc/cinder/rootwrap.conf qemu-img rebase -u -b volume-b7634f51-a659-4411-ace1-71ef5a1d1f74 -F qcow2 /opt/stack/data/cinder/mnt/165518590158c27583f60773e828e93b/volume-b7634f51-a659-4411-ace1-71ef5a1d1f74.1ce378b3-b146-4436-940e-58e9a0b90137 {{(pid=85762) execute /opt/stack/data/venv/lib/python3.12/site-packages/oslo_concurrency/processutils.py:440}}
Aug 28 08:44:02 devstack sudo[88697]: quobyte : PWD=/ ; USER=root ; COMMAND=/opt/stack/data/venv/bin/cinder-rootwrap /etc/cinder/rootwrap.conf qemu-img rebase -u -b volume-b7634f51-a659-4411-ace1-71ef5a1d1f74 -F qcow2 /opt/stack/data/cinder/mnt/165518590158c27583f60773e828e93b/volume-b7634f51-a659-4411-ace1-71ef5a1d1f74.1ce378b3-b146-4436-940e-58e9a0b90137
Aug 28 08:44:02 devstack sudo[88697]: pam_unix(sudo:session): session opened for user root(uid=0) by (uid=1000)
Aug 28 08:44:02 devstack cinder-volume[85762]: DEBUG oslo_concurrency.lockutils [None req-aca48414-7a0d-4eac-86ee-609e2aa5d061 tempest-VolumesTestJSON-1290947583 None] Acquiring lock "quobyte_ensure" by "cinder.volume.drivers.quobyte.QuobyteDriver._ensure_shares_mounted" {{(pid=85762) inner /opt/stack/data/venv/lib/python3.12/site-packages/oslo_concurrency/lockutils.py:512}}
Aug 28 08:44:02 devstack cinder-volume[85762]: DEBUG oslo_concurrency.lockutils [None req-aca48414-7a0d-4eac-86ee-609e2aa5d061 tempest-VolumesTestJSON-1290947583 None] Lock "quobyte_ensure" acquired by "cinder.volume.drivers.quobyte.QuobyteDriver._ensure_shares_mounted" :: waited 0.001s {{(pid=85762) inner /opt/stack/data/venv/lib/python3.12/site-packages/oslo_concurrency/lockutils.py:525}}
Aug 28 08:44:02 devstack cinder-volume[85762]: DEBUG cinder.volume.drivers.quobyte [None req-aca48414-7a0d-4eac-86ee-609e2aa5d061 tempest-VolumesTestJSON-1290947583 None] Quobyte Volume URL set to: {'osci02.corp.quobyte.com/cinder-vol-f4995bb1-bbe6-4a43-9e5c-984fe7b70fa6': None} {{(pid=85762) _load_shares_config /opt/stack/cinder/cinder/volume/drivers/quobyte.py:662}}
Aug 28 08:44:02 devstack cinder-volume[85762]: DEBUG cinder.volume.drivers.quobyte [None req-aca48414-7a0d-4eac-86ee-609e2aa5d061 tempest-VolumesTestJSON-1290947583 None] Available shares ['osci02.corp.quobyte.com/cinder-vol-f4995bb1-bbe6-4a43-9e5c-984fe7b70fa6'] {{(pid=85762) _ensure_shares_mounted /opt/stack/cinder/cinder/volume/drivers/quobyte.py:692}}
Aug 28 08:44:02 devstack cinder-volume[85762]: DEBUG oslo_concurrency.lockutils [None req-aca48414-7a0d-4eac-86ee-609e2aa5d061 tempest-VolumesTestJSON-1290947583 None] Lock "quobyte_ensure" "released" by "cinder.volume.drivers.quobyte.QuobyteDriver._ensure_shares_mounted" :: held 0.008s {{(pid=85762) inner /opt/stack/data/venv/lib/python3.12/site-packages/oslo_concurrency/lockutils.py:544}}
Aug 28 08:44:02 devstack cinder-volume[85762]: DEBUG oslo_concurrency.processutils [None req-aca48414-7a0d-4eac-86ee-609e2aa5d061 tempest-VolumesTestJSON-1290947583 None] Running cmd (subprocess): sudo cinder-rootwrap /etc/cinder/rootwrap.conf df --portability --block-size 1 /opt/stack/data/cinder/mnt/165518590158c27583f60773e828e93b {{(pid=85762) execute /opt/stack/data/venv/lib/python3.12/site-packages/oslo_concurrency/processutils.py:440}}
Aug 28 08:44:02 devstack sudo[88699]: quobyte : PWD=/ ; USER=root ; COMMAND=/opt/stack/data/venv/bin/cinder-rootwrap /etc/cinder/rootwrap.conf df --portability --block-size 1 /opt/stack/data/cinder/mnt/165518590158c27583f60773e828e93b
Aug 28 08:44:02 devstack sudo[88699]: pam_unix(sudo:session): session opened for user root(uid=0) by (uid=1000)
Aug 28 08:44:03 devstack sudo[88699]: pam_unix(sudo:session): session closed for user root
Aug 28 08:44:03 devstack cinder-volume[85762]: DEBUG oslo_concurrency.processutils [None req-aca48414-7a0d-4eac-86ee-609e2aa5d061 tempest-VolumesTestJSON-1290947583 None] CMD "sudo cinder-rootwrap /etc/cinder/rootwrap.conf df --portability --block-size 1 /opt/stack/data/cinder/mnt/165518590158c27583f60773e828e93b" returned: 0 in 0.384s {{(pid=85762) execute /opt/stack/data/venv/lib/python3.12/site-packages/oslo_concurrency/processutils.py:468}}
Aug 28 08:44:03 devstack cinder-volume[85762]: DEBUG cinder.manager [None req-aca48414-7a0d-4eac-86ee-609e2aa5d061 tempest-VolumesTestJSON-1290947583 None] Notifying Schedulers of capabilities ... {{(pid=85762) _publish_service_capabilities /opt/stack/cinder/cinder/manager.py:219}}
Aug 28 08:44:03 devstack cinder-volume[85762]: INFO cinder.volume.manager [None req-aca48414-7a0d-4eac-86ee-609e2aa5d061 tempest-VolumesTestJSON-1290947583 None] Deleted volume successfully.
Aug 28 08:44:03 devstack cinder-volume[85762]: DEBUG cinder.coordination [None req-aca48414-7a0d-4eac-86ee-609e2aa5d061 tempest-VolumesTestJSON-1290947583 None] Lock "cinder-082203fe-f9fb-4901-9e39-f12fb81697bb-delete_volume" released by "delete_volume" :: held 2.193s {{(pid=85762) __release /opt/stack/cinder/cinder/coordination.py:152}}
Aug 28 08:44:03 devstack sudo[88697]: pam_unix(sudo:session): session closed for user root
Aug 28 08:44:03 devstack cinder-volume[85762]: DEBUG oslo_concurrency.processutils [None req-bb5dfcd0-d264-4c1e-8100-1a487b62dede tempest-VolumesDeleteCascade-947953010 None] CMD "sudo cinder-rootwrap /etc/cinder/rootwrap.conf qemu-img rebase -u -b volume-b7634f51-a659-4411-ace1-71ef5a1d1f74 -F qcow2 /opt/stack/data/cinder/mnt/165518590158c27583f60773e828e93b/volume-b7634f51-a659-4411-ace1-71ef5a1d1f74.1ce378b3-b146-4436-940e-58e9a0b90137" returned: 0 in 0.649s {{(pid=85762) execute /opt/stack/data/venv/lib/python3.12/site-packages/oslo_concurrency/processutils.py:468}}
Aug 28 08:44:03 devstack cinder-volume[85762]: WARNING cinder.volume.drivers.remotefs [None req-bb5dfcd0-d264-4c1e-8100-1a487b62dede tempest-VolumesDeleteCascade-947953010 None] /opt/stack/data/cinder/mnt/165518590158c27583f60773e828e93b/volume-b7634f51-a659-4411-ace1-71ef5a1d1f74.1ce378b3-b146-4436-940e-58e9a0b90137 is being set with open permissions: ugo+rw
Aug 28 08:44:03 devstack cinder-volume[85762]: DEBUG oslo_concurrency.processutils [None req-bb5dfcd0-d264-4c1e-8100-1a487b62dede tempest-VolumesDeleteCascade-947953010 None] Running cmd (subprocess): sudo cinder-rootwrap /etc/cinder/rootwrap.conf chmod ugo+rw /opt/stack/data/cinder/mnt/165518590158c27583f60773e828e93b/volume-b7634f51-a659-4411-ace1-71ef5a1d1f74.1ce378b3-b146-4436-940e-58e9a0b90137 {{(pid=85762) execute /opt/stack/data/venv/lib/python3.12/site-packages/oslo_concurrency/processutils.py:440}}
Aug 28 08:44:03 devstack sudo[88705]: quobyte : PWD=/ ; USER=root ; COMMAND=/opt/stack/data/venv/bin/cinder-rootwrap /etc/cinder/rootwrap.conf chmod ugo+rw /opt/stack/data/cinder/mnt/165518590158c27583f60773e828e93b/volume-b7634f51-a659-4411-ace1-71ef5a1d1f74.1ce378b3-b146-4436-940e-58e9a0b90137
Aug 28 08:44:03 devstack sudo[88705]: pam_unix(sudo:session): session opened for user root(uid=0) by (uid=1000)
Aug 28 08:44:03 devstack sudo[88705]: pam_unix(sudo:session): session closed for user root
Aug 28 08:44:03 devstack cinder-volume[85762]: DEBUG oslo_concurrency.processutils [None req-bb5dfcd0-d264-4c1e-8100-1a487b62dede tempest-VolumesDeleteCascade-947953010 None] CMD "sudo cinder-rootwrap /etc/cinder/rootwrap.conf chmod ugo+rw /opt/stack/data/cinder/mnt/165518590158c27583f60773e828e93b/volume-b7634f51-a659-4411-ace1-71ef5a1d1f74.1ce378b3-b146-4436-940e-58e9a0b90137" returned: 0 in 0.529s {{(pid=85762) execute /opt/stack/data/venv/lib/python3.12/site-packages/oslo_concurrency/processutils.py:468}}
Aug 28 08:44:04 devstack cinder-volume[85762]: DEBUG oslo_concurrency.processutils [None req-bb5dfcd0-d264-4c1e-8100-1a487b62dede tempest-VolumesDeleteCascade-947953010 None] Running cmd (subprocess): sudo cinder-rootwrap /etc/cinder/rootwrap.conf truncate -s0 /opt/stack/data/cinder/mnt/165518590158c27583f60773e828e93b/volume-b7634f51-a659-4411-ace1-71ef5a1d1f74.info {{(pid=85762) execute /opt/stack/data/venv/lib/python3.12/site-packages/oslo_concurrency/processutils.py:440}}
Aug 28 08:44:04 devstack sudo[88709]: quobyte : PWD=/ ; USER=root ; COMMAND=/opt/stack/data/venv/bin/cinder-rootwrap /etc/cinder/rootwrap.conf truncate -s0 /opt/stack/data/cinder/mnt/165518590158c27583f60773e828e93b/volume-b7634f51-a659-4411-ace1-71ef5a1d1f74.info
Aug 28 08:44:04 devstack sudo[88709]: pam_unix(sudo:session): session opened for user root(uid=0) by (uid=1000)
Aug 28 08:44:04 devstack sudo[88709]: pam_unix(sudo:session): session closed for user root
Aug 28 08:44:04 devstack cinder-volume[85762]: DEBUG oslo_concurrency.processutils [None req-bb5dfcd0-d264-4c1e-8100-1a487b62dede tempest-VolumesDeleteCascade-947953010 None] CMD "sudo cinder-rootwrap /etc/cinder/rootwrap.conf truncate -s0 /opt/stack/data/cinder/mnt/165518590158c27583f60773e828e93b/volume-b7634f51-a659-4411-ace1-71ef5a1d1f74.info" returned: 0 in 0.506s {{(pid=85762) execute /opt/stack/data/venv/lib/python3.12/site-packages/oslo_concurrency/processutils.py:468}}
Aug 28 08:44:04 devstack cinder-volume[85762]: WARNING cinder.volume.drivers.remotefs [None req-bb5dfcd0-d264-4c1e-8100-1a487b62dede tempest-VolumesDeleteCascade-947953010 None] /opt/stack/data/cinder/mnt/165518590158c27583f60773e828e93b/volume-b7634f51-a659-4411-ace1-71ef5a1d1f74.info is being set with open permissions: ugo+rw
Aug 28 08:44:04 devstack cinder-volume[85762]: DEBUG oslo_concurrency.processutils [None req-bb5dfcd0-d264-4c1e-8100-1a487b62dede tempest-VolumesDeleteCascade-947953010 None] Running cmd (subprocess): sudo cinder-rootwrap /etc/cinder/rootwrap.conf chmod ugo+rw /opt/stack/data/cinder/mnt/165518590158c27583f60773e828e93b/volume-b7634f51-a659-4411-ace1-71ef5a1d1f74.info {{(pid=85762) execute /opt/stack/data/venv/lib/python3.12/site-packages/oslo_concurrency/processutils.py:440}}
Aug 28 08:44:04 devstack sudo[88714]: quobyte : PWD=/ ; USER=root ; COMMAND=/opt/stack/data/venv/bin/cinder-rootwrap /etc/cinder/rootwrap.conf chmod ugo+rw /opt/stack/data/cinder/mnt/165518590158c27583f60773e828e93b/volume-b7634f51-a659-4411-ace1-71ef5a1d1f74.info
Aug 28 08:44:04 devstack sudo[88714]: pam_unix(sudo:session): session opened for user root(uid=0) by (uid=1000)
Aug 28 08:44:05 devstack sudo[88714]: pam_unix(sudo:session): session closed for user root
Aug 28 08:44:05 devstack cinder-volume[85762]: DEBUG oslo_concurrency.processutils [None req-bb5dfcd0-d264-4c1e-8100-1a487b62dede tempest-VolumesDeleteCascade-947953010 None] CMD "sudo cinder-rootwrap /etc/cinder/rootwrap.conf chmod ugo+rw /opt/stack/data/cinder/mnt/165518590158c27583f60773e828e93b/volume-b7634f51-a659-4411-ace1-71ef5a1d1f74.info" returned: 0 in 0.575s {{(pid=85762) execute /opt/stack/data/venv/lib/python3.12/site-packages/oslo_concurrency/processutils.py:468}}
Aug 28 08:44:05 devstack cinder-volume[85762]: DEBUG oslo_concurrency.lockutils [None req-bb5dfcd0-d264-4c1e-8100-1a487b62dede tempest-VolumesDeleteCascade-947953010 None] Lock "quobyte" "released" by "cinder.volume.drivers.quobyte.QuobyteDriver.create_snapshot" :: held 3.946s {{(pid=85762) inner /opt/stack/data/venv/lib/python3.12/site-packages/oslo_concurrency/lockutils.py:544}}
Aug 28 08:44:05 devstack cinder-volume[85762]: INFO cinder.volume.manager [None req-bb5dfcd0-d264-4c1e-8100-1a487b62dede tempest-VolumesDeleteCascade-947953010 None] Create snapshot completed successfully
Aug 28 08:44:05 devstack cinder-volume[85762]: DEBUG oslo_concurrency.lockutils [None req-3b2269bd-acd1-48ff-ab37-390087f72414 tempest-VolumesDeleteCascade-947953010 None] Acquiring lock "quobyte" by "cinder.volume.drivers.quobyte.QuobyteDriver.create_snapshot" {{(pid=85762) inner /opt/stack/data/venv/lib/python3.12/site-packages/oslo_concurrency/lockutils.py:512}}
Aug 28 08:44:05 devstack cinder-volume[85762]: DEBUG oslo_concurrency.lockutils [None req-3b2269bd-acd1-48ff-ab37-390087f72414 tempest-VolumesDeleteCascade-947953010 None] Lock "quobyte" acquired by "cinder.volume.drivers.quobyte.QuobyteDriver.create_snapshot" :: waited 0.005s {{(pid=85762) inner /opt/stack/data/venv/lib/python3.12/site-packages/oslo_concurrency/lockutils.py:525}}
Aug 28 08:44:05 devstack cinder-volume[85762]: DEBUG cinder.volume.drivers.remotefs [None req-3b2269bd-acd1-48ff-ab37-390087f72414 tempest-VolumesDeleteCascade-947953010 None] Creating offline snapshot f08855f9-a91f-4d98-95c2-c151da57c0fa of volume b7634f51-a659-4411-ace1-71ef5a1d1f74 {{(pid=85762) _create_snapshot /opt/stack/cinder/cinder/volume/drivers/remotefs.py:1816}}
Aug 28 08:44:06 devstack cinder-volume[85762]: DEBUG oslo.privsep.daemon [-] privsep: reply[60d7b330-f0fb-4817-95e3-6fe94f7f9b47]: (4, 'qcow2') {{(pid=87477) _call_back /opt/stack/data/venv/lib/python3.12/site-packages/oslo_privsep/daemon.py:580}}
Aug 28 08:44:06 devstack cinder-volume[85762]: DEBUG oslo_concurrency.processutils [None req-3b2269bd-acd1-48ff-ab37-390087f72414 tempest-VolumesDeleteCascade-947953010 None] Running cmd (subprocess): /opt/stack/data/venv/bin/python3.12 -m oslo_concurrency.prlimit --as=1073741824 --cpu=60 -- sudo cinder-rootwrap /etc/cinder/rootwrap.conf env LC_ALL=C qemu-img info -f qcow2 --output=json --force-share /opt/stack/data/cinder/mnt/165518590158c27583f60773e828e93b/volume-b7634f51-a659-4411-ace1-71ef5a1d1f74.1ce378b3-b146-4436-940e-58e9a0b90137 {{(pid=85762) execute /opt/stack/data/venv/lib/python3.12/site-packages/oslo_concurrency/processutils.py:440}}
Aug 28 08:44:06 devstack sudo[88718]: quobyte : PWD=/ ; USER=root ; COMMAND=/opt/stack/data/venv/bin/cinder-rootwrap /etc/cinder/rootwrap.conf env LC_ALL=C qemu-img info -f qcow2 --output=json --force-share /opt/stack/data/cinder/mnt/165518590158c27583f60773e828e93b/volume-b7634f51-a659-4411-ace1-71ef5a1d1f74.1ce378b3-b146-4436-940e-58e9a0b90137
Aug 28 08:44:06 devstack sudo[88718]: pam_unix(sudo:session): session opened for user root(uid=0) by (uid=1000)
Aug 28 08:44:06 devstack sudo[88718]: pam_unix(sudo:session): session closed for user root
Aug 28 08:44:06 devstack cinder-volume[85762]: DEBUG oslo_concurrency.processutils [None req-3b2269bd-acd1-48ff-ab37-390087f72414 tempest-VolumesDeleteCascade-947953010 None] CMD "/opt/stack/data/venv/bin/python3.12 -m oslo_concurrency.prlimit --as=1073741824 --cpu=60 -- sudo cinder-rootwrap /etc/cinder/rootwrap.conf env LC_ALL=C qemu-img info -f qcow2 --output=json --force-share /opt/stack/data/cinder/mnt/165518590158c27583f60773e828e93b/volume-b7634f51-a659-4411-ace1-71ef5a1d1f74.1ce378b3-b146-4436-940e-58e9a0b90137" returned: 0 in 0.676s {{(pid=85762) execute /opt/stack/data/venv/lib/python3.12/site-packages/oslo_concurrency/processutils.py:468}}
Aug 28 08:44:06 devstack cinder-volume[85762]: DEBUG cinder.volume.drivers.remotefs [None req-3b2269bd-acd1-48ff-ab37-390087f72414 tempest-VolumesDeleteCascade-947953010 None] Fetching qemu-img info with special backing_file_template: (/opt/stack/data/cinder/mnt/[0-9a-f]+/)?(volume-b7634f51-a659-4411-ace1-71ef5a1d1f74(.(tmp-snap-)?[0-9a-f-]+)?|volume_from_snapshot_cache/(tmp-snap-)?[0-9a-f-]+(.(child-|parent-)[0-9a-f-]+)?)$ {{(pid=85762) _qemu_img_info_base /opt/stack/cinder/cinder/volume/drivers/remotefs.py:896}}
Aug 28 08:44:06 devstack cinder-volume[85762]: DEBUG oslo_concurrency.processutils [None req-3b2269bd-acd1-48ff-ab37-390087f72414 tempest-VolumesDeleteCascade-947953010 None] Running cmd (subprocess): sudo cinder-rootwrap /etc/cinder/rootwrap.conf qemu-img create -f qcow2 -o backing_file=/opt/stack/data/cinder/mnt/165518590158c27583f60773e828e93b/volume-b7634f51-a659-4411-ace1-71ef5a1d1f74.1ce378b3-b146-4436-940e-58e9a0b90137,backing_fmt=qcow2 /opt/stack/data/cinder/mnt/165518590158c27583f60773e828e93b/volume-b7634f51-a659-4411-ace1-71ef5a1d1f74.f08855f9-a91f-4d98-95c2-c151da57c0fa 1G {{(pid=85762) execute /opt/stack/data/venv/lib/python3.12/site-packages/oslo_concurrency/processutils.py:440}}
Aug 28 08:44:06 devstack sudo[88725]: quobyte : PWD=/ ; USER=root ; COMMAND=/opt/stack/data/venv/bin/cinder-rootwrap /etc/cinder/rootwrap.conf qemu-img create -f qcow2 -o backing_file=/opt/stack/data/cinder/mnt/165518590158c27583f60773e828e93b/volume-b7634f51-a659-4411-ace1-71ef5a1d1f74.1ce378b3-b146-4436-940e-58e9a0b90137,backing_fmt=qcow2 /opt/stack/data/cinder/mnt/165518590158c27583f60773e828e93b/volume-b7634f51-a659-4411-ace1-71ef5a1d1f74.f08855f9-a91f-4d98-95c2-c151da57c0fa 1G
Aug 28 08:44:06 devstack sudo[88725]: pam_unix(sudo:session): session opened for user root(uid=0) by (uid=1000)
Aug 28 08:44:07 devstack sudo[88725]: pam_unix(sudo:session): session closed for user root
Aug 28 08:44:07 devstack cinder-volume[85762]: DEBUG oslo_concurrency.processutils [None req-3b2269bd-acd1-48ff-ab37-390087f72414 tempest-VolumesDeleteCascade-947953010 None] CMD "sudo cinder-rootwrap /etc/cinder/rootwrap.conf qemu-img create -f qcow2 -o backing_file=/opt/stack/data/cinder/mnt/165518590158c27583f60773e828e93b/volume-b7634f51-a659-4411-ace1-71ef5a1d1f74.1ce378b3-b146-4436-940e-58e9a0b90137,backing_fmt=qcow2 /opt/stack/data/cinder/mnt/165518590158c27583f60773e828e93b/volume-b7634f51-a659-4411-ace1-71ef5a1d1f74.f08855f9-a91f-4d98-95c2-c151da57c0fa 1G" returned: 0 in 0.824s {{(pid=85762) execute /opt/stack/data/venv/lib/python3.12/site-packages/oslo_concurrency/processutils.py:468}}
Aug 28 08:44:07 devstack cinder-volume[85762]: DEBUG oslo_concurrency.processutils [None req-3b2269bd-acd1-48ff-ab37-390087f72414 tempest-VolumesDeleteCascade-947953010 None] Running cmd (subprocess): sudo cinder-rootwrap /etc/cinder/rootwrap.conf qemu-img rebase -u -b volume-b7634f51-a659-4411-ace1-71ef5a1d1f74.1ce378b3-b146-4436-940e-58e9a0b90137 -F qcow2 /opt/stack/data/cinder/mnt/165518590158c27583f60773e828e93b/volume-b7634f51-a659-4411-ace1-71ef5a1d1f74.f08855f9-a91f-4d98-95c2-c151da57c0fa {{(pid=85762) execute /opt/stack/data/venv/lib/python3.12/site-packages/oslo_concurrency/processutils.py:440}}
Aug 28 08:44:07 devstack sudo[88732]: quobyte : PWD=/ ; USER=root ; COMMAND=/opt/stack/data/venv/bin/cinder-rootwrap /etc/cinder/rootwrap.conf qemu-img rebase -u -b volume-b7634f51-a659-4411-ace1-71ef5a1d1f74.1ce378b3-b146-4436-940e-58e9a0b90137 -F qcow2 /opt/stack/data/cinder/mnt/165518590158c27583f60773e828e93b/volume-b7634f51-a659-4411-ace1-71ef5a1d1f74.f08855f9-a91f-4d98-95c2-c151da57c0fa
Aug 28 08:44:07 devstack sudo[88732]: pam_unix(sudo:session): session opened for user root(uid=0) by (uid=1000)
Aug 28 08:44:07 devstack sudo[88732]: pam_unix(sudo:session): session closed for user root
Aug 28 08:44:07 devstack cinder-volume[85762]: DEBUG oslo_concurrency.processutils [None req-3b2269bd-acd1-48ff-ab37-390087f72414 tempest-VolumesDeleteCascade-947953010 None] CMD "sudo cinder-rootwrap /etc/cinder/rootwrap.conf qemu-img rebase -u -b volume-b7634f51-a659-4411-ace1-71ef5a1d1f74.1ce378b3-b146-4436-940e-58e9a0b90137 -F qcow2 /opt/stack/data/cinder/mnt/165518590158c27583f60773e828e93b/volume-b7634f51-a659-4411-ace1-71ef5a1d1f74.f08855f9-a91f-4d98-95c2-c151da57c0fa" returned: 0 in 0.448s {{(pid=85762) execute /opt/stack/data/venv/lib/python3.12/site-packages/oslo_concurrency/processutils.py:468}}
Aug 28 08:44:07 devstack cinder-volume[85762]: WARNING cinder.volume.drivers.remotefs [None req-3b2269bd-acd1-48ff-ab37-390087f72414 tempest-VolumesDeleteCascade-947953010 None] /opt/stack/data/cinder/mnt/165518590158c27583f60773e828e93b/volume-b7634f51-a659-4411-ace1-71ef5a1d1f74.f08855f9-a91f-4d98-95c2-c151da57c0fa is being set with open permissions: ugo+rw
Aug 28 08:44:07 devstack cinder-volume[85762]: DEBUG oslo_concurrency.processutils [None req-3b2269bd-acd1-48ff-ab37-390087f72414 tempest-VolumesDeleteCascade-947953010 None] Running cmd (subprocess): sudo cinder-rootwrap /etc/cinder/rootwrap.conf chmod ugo+rw /opt/stack/data/cinder/mnt/165518590158c27583f60773e828e93b/volume-b7634f51-a659-4411-ace1-71ef5a1d1f74.f08855f9-a91f-4d98-95c2-c151da57c0fa {{(pid=85762) execute /opt/stack/data/venv/lib/python3.12/site-packages/oslo_concurrency/processutils.py:440}}
Aug 28 08:44:08 devstack sudo[88738]: quobyte : PWD=/ ; USER=root ; COMMAND=/opt/stack/data/venv/bin/cinder-rootwrap /etc/cinder/rootwrap.conf chmod ugo+rw /opt/stack/data/cinder/mnt/165518590158c27583f60773e828e93b/volume-b7634f51-a659-4411-ace1-71ef5a1d1f74.f08855f9-a91f-4d98-95c2-c151da57c0fa
Aug 28 08:44:08 devstack sudo[88738]: pam_unix(sudo:session): session opened for user root(uid=0) by (uid=1000)
Aug 28 08:44:08 devstack sudo[88738]: pam_unix(sudo:session): session closed for user root
Aug 28 08:44:08 devstack cinder-volume[85762]: DEBUG oslo_concurrency.processutils [None req-3b2269bd-acd1-48ff-ab37-390087f72414 tempest-VolumesDeleteCascade-947953010 None] CMD "sudo cinder-rootwrap /etc/cinder/rootwrap.conf chmod ugo+rw /opt/stack/data/cinder/mnt/165518590158c27583f60773e828e93b/volume-b7634f51-a659-4411-ace1-71ef5a1d1f74.f08855f9-a91f-4d98-95c2-c151da57c0fa" returned: 0 in 0.347s {{(pid=85762) execute /opt/stack/data/venv/lib/python3.12/site-packages/oslo_concurrency/processutils.py:468}}
Aug 28 08:44:08 devstack cinder-volume[85762]: DEBUG dbcounter [-] [85762] Writing DB stats cinder:UPDATE=67,cinder:SELECT=58,cinder:INSERT=24,cinder:DELETE=5 {{(pid=85762) stat_writer /opt/stack/data/venv/lib/python3.12/site-packages/dbcounter.py:115}}
Aug 28 08:44:08 devstack cinder-volume[85762]: DEBUG dbcounter [-] [85762] Writing DB stats cinder:SELECT=55,cinder:INSERT=12,cinder:UPDATE=83,cinder:DELETE=9 {{(pid=85762) stat_writer /opt/stack/data/venv/lib/python3.12/site-packages/dbcounter.py:115}}
Aug 28 08:44:08 devstack cinder-volume[85762]: DEBUG oslo_concurrency.lockutils [None req-3b2269bd-acd1-48ff-ab37-390087f72414 tempest-VolumesDeleteCascade-947953010 None] Lock "quobyte" "released" by "cinder.volume.drivers.quobyte.QuobyteDriver.create_snapshot" :: held 2.506s {{(pid=85762) inner /opt/stack/data/venv/lib/python3.12/site-packages/oslo_concurrency/lockutils.py:544}}
Aug 28 08:44:08 devstack cinder-volume[85762]: INFO cinder.volume.manager [None req-3b2269bd-acd1-48ff-ab37-390087f72414 tempest-VolumesDeleteCascade-947953010 None] Create snapshot completed successfully
Aug 28 08:44:09 devstack cinder-volume[85762]: DEBUG cinder.coordination [None req-b4ba5149-35b6-477f-89cc-f4134f3fe1d1 tempest-VolumesDeleteCascade-947953010 None] Acquiring lock "cinder-b7634f51-a659-4411-ace1-71ef5a1d1f74-delete_volume" by "delete_volume" {{(pid=85762) __acquire /opt/stack/cinder/cinder/coordination.py:138}}
Aug 28 08:44:09 devstack cinder-volume[85762]: DEBUG cinder.coordination [None req-b4ba5149-35b6-477f-89cc-f4134f3fe1d1 tempest-VolumesDeleteCascade-947953010 None] Lock "cinder-b7634f51-a659-4411-ace1-71ef5a1d1f74-delete_volume" acquired by "delete_volume" :: waited 0.027s {{(pid=85762) __acquire /opt/stack/cinder/cinder/coordination.py:141}}
Aug 28 08:44:09 devstack cinder-volume[85762]: DEBUG cinder.volume.manager [None req-b4ba5149-35b6-477f-89cc-f4134f3fe1d1 tempest-VolumesDeleteCascade-947953010 None] Performing cascade delete. {{(pid=85762) delete_volume /opt/stack/cinder/cinder/volume/manager.py:995}}
Aug 28 08:44:09 devstack cinder-volume[85762]: DEBUG cinder.coordination [None req-b4ba5149-35b6-477f-89cc-f4134f3fe1d1 tempest-VolumesDeleteCascade-947953010 None] Acquiring lock "cinder-1ce378b3-b146-4436-940e-58e9a0b90137-delete_snapshot" by "delete_snapshot" {{(pid=85762) __acquire /opt/stack/cinder/cinder/coordination.py:138}}
Aug 28 08:44:09 devstack cinder-volume[85762]: DEBUG cinder.coordination [None req-b4ba5149-35b6-477f-89cc-f4134f3fe1d1 tempest-VolumesDeleteCascade-947953010 None] Lock "cinder-1ce378b3-b146-4436-940e-58e9a0b90137-delete_snapshot" acquired by "delete_snapshot" :: waited 0.025s {{(pid=85762) __acquire /opt/stack/cinder/cinder/coordination.py:141}}
Aug 28 08:44:09 devstack cinder-volume[85762]: DEBUG cinder.coordination [None req-b4ba5149-35b6-477f-89cc-f4134f3fe1d1 tempest-VolumesDeleteCascade-947953010 None] Acquiring lock "cinder-quobyte-b7634f51-a659-4411-ace1-71ef5a1d1f74" by "delete_snapshot" {{(pid=85762) __acquire /opt/stack/cinder/cinder/coordination.py:138}}
Aug 28 08:44:09 devstack cinder-volume[85762]: DEBUG cinder.coordination [None req-b4ba5149-35b6-477f-89cc-f4134f3fe1d1 tempest-VolumesDeleteCascade-947953010 None] Lock "cinder-quobyte-b7634f51-a659-4411-ace1-71ef5a1d1f74" acquired by "delete_snapshot" :: waited 0.030s {{(pid=85762) __acquire /opt/stack/cinder/cinder/coordination.py:141}}
Aug 28 08:44:09 devstack cinder-volume[85762]: DEBUG cinder.coordination [None req-b4ba5149-35b6-477f-89cc-f4134f3fe1d1 tempest-VolumesDeleteCascade-947953010 None] Acquiring lock "cinder-quobyte-1ce378b3-b146-4436-940e-58e9a0b90137" by "_delete_snapshot" {{(pid=85762) __acquire /opt/stack/cinder/cinder/coordination.py:138}}
Aug 28 08:44:09 devstack cinder-volume[85762]: DEBUG cinder.coordination [None req-b4ba5149-35b6-477f-89cc-f4134f3fe1d1 tempest-VolumesDeleteCascade-947953010 None] Lock "cinder-quobyte-1ce378b3-b146-4436-940e-58e9a0b90137" acquired by "_delete_snapshot" :: waited 0.025s {{(pid=85762) __acquire /opt/stack/cinder/cinder/coordination.py:141}}
Aug 28 08:44:09 devstack cinder-volume[85762]: DEBUG cinder.volume.drivers.remotefs [None req-b4ba5149-35b6-477f-89cc-f4134f3fe1d1 tempest-VolumesDeleteCascade-947953010 None] Deleting offline snapshot 1ce378b3-b146-4436-940e-58e9a0b90137 of volume b7634f51-a659-4411-ace1-71ef5a1d1f74 {{(pid=85762) _delete_snapshot /opt/stack/cinder/cinder/volume/drivers/remotefs.py:1288}}
Aug 28 08:44:09 devstack cinder-volume[85762]: DEBUG cinder.volume.drivers.remotefs [None req-b4ba5149-35b6-477f-89cc-f4134f3fe1d1 tempest-VolumesDeleteCascade-947953010 None] snapshot_file for this snap is: volume-b7634f51-a659-4411-ace1-71ef5a1d1f74.1ce378b3-b146-4436-940e-58e9a0b90137 {{(pid=85762) _delete_snapshot /opt/stack/cinder/cinder/volume/drivers/remotefs.py:1317}}
Aug 28 08:44:09 devstack cinder-volume[85762]: DEBUG oslo.privsep.daemon [-] privsep: reply[40895de1-7f38-4c4c-aa3e-483d86307313]: (4, 'qcow2') {{(pid=87477) _call_back /opt/stack/data/venv/lib/python3.12/site-packages/oslo_privsep/daemon.py:580}}
Aug 28 08:44:09 devstack cinder-volume[85762]: DEBUG oslo_concurrency.processutils [None req-b4ba5149-35b6-477f-89cc-f4134f3fe1d1 tempest-VolumesDeleteCascade-947953010 None] Running cmd (subprocess): /opt/stack/data/venv/bin/python3.12 -m oslo_concurrency.prlimit --as=1073741824 --cpu=60 -- sudo cinder-rootwrap /etc/cinder/rootwrap.conf env LC_ALL=C qemu-img info -f qcow2 --output=json --force-share /opt/stack/data/cinder/mnt/165518590158c27583f60773e828e93b/volume-b7634f51-a659-4411-ace1-71ef5a1d1f74.1ce378b3-b146-4436-940e-58e9a0b90137 {{(pid=85762) execute /opt/stack/data/venv/lib/python3.12/site-packages/oslo_concurrency/processutils.py:440}}
Aug 28 08:44:09 devstack sudo[88753]: quobyte : PWD=/ ; USER=root ; COMMAND=/opt/stack/data/venv/bin/cinder-rootwrap /etc/cinder/rootwrap.conf env LC_ALL=C qemu-img info -f qcow2 --output=json --force-share /opt/stack/data/cinder/mnt/165518590158c27583f60773e828e93b/volume-b7634f51-a659-4411-ace1-71ef5a1d1f74.1ce378b3-b146-4436-940e-58e9a0b90137
Aug 28 08:44:09 devstack sudo[88753]: pam_unix(sudo:session): session opened for user root(uid=0) by (uid=1000)
Aug 28 08:44:10 devstack sudo[88753]: pam_unix(sudo:session): session closed for user root
Aug 28 08:44:10 devstack cinder-volume[85762]: DEBUG oslo_concurrency.processutils [None req-b4ba5149-35b6-477f-89cc-f4134f3fe1d1 tempest-VolumesDeleteCascade-947953010 None] CMD "/opt/stack/data/venv/bin/python3.12 -m oslo_concurrency.prlimit --as=1073741824 --cpu=60 -- sudo cinder-rootwrap /etc/cinder/rootwrap.conf env LC_ALL=C qemu-img info -f qcow2 --output=json --force-share /opt/stack/data/cinder/mnt/165518590158c27583f60773e828e93b/volume-b7634f51-a659-4411-ace1-71ef5a1d1f74.1ce378b3-b146-4436-940e-58e9a0b90137" returned: 0 in 0.548s {{(pid=85762) execute /opt/stack/data/venv/lib/python3.12/site-packages/oslo_concurrency/processutils.py:468}}
Aug 28 08:44:10 devstack cinder-volume[85762]: DEBUG cinder.volume.drivers.remotefs [None req-b4ba5149-35b6-477f-89cc-f4134f3fe1d1 tempest-VolumesDeleteCascade-947953010 None] Fetching qemu-img info with special backing_file_template: (/opt/stack/data/cinder/mnt/[0-9a-f]+/)?(volume-b7634f51-a659-4411-ace1-71ef5a1d1f74(.(tmp-snap-)?[0-9a-f-]+)?|volume_from_snapshot_cache/(tmp-snap-)?[0-9a-f-]+(.(child-|parent-)[0-9a-f-]+)?)$ {{(pid=85762) _qemu_img_info_base /opt/stack/cinder/cinder/volume/drivers/remotefs.py:896}}
Aug 28 08:44:10 devstack cinder-volume[85762]: DEBUG oslo.privsep.daemon [-] privsep: reply[4b1f0f13-d3ab-45b5-919d-f695a5f11f1b]: (4, 'qcow2') {{(pid=87477) _call_back /opt/stack/data/venv/lib/python3.12/site-packages/oslo_privsep/daemon.py:580}}
Aug 28 08:44:10 devstack cinder-volume[85762]: DEBUG oslo_concurrency.processutils [None req-b4ba5149-35b6-477f-89cc-f4134f3fe1d1 tempest-VolumesDeleteCascade-947953010 None] Running cmd (subprocess): /opt/stack/data/venv/bin/python3.12 -m oslo_concurrency.prlimit --as=1073741824 --cpu=60 -- sudo cinder-rootwrap /etc/cinder/rootwrap.conf env LC_ALL=C qemu-img info -f qcow2 --output=json --force-share /opt/stack/data/cinder/mnt/165518590158c27583f60773e828e93b/volume-b7634f51-a659-4411-ace1-71ef5a1d1f74 {{(pid=85762) execute /opt/stack/data/venv/lib/python3.12/site-packages/oslo_concurrency/processutils.py:440}}
Aug 28 08:44:10 devstack sudo[88758]: quobyte : PWD=/ ; USER=root ; COMMAND=/opt/stack/data/venv/bin/cinder-rootwrap /etc/cinder/rootwrap.conf env LC_ALL=C qemu-img info -f qcow2 --output=json --force-share /opt/stack/data/cinder/mnt/165518590158c27583f60773e828e93b/volume-b7634f51-a659-4411-ace1-71ef5a1d1f74
Aug 28 08:44:10 devstack sudo[88758]: pam_unix(sudo:session): session opened for user root(uid=0) by (uid=1000)
Aug 28 08:44:10 devstack cinder-volume[85762]: DEBUG cinder.volume.manager [None req-30af0eaf-4668-43e7-b148-e5e50c9bf714 tempest-BackendsCapabilitiesAdminTestsJSON-603771581 None] Obtained capabilities list: {'volume_backend_name': 'QuobyteHD', 'vendor_name': 'Open Source', 'driver_version': '1.2.1', 'storage_protocol': 'quobyte', 'total_capacity_gb': 1774.5886573791504, 'free_capacity_gb': 1774.5886573791504, 'reserved_percentage': 0, 'QoS_support': False, 'thin_provisioning_support': True, 'thick_provisioning_support': False, 'properties': {'thin_provisioning': {'title': 'Thin Provisioning', 'description': 'Sets thin provisioning.', 'type': 'boolean'}, 'compression': {'title': 'Compression', 'description': 'Enables compression.', 'type': 'boolean'}, 'qos': {'title': 'QoS', 'description': 'Enables QoS.', 'type': 'boolean'}, 'replication_enabled': {'title': 'Replication', 'description': 'Enables replication.', 'type': 'boolean'}}}. {{(pid=85762) get_capabilities /opt/stack/cinder/cinder/volume/manager.py:4830}}
Aug 28 08:44:10 devstack cinder-volume[85762]: DEBUG cinder.volume.manager [None req-37994957-078f-4844-aa95-aac5cb440d16 tempest-BackendsCapabilitiesAdminTestsJSON-603771581 None] Obtained capabilities list: {'volume_backend_name': 'QuobyteHD', 'vendor_name': 'Open Source', 'driver_version': '1.2.1', 'storage_protocol': 'quobyte', 'total_capacity_gb': 1774.5886573791504, 'free_capacity_gb': 1774.5886573791504, 'reserved_percentage': 0, 'QoS_support': False, 'thin_provisioning_support': True, 'thick_provisioning_support': False, 'properties': {'thin_provisioning': {'title': 'Thin Provisioning', 'description': 'Sets thin provisioning.', 'type': 'boolean'}, 'compression': {'title': 'Compression', 'description': 'Enables compression.', 'type': 'boolean'}, 'qos': {'title': 'QoS', 'description': 'Enables QoS.', 'type': 'boolean'}, 'replication_enabled': {'title': 'Replication', 'description': 'Enables replication.', 'type': 'boolean'}}}. {{(pid=85762) get_capabilities /opt/stack/cinder/cinder/volume/manager.py:4830}}
Aug 28 08:44:10 devstack sudo[88758]: pam_unix(sudo:session): session closed for user root
Aug 28 08:44:10 devstack cinder-volume[85762]: DEBUG oslo_concurrency.processutils [None req-b4ba5149-35b6-477f-89cc-f4134f3fe1d1 tempest-VolumesDeleteCascade-947953010 None] CMD "/opt/stack/data/venv/bin/python3.12 -m oslo_concurrency.prlimit --as=1073741824 --cpu=60 -- sudo cinder-rootwrap /etc/cinder/rootwrap.conf env LC_ALL=C qemu-img info -f qcow2 --output=json --force-share /opt/stack/data/cinder/mnt/165518590158c27583f60773e828e93b/volume-b7634f51-a659-4411-ace1-71ef5a1d1f74" returned: 0 in 0.532s {{(pid=85762) execute /opt/stack/data/venv/lib/python3.12/site-packages/oslo_concurrency/processutils.py:468}}
Aug 28 08:44:10 devstack cinder-volume[85762]: DEBUG oslo.privsep.daemon [-] privsep: reply[071c267f-64a3-4bbb-beb9-228737287020]: (4, 'qcow2') {{(pid=87477) _call_back /opt/stack/data/venv/lib/python3.12/site-packages/oslo_privsep/daemon.py:580}}
Aug 28 08:44:10 devstack cinder-volume[85762]: DEBUG oslo_concurrency.processutils [None req-b4ba5149-35b6-477f-89cc-f4134f3fe1d1 tempest-VolumesDeleteCascade-947953010 None] Running cmd (subprocess): /opt/stack/data/venv/bin/python3.12 -m oslo_concurrency.prlimit --as=1073741824 --cpu=60 -- sudo cinder-rootwrap /etc/cinder/rootwrap.conf env LC_ALL=C qemu-img info -f qcow2 --output=json --force-share /opt/stack/data/cinder/mnt/165518590158c27583f60773e828e93b/volume-b7634f51-a659-4411-ace1-71ef5a1d1f74.f08855f9-a91f-4d98-95c2-c151da57c0fa {{(pid=85762) execute /opt/stack/data/venv/lib/python3.12/site-packages/oslo_concurrency/processutils.py:440}}
Aug 28 08:44:10 devstack sudo[88763]: quobyte : PWD=/ ; USER=root ; COMMAND=/opt/stack/data/venv/bin/cinder-rootwrap /etc/cinder/rootwrap.conf env LC_ALL=C qemu-img info -f qcow2 --output=json --force-share /opt/stack/data/cinder/mnt/165518590158c27583f60773e828e93b/volume-b7634f51-a659-4411-ace1-71ef5a1d1f74.f08855f9-a91f-4d98-95c2-c151da57c0fa
Aug 28 08:44:10 devstack sudo[88763]: pam_unix(sudo:session): session opened for user root(uid=0) by (uid=1000)
Aug 28 08:44:11 devstack sudo[88763]: pam_unix(sudo:session): session closed for user root
Aug 28 08:44:11 devstack cinder-volume[85762]: DEBUG oslo_concurrency.processutils [None req-b4ba5149-35b6-477f-89cc-f4134f3fe1d1 tempest-VolumesDeleteCascade-947953010 None] CMD "/opt/stack/data/venv/bin/python3.12 -m oslo_concurrency.prlimit --as=1073741824 --cpu=60 -- sudo cinder-rootwrap /etc/cinder/rootwrap.conf env LC_ALL=C qemu-img info -f qcow2 --output=json --force-share /opt/stack/data/cinder/mnt/165518590158c27583f60773e828e93b/volume-b7634f51-a659-4411-ace1-71ef5a1d1f74.f08855f9-a91f-4d98-95c2-c151da57c0fa" returned: 0 in 0.484s {{(pid=85762) execute /opt/stack/data/venv/lib/python3.12/site-packages/oslo_concurrency/processutils.py:468}}
Aug 28 08:44:11 devstack cinder-volume[85762]: DEBUG cinder.volume.drivers.remotefs [None req-b4ba5149-35b6-477f-89cc-f4134f3fe1d1 tempest-VolumesDeleteCascade-947953010 None] Fetching qemu-img info with special backing_file_template: (/opt/stack/data/cinder/mnt/[0-9a-f]+/)?(volume-b7634f51-a659-4411-ace1-71ef5a1d1f74(.(tmp-snap-)?[0-9a-f-]+)?|volume_from_snapshot_cache/(tmp-snap-)?[0-9a-f-]+(.(child-|parent-)[0-9a-f-]+)?)$ {{(pid=85762) _qemu_img_info_base /opt/stack/cinder/cinder/volume/drivers/remotefs.py:896}}
Aug 28 08:44:11 devstack cinder-volume[85762]: DEBUG oslo.privsep.daemon [-] privsep: reply[e6e914ba-283a-441a-a9dd-903f74cb0505]: (4, 'qcow2') {{(pid=87477) _call_back /opt/stack/data/venv/lib/python3.12/site-packages/oslo_privsep/daemon.py:580}}
Aug 28 08:44:11 devstack cinder-volume[85762]: DEBUG oslo_concurrency.processutils [None req-b4ba5149-35b6-477f-89cc-f4134f3fe1d1 tempest-VolumesDeleteCascade-947953010 None] Running cmd (subprocess): /opt/stack/data/venv/bin/python3.12 -m oslo_concurrency.prlimit --as=1073741824 --cpu=60 -- sudo cinder-rootwrap /etc/cinder/rootwrap.conf env LC_ALL=C qemu-img info -f qcow2 --output=json --force-share /opt/stack/data/cinder/mnt/165518590158c27583f60773e828e93b/volume-b7634f51-a659-4411-ace1-71ef5a1d1f74.1ce378b3-b146-4436-940e-58e9a0b90137 {{(pid=85762) execute /opt/stack/data/venv/lib/python3.12/site-packages/oslo_concurrency/processutils.py:440}}
Aug 28 08:44:11 devstack sudo[88771]: quobyte : PWD=/ ; USER=root ; COMMAND=/opt/stack/data/venv/bin/cinder-rootwrap /etc/cinder/rootwrap.conf env LC_ALL=C qemu-img info -f qcow2 --output=json --force-share /opt/stack/data/cinder/mnt/165518590158c27583f60773e828e93b/volume-b7634f51-a659-4411-ace1-71ef5a1d1f74.1ce378b3-b146-4436-940e-58e9a0b90137
Aug 28 08:44:11 devstack sudo[88771]: pam_unix(sudo:session): session opened for user root(uid=0) by (uid=1000)
Aug 28 08:44:11 devstack sudo[88771]: pam_unix(sudo:session): session closed for user root
Aug 28 08:44:11 devstack cinder-volume[85762]: DEBUG oslo_concurrency.processutils [None req-b4ba5149-35b6-477f-89cc-f4134f3fe1d1 tempest-VolumesDeleteCascade-947953010 None] CMD "/opt/stack/data/venv/bin/python3.12 -m oslo_concurrency.prlimit --as=1073741824 --cpu=60 -- sudo cinder-rootwrap /etc/cinder/rootwrap.conf env LC_ALL=C qemu-img info -f qcow2 --output=json --force-share /opt/stack/data/cinder/mnt/165518590158c27583f60773e828e93b/volume-b7634f51-a659-4411-ace1-71ef5a1d1f74.1ce378b3-b146-4436-940e-58e9a0b90137" returned: 0 in 0.472s {{(pid=85762) execute /opt/stack/data/venv/lib/python3.12/site-packages/oslo_concurrency/processutils.py:468}}
Aug 28 08:44:11 devstack cinder-volume[85762]: DEBUG cinder.volume.drivers.remotefs [None req-b4ba5149-35b6-477f-89cc-f4134f3fe1d1 tempest-VolumesDeleteCascade-947953010 None] Fetching qemu-img info with special backing_file_template: (/opt/stack/data/cinder/mnt/[0-9a-f]+/)?(volume-b7634f51-a659-4411-ace1-71ef5a1d1f74(.(tmp-snap-)?[0-9a-f-]+)?|volume_from_snapshot_cache/(tmp-snap-)?[0-9a-f-]+(.(child-|parent-)[0-9a-f-]+)?)$ {{(pid=85762) _qemu_img_info_base /opt/stack/cinder/cinder/volume/drivers/remotefs.py:896}}
Aug 28 08:44:11 devstack cinder-volume[85762]: DEBUG oslo.privsep.daemon [-] privsep: reply[67afcc26-4d69-4d80-871b-6e1728ab529c]: (4, 'qcow2') {{(pid=87477) _call_back /opt/stack/data/venv/lib/python3.12/site-packages/oslo_privsep/daemon.py:580}}
Aug 28 08:44:11 devstack cinder-volume[85762]: DEBUG oslo_concurrency.processutils [None req-b4ba5149-35b6-477f-89cc-f4134f3fe1d1 tempest-VolumesDeleteCascade-947953010 None] Running cmd (subprocess): /opt/stack/data/venv/bin/python3.12 -m oslo_concurrency.prlimit --as=1073741824 --cpu=60 -- sudo cinder-rootwrap /etc/cinder/rootwrap.conf env LC_ALL=C qemu-img info -f qcow2 --output=json --force-share /opt/stack/data/cinder/mnt/165518590158c27583f60773e828e93b/volume-b7634f51-a659-4411-ace1-71ef5a1d1f74 {{(pid=85762) execute /opt/stack/data/venv/lib/python3.12/site-packages/oslo_concurrency/processutils.py:440}}
Aug 28 08:44:11 devstack sudo[88790]: quobyte : PWD=/ ; USER=root ; COMMAND=/opt/stack/data/venv/bin/cinder-rootwrap /etc/cinder/rootwrap.conf env LC_ALL=C qemu-img info -f qcow2 --output=json --force-share /opt/stack/data/cinder/mnt/165518590158c27583f60773e828e93b/volume-b7634f51-a659-4411-ace1-71ef5a1d1f74
Aug 28 08:44:11 devstack sudo[88790]: pam_unix(sudo:session): session opened for user root(uid=0) by (uid=1000)
Aug 28 08:44:12 devstack sudo[88790]: pam_unix(sudo:session): session closed for user root
Aug 28 08:44:12 devstack cinder-volume[85762]: DEBUG oslo_concurrency.processutils [None req-b4ba5149-35b6-477f-89cc-f4134f3fe1d1 tempest-VolumesDeleteCascade-947953010 None] CMD "/opt/stack/data/venv/bin/python3.12 -m oslo_concurrency.prlimit --as=1073741824 --cpu=60 -- sudo cinder-rootwrap /etc/cinder/rootwrap.conf env LC_ALL=C qemu-img info -f qcow2 --output=json --force-share /opt/stack/data/cinder/mnt/165518590158c27583f60773e828e93b/volume-b7634f51-a659-4411-ace1-71ef5a1d1f74" returned: 0 in 0.588s {{(pid=85762) execute /opt/stack/data/venv/lib/python3.12/site-packages/oslo_concurrency/processutils.py:468}}
Aug 28 08:44:12 devstack cinder-volume[85762]: DEBUG oslo_concurrency.processutils [None req-b4ba5149-35b6-477f-89cc-f4134f3fe1d1 tempest-VolumesDeleteCascade-947953010 None] Running cmd (subprocess): sudo cinder-rootwrap /etc/cinder/rootwrap.conf qemu-img commit -d /opt/stack/data/cinder/mnt/165518590158c27583f60773e828e93b/volume-b7634f51-a659-4411-ace1-71ef5a1d1f74.1ce378b3-b146-4436-940e-58e9a0b90137 {{(pid=85762) execute /opt/stack/data/venv/lib/python3.12/site-packages/oslo_concurrency/processutils.py:440}}
Aug 28 08:44:12 devstack sudo[88820]: quobyte : PWD=/ ; USER=root ; COMMAND=/opt/stack/data/venv/bin/cinder-rootwrap /etc/cinder/rootwrap.conf qemu-img commit -d /opt/stack/data/cinder/mnt/165518590158c27583f60773e828e93b/volume-b7634f51-a659-4411-ace1-71ef5a1d1f74.1ce378b3-b146-4436-940e-58e9a0b90137
Aug 28 08:44:12 devstack sudo[88820]: pam_unix(sudo:session): session opened for user root(uid=0) by (uid=1000)
Aug 28 08:44:12 devstack sudo[88820]: pam_unix(sudo:session): session closed for user root
Aug 28 08:44:12 devstack cinder-volume[85762]: DEBUG oslo_concurrency.processutils [None req-b4ba5149-35b6-477f-89cc-f4134f3fe1d1 tempest-VolumesDeleteCascade-947953010 None] CMD "sudo cinder-rootwrap /etc/cinder/rootwrap.conf qemu-img commit -d /opt/stack/data/cinder/mnt/165518590158c27583f60773e828e93b/volume-b7634f51-a659-4411-ace1-71ef5a1d1f74.1ce378b3-b146-4436-940e-58e9a0b90137" returned: 0 in 0.558s {{(pid=85762) execute /opt/stack/data/venv/lib/python3.12/site-packages/oslo_concurrency/processutils.py:468}}
Aug 28 08:44:12 devstack cinder-volume[85762]: DEBUG oslo_concurrency.processutils [None req-b4ba5149-35b6-477f-89cc-f4134f3fe1d1 tempest-VolumesDeleteCascade-947953010 None] Running cmd (subprocess): sudo cinder-rootwrap /etc/cinder/rootwrap.conf rm -f /opt/stack/data/cinder/mnt/165518590158c27583f60773e828e93b/volume-b7634f51-a659-4411-ace1-71ef5a1d1f74.1ce378b3-b146-4436-940e-58e9a0b90137 {{(pid=85762) execute /opt/stack/data/venv/lib/python3.12/site-packages/oslo_concurrency/processutils.py:440}}
Aug 28 08:44:12 devstack sudo[88825]: quobyte : PWD=/ ; USER=root ; COMMAND=/opt/stack/data/venv/bin/cinder-rootwrap /etc/cinder/rootwrap.conf rm -f /opt/stack/data/cinder/mnt/165518590158c27583f60773e828e93b/volume-b7634f51-a659-4411-ace1-71ef5a1d1f74.1ce378b3-b146-4436-940e-58e9a0b90137
Aug 28 08:44:12 devstack sudo[88825]: pam_unix(sudo:session): session opened for user root(uid=0) by (uid=1000)
Aug 28 08:44:13 devstack sudo[88825]: pam_unix(sudo:session): session closed for user root
Aug 28 08:44:13 devstack cinder-volume[85762]: DEBUG oslo_concurrency.processutils [None req-b4ba5149-35b6-477f-89cc-f4134f3fe1d1 tempest-VolumesDeleteCascade-947953010 None] CMD "sudo cinder-rootwrap /etc/cinder/rootwrap.conf rm -f /opt/stack/data/cinder/mnt/165518590158c27583f60773e828e93b/volume-b7634f51-a659-4411-ace1-71ef5a1d1f74.1ce378b3-b146-4436-940e-58e9a0b90137" returned: 0 in 0.382s {{(pid=85762) execute /opt/stack/data/venv/lib/python3.12/site-packages/oslo_concurrency/processutils.py:468}}
Aug 28 08:44:13 devstack cinder-volume[85762]: DEBUG oslo_concurrency.processutils [None req-b4ba5149-35b6-477f-89cc-f4134f3fe1d1 tempest-VolumesDeleteCascade-947953010 None] Running cmd (subprocess): sudo cinder-rootwrap /etc/cinder/rootwrap.conf qemu-img rebase -u -b volume-b7634f51-a659-4411-ace1-71ef5a1d1f74 /opt/stack/data/cinder/mnt/165518590158c27583f60773e828e93b/volume-b7634f51-a659-4411-ace1-71ef5a1d1f74.f08855f9-a91f-4d98-95c2-c151da57c0fa -F qcow2 {{(pid=85762) execute /opt/stack/data/venv/lib/python3.12/site-packages/oslo_concurrency/processutils.py:440}}
Aug 28 08:44:13 devstack sudo[88828]: quobyte : PWD=/ ; USER=root ; COMMAND=/opt/stack/data/venv/bin/cinder-rootwrap /etc/cinder/rootwrap.conf qemu-img rebase -u -b volume-b7634f51-a659-4411-ace1-71ef5a1d1f74 /opt/stack/data/cinder/mnt/165518590158c27583f60773e828e93b/volume-b7634f51-a659-4411-ace1-71ef5a1d1f74.f08855f9-a91f-4d98-95c2-c151da57c0fa -F qcow2
Aug 28 08:44:13 devstack sudo[88828]: pam_unix(sudo:session): session opened for user root(uid=0) by (uid=1000)
Aug 28 08:44:13 devstack sudo[88828]: pam_unix(sudo:session): session closed for user root
