Aug 28 08:46:01 devstack devstack@n-api.service[60520]: DEBUG oslo_concurrency.lockutils [None req-af2115c5-f75a-4176-83b1-59439e6f7ccb tempest-ServerActionsTestOtherA-768164863 tempest-ServerActionsTestOtherA-768164863-project-member] Acquiring lock "32efdb00-7a2d-4441-8c60-46f47ecee09c" by "nova.context.set_target_cell..get_or_set_cached_cell_and_set_connections" {{(pid=60520) inner /opt/stack/data/venv/lib/python3.12/site-packages/oslo_concurrency/lockutils.py:512}}
Aug 28 08:46:01 devstack devstack@n-api.service[60520]: DEBUG oslo_concurrency.lockutils [None req-af2115c5-f75a-4176-83b1-59439e6f7ccb tempest-ServerActionsTestOtherA-768164863 tempest-ServerActionsTestOtherA-768164863-project-member] Lock "32efdb00-7a2d-4441-8c60-46f47ecee09c" acquired by "nova.context.set_target_cell..get_or_set_cached_cell_and_set_connections" :: waited 0.001s {{(pid=60520) inner /opt/stack/data/venv/lib/python3.12/site-packages/oslo_concurrency/lockutils.py:525}}
Aug 28 08:46:02 devstack devstack@n-api.service[60520]: DEBUG oslo_concurrency.lockutils [None req-af2115c5-f75a-4176-83b1-59439e6f7ccb tempest-ServerActionsTestOtherA-768164863 tempest-ServerActionsTestOtherA-768164863-project-member] Lock "32efdb00-7a2d-4441-8c60-46f47ecee09c" "released" by "nova.context.set_target_cell..get_or_set_cached_cell_and_set_connections" :: held 0.001s {{(pid=60520) inner /opt/stack/data/venv/lib/python3.12/site-packages/oslo_concurrency/lockutils.py:544}}
Aug 28 08:46:02 devstack devstack@n-api.service[60520]: DEBUG oslo_concurrency.lockutils [None req-af2115c5-f75a-4176-83b1-59439e6f7ccb tempest-ServerActionsTestOtherA-768164863 tempest-ServerActionsTestOtherA-768164863-project-member] Acquiring lock "32efdb00-7a2d-4441-8c60-46f47ecee09c" by "nova.context.set_target_cell..get_or_set_cached_cell_and_set_connections" {{(pid=60520) inner /opt/stack/data/venv/lib/python3.12/site-packages/oslo_concurrency/lockutils.py:512}}
Aug 28 08:46:02 devstack devstack@n-api.service[60520]: DEBUG oslo_concurrency.lockutils [None req-af2115c5-f75a-4176-83b1-59439e6f7ccb tempest-ServerActionsTestOtherA-768164863 tempest-ServerActionsTestOtherA-768164863-project-member] Lock "32efdb00-7a2d-4441-8c60-46f47ecee09c" acquired by "nova.context.set_target_cell..get_or_set_cached_cell_and_set_connections" :: waited 0.001s {{(pid=60520) inner /opt/stack/data/venv/lib/python3.12/site-packages/oslo_concurrency/lockutils.py:525}}
Aug 28 08:46:02 devstack devstack@n-api.service[60520]: DEBUG oslo_concurrency.lockutils [None req-af2115c5-f75a-4176-83b1-59439e6f7ccb tempest-ServerActionsTestOtherA-768164863 tempest-ServerActionsTestOtherA-768164863-project-member] Lock "32efdb00-7a2d-4441-8c60-46f47ecee09c" "released" by "nova.context.set_target_cell..get_or_set_cached_cell_and_set_connections" :: held 0.004s {{(pid=60520) inner /opt/stack/data/venv/lib/python3.12/site-packages/oslo_concurrency/lockutils.py:544}}
Aug 28 08:46:02 devstack devstack@n-api.service[60520]: WARNING neutronclient.v2_0.client [None req-af2115c5-f75a-4176-83b1-59439e6f7ccb tempest-ServerActionsTestOtherA-768164863 tempest-ServerActionsTestOtherA-768164863-project-member] The python binding code in neutronclient is deprecated in favor of OpenstackSDK, please use that as this will be removed in a future release.
Aug 28 08:46:02 devstack devstack@n-api.service[60521]: WARNING neutronclient.v2_0.client [None req-e7f8f8cc-e336-4e95-b3d7-b354c0d19692 tempest-VolumesActionsTest-1103369095 tempest-VolumesActionsTest-1103369095-project-member] The python binding code in neutronclient is deprecated in favor of OpenstackSDK, please use that as this will be removed in a future release.
Aug 28 08:46:02 devstack devstack@n-api.service[60520]: DEBUG nova.policy [None req-af2115c5-f75a-4176-83b1-59439e6f7ccb tempest-ServerActionsTestOtherA-768164863 tempest-ServerActionsTestOtherA-768164863-project-member] Policy check for os_compute_api:os-extended-server-attributes failed with credentials {'is_admin': False, 'user_id': '21ac5072cbe2444d9ad18ed9234bd47f', 'user_domain_id': 'default', 'system_scope': None, 'domain_id': None, 'project_id': '21cfcc7bffe04725946341ccb4214b13', 'project_domain_id': 'default', 'roles': ['member', 'reader'], 'is_admin_project': True, 'service_user_id': None, 'service_user_domain_id': None, 'service_project_id': None, 'service_project_domain_id': None, 'service_roles': []} {{(pid=60520) authorize /opt/stack/nova/nova/policy.py:202}}
Aug 28 08:46:02 devstack devstack@n-api.service[60520]: INFO nova.api.openstack.requestlog [None req-af2115c5-f75a-4176-83b1-59439e6f7ccb tempest-ServerActionsTestOtherA-768164863 tempest-ServerActionsTestOtherA-768164863-project-member] 192.168.122.188 "GET /compute/v2.1/servers/0f353787-c747-466e-96dc-b210736977bc" status: 200 len: 1378 microversion: 2.1 time: 0.754322
Aug 28 08:46:02 devstack devstack@n-api.service[60520]: [pid: 60520|app: 0|req: 162/319] 192.168.122.188 () {58 vars in 1238 bytes} [Fri Aug 28 08:46:01 2026] GET /compute/v2.1/servers/0f353787-c747-466e-96dc-b210736977bc => generated 1378 bytes in 756 msecs (HTTP/1.1 200) 9 headers in 358 bytes (1 switches on core 0)
Aug 28 08:46:02 devstack devstack@n-api.service[60520]: DEBUG nova.api.openstack.wsgi [req-43ddceb3-1052-45da-85a1-5aeb25cc49db req-2731f129-c8c9-4784-99e5-db3c5b281869 service nova] Action: 'create', calling method: >, body: {"events": [{"server_uuid": "6342efee-2530-496c-a928-d820676f77a6", "name": "network-vif-unplugged", "status": "completed", "tag": "516afa09-b7f5-4f9a-9b3c-2b4689a70468"}, {"server_uuid": "6342efee-2530-496c-a928-d820676f77a6", "name": "network-vif-unplugged", "status": "completed", "tag": "516afa09-b7f5-4f9a-9b3c-2b4689a70468"}]} {{(pid=60520) _process_stack /opt/stack/nova/nova/api/openstack/wsgi.py:549}}
Aug 28 08:46:02 devstack devstack@n-api.service[60520]: DEBUG oslo_concurrency.lockutils [req-43ddceb3-1052-45da-85a1-5aeb25cc49db req-2731f129-c8c9-4784-99e5-db3c5b281869 service nova] Acquiring lock "32efdb00-7a2d-4441-8c60-46f47ecee09c" by "nova.context.set_target_cell..get_or_set_cached_cell_and_set_connections" {{(pid=60520) inner /opt/stack/data/venv/lib/python3.12/site-packages/oslo_concurrency/lockutils.py:512}}
Aug 28 08:46:02 devstack devstack@n-api.service[60520]: DEBUG oslo_concurrency.lockutils [req-43ddceb3-1052-45da-85a1-5aeb25cc49db req-2731f129-c8c9-4784-99e5-db3c5b281869 service nova] Lock "32efdb00-7a2d-4441-8c60-46f47ecee09c" acquired by "nova.context.set_target_cell..get_or_set_cached_cell_and_set_connections" :: waited 0.001s {{(pid=60520) inner /opt/stack/data/venv/lib/python3.12/site-packages/oslo_concurrency/lockutils.py:525}}
Aug 28 08:46:02 devstack devstack@n-api.service[60520]: DEBUG oslo_concurrency.lockutils [req-43ddceb3-1052-45da-85a1-5aeb25cc49db req-2731f129-c8c9-4784-99e5-db3c5b281869 service nova] Lock "32efdb00-7a2d-4441-8c60-46f47ecee09c" "released" by "nova.context.set_target_cell..get_or_set_cached_cell_and_set_connections" :: held 0.006s {{(pid=60520) inner /opt/stack/data/venv/lib/python3.12/site-packages/oslo_concurrency/lockutils.py:544}}
Aug 28 08:46:02 devstack devstack@n-api.service[60521]: DEBUG nova.virt.hardware [None req-e7f8f8cc-e336-4e95-b3d7-b354c0d19692 tempest-VolumesActionsTest-1103369095 tempest-VolumesActionsTest-1103369095-project-member] Flavor limits 0:0:0 {{(pid=60521) get_cpu_topology_constraints /opt/stack/nova/nova/virt/hardware.py:589}}
Aug 28 08:46:02 devstack devstack@n-api.service[60521]: DEBUG nova.virt.hardware [None req-e7f8f8cc-e336-4e95-b3d7-b354c0d19692 tempest-VolumesActionsTest-1103369095 tempest-VolumesActionsTest-1103369095-project-member] Image limits 0:0:0 {{(pid=60521) get_cpu_topology_constraints /opt/stack/nova/nova/virt/hardware.py:593}}
Aug 28 08:46:02 devstack devstack@n-api.service[60520]: INFO nova.api.openstack.compute.server_external_events [req-43ddceb3-1052-45da-85a1-5aeb25cc49db req-2731f129-c8c9-4784-99e5-db3c5b281869 service nova] Creating event network-vif-unplugged:516afa09-b7f5-4f9a-9b3c-2b4689a70468 for instance 6342efee-2530-496c-a928-d820676f77a6 on devstack
Aug 28 08:46:02 devstack devstack@n-api.service[60521]: DEBUG nova.virt.hardware [None req-e7f8f8cc-e336-4e95-b3d7-b354c0d19692 tempest-VolumesActionsTest-1103369095 tempest-VolumesActionsTest-1103369095-project-member] Flavor pref 0:0:0 {{(pid=60521) get_cpu_topology_constraints /opt/stack/nova/nova/virt/hardware.py:629}}
Aug 28 08:46:02 devstack devstack@n-api.service[60521]: DEBUG nova.virt.hardware [None req-e7f8f8cc-e336-4e95-b3d7-b354c0d19692 tempest-VolumesActionsTest-1103369095 tempest-VolumesActionsTest-1103369095-project-member] Image pref 0:0:0 {{(pid=60521) get_cpu_topology_constraints /opt/stack/nova/nova/virt/hardware.py:633}}
Aug 28 08:46:02 devstack devstack@n-api.service[60520]: INFO nova.api.openstack.compute.server_external_events [req-43ddceb3-1052-45da-85a1-5aeb25cc49db req-2731f129-c8c9-4784-99e5-db3c5b281869 service nova] Creating event network-vif-unplugged:516afa09-b7f5-4f9a-9b3c-2b4689a70468 for instance 6342efee-2530-496c-a928-d820676f77a6 on devstack
Aug 28 08:46:02 devstack devstack@n-api.service[60521]: DEBUG nova.virt.hardware [None req-e7f8f8cc-e336-4e95-b3d7-b354c0d19692 tempest-VolumesActionsTest-1103369095 tempest-VolumesActionsTest-1103369095-project-member] Chose sockets=0, cores=0, threads=0; limits were sockets=65536, cores=65536, threads=65536 {{(pid=60521) get_cpu_topology_constraints /opt/stack/nova/nova/virt/hardware.py:671}}
Aug 28 08:46:02 devstack devstack@n-api.service[60520]: DEBUG nova.compute.rpcapi [req-43ddceb3-1052-45da-85a1-5aeb25cc49db req-2731f129-c8c9-4784-99e5-db3c5b281869 service nova] RPC: Sending the message to topic: compute-alt {{(pid=60520) prepare_for_alt_rpcserver /opt/stack/nova/nova/compute/rpcapi.py:595}}
Aug 28 08:46:02 devstack devstack@n-api.service[60520]: INFO nova.api.openstack.requestlog [req-43ddceb3-1052-45da-85a1-5aeb25cc49db req-2731f129-c8c9-4784-99e5-db3c5b281869 service nova] 192.168.122.188 "POST /compute/v2.1/os-server-external-events" status: 200 len: 358 microversion: 2.1 time: 0.114437
Aug 28 08:46:02 devstack devstack@n-api.service[60520]: [pid: 60520|app: 0|req: 163/320] 192.168.122.188 () {64 vars in 1321 bytes} [Fri Aug 28 08:46:02 2026] POST /compute/v2.1/os-server-external-events => generated 358 bytes in 117 msecs (HTTP/1.1 200) 9 headers in 357 bytes (1 switches on core 0)
Aug 28 08:46:02 devstack devstack@n-api.service[60521]: DEBUG oslo_concurrency.lockutils [None req-e7f8f8cc-e336-4e95-b3d7-b354c0d19692 tempest-VolumesActionsTest-1103369095 tempest-VolumesActionsTest-1103369095-project-member] Acquiring lock "00000000-0000-0000-0000-000000000000" by "nova.context.set_target_cell..get_or_set_cached_cell_and_set_connections" {{(pid=60521) inner /opt/stack/data/venv/lib/python3.12/site-packages/oslo_concurrency/lockutils.py:512}}
Aug 28 08:46:02 devstack devstack@n-api.service[60521]: DEBUG oslo_concurrency.lockutils [None req-e7f8f8cc-e336-4e95-b3d7-b354c0d19692 tempest-VolumesActionsTest-1103369095 tempest-VolumesActionsTest-1103369095-project-member] Lock "00000000-0000-0000-0000-000000000000" acquired by "nova.context.set_target_cell..get_or_set_cached_cell_and_set_connections" :: waited 0.001s {{(pid=60521) inner /opt/stack/data/venv/lib/python3.12/site-packages/oslo_concurrency/lockutils.py:525}}
Aug 28 08:46:02 devstack devstack@n-api.service[60521]: DEBUG oslo_concurrency.lockutils [None req-e7f8f8cc-e336-4e95-b3d7-b354c0d19692 tempest-VolumesActionsTest-1103369095 tempest-VolumesActionsTest-1103369095-project-member] Lock "00000000-0000-0000-0000-000000000000" "released" by "nova.context.set_target_cell..get_or_set_cached_cell_and_set_connections" :: held 0.001s {{(pid=60521) inner /opt/stack/data/venv/lib/python3.12/site-packages/oslo_concurrency/lockutils.py:544}}
Aug 28 08:46:02 devstack devstack@n-api.service[60521]: DEBUG oslo_concurrency.lockutils [None req-e7f8f8cc-e336-4e95-b3d7-b354c0d19692 tempest-VolumesActionsTest-1103369095 tempest-VolumesActionsTest-1103369095-project-member] Acquiring lock "32efdb00-7a2d-4441-8c60-46f47ecee09c" by "nova.context.set_target_cell..get_or_set_cached_cell_and_set_connections" {{(pid=60521) inner /opt/stack/data/venv/lib/python3.12/site-packages/oslo_concurrency/lockutils.py:512}}
Aug 28 08:46:02 devstack devstack@n-api.service[60521]: DEBUG oslo_concurrency.lockutils [None req-e7f8f8cc-e336-4e95-b3d7-b354c0d19692 tempest-VolumesActionsTest-1103369095 tempest-VolumesActionsTest-1103369095-project-member] Lock "32efdb00-7a2d-4441-8c60-46f47ecee09c" acquired by "nova.context.set_target_cell..get_or_set_cached_cell_and_set_connections" :: waited 0.001s {{(pid=60521) inner /opt/stack/data/venv/lib/python3.12/site-packages/oslo_concurrency/lockutils.py:525}}
Aug 28 08:46:02 devstack devstack@n-api.service[60520]: DEBUG nova.api.openstack.wsgi [req-5629f87e-6b65-4cbe-ab66-8edf96cccd5f req-235e21aa-76b7-48ee-b1e5-cdbe84598610 service nova] Action: 'create', calling method: >, body: {"events": [{"server_uuid": "6342efee-2530-496c-a928-d820676f77a6", "name": "network-vif-deleted", "tag": "516afa09-b7f5-4f9a-9b3c-2b4689a70468"}]} {{(pid=60520) _process_stack /opt/stack/nova/nova/api/openstack/wsgi.py:549}}
Aug 28 08:46:02 devstack devstack@n-api.service[60521]: DEBUG oslo_concurrency.lockutils [None req-e7f8f8cc-e336-4e95-b3d7-b354c0d19692 tempest-VolumesActionsTest-1103369095 tempest-VolumesActionsTest-1103369095-project-member] Lock "32efdb00-7a2d-4441-8c60-46f47ecee09c" "released" by "nova.context.set_target_cell..get_or_set_cached_cell_and_set_connections" :: held 0.001s {{(pid=60521) inner /opt/stack/data/venv/lib/python3.12/site-packages/oslo_concurrency/lockutils.py:544}}
Aug 28 08:46:02 devstack devstack@n-api.service[60520]: DEBUG oslo_concurrency.lockutils [req-5629f87e-6b65-4cbe-ab66-8edf96cccd5f req-235e21aa-76b7-48ee-b1e5-cdbe84598610 service nova] Acquiring lock "32efdb00-7a2d-4441-8c60-46f47ecee09c" by "nova.context.set_target_cell..get_or_set_cached_cell_and_set_connections" {{(pid=60520) inner /opt/stack/data/venv/lib/python3.12/site-packages/oslo_concurrency/lockutils.py:512}}
Aug 28 08:46:02 devstack devstack@n-api.service[60520]: DEBUG oslo_concurrency.lockutils [req-5629f87e-6b65-4cbe-ab66-8edf96cccd5f req-235e21aa-76b7-48ee-b1e5-cdbe84598610 service nova] Lock "32efdb00-7a2d-4441-8c60-46f47ecee09c" acquired by "nova.context.set_target_cell..get_or_set_cached_cell_and_set_connections" :: waited 0.001s {{(pid=60520) inner /opt/stack/data/venv/lib/python3.12/site-packages/oslo_concurrency/lockutils.py:525}}
Aug 28 08:46:02 devstack devstack@n-api.service[60520]: DEBUG oslo_concurrency.lockutils [req-5629f87e-6b65-4cbe-ab66-8edf96cccd5f req-235e21aa-76b7-48ee-b1e5-cdbe84598610 service nova] Lock "32efdb00-7a2d-4441-8c60-46f47ecee09c" "released" by "nova.context.set_target_cell..get_or_set_cached_cell_and_set_connections" :: held 0.000s {{(pid=60520) inner /opt/stack/data/venv/lib/python3.12/site-packages/oslo_concurrency/lockutils.py:544}}
Aug 28 08:46:02 devstack devstack@n-api.service[60521]: DEBUG nova.quota [None req-e7f8f8cc-e336-4e95-b3d7-b354c0d19692 tempest-VolumesActionsTest-1103369095 tempest-VolumesActionsTest-1103369095-project-member] Getting quotas for project 55718470bbb043e1a755030c5a9f7bb0. Resources: {'cores', 'ram', 'instances'} {{(pid=60521) _get_quotas /opt/stack/nova/nova/quota.py:389}}
Aug 28 08:46:02 devstack devstack@n-api.service[60520]: INFO nova.api.openstack.compute.server_external_events [req-5629f87e-6b65-4cbe-ab66-8edf96cccd5f req-235e21aa-76b7-48ee-b1e5-cdbe84598610 service nova] Creating event network-vif-deleted:516afa09-b7f5-4f9a-9b3c-2b4689a70468 for instance 6342efee-2530-496c-a928-d820676f77a6 on devstack
Aug 28 08:46:02 devstack devstack@n-api.service[60520]: DEBUG nova.compute.rpcapi [req-5629f87e-6b65-4cbe-ab66-8edf96cccd5f req-235e21aa-76b7-48ee-b1e5-cdbe84598610 service nova] RPC: Sending the message to topic: compute-alt {{(pid=60520) prepare_for_alt_rpcserver /opt/stack/nova/nova/compute/rpcapi.py:595}}
Aug 28 08:46:02 devstack devstack@n-api.service[60521]: DEBUG nova.quota [None req-e7f8f8cc-e336-4e95-b3d7-b354c0d19692 tempest-VolumesActionsTest-1103369095 tempest-VolumesActionsTest-1103369095-project-member] Getting quotas for user c099b4c2682a4ebfb22817c6b1ccbfb6 and project 55718470bbb043e1a755030c5a9f7bb0. Resources: {'cores', 'ram', 'instances'} {{(pid=60521) _get_quotas /opt/stack/nova/nova/quota.py:379}}
Aug 28 08:46:02 devstack devstack@n-api.service[60520]: INFO nova.api.openstack.requestlog [req-5629f87e-6b65-4cbe-ab66-8edf96cccd5f req-235e21aa-76b7-48ee-b1e5-cdbe84598610 service nova] 192.168.122.188 "POST /compute/v2.1/os-server-external-events" status: 200 len: 183 microversion: 2.1 time: 0.066212
Aug 28 08:46:02 devstack devstack@n-api.service[60520]: [pid: 60520|app: 0|req: 164/321] 192.168.122.188 () {64 vars in 1321 bytes} [Fri Aug 28 08:46:02 2026] POST /compute/v2.1/os-server-external-events => generated 183 bytes in 69 msecs (HTTP/1.1 200) 9 headers in 357 bytes (1 switches on core 0)
Aug 28 08:46:02 devstack devstack@n-api.service[60521]: DEBUG nova.compute.api [None req-e7f8f8cc-e336-4e95-b3d7-b354c0d19692 tempest-VolumesActionsTest-1103369095 tempest-VolumesActionsTest-1103369095-project-member] Going to run 1 instances... {{(pid=60521) _provision_instances /opt/stack/nova/nova/compute/api.py:1482}}
Aug 28 08:46:02 devstack devstack@n-api.service[60521]: DEBUG nova.compute.api [None req-e7f8f8cc-e336-4e95-b3d7-b354c0d19692 tempest-VolumesActionsTest-1103369095 tempest-VolumesActionsTest-1103369095-project-member] [instance: 68e5d962-5d06-4a6f-9cdd-14ee9cde99bc] block_device_mapping [BlockDeviceMapping(attachment_id=,boot_index=0,connection_info=None,created_at=,delete_on_termination=True,deleted=,deleted_at=,destination_type='local',device_name=None,device_type='disk',disk_bus=None,encrypted=False,encryption_format=None,encryption_options=None,encryption_secret_uuid=None,guest_format=None,id=,image_id='f08659ba-d34f-40d3-9342-92af7297d5d7',instance=,instance_uuid=,no_device=False,snapshot_id=None,source_type='image',tag=None,updated_at=,uuid=,volume_id=None,volume_size=None,volume_type=None)] {{(pid=60521) _bdm_validate_set_size_and_instance /opt/stack/nova/nova/compute/api.py:1944}}
Aug 28 08:46:03 devstack devstack@n-api.service[60520]: DEBUG nova.api.openstack.wsgi [None req-8390337b-3ceb-4d35-8aa0-6be5838fd0db tempest-AttachVolumeTestJSON-217935584 tempest-AttachVolumeTestJSON-217935584-project-member] Calling method '>' {{(pid=60520) _process_stack /opt/stack/nova/nova/api/openstack/wsgi.py:551}}
Aug 28 08:46:03 devstack devstack@n-api.service[60521]: INFO nova.api.openstack.requestlog [None req-e7f8f8cc-e336-4e95-b3d7-b354c0d19692 tempest-VolumesActionsTest-1103369095 tempest-VolumesActionsTest-1103369095-project-member] 192.168.122.188 "POST /compute/v2.1/servers" status: 202 len: 388 microversion: 2.1 time: 3.240795
Aug 28 08:46:03 devstack devstack@n-api.service[60521]: [pid: 60521|app: 0|req: 158/322] 192.168.122.188 () {60 vars in 1149 bytes} [Fri Aug 28 08:45:59 2026] POST /compute/v2.1/servers => generated 388 bytes in 3244 msecs (HTTP/1.1 202) 10 headers in 455 bytes (2 switches on core 0)
Aug 28 08:46:03 devstack devstack@n-api.service[60520]: DEBUG nova.compute.api [None req-8390337b-3ceb-4d35-8aa0-6be5838fd0db tempest-AttachVolumeTestJSON-217935584 tempest-AttachVolumeTestJSON-217935584-project-member] [instance: 6342efee-2530-496c-a928-d820676f77a6] Fetching instance by UUID {{(pid=60520) get /opt/stack/nova/nova/compute/api.py:3070}}
Aug 28 08:46:03 devstack devstack@n-api.service[60521]: DEBUG nova.api.openstack.wsgi [None req-0d452210-439b-4cbb-b5b0-59ace19438e8 tempest-VolumesActionsTest-1103369095 tempest-VolumesActionsTest-1103369095-project-member] Calling method '>' {{(pid=60521) _process_stack /opt/stack/nova/nova/api/openstack/wsgi.py:551}}
Aug 28 08:46:03 devstack devstack@n-api.service[60520]: DEBUG oslo_concurrency.lockutils [None req-8390337b-3ceb-4d35-8aa0-6be5838fd0db tempest-AttachVolumeTestJSON-217935584 tempest-AttachVolumeTestJSON-217935584-project-member] Acquiring lock "32efdb00-7a2d-4441-8c60-46f47ecee09c" by "nova.context.set_target_cell..get_or_set_cached_cell_and_set_connections" {{(pid=60520) inner /opt/stack/data/venv/lib/python3.12/site-packages/oslo_concurrency/lockutils.py:512}}
Aug 28 08:46:03 devstack devstack@n-api.service[60520]: DEBUG oslo_concurrency.lockutils [None req-8390337b-3ceb-4d35-8aa0-6be5838fd0db tempest-AttachVolumeTestJSON-217935584 tempest-AttachVolumeTestJSON-217935584-project-member] Lock "32efdb00-7a2d-4441-8c60-46f47ecee09c" acquired by "nova.context.set_target_cell..get_or_set_cached_cell_and_set_connections" :: waited 0.001s {{(pid=60520) inner /opt/stack/data/venv/lib/python3.12/site-packages/oslo_concurrency/lockutils.py:525}}
Aug 28 08:46:03 devstack devstack@n-api.service[60520]: DEBUG oslo_concurrency.lockutils [None req-8390337b-3ceb-4d35-8aa0-6be5838fd0db tempest-AttachVolumeTestJSON-217935584 tempest-AttachVolumeTestJSON-217935584-project-member] Lock "32efdb00-7a2d-4441-8c60-46f47ecee09c" "released" by "nova.context.set_target_cell..get_or_set_cached_cell_and_set_connections" :: held 0.001s {{(pid=60520) inner /opt/stack/data/venv/lib/python3.12/site-packages/oslo_concurrency/lockutils.py:544}}
Aug 28 08:46:03 devstack devstack@n-api.service[60521]: DEBUG nova.compute.api [None req-0d452210-439b-4cbb-b5b0-59ace19438e8 tempest-VolumesActionsTest-1103369095 tempest-VolumesActionsTest-1103369095-project-member] [instance: 68e5d962-5d06-4a6f-9cdd-14ee9cde99bc] Fetching instance by UUID {{(pid=60521) get /opt/stack/nova/nova/compute/api.py:3070}}
Aug 28 08:46:03 devstack devstack@n-api.service[60520]: DEBUG oslo_concurrency.lockutils [None req-8390337b-3ceb-4d35-8aa0-6be5838fd0db tempest-AttachVolumeTestJSON-217935584 tempest-AttachVolumeTestJSON-217935584-project-member] Acquiring lock "32efdb00-7a2d-4441-8c60-46f47ecee09c" by "nova.context.set_target_cell..get_or_set_cached_cell_and_set_connections" {{(pid=60520) inner /opt/stack/data/venv/lib/python3.12/site-packages/oslo_concurrency/lockutils.py:512}}
Aug 28 08:46:03 devstack devstack@n-api.service[60520]: DEBUG oslo_concurrency.lockutils [None req-8390337b-3ceb-4d35-8aa0-6be5838fd0db tempest-AttachVolumeTestJSON-217935584 tempest-AttachVolumeTestJSON-217935584-project-member] Lock "32efdb00-7a2d-4441-8c60-46f47ecee09c" acquired by "nova.context.set_target_cell..get_or_set_cached_cell_and_set_connections" :: waited 0.004s {{(pid=60520) inner /opt/stack/data/venv/lib/python3.12/site-packages/oslo_concurrency/lockutils.py:525}}
Aug 28 08:46:03 devstack devstack@n-api.service[60520]: DEBUG oslo_concurrency.lockutils [None req-8390337b-3ceb-4d35-8aa0-6be5838fd0db tempest-AttachVolumeTestJSON-217935584 tempest-AttachVolumeTestJSON-217935584-project-member] Lock "32efdb00-7a2d-4441-8c60-46f47ecee09c" "released" by "nova.context.set_target_cell..get_or_set_cached_cell_and_set_connections" :: held 0.001s {{(pid=60520) inner /opt/stack/data/venv/lib/python3.12/site-packages/oslo_concurrency/lockutils.py:544}}
Aug 28 08:46:03 devstack devstack@n-api.service[60521]: WARNING neutronclient.v2_0.client [None req-0d452210-439b-4cbb-b5b0-59ace19438e8 tempest-VolumesActionsTest-1103369095 tempest-VolumesActionsTest-1103369095-project-member] The python binding code in neutronclient is deprecated in favor of OpenstackSDK, please use that as this will be removed in a future release.
Aug 28 08:46:03 devstack devstack@n-api.service[60520]: INFO nova.api.openstack.wsgi [None req-8390337b-3ceb-4d35-8aa0-6be5838fd0db tempest-AttachVolumeTestJSON-217935584 tempest-AttachVolumeTestJSON-217935584-project-member] HTTP exception thrown: Instance 6342efee-2530-496c-a928-d820676f77a6 could not be found.
Aug 28 08:46:03 devstack devstack@n-api.service[60520]: DEBUG nova.api.openstack.wsgi [None req-8390337b-3ceb-4d35-8aa0-6be5838fd0db tempest-AttachVolumeTestJSON-217935584 tempest-AttachVolumeTestJSON-217935584-project-member] Returning 404 to user: Instance 6342efee-2530-496c-a928-d820676f77a6 could not be found. {{(pid=60520) __call__ /opt/stack/nova/nova/api/openstack/wsgi.py:908}}
Aug 28 08:46:03 devstack devstack@n-api.service[60520]: INFO nova.api.openstack.requestlog [None req-8390337b-3ceb-4d35-8aa0-6be5838fd0db tempest-AttachVolumeTestJSON-217935584 tempest-AttachVolumeTestJSON-217935584-project-member] 192.168.122.188 "GET /compute/v2.1/servers/6342efee-2530-496c-a928-d820676f77a6" status: 404 len: 111 microversion: 2.1 time: 0.120047
Aug 28 08:46:03 devstack devstack@n-api.service[60520]: [pid: 60520|app: 0|req: 165/323] 192.168.122.188 () {58 vars in 1238 bytes} [Fri Aug 28 08:46:02 2026] GET /compute/v2.1/servers/6342efee-2530-496c-a928-d820676f77a6 => generated 111 bytes in 124 msecs (HTTP/1.1 404) 9 headers in 379 bytes (1 switches on core 0)
Aug 28 08:46:03 devstack devstack@n-api.service[60520]: DEBUG nova.api.openstack.wsgi [None req-5ae7b99e-8af1-46cf-b053-214511e48d30 tempest-AttachVolumeTestJSON-217935584 tempest-AttachVolumeTestJSON-217935584-project-member] Calling method '>' {{(pid=60520) _process_stack /opt/stack/nova/nova/api/openstack/wsgi.py:551}}
Aug 28 08:46:03 devstack devstack@n-api.service[60521]: DEBUG nova.policy [None req-0d452210-439b-4cbb-b5b0-59ace19438e8 tempest-VolumesActionsTest-1103369095 tempest-VolumesActionsTest-1103369095-project-member] Policy check for os_compute_api:os-extended-server-attributes failed with credentials {'is_admin': False, 'user_id': 'c099b4c2682a4ebfb22817c6b1ccbfb6', 'user_domain_id': 'default', 'system_scope': None, 'domain_id': None, 'project_id': '55718470bbb043e1a755030c5a9f7bb0', 'project_domain_id': 'default', 'roles': ['member', 'reader'], 'is_admin_project': True, 'service_user_id': None, 'service_user_domain_id': None, 'service_project_id': None, 'service_project_domain_id': None, 'service_roles': []} {{(pid=60521) authorize /opt/stack/nova/nova/policy.py:202}}
Aug 28 08:46:03 devstack devstack@n-api.service[60521]: INFO nova.api.openstack.requestlog [None req-0d452210-439b-4cbb-b5b0-59ace19438e8 tempest-VolumesActionsTest-1103369095 tempest-VolumesActionsTest-1103369095-project-member] 192.168.122.188 "GET /compute/v2.1/servers/68e5d962-5d06-4a6f-9cdd-14ee9cde99bc" status: 200 len: 1228 microversion: 2.1 time: 0.146853
Aug 28 08:46:03 devstack devstack@n-api.service[60521]: [pid: 60521|app: 0|req: 159/324] 192.168.122.188 () {58 vars in 1238 bytes} [Fri Aug 28 08:46:03 2026] GET /compute/v2.1/servers/68e5d962-5d06-4a6f-9cdd-14ee9cde99bc => generated 1228 bytes in 148 msecs (HTTP/1.1 200) 9 headers in 358 bytes (1 switches on core 0)
Aug 28 08:46:03 devstack devstack@n-api.service[60520]: INFO nova.api.openstack.requestlog [None req-5ae7b99e-8af1-46cf-b053-214511e48d30 tempest-AttachVolumeTestJSON-217935584 tempest-AttachVolumeTestJSON-217935584-project-member] 192.168.122.188 "DELETE /compute/v2.1/os-keypairs/tempest-keypair-144170633" status: 202 len: 0 microversion: 2.1 time: 0.077745
Aug 28 08:46:03 devstack devstack@n-api.service[60520]: [pid: 60520|app: 0|req: 166/325] 192.168.122.188 () {58 vars in 1220 bytes} [Fri Aug 28 08:46:03 2026] DELETE /compute/v2.1/os-keypairs/tempest-keypair-144170633 => generated 0 bytes in 84 msecs (HTTP/1.1 202) 9 headers in 361 bytes (2 switches on core 0)
Aug 28 08:46:03 devstack devstack@n-api.service[60521]: DEBUG nova.api.openstack.wsgi [None req-f41f07be-a58f-4243-bfb0-8db1833038c3 tempest-ServerActionsTestOtherA-768164863 tempest-ServerActionsTestOtherA-768164863-project-member] Calling method '>' {{(pid=60521) _process_stack /opt/stack/nova/nova/api/openstack/wsgi.py:551}}
Aug 28 08:46:03 devstack devstack@n-api.service[60521]: DEBUG nova.compute.api [None req-f41f07be-a58f-4243-bfb0-8db1833038c3 tempest-ServerActionsTestOtherA-768164863 tempest-ServerActionsTestOtherA-768164863-project-member] [instance: 0f353787-c747-466e-96dc-b210736977bc] Fetching instance by UUID {{(pid=60521) get /opt/stack/nova/nova/compute/api.py:3070}}
Aug 28 08:46:03 devstack devstack@n-api.service[60521]: DEBUG oslo_concurrency.lockutils [None req-f41f07be-a58f-4243-bfb0-8db1833038c3 tempest-ServerActionsTestOtherA-768164863 tempest-ServerActionsTestOtherA-768164863-project-member] Acquiring lock "32efdb00-7a2d-4441-8c60-46f47ecee09c" by "nova.context.set_target_cell..get_or_set_cached_cell_and_set_connections" {{(pid=60521) inner /opt/stack/data/venv/lib/python3.12/site-packages/oslo_concurrency/lockutils.py:512}}
Aug 28 08:46:03 devstack devstack@n-api.service[60521]: DEBUG oslo_concurrency.lockutils [None req-f41f07be-a58f-4243-bfb0-8db1833038c3 tempest-ServerActionsTestOtherA-768164863 tempest-ServerActionsTestOtherA-768164863-project-member] Lock "32efdb00-7a2d-4441-8c60-46f47ecee09c" acquired by "nova.context.set_target_cell..get_or_set_cached_cell_and_set_connections" :: waited 0.004s {{(pid=60521) inner /opt/stack/data/venv/lib/python3.12/site-packages/oslo_concurrency/lockutils.py:525}}
Aug 28 08:46:03 devstack devstack@n-api.service[60521]: DEBUG oslo_concurrency.lockutils [None req-f41f07be-a58f-4243-bfb0-8db1833038c3 tempest-ServerActionsTestOtherA-768164863 tempest-ServerActionsTestOtherA-768164863-project-member] Lock "32efdb00-7a2d-4441-8c60-46f47ecee09c" "released" by "nova.context.set_target_cell..get_or_set_cached_cell_and_set_connections" :: held 0.008s {{(pid=60521) inner /opt/stack/data/venv/lib/python3.12/site-packages/oslo_concurrency/lockutils.py:544}}
Aug 28 08:46:03 devstack devstack@n-api.service[60521]: DEBUG oslo_concurrency.lockutils [None req-f41f07be-a58f-4243-bfb0-8db1833038c3 tempest-ServerActionsTestOtherA-768164863 tempest-ServerActionsTestOtherA-768164863-project-member] Acquiring lock "32efdb00-7a2d-4441-8c60-46f47ecee09c" by "nova.context.set_target_cell..get_or_set_cached_cell_and_set_connections" {{(pid=60521) inner /opt/stack/data/venv/lib/python3.12/site-packages/oslo_concurrency/lockutils.py:512}}
Aug 28 08:46:03 devstack devstack@n-api.service[60521]: DEBUG oslo_concurrency.lockutils [None req-f41f07be-a58f-4243-bfb0-8db1833038c3 tempest-ServerActionsTestOtherA-768164863 tempest-ServerActionsTestOtherA-768164863-project-member] Lock "32efdb00-7a2d-4441-8c60-46f47ecee09c" acquired by "nova.context.set_target_cell..get_or_set_cached_cell_and_set_connections" :: waited 0.006s {{(pid=60521) inner /opt/stack/data/venv/lib/python3.12/site-packages/oslo_concurrency/lockutils.py:525}}
Aug 28 08:46:03 devstack devstack@n-api.service[60521]: DEBUG oslo_concurrency.lockutils [None req-f41f07be-a58f-4243-bfb0-8db1833038c3 tempest-ServerActionsTestOtherA-768164863 tempest-ServerActionsTestOtherA-768164863-project-member] Lock "32efdb00-7a2d-4441-8c60-46f47ecee09c" "released" by "nova.context.set_target_cell..get_or_set_cached_cell_and_set_connections" :: held 0.003s {{(pid=60521) inner /opt/stack/data/venv/lib/python3.12/site-packages/oslo_concurrency/lockutils.py:544}}
Aug 28 08:46:04 devstack devstack@n-api.service[60521]: WARNING neutronclient.v2_0.client [None req-f41f07be-a58f-4243-bfb0-8db1833038c3 tempest-ServerActionsTestOtherA-768164863 tempest-ServerActionsTestOtherA-768164863-project-member] The python binding code in neutronclient is deprecated in favor of OpenstackSDK, please use that as this will be removed in a future release.
Aug 28 08:46:04 devstack devstack@n-api.service[60520]: DEBUG dbcounter [-] [60520] Writing DB stats nova_cell0:SELECT=2 {{(pid=60520) stat_writer /opt/stack/data/venv/lib/python3.12/site-packages/dbcounter.py:115}}
Aug 28 08:46:04 devstack devstack@n-api.service[60520]: DEBUG nova.api.openstack.wsgi [None req-d3886092-3e9c-41fc-b55f-df00103cc1c9 tempest-VolumesActionsTest-1103369095 tempest-VolumesActionsTest-1103369095-project-member] Calling method '>' {{(pid=60520) _process_stack /opt/stack/nova/nova/api/openstack/wsgi.py:551}}
Aug 28 08:46:04 devstack devstack@n-api.service[60520]: DEBUG nova.compute.api [None req-d3886092-3e9c-41fc-b55f-df00103cc1c9 tempest-VolumesActionsTest-1103369095 tempest-VolumesActionsTest-1103369095-project-member] [instance: 68e5d962-5d06-4a6f-9cdd-14ee9cde99bc] Fetching instance by UUID {{(pid=60520) get /opt/stack/nova/nova/compute/api.py:3070}}
Aug 28 08:46:04 devstack devstack@n-api.service[60520]: DEBUG dbcounter [-] [60520] Writing DB stats nova_cell0:SELECT=3 {{(pid=60520) stat_writer /opt/stack/data/venv/lib/python3.12/site-packages/dbcounter.py:115}}
Aug 28 08:46:04 devstack devstack@n-api.service[60520]: WARNING neutronclient.v2_0.client [None req-d3886092-3e9c-41fc-b55f-df00103cc1c9 tempest-VolumesActionsTest-1103369095 tempest-VolumesActionsTest-1103369095-project-member] The python binding code in neutronclient is deprecated in favor of OpenstackSDK, please use that as this will be removed in a future release.
Aug 28 08:46:04 devstack devstack@n-api.service[60520]: DEBUG nova.policy [None req-d3886092-3e9c-41fc-b55f-df00103cc1c9 tempest-VolumesActionsTest-1103369095 tempest-VolumesActionsTest-1103369095-project-member] Policy check for os_compute_api:os-extended-server-attributes failed with credentials {'is_admin': False, 'user_id': 'c099b4c2682a4ebfb22817c6b1ccbfb6', 'user_domain_id': 'default', 'system_scope': None, 'domain_id': None, 'project_id': '55718470bbb043e1a755030c5a9f7bb0', 'project_domain_id': 'default', 'roles': ['member', 'reader'], 'is_admin_project': True, 'service_user_id': None, 'service_user_domain_id': None, 'service_project_id': None, 'service_project_domain_id': None, 'service_roles': []} {{(pid=60520) authorize /opt/stack/nova/nova/policy.py:202}}
Aug 28 08:46:04 devstack devstack@n-api.service[60520]: INFO nova.api.openstack.requestlog [None req-d3886092-3e9c-41fc-b55f-df00103cc1c9 tempest-VolumesActionsTest-1103369095 tempest-VolumesActionsTest-1103369095-project-member] 192.168.122.188 "GET /compute/v2.1/servers/68e5d962-5d06-4a6f-9cdd-14ee9cde99bc" status: 200 len: 1228 microversion: 2.1 time: 0.271765
Aug 28 08:46:04 devstack devstack@n-api.service[60520]: [pid: 60520|app: 0|req: 167/326] 192.168.122.188 () {58 vars in 1238 bytes} [Fri Aug 28 08:46:04 2026] GET /compute/v2.1/servers/68e5d962-5d06-4a6f-9cdd-14ee9cde99bc => generated 1228 bytes in 274 msecs (HTTP/1.1 200) 9 headers in 358 bytes (1 switches on core 0)
Aug 28 08:46:04 devstack devstack@n-api.service[60521]: DEBUG nova.policy [None req-f41f07be-a58f-4243-bfb0-8db1833038c3 tempest-ServerActionsTestOtherA-768164863 tempest-ServerActionsTestOtherA-768164863-project-member] Policy check for os_compute_api:os-extended-server-attributes failed with credentials {'is_admin': False, 'user_id': '21ac5072cbe2444d9ad18ed9234bd47f', 'user_domain_id': 'default', 'system_scope': None, 'domain_id': None, 'project_id': '21cfcc7bffe04725946341ccb4214b13', 'project_domain_id': 'default', 'roles': ['member', 'reader'], 'is_admin_project': True, 'service_user_id': None, 'service_user_domain_id': None, 'service_project_id': None, 'service_project_domain_id': None, 'service_roles': []} {{(pid=60521) authorize /opt/stack/nova/nova/policy.py:202}}
Aug 28 08:46:04 devstack devstack@n-api.service[60521]: INFO nova.api.openstack.requestlog [None req-f41f07be-a58f-4243-bfb0-8db1833038c3 tempest-ServerActionsTestOtherA-768164863 tempest-ServerActionsTestOtherA-768164863-project-member] 192.168.122.188 "GET /compute/v2.1/servers/0f353787-c747-466e-96dc-b210736977bc" status: 200 len: 1378 microversion: 2.1 time: 0.838200
Aug 28 08:46:04 devstack devstack@n-api.service[60521]: [pid: 60521|app: 0|req: 160/327] 192.168.122.188 () {58 vars in 1238 bytes} [Fri Aug 28 08:46:03 2026] GET /compute/v2.1/servers/0f353787-c747-466e-96dc-b210736977bc => generated 1378 bytes in 847 msecs (HTTP/1.1 200) 9 headers in 358 bytes (1 switches on core 0)
Aug 28 08:46:04 devstack devstack@n-api.service[60520]: DEBUG nova.api.openstack.wsgi [req-19c5f5a0-cb93-47fe-9284-66d1c90f1895 req-b421c4e7-00b4-4cf2-9c5e-7d06dc401a8b service nova] Action: 'create', calling method: >, body: {"events": [{"name": "network-changed", "server_uuid": "0f353787-c747-466e-96dc-b210736977bc", "tag": "6f6d79e5-e187-402c-b1f3-330e70c68db9"}]} {{(pid=60520) _process_stack /opt/stack/nova/nova/api/openstack/wsgi.py:549}}
Aug 28 08:46:04 devstack devstack@n-api.service[60520]: DEBUG oslo_concurrency.lockutils [req-19c5f5a0-cb93-47fe-9284-66d1c90f1895 req-b421c4e7-00b4-4cf2-9c5e-7d06dc401a8b service nova] Acquiring lock "32efdb00-7a2d-4441-8c60-46f47ecee09c" by "nova.context.set_target_cell..get_or_set_cached_cell_and_set_connections" {{(pid=60520) inner /opt/stack/data/venv/lib/python3.12/site-packages/oslo_concurrency/lockutils.py:512}}
Aug 28 08:46:04 devstack devstack@n-api.service[60520]: DEBUG oslo_concurrency.lockutils [req-19c5f5a0-cb93-47fe-9284-66d1c90f1895 req-b421c4e7-00b4-4cf2-9c5e-7d06dc401a8b service nova] Lock "32efdb00-7a2d-4441-8c60-46f47ecee09c" acquired by "nova.context.set_target_cell..get_or_set_cached_cell_and_set_connections" :: waited 0.001s {{(pid=60520) inner /opt/stack/data/venv/lib/python3.12/site-packages/oslo_concurrency/lockutils.py:525}}
Aug 28 08:46:04 devstack devstack@n-api.service[60520]: DEBUG oslo_concurrency.lockutils [req-19c5f5a0-cb93-47fe-9284-66d1c90f1895 req-b421c4e7-00b4-4cf2-9c5e-7d06dc401a8b service nova] Lock "32efdb00-7a2d-4441-8c60-46f47ecee09c" "released" by "nova.context.set_target_cell..get_or_set_cached_cell_and_set_connections" :: held 0.002s {{(pid=60520) inner /opt/stack/data/venv/lib/python3.12/site-packages/oslo_concurrency/lockutils.py:544}}
Aug 28 08:46:04 devstack devstack@n-api.service[60520]: INFO nova.api.openstack.compute.server_external_events [req-19c5f5a0-cb93-47fe-9284-66d1c90f1895 req-b421c4e7-00b4-4cf2-9c5e-7d06dc401a8b service nova] Creating event network-changed:6f6d79e5-e187-402c-b1f3-330e70c68db9 for instance 0f353787-c747-466e-96dc-b210736977bc on devstack
Aug 28 08:46:04 devstack devstack@n-api.service[60520]: DEBUG nova.compute.rpcapi [req-19c5f5a0-cb93-47fe-9284-66d1c90f1895 req-b421c4e7-00b4-4cf2-9c5e-7d06dc401a8b service nova] RPC: Sending the message to topic: compute-alt {{(pid=60520) prepare_for_alt_rpcserver /opt/stack/nova/nova/compute/rpcapi.py:595}}
Aug 28 08:46:04 devstack devstack@n-api.service[60520]: INFO nova.api.openstack.requestlog [req-19c5f5a0-cb93-47fe-9284-66d1c90f1895 req-b421c4e7-00b4-4cf2-9c5e-7d06dc401a8b service nova] 192.168.122.188 "POST /compute/v2.1/os-server-external-events" status: 200 len: 179 microversion: 2.1 time: 0.114042
Aug 28 08:46:04 devstack devstack@n-api.service[60520]: [pid: 60520|app: 0|req: 168/328] 192.168.122.188 () {64 vars in 1321 bytes} [Fri Aug 28 08:46:04 2026] POST /compute/v2.1/os-server-external-events => generated 179 bytes in 115 msecs (HTTP/1.1 200) 9 headers in 357 bytes (1 switches on core 0)
Aug 28 08:46:05 devstack devstack@n-api.service[60521]: DEBUG nova.api.openstack.wsgi [None req-dcc28026-83bc-4d46-b642-ab12bfcfcc05 tempest-VolumesActionsTest-1103369095 tempest-VolumesActionsTest-1103369095-project-member] Calling method '>' {{(pid=60521) _process_stack /opt/stack/nova/nova/api/openstack/wsgi.py:551}}
Aug 28 08:46:05 devstack devstack@n-api.service[60521]: DEBUG nova.compute.api [None req-dcc28026-83bc-4d46-b642-ab12bfcfcc05 tempest-VolumesActionsTest-1103369095 tempest-VolumesActionsTest-1103369095-project-member] [instance: 68e5d962-5d06-4a6f-9cdd-14ee9cde99bc] Fetching instance by UUID {{(pid=60521) get /opt/stack/nova/nova/compute/api.py:3070}}
Aug 28 08:46:05 devstack devstack@n-api.service[60521]: DEBUG oslo_concurrency.lockutils [None req-dcc28026-83bc-4d46-b642-ab12bfcfcc05 tempest-VolumesActionsTest-1103369095 tempest-VolumesActionsTest-1103369095-project-member] Acquiring lock "32efdb00-7a2d-4441-8c60-46f47ecee09c" by "nova.context.set_target_cell..get_or_set_cached_cell_and_set_connections" {{(pid=60521) inner /opt/stack/data/venv/lib/python3.12/site-packages/oslo_concurrency/lockutils.py:512}}
Aug 28 08:46:05 devstack devstack@n-api.service[60521]: DEBUG oslo_concurrency.lockutils [None req-dcc28026-83bc-4d46-b642-ab12bfcfcc05 tempest-VolumesActionsTest-1103369095 tempest-VolumesActionsTest-1103369095-project-member] Lock "32efdb00-7a2d-4441-8c60-46f47ecee09c" acquired by "nova.context.set_target_cell..get_or_set_cached_cell_and_set_connections" :: waited 0.001s {{(pid=60521) inner /opt/stack/data/venv/lib/python3.12/site-packages/oslo_concurrency/lockutils.py:525}}
Aug 28 08:46:05 devstack devstack@n-api.service[60521]: DEBUG oslo_concurrency.lockutils [None req-dcc28026-83bc-4d46-b642-ab12bfcfcc05 tempest-VolumesActionsTest-1103369095 tempest-VolumesActionsTest-1103369095-project-member] Lock "32efdb00-7a2d-4441-8c60-46f47ecee09c" "released" by "nova.context.set_target_cell..get_or_set_cached_cell_and_set_connections" :: held 0.001s {{(pid=60521) inner /opt/stack/data/venv/lib/python3.12/site-packages/oslo_concurrency/lockutils.py:544}}
Aug 28 08:46:05 devstack devstack@n-api.service[60521]: DEBUG oslo_concurrency.lockutils [None req-dcc28026-83bc-4d46-b642-ab12bfcfcc05 tempest-VolumesActionsTest-1103369095 tempest-VolumesActionsTest-1103369095-project-member] Acquiring lock "32efdb00-7a2d-4441-8c60-46f47ecee09c" by "nova.context.set_target_cell..get_or_set_cached_cell_and_set_connections" {{(pid=60521) inner /opt/stack/data/venv/lib/python3.12/site-packages/oslo_concurrency/lockutils.py:512}}
Aug 28 08:46:05 devstack devstack@n-api.service[60521]: DEBUG oslo_concurrency.lockutils [None req-dcc28026-83bc-4d46-b642-ab12bfcfcc05 tempest-VolumesActionsTest-1103369095 tempest-VolumesActionsTest-1103369095-project-member] Lock "32efdb00-7a2d-4441-8c60-46f47ecee09c" acquired by "nova.context.set_target_cell..get_or_set_cached_cell_and_set_connections" :: waited 0.001s {{(pid=60521) inner /opt/stack/data/venv/lib/python3.12/site-packages/oslo_concurrency/lockutils.py:525}}
Aug 28 08:46:05 devstack devstack@n-api.service[60521]: DEBUG oslo_concurrency.lockutils [None req-dcc28026-83bc-4d46-b642-ab12bfcfcc05 tempest-VolumesActionsTest-1103369095 tempest-VolumesActionsTest-1103369095-project-member] Lock "32efdb00-7a2d-4441-8c60-46f47ecee09c" "released" by "nova.context.set_target_cell..get_or_set_cached_cell_and_set_connections" :: held 0.001s {{(pid=60521) inner /opt/stack/data/venv/lib/python3.12/site-packages/oslo_concurrency/lockutils.py:544}}
Aug 28 08:46:05 devstack devstack@n-api.service[60521]: WARNING neutronclient.v2_0.client [None req-dcc28026-83bc-4d46-b642-ab12bfcfcc05 tempest-VolumesActionsTest-1103369095 tempest-VolumesActionsTest-1103369095-project-member] The python binding code in neutronclient is deprecated in favor of OpenstackSDK, please use that as this will be removed in a future release.
Aug 28 08:46:05 devstack devstack@n-api.service[60520]: DEBUG nova.api.openstack.wsgi [None req-88e9a7cc-d895-4354-94bc-c6ff317e69ba tempest-ServerActionsTestOtherA-768164863 tempest-ServerActionsTestOtherA-768164863-project-member] Calling method '>' {{(pid=60520) _process_stack /opt/stack/nova/nova/api/openstack/wsgi.py:551}}
Aug 28 08:46:05 devstack devstack@n-api.service[60520]: DEBUG nova.compute.api [None req-88e9a7cc-d895-4354-94bc-c6ff317e69ba tempest-ServerActionsTestOtherA-768164863 tempest-ServerActionsTestOtherA-768164863-project-member] [instance: 0f353787-c747-466e-96dc-b210736977bc] Fetching instance by UUID {{(pid=60520) get /opt/stack/nova/nova/compute/api.py:3070}}
Aug 28 08:46:05 devstack devstack@n-api.service[60520]: DEBUG oslo_concurrency.lockutils [None req-88e9a7cc-d895-4354-94bc-c6ff317e69ba tempest-ServerActionsTestOtherA-768164863 tempest-ServerActionsTestOtherA-768164863-project-member] Acquiring lock "32efdb00-7a2d-4441-8c60-46f47ecee09c" by "nova.context.set_target_cell..get_or_set_cached_cell_and_set_connections" {{(pid=60520) inner /opt/stack/data/venv/lib/python3.12/site-packages/oslo_concurrency/lockutils.py:512}}
Aug 28 08:46:05 devstack devstack@n-api.service[60520]: DEBUG oslo_concurrency.lockutils [None req-88e9a7cc-d895-4354-94bc-c6ff317e69ba tempest-ServerActionsTestOtherA-768164863 tempest-ServerActionsTestOtherA-768164863-project-member] Lock "32efdb00-7a2d-4441-8c60-46f47ecee09c" acquired by "nova.context.set_target_cell..get_or_set_cached_cell_and_set_connections" :: waited 0.003s {{(pid=60520) inner /opt/stack/data/venv/lib/python3.12/site-packages/oslo_concurrency/lockutils.py:525}}
Aug 28 08:46:05 devstack devstack@n-api.service[60520]: DEBUG oslo_concurrency.lockutils [None req-88e9a7cc-d895-4354-94bc-c6ff317e69ba tempest-ServerActionsTestOtherA-768164863 tempest-ServerActionsTestOtherA-768164863-project-member] Lock "32efdb00-7a2d-4441-8c60-46f47ecee09c" "released" by "nova.context.set_target_cell..get_or_set_cached_cell_and_set_connections" :: held 0.002s {{(pid=60520) inner /opt/stack/data/venv/lib/python3.12/site-packages/oslo_concurrency/lockutils.py:544}}
Aug 28 08:46:05 devstack devstack@n-api.service[60520]: DEBUG oslo_concurrency.lockutils [None req-88e9a7cc-d895-4354-94bc-c6ff317e69ba tempest-ServerActionsTestOtherA-768164863 tempest-ServerActionsTestOtherA-768164863-project-member] Acquiring lock "32efdb00-7a2d-4441-8c60-46f47ecee09c" by "nova.context.set_target_cell..get_or_set_cached_cell_and_set_connections" {{(pid=60520) inner /opt/stack/data/venv/lib/python3.12/site-packages/oslo_concurrency/lockutils.py:512}}
Aug 28 08:46:05 devstack devstack@n-api.service[60520]: DEBUG oslo_concurrency.lockutils [None req-88e9a7cc-d895-4354-94bc-c6ff317e69ba tempest-ServerActionsTestOtherA-768164863 tempest-ServerActionsTestOtherA-768164863-project-member] Lock "32efdb00-7a2d-4441-8c60-46f47ecee09c" acquired by "nova.context.set_target_cell..get_or_set_cached_cell_and_set_connections" :: waited 0.003s {{(pid=60520) inner /opt/stack/data/venv/lib/python3.12/site-packages/oslo_concurrency/lockutils.py:525}}
Aug 28 08:46:05 devstack devstack@n-api.service[60520]: DEBUG oslo_concurrency.lockutils [None req-88e9a7cc-d895-4354-94bc-c6ff317e69ba tempest-ServerActionsTestOtherA-768164863 tempest-ServerActionsTestOtherA-768164863-project-member] Lock "32efdb00-7a2d-4441-8c60-46f47ecee09c" "released" by "nova.context.set_target_cell..get_or_set_cached_cell_and_set_connections" :: held 0.005s {{(pid=60520) inner /opt/stack/data/venv/lib/python3.12/site-packages/oslo_concurrency/lockutils.py:544}}
Aug 28 08:46:05 devstack devstack@n-api.service[60520]: WARNING neutronclient.v2_0.client [None req-88e9a7cc-d895-4354-94bc-c6ff317e69ba tempest-ServerActionsTestOtherA-768164863 tempest-ServerActionsTestOtherA-768164863-project-member] The python binding code in neutronclient is deprecated in favor of OpenstackSDK, please use that as this will be removed in a future release.
Aug 28 08:46:06 devstack devstack@n-api.service[60521]: DEBUG nova.policy [None req-dcc28026-83bc-4d46-b642-ab12bfcfcc05 tempest-VolumesActionsTest-1103369095 tempest-VolumesActionsTest-1103369095-project-member] Policy check for os_compute_api:os-extended-server-attributes failed with credentials {'is_admin': False, 'user_id': 'c099b4c2682a4ebfb22817c6b1ccbfb6', 'user_domain_id': 'default', 'system_scope': None, 'domain_id': None, 'project_id': '55718470bbb043e1a755030c5a9f7bb0', 'project_domain_id': 'default', 'roles': ['member', 'reader'], 'is_admin_project': True, 'service_user_id': None, 'service_user_domain_id': None, 'service_project_id': None, 'service_project_domain_id': None, 'service_roles': []} {{(pid=60521) authorize /opt/stack/nova/nova/policy.py:202}}
Aug 28 08:46:06 devstack devstack@n-api.service[60521]: INFO nova.api.openstack.requestlog [None req-dcc28026-83bc-4d46-b642-ab12bfcfcc05 tempest-VolumesActionsTest-1103369095 tempest-VolumesActionsTest-1103369095-project-member] 192.168.122.188 "GET /compute/v2.1/servers/68e5d962-5d06-4a6f-9cdd-14ee9cde99bc" status: 200 len: 1280 microversion: 2.1 time: 0.592767
Aug 28 08:46:06 devstack devstack@n-api.service[60521]: [pid: 60521|app: 0|req: 161/329] 192.168.122.188 () {58 vars in 1238 bytes} [Fri Aug 28 08:46:05 2026] GET /compute/v2.1/servers/68e5d962-5d06-4a6f-9cdd-14ee9cde99bc => generated 1280 bytes in 599 msecs (HTTP/1.1 200) 9 headers in 358 bytes (1 switches on core 0)
Aug 28 08:46:06 devstack devstack@n-api.service[60520]: DEBUG nova.policy [None req-88e9a7cc-d895-4354-94bc-c6ff317e69ba tempest-ServerActionsTestOtherA-768164863 tempest-ServerActionsTestOtherA-768164863-project-member] Policy check for os_compute_api:os-extended-server-attributes failed with credentials {'is_admin': False, 'user_id': '21ac5072cbe2444d9ad18ed9234bd47f', 'user_domain_id': 'default', 'system_scope': None, 'domain_id': None, 'project_id': '21cfcc7bffe04725946341ccb4214b13', 'project_domain_id': 'default', 'roles': ['member', 'reader'], 'is_admin_project': True, 'service_user_id': None, 'service_user_domain_id': None, 'service_project_id': None, 'service_project_domain_id': None, 'service_roles': []} {{(pid=60520) authorize /opt/stack/nova/nova/policy.py:202}}
Aug 28 08:46:06 devstack devstack@n-api.service[60520]: INFO nova.api.openstack.requestlog [None req-88e9a7cc-d895-4354-94bc-c6ff317e69ba tempest-ServerActionsTestOtherA-768164863 tempest-ServerActionsTestOtherA-768164863-project-member] 192.168.122.188 "GET /compute/v2.1/servers/0f353787-c747-466e-96dc-b210736977bc" status: 200 len: 1378 microversion: 2.1 time: 0.798115
Aug 28 08:46:06 devstack devstack@n-api.service[60520]: [pid: 60520|app: 0|req: 169/330] 192.168.122.188 () {58 vars in 1238 bytes} [Fri Aug 28 08:46:05 2026] GET /compute/v2.1/servers/0f353787-c747-466e-96dc-b210736977bc => generated 1378 bytes in 801 msecs (HTTP/1.1 200) 9 headers in 358 bytes (1 switches on core 0)
