Jun 24 14:21:26 devstack cinder-volume[93509]: DEBUG oslo_concurrency.processutils [None req-b2a54547-bb1d-4c21-bf23-31334306cdda tempest-GroupsV314Test-334175705 None] Running cmd (subprocess): sudo cinder-rootwrap /etc/cinder/rootwrap.conf qemu-img rebase -u -b volume-eba2020b-9cec-41ea-b5ab-facbaccc7d4d -F qcow2 /opt/stack/data/cinder/mnt/42a4bb7483f4d09fb2f868d2f3083e1a/volume-eba2020b-9cec-41ea-b5ab-facbaccc7d4d.098c216b-6601-466b-bde8-71c966c9b677 {{(pid=93509) execute /opt/stack/data/venv/lib/python3.12/site-packages/oslo_concurrency/processutils.py:440}}
Jun 24 14:21:26 devstack sudo[98201]: quobyte : PWD=/ ; USER=root ; COMMAND=/opt/stack/data/venv/bin/cinder-rootwrap /etc/cinder/rootwrap.conf qemu-img rebase -u -b volume-eba2020b-9cec-41ea-b5ab-facbaccc7d4d -F qcow2 /opt/stack/data/cinder/mnt/42a4bb7483f4d09fb2f868d2f3083e1a/volume-eba2020b-9cec-41ea-b5ab-facbaccc7d4d.098c216b-6601-466b-bde8-71c966c9b677
Jun 24 14:21:26 devstack sudo[98201]: pam_unix(sudo:session): session opened for user root(uid=0) by (uid=1000)
Jun 24 14:21:27 devstack sudo[98201]: pam_unix(sudo:session): session closed for user root
Jun 24 14:21:27 devstack cinder-volume[93509]: DEBUG oslo_concurrency.processutils [None req-b2a54547-bb1d-4c21-bf23-31334306cdda tempest-GroupsV314Test-334175705 None] CMD "sudo cinder-rootwrap /etc/cinder/rootwrap.conf qemu-img rebase -u -b volume-eba2020b-9cec-41ea-b5ab-facbaccc7d4d -F qcow2 /opt/stack/data/cinder/mnt/42a4bb7483f4d09fb2f868d2f3083e1a/volume-eba2020b-9cec-41ea-b5ab-facbaccc7d4d.098c216b-6601-466b-bde8-71c966c9b677" returned: 0 in 0.764s {{(pid=93509) execute /opt/stack/data/venv/lib/python3.12/site-packages/oslo_concurrency/processutils.py:468}}
Jun 24 14:21:27 devstack cinder-volume[93509]: WARNING cinder.volume.drivers.remotefs [None req-b2a54547-bb1d-4c21-bf23-31334306cdda tempest-GroupsV314Test-334175705 None] /opt/stack/data/cinder/mnt/42a4bb7483f4d09fb2f868d2f3083e1a/volume-eba2020b-9cec-41ea-b5ab-facbaccc7d4d.098c216b-6601-466b-bde8-71c966c9b677 is being set with open permissions: ugo+rw: NotImplementedError
Jun 24 14:21:27 devstack cinder-volume[93509]: DEBUG oslo_concurrency.processutils [None req-b2a54547-bb1d-4c21-bf23-31334306cdda tempest-GroupsV314Test-334175705 None] Running cmd (subprocess): sudo cinder-rootwrap /etc/cinder/rootwrap.conf chmod ugo+rw /opt/stack/data/cinder/mnt/42a4bb7483f4d09fb2f868d2f3083e1a/volume-eba2020b-9cec-41ea-b5ab-facbaccc7d4d.098c216b-6601-466b-bde8-71c966c9b677 {{(pid=93509) execute /opt/stack/data/venv/lib/python3.12/site-packages/oslo_concurrency/processutils.py:440}}
Jun 24 14:21:27 devstack sudo[98206]: quobyte : PWD=/ ; USER=root ; COMMAND=/opt/stack/data/venv/bin/cinder-rootwrap /etc/cinder/rootwrap.conf chmod ugo+rw /opt/stack/data/cinder/mnt/42a4bb7483f4d09fb2f868d2f3083e1a/volume-eba2020b-9cec-41ea-b5ab-facbaccc7d4d.098c216b-6601-466b-bde8-71c966c9b677
Jun 24 14:21:27 devstack sudo[98206]: pam_unix(sudo:session): session opened for user root(uid=0) by (uid=1000)
Jun 24 14:21:28 devstack sudo[98206]: pam_unix(sudo:session): session closed for user root
Jun 24 14:21:28 devstack cinder-volume[93509]: DEBUG oslo_concurrency.processutils [None req-b2a54547-bb1d-4c21-bf23-31334306cdda tempest-GroupsV314Test-334175705 None] CMD "sudo cinder-rootwrap /etc/cinder/rootwrap.conf chmod ugo+rw /opt/stack/data/cinder/mnt/42a4bb7483f4d09fb2f868d2f3083e1a/volume-eba2020b-9cec-41ea-b5ab-facbaccc7d4d.098c216b-6601-466b-bde8-71c966c9b677" returned: 0 in 0.672s {{(pid=93509) execute /opt/stack/data/venv/lib/python3.12/site-packages/oslo_concurrency/processutils.py:468}}
Jun 24 14:21:28 devstack cinder-volume[93509]: DEBUG oslo_concurrency.processutils [None req-b2a54547-bb1d-4c21-bf23-31334306cdda tempest-GroupsV314Test-334175705 None] Running cmd (subprocess): sudo cinder-rootwrap /etc/cinder/rootwrap.conf truncate -s0 /opt/stack/data/cinder/mnt/42a4bb7483f4d09fb2f868d2f3083e1a/volume-eba2020b-9cec-41ea-b5ab-facbaccc7d4d.info {{(pid=93509) execute /opt/stack/data/venv/lib/python3.12/site-packages/oslo_concurrency/processutils.py:440}}
Jun 24 14:21:28 devstack sudo[98209]: quobyte : PWD=/ ; USER=root ; COMMAND=/opt/stack/data/venv/bin/cinder-rootwrap /etc/cinder/rootwrap.conf truncate -s0 /opt/stack/data/cinder/mnt/42a4bb7483f4d09fb2f868d2f3083e1a/volume-eba2020b-9cec-41ea-b5ab-facbaccc7d4d.info
Jun 24 14:21:28 devstack sudo[98209]: pam_unix(sudo:session): session opened for user root(uid=0) by (uid=1000)
Jun 24 14:21:29 devstack sudo[98209]: pam_unix(sudo:session): session closed for user root
Jun 24 14:21:29 devstack cinder-volume[93509]: DEBUG oslo_concurrency.processutils [None req-b2a54547-bb1d-4c21-bf23-31334306cdda tempest-GroupsV314Test-334175705 None] CMD "sudo cinder-rootwrap /etc/cinder/rootwrap.conf truncate -s0 /opt/stack/data/cinder/mnt/42a4bb7483f4d09fb2f868d2f3083e1a/volume-eba2020b-9cec-41ea-b5ab-facbaccc7d4d.info" returned: 0 in 0.649s {{(pid=93509) execute /opt/stack/data/venv/lib/python3.12/site-packages/oslo_concurrency/processutils.py:468}}
Jun 24 14:21:29 devstack cinder-volume[93509]: WARNING cinder.volume.drivers.remotefs [None req-b2a54547-bb1d-4c21-bf23-31334306cdda tempest-GroupsV314Test-334175705 None] /opt/stack/data/cinder/mnt/42a4bb7483f4d09fb2f868d2f3083e1a/volume-eba2020b-9cec-41ea-b5ab-facbaccc7d4d.info is being set with open permissions: ugo+rw: NotImplementedError
Jun 24 14:21:29 devstack cinder-volume[93509]: DEBUG oslo_concurrency.processutils [None req-b2a54547-bb1d-4c21-bf23-31334306cdda tempest-GroupsV314Test-334175705 None] Running cmd (subprocess): sudo cinder-rootwrap /etc/cinder/rootwrap.conf chmod ugo+rw /opt/stack/data/cinder/mnt/42a4bb7483f4d09fb2f868d2f3083e1a/volume-eba2020b-9cec-41ea-b5ab-facbaccc7d4d.info {{(pid=93509) execute /opt/stack/data/venv/lib/python3.12/site-packages/oslo_concurrency/processutils.py:440}}
Jun 24 14:21:29 devstack sudo[98212]: quobyte : PWD=/ ; USER=root ; COMMAND=/opt/stack/data/venv/bin/cinder-rootwrap /etc/cinder/rootwrap.conf chmod ugo+rw /opt/stack/data/cinder/mnt/42a4bb7483f4d09fb2f868d2f3083e1a/volume-eba2020b-9cec-41ea-b5ab-facbaccc7d4d.info
Jun 24 14:21:29 devstack sudo[98212]: pam_unix(sudo:session): session opened for user root(uid=0) by (uid=1000)
Jun 24 14:21:29 devstack sudo[98212]: pam_unix(sudo:session): session closed for user root
Jun 24 14:21:29 devstack cinder-volume[93509]: DEBUG oslo_concurrency.processutils [None req-b2a54547-bb1d-4c21-bf23-31334306cdda tempest-GroupsV314Test-334175705 None] CMD "sudo cinder-rootwrap /etc/cinder/rootwrap.conf chmod ugo+rw /opt/stack/data/cinder/mnt/42a4bb7483f4d09fb2f868d2f3083e1a/volume-eba2020b-9cec-41ea-b5ab-facbaccc7d4d.info" returned: 0 in 0.758s {{(pid=93509) execute /opt/stack/data/venv/lib/python3.12/site-packages/oslo_concurrency/processutils.py:468}}
Jun 24 14:21:29 devstack cinder-volume[93509]: DEBUG cinder.coordination [None req-b2a54547-bb1d-4c21-bf23-31334306cdda tempest-GroupsV314Test-334175705 None] Acquiring lock "cinder-quobyte-dd10ddbe-d1bb-414b-8aa6-d4be42e89726" by "_copy_volume_from_snapshot" {{(pid=93509) __acquire /opt/stack/cinder/cinder/coordination.py:138}}
Jun 24 14:21:29 devstack cinder-volume[93509]: DEBUG cinder.coordination [None req-b2a54547-bb1d-4c21-bf23-31334306cdda tempest-GroupsV314Test-334175705 None] Lock "cinder-quobyte-dd10ddbe-d1bb-414b-8aa6-d4be42e89726" acquired by "_copy_volume_from_snapshot" :: waited 0.022s {{(pid=93509) __acquire /opt/stack/cinder/cinder/coordination.py:141}}
Jun 24 14:21:29 devstack cinder-volume[93509]: DEBUG cinder.volume.drivers.quobyte [None req-b2a54547-bb1d-4c21-bf23-31334306cdda tempest-GroupsV314Test-334175705 None] snapshot: 098c216b-6601-466b-bde8-71c966c9b677, volume: dd10ddbe-d1bb-414b-8aa6-d4be42e89726, {{(pid=93509) _copy_volume_from_snapshot /opt/stack/cinder/cinder/volume/drivers/quobyte.py:401}}
Jun 24 14:21:29 devstack cinder-volume[93509]: DEBUG oslo_concurrency.lockutils [None req-b2a54547-bb1d-4c21-bf23-31334306cdda tempest-GroupsV314Test-334175705 None] Acquiring lock "quobyte_ensure" by "cinder.volume.drivers.quobyte.QuobyteDriver._ensure_shares_mounted" {{(pid=93509) inner /opt/stack/data/venv/lib/python3.12/site-packages/oslo_concurrency/lockutils.py:511}}
Jun 24 14:21:29 devstack cinder-volume[93509]: DEBUG oslo_concurrency.lockutils [None req-b2a54547-bb1d-4c21-bf23-31334306cdda tempest-GroupsV314Test-334175705 None] Lock "quobyte_ensure" acquired by "cinder.volume.drivers.quobyte.QuobyteDriver._ensure_shares_mounted" :: waited 0.001s {{(pid=93509) inner /opt/stack/data/venv/lib/python3.12/site-packages/oslo_concurrency/lockutils.py:524}}
Jun 24 14:21:29 devstack cinder-volume[93509]: DEBUG cinder.volume.drivers.quobyte [None req-b2a54547-bb1d-4c21-bf23-31334306cdda tempest-GroupsV314Test-334175705 None] Quobyte Volume URL set to: {'osci02.corp.quobyte.com/cinder-vol-b87f16fa-c6d8-4974-83aa-34afa55ad060': None} {{(pid=93509) _load_shares_config /opt/stack/cinder/cinder/volume/drivers/quobyte.py:617}}
Jun 24 14:21:29 devstack cinder-volume[93509]: DEBUG cinder.volume.drivers.quobyte [None req-b2a54547-bb1d-4c21-bf23-31334306cdda tempest-GroupsV314Test-334175705 None] Available shares ['osci02.corp.quobyte.com/cinder-vol-b87f16fa-c6d8-4974-83aa-34afa55ad060'] {{(pid=93509) _ensure_shares_mounted /opt/stack/cinder/cinder/volume/drivers/quobyte.py:647}}
Jun 24 14:21:29 devstack cinder-volume[93509]: DEBUG oslo_concurrency.lockutils [None req-b2a54547-bb1d-4c21-bf23-31334306cdda tempest-GroupsV314Test-334175705 None] Lock "quobyte_ensure" "released" by "cinder.volume.drivers.quobyte.QuobyteDriver._ensure_shares_mounted" :: held 0.006s {{(pid=93509) inner /opt/stack/data/venv/lib/python3.12/site-packages/oslo_concurrency/lockutils.py:543}}
Jun 24 14:21:29 devstack cinder-volume[93509]: DEBUG oslo.privsep.daemon [-] privsep: reply[f6fa76d1-5060-41e2-9725-b325d7f3e47d]: (4, 'qcow2') {{(pid=94665) _call_back /opt/stack/data/venv/lib/python3.12/site-packages/oslo_privsep/daemon.py:580}}
Jun 24 14:21:29 devstack cinder-volume[93509]: DEBUG oslo_concurrency.processutils [None req-b2a54547-bb1d-4c21-bf23-31334306cdda tempest-GroupsV314Test-334175705 None] Running cmd (subprocess): /opt/stack/data/venv/bin/python3.12 -m oslo_concurrency.prlimit --as=1073741824 --cpu=60 -- sudo cinder-rootwrap /etc/cinder/rootwrap.conf env LC_ALL=C qemu-img info -f qcow2 --output=json --force-share /opt/stack/data/cinder/mnt/42a4bb7483f4d09fb2f868d2f3083e1a/volume-eba2020b-9cec-41ea-b5ab-facbaccc7d4d.098c216b-6601-466b-bde8-71c966c9b677 {{(pid=93509) execute /opt/stack/data/venv/lib/python3.12/site-packages/oslo_concurrency/processutils.py:440}}
Jun 24 14:21:29 devstack cinder-volume[93509]: DEBUG cinder.volume.flows.manager.create_volume [None req-7ef35bc4-3be5-4680-a3d8-cdb9c0e00357 tempest-AttachVolumeNegativeTest-1217229110 None] Volume reschedule parameters: True retry: {'num_attempts': 1, 'backends': ['devstack@QuobyteHD#QuobyteHD'], 'hosts': ['devstack@QuobyteHD#QuobyteHD']} {{(pid=93509) get_flow /opt/stack/cinder/cinder/volume/flows/manager/create_volume.py:1397}}
Jun 24 14:21:29 devstack cinder-volume[93509]: DEBUG cinder.volume.manager [None req-7ef35bc4-3be5-4680-a3d8-cdb9c0e00357 tempest-AttachVolumeNegativeTest-1217229110 None] Flow 'volume_create_manager' (e992f5a6-1aa6-45a9-a75d-71f401944e69) transitioned into state 'RUNNING' from state 'PENDING' {{(pid=93509) _flow_receiver /opt/stack/data/venv/lib/python3.12/site-packages/taskflow/listeners/logging.py:160}}
Jun 24 14:21:29 devstack cinder-volume[93509]: DEBUG cinder.volume.manager [None req-7ef35bc4-3be5-4680-a3d8-cdb9c0e00357 tempest-AttachVolumeNegativeTest-1217229110 None] Task 'cinder.volume.flows.manager.create_volume.ExtractVolumeRefTask;volume:create' (7c009bbb-9836-49fc-ad9d-e9ded8d49265) transitioned into state 'RUNNING' from state 'PENDING' {{(pid=93509) _task_receiver /opt/stack/data/venv/lib/python3.12/site-packages/taskflow/listeners/logging.py:242}}
Jun 24 14:21:30 devstack cinder-volume[93509]: DEBUG cinder.volume.manager [None req-7ef35bc4-3be5-4680-a3d8-cdb9c0e00357 tempest-AttachVolumeNegativeTest-1217229110 None] Task 'cinder.volume.flows.manager.create_volume.ExtractVolumeRefTask;volume:create' (7c009bbb-9836-49fc-ad9d-e9ded8d49265) transitioned into state 'SUCCESS' from state 'RUNNING' with result 'Volume(_name_id=None,admin_metadata=,attach_status='detached',availability_zone='nova',bootable=False,cluster=,cluster_name=None,consistencygroup=,consistencygroup_id=None,created_at=2026-06-24T12:21:30Z,deleted=False,deleted_at=None,display_description=None,display_name='tempest-AttachVolumeNegativeTest-volume-1729875644',ec2_id=None,encryption_key_id=None,glance_metadata=,group=,group_id=None,host='devstack@QuobyteHD#QuobyteHD',id=3fb28487-4d95-4510-b06a-9689b0eced5e,launched_at=None,metadata={},migration_status=None,multiattach=False,previous_status=None,project_id='51e10864892c43ddbbd577c27d95c5e6',provider_auth=None,provider_geometry=None,provider_id=None,provider_location=None,replication_driver_data=None,replication_extended_status=None,replication_status=None,scheduled_at=2026-06-24T12:21:30Z,service_uuid=None,shared_targets=True,size=1,snapshot_id=None,snapshots=,source_volid=None,status='creating',terminated_at=None,updated_at=2026-06-24T12:21:30Z,use_quota=True,user_id='ad015ed75c6a42c8abf534acd77ef09b',volume_attachment=VolumeAttachmentList,volume_type=VolumeType(4adc88b3-53b4-4644-ad14-b5423deea1c1),volume_type_id=4adc88b3-53b4-4644-ad14-b5423deea1c1)' {{(pid=93509) _task_receiver /opt/stack/data/venv/lib/python3.12/site-packages/taskflow/listeners/logging.py:218}}
Jun 24 14:21:30 devstack cinder-volume[93509]: DEBUG cinder.volume.manager [None req-7ef35bc4-3be5-4680-a3d8-cdb9c0e00357 tempest-AttachVolumeNegativeTest-1217229110 None] Task 'cinder.volume.flows.manager.create_volume.OnFailureRescheduleTask;volume:create' (00cc4b0a-8157-4634-8a5e-49f17a498a37) transitioned into state 'RUNNING' from state 'PENDING' {{(pid=93509) _task_receiver /opt/stack/data/venv/lib/python3.12/site-packages/taskflow/listeners/logging.py:242}}
Jun 24 14:21:30 devstack cinder-volume[93509]: DEBUG cinder.volume.manager [None req-7ef35bc4-3be5-4680-a3d8-cdb9c0e00357 tempest-AttachVolumeNegativeTest-1217229110 None] Task 'cinder.volume.flows.manager.create_volume.OnFailureRescheduleTask;volume:create' (00cc4b0a-8157-4634-8a5e-49f17a498a37) transitioned into state 'SUCCESS' from state 'RUNNING' with result 'None' {{(pid=93509) _task_receiver /opt/stack/data/venv/lib/python3.12/site-packages/taskflow/listeners/logging.py:218}}
Jun 24 14:21:30 devstack cinder-volume[93509]: DEBUG cinder.volume.manager [None req-7ef35bc4-3be5-4680-a3d8-cdb9c0e00357 tempest-AttachVolumeNegativeTest-1217229110 None] Task 'cinder.volume.flows.manager.create_volume.ExtractVolumeSpecTask;volume:create' (c45c5441-7b6a-42ab-8a9c-a9c739e0273f) transitioned into state 'RUNNING' from state 'PENDING' {{(pid=93509) _task_receiver /opt/stack/data/venv/lib/python3.12/site-packages/taskflow/listeners/logging.py:242}}
Jun 24 14:21:30 devstack sudo[98217]: quobyte : PWD=/ ; USER=root ; COMMAND=/opt/stack/data/venv/bin/cinder-rootwrap /etc/cinder/rootwrap.conf env LC_ALL=C qemu-img info -f qcow2 --output=json --force-share /opt/stack/data/cinder/mnt/42a4bb7483f4d09fb2f868d2f3083e1a/volume-eba2020b-9cec-41ea-b5ab-facbaccc7d4d.098c216b-6601-466b-bde8-71c966c9b677
Jun 24 14:21:30 devstack cinder-volume[93509]: DEBUG cinder.volume.manager [None req-7ef35bc4-3be5-4680-a3d8-cdb9c0e00357 tempest-AttachVolumeNegativeTest-1217229110 None] Task 'cinder.volume.flows.manager.create_volume.ExtractVolumeSpecTask;volume:create' (c45c5441-7b6a-42ab-8a9c-a9c739e0273f) transitioned into state 'SUCCESS' from state 'RUNNING' with result '{'status': 'creating', 'type': 'raw', 'volume_id': '3fb28487-4d95-4510-b06a-9689b0eced5e', 'volume_name': 'volume-3fb28487-4d95-4510-b06a-9689b0eced5e', 'volume_size': 1}' {{(pid=93509) _task_receiver /opt/stack/data/venv/lib/python3.12/site-packages/taskflow/listeners/logging.py:218}}
Jun 24 14:21:30 devstack sudo[98217]: pam_unix(sudo:session): session opened for user root(uid=0) by (uid=1000)
Jun 24 14:21:30 devstack cinder-volume[93509]: DEBUG cinder.volume.manager [None req-7ef35bc4-3be5-4680-a3d8-cdb9c0e00357 tempest-AttachVolumeNegativeTest-1217229110 None] Task 'cinder.volume.flows.manager.create_volume.NotifyVolumeActionTask;volume:create, create.start' (a7927d0e-e7de-4ebf-a070-da6ebce8d291) transitioned into state 'RUNNING' from state 'PENDING' {{(pid=93509) _task_receiver /opt/stack/data/venv/lib/python3.12/site-packages/taskflow/listeners/logging.py:242}}
Jun 24 14:21:30 devstack cinder-volume[93509]: DEBUG cinder.volume.manager [None req-7ef35bc4-3be5-4680-a3d8-cdb9c0e00357 tempest-AttachVolumeNegativeTest-1217229110 None] Task 'cinder.volume.flows.manager.create_volume.NotifyVolumeActionTask;volume:create, create.start' (a7927d0e-e7de-4ebf-a070-da6ebce8d291) transitioned into state 'SUCCESS' from state 'RUNNING' with result 'None' {{(pid=93509) _task_receiver /opt/stack/data/venv/lib/python3.12/site-packages/taskflow/listeners/logging.py:218}}
Jun 24 14:21:30 devstack cinder-volume[93509]: DEBUG cinder.volume.manager [None req-7ef35bc4-3be5-4680-a3d8-cdb9c0e00357 tempest-AttachVolumeNegativeTest-1217229110 None] Task 'cinder.volume.flows.manager.create_volume.CreateVolumeFromSpecTask;volume:create' (a059e9b0-a368-4f59-82be-d38879ee7126) transitioned into state 'RUNNING' from state 'PENDING' {{(pid=93509) _task_receiver /opt/stack/data/venv/lib/python3.12/site-packages/taskflow/listeners/logging.py:242}}
Jun 24 14:21:30 devstack cinder-volume[93509]: INFO cinder.volume.flows.manager.create_volume [None req-7ef35bc4-3be5-4680-a3d8-cdb9c0e00357 tempest-AttachVolumeNegativeTest-1217229110 None] Volume 3fb28487-4d95-4510-b06a-9689b0eced5e: being created as raw with specification: {'status': 'creating', 'volume_name': 'volume-3fb28487-4d95-4510-b06a-9689b0eced5e', 'volume_size': 1}
Jun 24 14:21:30 devstack cinder-volume[93509]: DEBUG oslo_concurrency.lockutils [None req-7ef35bc4-3be5-4680-a3d8-cdb9c0e00357 tempest-AttachVolumeNegativeTest-1217229110 None] Acquiring lock "quobyte" by "cinder.volume.drivers.quobyte.QuobyteDriver.create_volume" {{(pid=93509) inner /opt/stack/data/venv/lib/python3.12/site-packages/oslo_concurrency/lockutils.py:511}}
Jun 24 14:21:30 devstack sudo[98217]: pam_unix(sudo:session): session closed for user root
Jun 24 14:21:30 devstack cinder-volume[93509]: DEBUG oslo_concurrency.processutils [None req-b2a54547-bb1d-4c21-bf23-31334306cdda tempest-GroupsV314Test-334175705 None] CMD "/opt/stack/data/venv/bin/python3.12 -m oslo_concurrency.prlimit --as=1073741824 --cpu=60 -- sudo cinder-rootwrap /etc/cinder/rootwrap.conf env LC_ALL=C qemu-img info -f qcow2 --output=json --force-share /opt/stack/data/cinder/mnt/42a4bb7483f4d09fb2f868d2f3083e1a/volume-eba2020b-9cec-41ea-b5ab-facbaccc7d4d.098c216b-6601-466b-bde8-71c966c9b677" returned: 0 in 0.804s {{(pid=93509) execute /opt/stack/data/venv/lib/python3.12/site-packages/oslo_concurrency/processutils.py:468}}
Jun 24 14:21:30 devstack cinder-volume[93509]: DEBUG cinder.volume.drivers.remotefs [None req-b2a54547-bb1d-4c21-bf23-31334306cdda tempest-GroupsV314Test-334175705 None] Fetching qemu-img info with special backing_file_template: (/opt/stack/data/cinder/mnt/[0-9a-f]+/)?(volume-eba2020b-9cec-41ea-b5ab-facbaccc7d4d(.(tmp-snap-)?[0-9a-f-]+)?|volume_from_snapshot_cache/(tmp-snap-)?[0-9a-f-]+(.(child-|parent-)[0-9a-f-]+)?)$ {{(pid=93509) _qemu_img_info_base /opt/stack/cinder/cinder/volume/drivers/remotefs.py:896}}
Jun 24 14:21:30 devstack cinder-volume[93509]: DEBUG cinder.volume.drivers.quobyte [None req-b2a54547-bb1d-4c21-bf23-31334306cdda tempest-GroupsV314Test-334175705 None] will copy from snapshot at /opt/stack/data/cinder/mnt/42a4bb7483f4d09fb2f868d2f3083e1a/volume-eba2020b-9cec-41ea-b5ab-facbaccc7d4d {{(pid=93509) _copy_volume_from_snapshot /opt/stack/cinder/cinder/volume/drivers/quobyte.py:420}}
Jun 24 14:21:30 devstack cinder-volume[93509]: DEBUG cinder.volume.drivers.quobyte [None req-b2a54547-bb1d-4c21-bf23-31334306cdda tempest-GroupsV314Test-334175705 None] Creating direct copy from snapshot {{(pid=93509) _copy_volume_from_snapshot /opt/stack/cinder/cinder/volume/drivers/quobyte.py:428}}
Jun 24 14:21:30 devstack cinder-volume[93509]: DEBUG oslo.privsep.daemon [-] privsep: reply[c18a3bcb-a201-4acf-9dd6-1cae59d95bd4]: (4, 'qcow2') {{(pid=94665) _call_back /opt/stack/data/venv/lib/python3.12/site-packages/oslo_privsep/daemon.py:580}}
Jun 24 14:21:30 devstack cinder-volume[93509]: DEBUG oslo_concurrency.processutils [None req-b2a54547-bb1d-4c21-bf23-31334306cdda tempest-GroupsV314Test-334175705 None] Running cmd (subprocess): /opt/stack/data/venv/bin/python3.12 -m oslo_concurrency.prlimit --as=1073741824 --cpu=60 -- sudo cinder-rootwrap /etc/cinder/rootwrap.conf env LC_ALL=C qemu-img info -f qcow2 --output=json /opt/stack/data/cinder/mnt/42a4bb7483f4d09fb2f868d2f3083e1a/volume-eba2020b-9cec-41ea-b5ab-facbaccc7d4d {{(pid=93509) execute /opt/stack/data/venv/lib/python3.12/site-packages/oslo_concurrency/processutils.py:440}}
Jun 24 14:21:30 devstack sudo[98222]: quobyte : PWD=/ ; USER=root ; COMMAND=/opt/stack/data/venv/bin/cinder-rootwrap /etc/cinder/rootwrap.conf env LC_ALL=C qemu-img info -f qcow2 --output=json /opt/stack/data/cinder/mnt/42a4bb7483f4d09fb2f868d2f3083e1a/volume-eba2020b-9cec-41ea-b5ab-facbaccc7d4d
Jun 24 14:21:30 devstack sudo[98222]: pam_unix(sudo:session): session opened for user root(uid=0) by (uid=1000)
Jun 24 14:21:31 devstack sudo[98222]: pam_unix(sudo:session): session closed for user root
Jun 24 14:21:31 devstack cinder-volume[93509]: DEBUG oslo_concurrency.processutils [None req-b2a54547-bb1d-4c21-bf23-31334306cdda tempest-GroupsV314Test-334175705 None] CMD "/opt/stack/data/venv/bin/python3.12 -m oslo_concurrency.prlimit --as=1073741824 --cpu=60 -- sudo cinder-rootwrap /etc/cinder/rootwrap.conf env LC_ALL=C qemu-img info -f qcow2 --output=json /opt/stack/data/cinder/mnt/42a4bb7483f4d09fb2f868d2f3083e1a/volume-eba2020b-9cec-41ea-b5ab-facbaccc7d4d" returned: 0 in 0.761s {{(pid=93509) execute /opt/stack/data/venv/lib/python3.12/site-packages/oslo_concurrency/processutils.py:468}}
Jun 24 14:21:31 devstack cinder-volume[93509]: DEBUG cinder.utils [None req-b2a54547-bb1d-4c21-bf23-31334306cdda tempest-GroupsV314Test-334175705 None] Path /opt/stack/data/cinder/mnt/42a4bb7483f4d09fb2f868d2f3083e1a/volume-dd10ddbe-d1bb-414b-8aa6-d4be42e89726 not found in is_blk_device check {{(pid=93509) is_blk_device /opt/stack/cinder/cinder/utils.py:615}}
Jun 24 14:21:31 devstack cinder-volume[93509]: DEBUG oslo_concurrency.processutils [None req-b2a54547-bb1d-4c21-bf23-31334306cdda tempest-GroupsV314Test-334175705 None] Running cmd (subprocess): sudo cinder-rootwrap /etc/cinder/rootwrap.conf qemu-img convert -O qcow2 /opt/stack/data/cinder/mnt/42a4bb7483f4d09fb2f868d2f3083e1a/volume-eba2020b-9cec-41ea-b5ab-facbaccc7d4d /opt/stack/data/cinder/mnt/42a4bb7483f4d09fb2f868d2f3083e1a/volume-dd10ddbe-d1bb-414b-8aa6-d4be42e89726 {{(pid=93509) execute /opt/stack/data/venv/lib/python3.12/site-packages/oslo_concurrency/processutils.py:440}}
Jun 24 14:21:31 devstack sudo[98227]: quobyte : PWD=/ ; USER=root ; COMMAND=/opt/stack/data/venv/bin/cinder-rootwrap /etc/cinder/rootwrap.conf qemu-img convert -O qcow2 /opt/stack/data/cinder/mnt/42a4bb7483f4d09fb2f868d2f3083e1a/volume-eba2020b-9cec-41ea-b5ab-facbaccc7d4d /opt/stack/data/cinder/mnt/42a4bb7483f4d09fb2f868d2f3083e1a/volume-dd10ddbe-d1bb-414b-8aa6-d4be42e89726
Jun 24 14:21:31 devstack sudo[98227]: pam_unix(sudo:session): session opened for user root(uid=0) by (uid=1000)
Jun 24 14:21:37 devstack sudo[98227]: pam_unix(sudo:session): session closed for user root
Jun 24 14:21:37 devstack cinder-volume[93509]: DEBUG oslo_concurrency.processutils [None req-b2a54547-bb1d-4c21-bf23-31334306cdda tempest-GroupsV314Test-334175705 None] CMD "sudo cinder-rootwrap /etc/cinder/rootwrap.conf qemu-img convert -O qcow2 /opt/stack/data/cinder/mnt/42a4bb7483f4d09fb2f868d2f3083e1a/volume-eba2020b-9cec-41ea-b5ab-facbaccc7d4d /opt/stack/data/cinder/mnt/42a4bb7483f4d09fb2f868d2f3083e1a/volume-dd10ddbe-d1bb-414b-8aa6-d4be42e89726" returned: 0 in 5.775s {{(pid=93509) execute /opt/stack/data/venv/lib/python3.12/site-packages/oslo_concurrency/processutils.py:468}}
Jun 24 14:21:37 devstack cinder-volume[93509]: DEBUG oslo.privsep.daemon [-] privsep: reply[b7aae15c-a465-4ff1-8607-391f51e0b183]: (4, 'qcow2') {{(pid=94665) _call_back /opt/stack/data/venv/lib/python3.12/site-packages/oslo_privsep/daemon.py:580}}
Jun 24 14:21:37 devstack cinder-volume[93509]: DEBUG oslo_concurrency.processutils [None req-b2a54547-bb1d-4c21-bf23-31334306cdda tempest-GroupsV314Test-334175705 None] Running cmd (subprocess): /opt/stack/data/venv/bin/python3.12 -m oslo_concurrency.prlimit --as=1073741824 --cpu=60 -- sudo cinder-rootwrap /etc/cinder/rootwrap.conf env LC_ALL=C qemu-img info -f qcow2 --output=json /opt/stack/data/cinder/mnt/42a4bb7483f4d09fb2f868d2f3083e1a/volume-eba2020b-9cec-41ea-b5ab-facbaccc7d4d {{(pid=93509) execute /opt/stack/data/venv/lib/python3.12/site-packages/oslo_concurrency/processutils.py:440}}
Jun 24 14:21:37 devstack sudo[98302]: quobyte : PWD=/ ; USER=root ; COMMAND=/opt/stack/data/venv/bin/cinder-rootwrap /etc/cinder/rootwrap.conf env LC_ALL=C qemu-img info -f qcow2 --output=json /opt/stack/data/cinder/mnt/42a4bb7483f4d09fb2f868d2f3083e1a/volume-eba2020b-9cec-41ea-b5ab-facbaccc7d4d
Jun 24 14:21:37 devstack sudo[98302]: pam_unix(sudo:session): session opened for user root(uid=0) by (uid=1000)
Jun 24 14:21:38 devstack sudo[98302]: pam_unix(sudo:session): session closed for user root
Jun 24 14:21:38 devstack cinder-volume[93509]: DEBUG oslo_concurrency.processutils [None req-b2a54547-bb1d-4c21-bf23-31334306cdda tempest-GroupsV314Test-334175705 None] CMD "/opt/stack/data/venv/bin/python3.12 -m oslo_concurrency.prlimit --as=1073741824 --cpu=60 -- sudo cinder-rootwrap /etc/cinder/rootwrap.conf env LC_ALL=C qemu-img info -f qcow2 --output=json /opt/stack/data/cinder/mnt/42a4bb7483f4d09fb2f868d2f3083e1a/volume-eba2020b-9cec-41ea-b5ab-facbaccc7d4d" returned: 0 in 0.946s {{(pid=93509) execute /opt/stack/data/venv/lib/python3.12/site-packages/oslo_concurrency/processutils.py:468}}
Jun 24 14:21:38 devstack cinder-volume[93509]: DEBUG cinder.image.image_utils [None req-b2a54547-bb1d-4c21-bf23-31334306cdda tempest-GroupsV314Test-334175705 None] Image conversion details: src /opt/stack/data/cinder/mnt/42a4bb7483f4d09fb2f868d2f3083e1a/volume-eba2020b-9cec-41ea-b5ab-facbaccc7d4d, size 1024.00 MB, duration 5.78 sec, destination /opt/stack/data/cinder/mnt/42a4bb7483f4d09fb2f868d2f3083e1a/volume-dd10ddbe-d1bb-414b-8aa6-d4be42e89726 {{(pid=93509) _convert_image /opt/stack/cinder/cinder/image/image_utils.py:536}}
Jun 24 14:21:38 devstack cinder-volume[93509]: INFO cinder.image.image_utils [None req-b2a54547-bb1d-4c21-bf23-31334306cdda tempest-GroupsV314Test-334175705 None] Converted 1024.00 MB image at 177.28 MB/s
Jun 24 14:21:38 devstack cinder-volume[93509]: WARNING cinder.volume.drivers.remotefs [None req-b2a54547-bb1d-4c21-bf23-31334306cdda tempest-GroupsV314Test-334175705 None] /opt/stack/data/cinder/mnt/42a4bb7483f4d09fb2f868d2f3083e1a/volume-dd10ddbe-d1bb-414b-8aa6-d4be42e89726 is being set with open permissions: ugo+rw: NotImplementedError
Jun 24 14:21:38 devstack cinder-volume[93509]: DEBUG oslo_concurrency.processutils [None req-b2a54547-bb1d-4c21-bf23-31334306cdda tempest-GroupsV314Test-334175705 None] Running cmd (subprocess): sudo cinder-rootwrap /etc/cinder/rootwrap.conf chmod ugo+rw /opt/stack/data/cinder/mnt/42a4bb7483f4d09fb2f868d2f3083e1a/volume-dd10ddbe-d1bb-414b-8aa6-d4be42e89726 {{(pid=93509) execute /opt/stack/data/venv/lib/python3.12/site-packages/oslo_concurrency/processutils.py:440}}
Jun 24 14:21:38 devstack sudo[98307]: quobyte : PWD=/ ; USER=root ; COMMAND=/opt/stack/data/venv/bin/cinder-rootwrap /etc/cinder/rootwrap.conf chmod ugo+rw /opt/stack/data/cinder/mnt/42a4bb7483f4d09fb2f868d2f3083e1a/volume-dd10ddbe-d1bb-414b-8aa6-d4be42e89726
Jun 24 14:21:38 devstack sudo[98307]: pam_unix(sudo:session): session opened for user root(uid=0) by (uid=1000)
Jun 24 14:21:38 devstack sudo[98307]: pam_unix(sudo:session): session closed for user root
Jun 24 14:21:38 devstack cinder-volume[93509]: DEBUG oslo_concurrency.processutils [None req-b2a54547-bb1d-4c21-bf23-31334306cdda tempest-GroupsV314Test-334175705 None] CMD "sudo cinder-rootwrap /etc/cinder/rootwrap.conf chmod ugo+rw /opt/stack/data/cinder/mnt/42a4bb7483f4d09fb2f868d2f3083e1a/volume-dd10ddbe-d1bb-414b-8aa6-d4be42e89726" returned: 0 in 0.701s {{(pid=93509) execute /opt/stack/data/venv/lib/python3.12/site-packages/oslo_concurrency/processutils.py:468}}
Jun 24 14:21:38 devstack cinder-volume[93509]: DEBUG cinder.coordination [None req-b2a54547-bb1d-4c21-bf23-31334306cdda tempest-GroupsV314Test-334175705 None] Lock "cinder-quobyte-dd10ddbe-d1bb-414b-8aa6-d4be42e89726" released by "_copy_volume_from_snapshot" :: held 9.075s {{(pid=93509) __release /opt/stack/cinder/cinder/coordination.py:152}}
Jun 24 14:21:38 devstack cinder-volume[93509]: DEBUG cinder.coordination [None req-b2a54547-bb1d-4c21-bf23-31334306cdda tempest-GroupsV314Test-334175705 None] Acquiring lock "cinder-quobyte-098c216b-6601-466b-bde8-71c966c9b677" by "_delete_snapshot" {{(pid=93509) __acquire /opt/stack/cinder/cinder/coordination.py:138}}
Jun 24 14:21:38 devstack cinder-volume[93509]: DEBUG cinder.coordination [None req-b2a54547-bb1d-4c21-bf23-31334306cdda tempest-GroupsV314Test-334175705 None] Lock "cinder-quobyte-098c216b-6601-466b-bde8-71c966c9b677" acquired by "_delete_snapshot" :: waited 0.014s {{(pid=93509) __acquire /opt/stack/cinder/cinder/coordination.py:141}}
Jun 24 14:21:38 devstack cinder-volume[93509]: DEBUG cinder.volume.drivers.remotefs [None req-b2a54547-bb1d-4c21-bf23-31334306cdda tempest-GroupsV314Test-334175705 None] Deleting offline snapshot 098c216b-6601-466b-bde8-71c966c9b677 of volume eba2020b-9cec-41ea-b5ab-facbaccc7d4d {{(pid=93509) _delete_snapshot /opt/stack/cinder/cinder/volume/drivers/remotefs.py:1287}}
Jun 24 14:21:38 devstack cinder-volume[93509]: DEBUG cinder.volume.drivers.remotefs [None req-b2a54547-bb1d-4c21-bf23-31334306cdda tempest-GroupsV314Test-334175705 None] snapshot_file for this snap is: volume-eba2020b-9cec-41ea-b5ab-facbaccc7d4d.098c216b-6601-466b-bde8-71c966c9b677 {{(pid=93509) _delete_snapshot /opt/stack/cinder/cinder/volume/drivers/remotefs.py:1316}}
Jun 24 14:21:38 devstack cinder-volume[93509]: DEBUG oslo.privsep.daemon [-] privsep: reply[7eaf6baf-658a-42aa-8014-a6a175279c9b]: (4, 'qcow2') {{(pid=94665) _call_back /opt/stack/data/venv/lib/python3.12/site-packages/oslo_privsep/daemon.py:580}}
Jun 24 14:21:38 devstack cinder-volume[93509]: DEBUG oslo_concurrency.processutils [None req-b2a54547-bb1d-4c21-bf23-31334306cdda tempest-GroupsV314Test-334175705 None] Running cmd (subprocess): /opt/stack/data/venv/bin/python3.12 -m oslo_concurrency.prlimit --as=1073741824 --cpu=60 -- sudo cinder-rootwrap /etc/cinder/rootwrap.conf env LC_ALL=C qemu-img info -f qcow2 --output=json --force-share /opt/stack/data/cinder/mnt/42a4bb7483f4d09fb2f868d2f3083e1a/volume-eba2020b-9cec-41ea-b5ab-facbaccc7d4d.098c216b-6601-466b-bde8-71c966c9b677 {{(pid=93509) execute /opt/stack/data/venv/lib/python3.12/site-packages/oslo_concurrency/processutils.py:440}}
Jun 24 14:21:39 devstack sudo[98310]: quobyte : PWD=/ ; USER=root ; COMMAND=/opt/stack/data/venv/bin/cinder-rootwrap /etc/cinder/rootwrap.conf env LC_ALL=C qemu-img info -f qcow2 --output=json --force-share /opt/stack/data/cinder/mnt/42a4bb7483f4d09fb2f868d2f3083e1a/volume-eba2020b-9cec-41ea-b5ab-facbaccc7d4d.098c216b-6601-466b-bde8-71c966c9b677
Jun 24 14:21:39 devstack sudo[98310]: pam_unix(sudo:session): session opened for user root(uid=0) by (uid=1000)
Jun 24 14:21:39 devstack sudo[98310]: pam_unix(sudo:session): session closed for user root
Jun 24 14:21:39 devstack cinder-volume[93509]: DEBUG oslo_concurrency.processutils [None req-b2a54547-bb1d-4c21-bf23-31334306cdda tempest-GroupsV314Test-334175705 None] CMD "/opt/stack/data/venv/bin/python3.12 -m oslo_concurrency.prlimit --as=1073741824 --cpu=60 -- sudo cinder-rootwrap /etc/cinder/rootwrap.conf env LC_ALL=C qemu-img info -f qcow2 --output=json --force-share /opt/stack/data/cinder/mnt/42a4bb7483f4d09fb2f868d2f3083e1a/volume-eba2020b-9cec-41ea-b5ab-facbaccc7d4d.098c216b-6601-466b-bde8-71c966c9b677" returned: 0 in 0.770s {{(pid=93509) execute /opt/stack/data/venv/lib/python3.12/site-packages/oslo_concurrency/processutils.py:468}}
Jun 24 14:21:39 devstack cinder-volume[93509]: DEBUG cinder.volume.drivers.remotefs [None req-b2a54547-bb1d-4c21-bf23-31334306cdda tempest-GroupsV314Test-334175705 None] Fetching qemu-img info with special backing_file_template: (/opt/stack/data/cinder/mnt/[0-9a-f]+/)?(volume-eba2020b-9cec-41ea-b5ab-facbaccc7d4d(.(tmp-snap-)?[0-9a-f-]+)?|volume_from_snapshot_cache/(tmp-snap-)?[0-9a-f-]+(.(child-|parent-)[0-9a-f-]+)?)$ {{(pid=93509) _qemu_img_info_base /opt/stack/cinder/cinder/volume/drivers/remotefs.py:896}}
Jun 24 14:21:39 devstack cinder-volume[93509]: DEBUG oslo.privsep.daemon [-] privsep: reply[29f5d707-0565-4133-a53f-aef76fc8181e]: (4, 'qcow2') {{(pid=94665) _call_back /opt/stack/data/venv/lib/python3.12/site-packages/oslo_privsep/daemon.py:580}}
Jun 24 14:21:39 devstack cinder-volume[93509]: DEBUG oslo_concurrency.processutils [None req-b2a54547-bb1d-4c21-bf23-31334306cdda tempest-GroupsV314Test-334175705 None] Running cmd (subprocess): /opt/stack/data/venv/bin/python3.12 -m oslo_concurrency.prlimit --as=1073741824 --cpu=60 -- sudo cinder-rootwrap /etc/cinder/rootwrap.conf env LC_ALL=C qemu-img info -f qcow2 --output=json --force-share /opt/stack/data/cinder/mnt/42a4bb7483f4d09fb2f868d2f3083e1a/volume-eba2020b-9cec-41ea-b5ab-facbaccc7d4d {{(pid=93509) execute /opt/stack/data/venv/lib/python3.12/site-packages/oslo_concurrency/processutils.py:440}}
Jun 24 14:21:39 devstack sudo[98315]: quobyte : PWD=/ ; USER=root ; COMMAND=/opt/stack/data/venv/bin/cinder-rootwrap /etc/cinder/rootwrap.conf env LC_ALL=C qemu-img info -f qcow2 --output=json --force-share /opt/stack/data/cinder/mnt/42a4bb7483f4d09fb2f868d2f3083e1a/volume-eba2020b-9cec-41ea-b5ab-facbaccc7d4d
Jun 24 14:21:39 devstack sudo[98315]: pam_unix(sudo:session): session opened for user root(uid=0) by (uid=1000)
Jun 24 14:21:39 devstack cinder-volume[93509]: DEBUG dbcounter [-] [93509] Writing DB stats cinder:UPDATE=24,cinder:SELECT=27,cinder:DELETE=3,cinder:INSERT=8 {{(pid=93509) stat_writer /opt/stack/data/venv/lib/python3.12/site-packages/dbcounter.py:115}}
Jun 24 14:21:40 devstack sudo[98315]: pam_unix(sudo:session): session closed for user root
Jun 24 14:21:40 devstack cinder-volume[93509]: DEBUG oslo_concurrency.processutils [None req-b2a54547-bb1d-4c21-bf23-31334306cdda tempest-GroupsV314Test-334175705 None] CMD "/opt/stack/data/venv/bin/python3.12 -m oslo_concurrency.prlimit --as=1073741824 --cpu=60 -- sudo cinder-rootwrap /etc/cinder/rootwrap.conf env LC_ALL=C qemu-img info -f qcow2 --output=json --force-share /opt/stack/data/cinder/mnt/42a4bb7483f4d09fb2f868d2f3083e1a/volume-eba2020b-9cec-41ea-b5ab-facbaccc7d4d" returned: 0 in 0.754s {{(pid=93509) execute /opt/stack/data/venv/lib/python3.12/site-packages/oslo_concurrency/processutils.py:468}}
Jun 24 14:21:40 devstack cinder-volume[93509]: DEBUG oslo_concurrency.processutils [None req-b2a54547-bb1d-4c21-bf23-31334306cdda tempest-GroupsV314Test-334175705 None] Running cmd (subprocess): sudo cinder-rootwrap /etc/cinder/rootwrap.conf qemu-img commit -d /opt/stack/data/cinder/mnt/42a4bb7483f4d09fb2f868d2f3083e1a/volume-eba2020b-9cec-41ea-b5ab-facbaccc7d4d.098c216b-6601-466b-bde8-71c966c9b677 {{(pid=93509) execute /opt/stack/data/venv/lib/python3.12/site-packages/oslo_concurrency/processutils.py:440}}
Jun 24 14:21:40 devstack sudo[98320]: quobyte : PWD=/ ; USER=root ; COMMAND=/opt/stack/data/venv/bin/cinder-rootwrap /etc/cinder/rootwrap.conf qemu-img commit -d /opt/stack/data/cinder/mnt/42a4bb7483f4d09fb2f868d2f3083e1a/volume-eba2020b-9cec-41ea-b5ab-facbaccc7d4d.098c216b-6601-466b-bde8-71c966c9b677
Jun 24 14:21:40 devstack sudo[98320]: pam_unix(sudo:session): session opened for user root(uid=0) by (uid=1000)
Jun 24 14:21:41 devstack sudo[98320]: pam_unix(sudo:session): session closed for user root
Jun 24 14:21:41 devstack cinder-volume[93509]: DEBUG oslo_concurrency.processutils [None req-b2a54547-bb1d-4c21-bf23-31334306cdda tempest-GroupsV314Test-334175705 None] CMD "sudo cinder-rootwrap /etc/cinder/rootwrap.conf qemu-img commit -d /opt/stack/data/cinder/mnt/42a4bb7483f4d09fb2f868d2f3083e1a/volume-eba2020b-9cec-41ea-b5ab-facbaccc7d4d.098c216b-6601-466b-bde8-71c966c9b677" returned: 0 in 0.771s {{(pid=93509) execute /opt/stack/data/venv/lib/python3.12/site-packages/oslo_concurrency/processutils.py:468}}
Jun 24 14:21:41 devstack cinder-volume[93509]: DEBUG oslo_concurrency.processutils [None req-b2a54547-bb1d-4c21-bf23-31334306cdda tempest-GroupsV314Test-334175705 None] Running cmd (subprocess): sudo cinder-rootwrap /etc/cinder/rootwrap.conf rm -f /opt/stack/data/cinder/mnt/42a4bb7483f4d09fb2f868d2f3083e1a/volume-eba2020b-9cec-41ea-b5ab-facbaccc7d4d.098c216b-6601-466b-bde8-71c966c9b677 {{(pid=93509) execute /opt/stack/data/venv/lib/python3.12/site-packages/oslo_concurrency/processutils.py:440}}
Jun 24 14:21:41 devstack sudo[98325]: quobyte : PWD=/ ; USER=root ; COMMAND=/opt/stack/data/venv/bin/cinder-rootwrap /etc/cinder/rootwrap.conf rm -f /opt/stack/data/cinder/mnt/42a4bb7483f4d09fb2f868d2f3083e1a/volume-eba2020b-9cec-41ea-b5ab-facbaccc7d4d.098c216b-6601-466b-bde8-71c966c9b677
Jun 24 14:21:41 devstack sudo[98325]: pam_unix(sudo:session): session opened for user root(uid=0) by (uid=1000)
Jun 24 14:21:41 devstack cinder-volume[93509]: DEBUG oslo_service.periodic_task [None req-8fc20a44-5a5d-47e5-929d-b90a30c314a2 None None] Running periodic task VolumeManager.publish_service_capabilities {{(pid=93509) run_periodic_tasks /opt/stack/data/venv/lib/python3.12/site-packages/oslo_service/periodic_task.py:225}}
Jun 24 14:21:41 devstack cinder-volume[93509]: DEBUG oslo_concurrency.lockutils [None req-8fc20a44-5a5d-47e5-929d-b90a30c314a2 None None] Acquiring lock "quobyte_ensure" by "cinder.volume.drivers.quobyte.QuobyteDriver._ensure_shares_mounted" {{(pid=93509) inner /opt/stack/data/venv/lib/python3.12/site-packages/oslo_concurrency/lockutils.py:511}}
Jun 24 14:21:41 devstack cinder-volume[93509]: DEBUG oslo_concurrency.lockutils [None req-8fc20a44-5a5d-47e5-929d-b90a30c314a2 None None] Lock "quobyte_ensure" acquired by "cinder.volume.drivers.quobyte.QuobyteDriver._ensure_shares_mounted" :: waited 0.001s {{(pid=93509) inner /opt/stack/data/venv/lib/python3.12/site-packages/oslo_concurrency/lockutils.py:524}}
Jun 24 14:21:41 devstack cinder-volume[93509]: DEBUG cinder.volume.drivers.quobyte [None req-8fc20a44-5a5d-47e5-929d-b90a30c314a2 None None] Quobyte Volume URL set to: {'osci02.corp.quobyte.com/cinder-vol-b87f16fa-c6d8-4974-83aa-34afa55ad060': None} {{(pid=93509) _load_shares_config /opt/stack/cinder/cinder/volume/drivers/quobyte.py:617}}
Jun 24 14:21:41 devstack cinder-volume[93509]: DEBUG cinder.volume.drivers.quobyte [None req-8fc20a44-5a5d-47e5-929d-b90a30c314a2 None None] Available shares ['osci02.corp.quobyte.com/cinder-vol-b87f16fa-c6d8-4974-83aa-34afa55ad060'] {{(pid=93509) _ensure_shares_mounted /opt/stack/cinder/cinder/volume/drivers/quobyte.py:647}}
Jun 24 14:21:41 devstack cinder-volume[93509]: DEBUG oslo_concurrency.lockutils [None req-8fc20a44-5a5d-47e5-929d-b90a30c314a2 None None] Lock "quobyte_ensure" "released" by "cinder.volume.drivers.quobyte.QuobyteDriver._ensure_shares_mounted" :: held 0.009s {{(pid=93509) inner /opt/stack/data/venv/lib/python3.12/site-packages/oslo_concurrency/lockutils.py:543}}
Jun 24 14:21:41 devstack cinder-volume[93509]: DEBUG oslo_concurrency.processutils [None req-8fc20a44-5a5d-47e5-929d-b90a30c314a2 None None] Running cmd (subprocess): sudo cinder-rootwrap /etc/cinder/rootwrap.conf df --portability --block-size 1 /opt/stack/data/cinder/mnt/42a4bb7483f4d09fb2f868d2f3083e1a {{(pid=93509) execute /opt/stack/data/venv/lib/python3.12/site-packages/oslo_concurrency/processutils.py:440}}
Jun 24 14:21:41 devstack sudo[98327]: quobyte : PWD=/ ; USER=root ; COMMAND=/opt/stack/data/venv/bin/cinder-rootwrap /etc/cinder/rootwrap.conf df --portability --block-size 1 /opt/stack/data/cinder/mnt/42a4bb7483f4d09fb2f868d2f3083e1a
Jun 24 14:21:41 devstack sudo[98327]: pam_unix(sudo:session): session opened for user root(uid=0) by (uid=1000)
Jun 24 14:21:41 devstack sudo[98325]: pam_unix(sudo:session): session closed for user root
Jun 24 14:21:41 devstack cinder-volume[93509]: DEBUG oslo_concurrency.processutils [None req-b2a54547-bb1d-4c21-bf23-31334306cdda tempest-GroupsV314Test-334175705 None] CMD "sudo cinder-rootwrap /etc/cinder/rootwrap.conf rm -f /opt/stack/data/cinder/mnt/42a4bb7483f4d09fb2f868d2f3083e1a/volume-eba2020b-9cec-41ea-b5ab-facbaccc7d4d.098c216b-6601-466b-bde8-71c966c9b677" returned: 0 in 0.678s {{(pid=93509) execute /opt/stack/data/venv/lib/python3.12/site-packages/oslo_concurrency/processutils.py:468}}
Jun 24 14:21:42 devstack cinder-volume[93509]: DEBUG cinder.coordination [None req-b2a54547-bb1d-4c21-bf23-31334306cdda tempest-GroupsV314Test-334175705 None] Lock "cinder-quobyte-098c216b-6601-466b-bde8-71c966c9b677" released by "_delete_snapshot" :: held 3.080s {{(pid=93509) __release /opt/stack/cinder/cinder/coordination.py:152}}
Jun 24 14:21:42 devstack sudo[98327]: pam_unix(sudo:session): session closed for user root
Jun 24 14:21:42 devstack cinder-volume[93509]: DEBUG oslo_concurrency.processutils [None req-8fc20a44-5a5d-47e5-929d-b90a30c314a2 None None] CMD "sudo cinder-rootwrap /etc/cinder/rootwrap.conf df --portability --block-size 1 /opt/stack/data/cinder/mnt/42a4bb7483f4d09fb2f868d2f3083e1a" returned: 0 in 0.663s {{(pid=93509) execute /opt/stack/data/venv/lib/python3.12/site-packages/oslo_concurrency/processutils.py:468}}
Jun 24 14:21:42 devstack cinder-volume[93509]: DEBUG cinder.manager [None req-8fc20a44-5a5d-47e5-929d-b90a30c314a2 None None] Notifying Schedulers of capabilities ... {{(pid=93509) _publish_service_capabilities /opt/stack/cinder/cinder/manager.py:219}}
Jun 24 14:21:42 devstack cinder-volume[93509]: DEBUG oslo_concurrency.lockutils [None req-b2a54547-bb1d-4c21-bf23-31334306cdda tempest-GroupsV314Test-334175705 None] Lock "quobyte" "released" by "cinder.volume.drivers.quobyte.QuobyteDriver.create_cloned_volume" :: held 17.453s {{(pid=93509) inner /opt/stack/data/venv/lib/python3.12/site-packages/oslo_concurrency/lockutils.py:543}}
Jun 24 14:21:42 devstack cinder-volume[93509]: DEBUG oslo_concurrency.lockutils [None req-95d2c6ac-378c-4788-8403-9bf315a2ef73 tempest-VolumeSnapshotQuotasNegativeTestJSON-538626653 None] Lock "quobyte" acquired by "cinder.volume.drivers.quobyte.QuobyteDriver.create_snapshot" :: waited 15.774s {{(pid=93509) inner /opt/stack/data/venv/lib/python3.12/site-packages/oslo_concurrency/lockutils.py:524}}
Jun 24 14:21:42 devstack cinder-volume[93509]: DEBUG oslo_service.periodic_task [None req-8fc20a44-5a5d-47e5-929d-b90a30c314a2 None None] Running periodic task VolumeManager._thread_info {{(pid=93509) run_periodic_tasks /opt/stack/data/venv/lib/python3.12/site-packages/oslo_service/periodic_task.py:225}}
Jun 24 14:21:42 devstack cinder-volume[93509]: DEBUG cinder.volume.manager [None req-8fc20a44-5a5d-47e5-929d-b90a30c314a2 None None] thread count: 8 {{(pid=93509) _thread_info /opt/stack/cinder/cinder/volume/manager.py:5472}}
Jun 24 14:21:42 devstack cinder-volume[93509]: DEBUG cinder.volume.manager [None req-8fc20a44-5a5d-47e5-929d-b90a30c314a2 None None] thread info: [<_MainThread(MainThread, started 140068778516608)>, , , , , , , ] {{(pid=93509) _thread_info /opt/stack/cinder/cinder/volume/manager.py:5473}}
Jun 24 14:21:42 devstack cinder-volume[93509]: DEBUG cinder.volume.drivers.remotefs [None req-95d2c6ac-378c-4788-8403-9bf315a2ef73 tempest-VolumeSnapshotQuotasNegativeTestJSON-538626653 None] Creating offline snapshot 87d53b37-789d-4d05-9060-775f027f86a4 of volume 7e71cafc-65b7-44b3-ba8d-4c9b1453e624 {{(pid=93509) _create_snapshot /opt/stack/cinder/cinder/volume/drivers/remotefs.py:1815}}
Jun 24 14:21:42 devstack cinder-volume[93509]: DEBUG oslo.privsep.daemon [-] privsep: reply[7d2cac9d-1500-4d80-9372-a95efb3358ba]: (4, 'qcow2') {{(pid=94665) _call_back /opt/stack/data/venv/lib/python3.12/site-packages/oslo_privsep/daemon.py:580}}
Jun 24 14:21:42 devstack cinder-volume[93509]: DEBUG oslo_concurrency.processutils [None req-95d2c6ac-378c-4788-8403-9bf315a2ef73 tempest-VolumeSnapshotQuotasNegativeTestJSON-538626653 None] Running cmd (subprocess): /opt/stack/data/venv/bin/python3.12 -m oslo_concurrency.prlimit --as=1073741824 --cpu=60 -- sudo cinder-rootwrap /etc/cinder/rootwrap.conf env LC_ALL=C qemu-img info -f qcow2 --output=json --force-share /opt/stack/data/cinder/mnt/42a4bb7483f4d09fb2f868d2f3083e1a/volume-7e71cafc-65b7-44b3-ba8d-4c9b1453e624 {{(pid=93509) execute /opt/stack/data/venv/lib/python3.12/site-packages/oslo_concurrency/processutils.py:440}}
Jun 24 14:21:42 devstack cinder-volume[93509]: INFO cinder.volume.manager [None req-b2a54547-bb1d-4c21-bf23-31334306cdda tempest-GroupsV314Test-334175705 None] Create group from source-group-e74b8114-46fe-4994-b14b-b8f1a2051311 completed successfully.
Jun 24 14:21:42 devstack sudo[98331]: quobyte : PWD=/ ; USER=root ; COMMAND=/opt/stack/data/venv/bin/cinder-rootwrap /etc/cinder/rootwrap.conf env LC_ALL=C qemu-img info -f qcow2 --output=json --force-share /opt/stack/data/cinder/mnt/42a4bb7483f4d09fb2f868d2f3083e1a/volume-7e71cafc-65b7-44b3-ba8d-4c9b1453e624
Jun 24 14:21:42 devstack sudo[98331]: pam_unix(sudo:session): session opened for user root(uid=0) by (uid=1000)
Jun 24 14:21:42 devstack cinder-volume[93509]: DEBUG cinder.coordination [None req-b4a5522b-f605-4b06-9e05-e76e7564d373 tempest-GroupsV314Test-334175705 None] Acquiring lock "cinder-quobyte-dd10ddbe-d1bb-414b-8aa6-d4be42e89726" by "delete_volume" {{(pid=93509) __acquire /opt/stack/cinder/cinder/coordination.py:138}}
Jun 24 14:21:42 devstack cinder-volume[93509]: DEBUG cinder.coordination [None req-b4a5522b-f605-4b06-9e05-e76e7564d373 tempest-GroupsV314Test-334175705 None] Lock "cinder-quobyte-dd10ddbe-d1bb-414b-8aa6-d4be42e89726" acquired by "delete_volume" :: waited 0.016s {{(pid=93509) __acquire /opt/stack/cinder/cinder/coordination.py:141}}
Jun 24 14:21:42 devstack cinder-volume[93509]: DEBUG oslo.privsep.daemon [-] privsep: reply[38150574-511f-4266-a7a0-5fc1fe80ba4b]: (4, 'qcow2') {{(pid=94665) _call_back /opt/stack/data/venv/lib/python3.12/site-packages/oslo_privsep/daemon.py:580}}
Jun 24 14:21:42 devstack cinder-volume[93509]: DEBUG oslo_concurrency.processutils [None req-b4a5522b-f605-4b06-9e05-e76e7564d373 tempest-GroupsV314Test-334175705 None] Running cmd (subprocess): /opt/stack/data/venv/bin/python3.12 -m oslo_concurrency.prlimit --as=1073741824 --cpu=60 -- sudo cinder-rootwrap /etc/cinder/rootwrap.conf env LC_ALL=C qemu-img info -f qcow2 --output=json --force-share /opt/stack/data/cinder/mnt/42a4bb7483f4d09fb2f868d2f3083e1a/volume-dd10ddbe-d1bb-414b-8aa6-d4be42e89726 {{(pid=93509) execute /opt/stack/data/venv/lib/python3.12/site-packages/oslo_concurrency/processutils.py:440}}
Jun 24 14:21:42 devstack sudo[98335]: quobyte : PWD=/ ; USER=root ; COMMAND=/opt/stack/data/venv/bin/cinder-rootwrap /etc/cinder/rootwrap.conf env LC_ALL=C qemu-img info -f qcow2 --output=json --force-share /opt/stack/data/cinder/mnt/42a4bb7483f4d09fb2f868d2f3083e1a/volume-dd10ddbe-d1bb-414b-8aa6-d4be42e89726
Jun 24 14:21:42 devstack sudo[98335]: pam_unix(sudo:session): session opened for user root(uid=0) by (uid=1000)
Jun 24 14:21:43 devstack sudo[98331]: pam_unix(sudo:session): session closed for user root
Jun 24 14:21:43 devstack cinder-volume[93509]: DEBUG oslo_concurrency.processutils [None req-95d2c6ac-378c-4788-8403-9bf315a2ef73 tempest-VolumeSnapshotQuotasNegativeTestJSON-538626653 None] CMD "/opt/stack/data/venv/bin/python3.12 -m oslo_concurrency.prlimit --as=1073741824 --cpu=60 -- sudo cinder-rootwrap /etc/cinder/rootwrap.conf env LC_ALL=C qemu-img info -f qcow2 --output=json --force-share /opt/stack/data/cinder/mnt/42a4bb7483f4d09fb2f868d2f3083e1a/volume-7e71cafc-65b7-44b3-ba8d-4c9b1453e624" returned: 0 in 0.912s {{(pid=93509) execute /opt/stack/data/venv/lib/python3.12/site-packages/oslo_concurrency/processutils.py:468}}
Jun 24 14:21:43 devstack cinder-volume[93509]: DEBUG oslo_concurrency.processutils [None req-95d2c6ac-378c-4788-8403-9bf315a2ef73 tempest-VolumeSnapshotQuotasNegativeTestJSON-538626653 None] Running cmd (subprocess): sudo cinder-rootwrap /etc/cinder/rootwrap.conf qemu-img create -f qcow2 -o backing_file=/opt/stack/data/cinder/mnt/42a4bb7483f4d09fb2f868d2f3083e1a/volume-7e71cafc-65b7-44b3-ba8d-4c9b1453e624,backing_fmt=qcow2 /opt/stack/data/cinder/mnt/42a4bb7483f4d09fb2f868d2f3083e1a/volume-7e71cafc-65b7-44b3-ba8d-4c9b1453e624.87d53b37-789d-4d05-9060-775f027f86a4 1G {{(pid=93509) execute /opt/stack/data/venv/lib/python3.12/site-packages/oslo_concurrency/processutils.py:440}}
Jun 24 14:21:43 devstack sudo[98339]: quobyte : PWD=/ ; USER=root ; COMMAND=/opt/stack/data/venv/bin/cinder-rootwrap /etc/cinder/rootwrap.conf qemu-img create -f qcow2 -o backing_file=/opt/stack/data/cinder/mnt/42a4bb7483f4d09fb2f868d2f3083e1a/volume-7e71cafc-65b7-44b3-ba8d-4c9b1453e624,backing_fmt=qcow2 /opt/stack/data/cinder/mnt/42a4bb7483f4d09fb2f868d2f3083e1a/volume-7e71cafc-65b7-44b3-ba8d-4c9b1453e624.87d53b37-789d-4d05-9060-775f027f86a4 1G
Jun 24 14:21:43 devstack sudo[98339]: pam_unix(sudo:session): session opened for user root(uid=0) by (uid=1000)
Jun 24 14:21:43 devstack sudo[98335]: pam_unix(sudo:session): session closed for user root
