Jun 19 04:17:27 devstack devstack@c-api.service[93510]: /opt/stack/data/venv/lib/python3.12/site-packages/oslo_context/context.py:102: DeprecationWarning: Policy enforcement is depending on the value of is_admin. This key is deprecated. Please update your policy file to use the standard policy values.
Jun 19 04:17:27 devstack devstack@c-api.service[93510]: warnings.warn(
Jun 19 04:17:27 devstack devstack@c-api.service[93510]: INFO cinder.volume.api [None req-922e84cb-76c0-46dc-ad88-343505514350 tempest-SnapshotMetadataTestJSON-1018956010 tempest-SnapshotMetadataTestJSON-1018956010-project-member] Volume info retrieved successfully.
Jun 19 04:17:27 devstack devstack@c-api.service[93509]: INFO cinder.api.openstack.wsgi [req-73bde51e-4b2b-41ea-988f-b285409121ec req-cc086ded-d894-4369-8e2f-3e61012d27ca tempest-VolumesSnapshotsTestJSON-1010210848 tempest-VolumesSnapshotsTestJSON-1010210848-project-member] http://192.168.122.84/volume/v3/volumes/5427420f-4ca2-4f13-bbe9-e7e59d15561b returned with HTTP 200
Jun 19 04:17:27 devstack devstack@c-api.service[93509]: [pid: 93509|app: 0|req: 204/413] 192.168.122.84 () {60 vars in 1482 bytes} [Fri Jun 19 04:17:27 2026] GET /volume/v3/volumes/5427420f-4ca2-4f13-bbe9-e7e59d15561b => generated 854 bytes in 104 msecs (HTTP/1.1 200) 7 headers in 285 bytes (1 switches on core 0)
Jun 19 04:17:27 devstack devstack@c-api.service[93510]: INFO cinder.api.openstack.wsgi [None req-922e84cb-76c0-46dc-ad88-343505514350 tempest-SnapshotMetadataTestJSON-1018956010 tempest-SnapshotMetadataTestJSON-1018956010-project-member] http://192.168.122.84/volume/v3/volumes/3dbad59a-56ae-4882-bdbf-3d3271e91cbd returned with HTTP 200
Jun 19 04:17:27 devstack devstack@c-api.service[93510]: [pid: 93510|app: 0|req: 210/414] 192.168.122.84 () {58 vars in 1227 bytes} [Fri Jun 19 04:17:27 2026] GET /volume/v3/volumes/3dbad59a-56ae-4882-bdbf-3d3271e91cbd => generated 854 bytes in 92 msecs (HTTP/1.1 200) 7 headers in 285 bytes (1 switches on core 0)
Jun 19 04:17:28 devstack devstack@c-api.service[93509]: DEBUG cinder.api.middleware.request_id [None req-75ca6e5a-bea0-4d91-8436-396c0544c5ac None None] RequestId filter calling following filter/app {{(pid=93509) _context_setter /opt/stack/cinder/cinder/api/middleware/request_id.py:62}}
Jun 19 04:17:28 devstack devstack@c-api.service[93509]: INFO cinder.api.openstack.wsgi [None req-75ca6e5a-bea0-4d91-8436-396c0544c5ac tempest-SnapshotMetadataTestJSON-1018956010 tempest-SnapshotMetadataTestJSON-1018956010-project-member] GET http://192.168.122.84/volume/v3/volumes/3dbad59a-56ae-4882-bdbf-3d3271e91cbd
Jun 19 04:17:28 devstack devstack@c-api.service[93510]: DEBUG cinder.api.middleware.request_id [req-5eae2e94-9a77-43e1-88a9-518155276809 req-b6ee27fd-1400-4ff7-8fc0-56c055b829f0 None None] RequestId filter calling following filter/app {{(pid=93510) _context_setter /opt/stack/cinder/cinder/api/middleware/request_id.py:62}}
Jun 19 04:17:28 devstack devstack@c-api.service[93509]: DEBUG cinder.api.openstack.wsgi [None req-75ca6e5a-bea0-4d91-8436-396c0544c5ac tempest-SnapshotMetadataTestJSON-1018956010 tempest-SnapshotMetadataTestJSON-1018956010-project-member] Empty body provided in request {{(pid=93509) get_body /opt/stack/cinder/cinder/api/openstack/wsgi.py:725}}
Jun 19 04:17:28 devstack devstack@c-api.service[93509]: DEBUG cinder.api.openstack.wsgi [None req-75ca6e5a-bea0-4d91-8436-396c0544c5ac tempest-SnapshotMetadataTestJSON-1018956010 tempest-SnapshotMetadataTestJSON-1018956010-project-member] Calling method 'show' {{(pid=93509) _process_stack /opt/stack/cinder/cinder/api/openstack/wsgi.py:878}}
Jun 19 04:17:28 devstack devstack@c-api.service[93510]: INFO cinder.api.openstack.wsgi [req-5eae2e94-9a77-43e1-88a9-518155276809 req-b6ee27fd-1400-4ff7-8fc0-56c055b829f0 tempest-VolumesSnapshotsTestJSON-1010210848 tempest-VolumesSnapshotsTestJSON-1010210848-project-member] GET http://192.168.122.84/volume/v3/volumes/5427420f-4ca2-4f13-bbe9-e7e59d15561b
Jun 19 04:17:28 devstack devstack@c-api.service[93510]: DEBUG cinder.api.openstack.wsgi [req-5eae2e94-9a77-43e1-88a9-518155276809 req-b6ee27fd-1400-4ff7-8fc0-56c055b829f0 tempest-VolumesSnapshotsTestJSON-1010210848 tempest-VolumesSnapshotsTestJSON-1010210848-project-member] Empty body provided in request {{(pid=93510) get_body /opt/stack/cinder/cinder/api/openstack/wsgi.py:725}}
Jun 19 04:17:28 devstack devstack@c-api.service[93510]: DEBUG cinder.api.openstack.wsgi [req-5eae2e94-9a77-43e1-88a9-518155276809 req-b6ee27fd-1400-4ff7-8fc0-56c055b829f0 tempest-VolumesSnapshotsTestJSON-1010210848 tempest-VolumesSnapshotsTestJSON-1010210848-project-member] Calling method 'show' {{(pid=93510) _process_stack /opt/stack/cinder/cinder/api/openstack/wsgi.py:878}}
Jun 19 04:17:28 devstack devstack@c-api.service[93509]: /opt/stack/data/venv/lib/python3.12/site-packages/oslo_context/context.py:102: DeprecationWarning: Policy enforcement is depending on the value of is_admin. This key is deprecated. Please update your policy file to use the standard policy values.
Jun 19 04:17:28 devstack devstack@c-api.service[93509]: warnings.warn(
Jun 19 04:17:28 devstack devstack@c-api.service[93509]: INFO cinder.volume.api [None req-75ca6e5a-bea0-4d91-8436-396c0544c5ac tempest-SnapshotMetadataTestJSON-1018956010 tempest-SnapshotMetadataTestJSON-1018956010-project-member] Volume info retrieved successfully.
Jun 19 04:17:28 devstack devstack@c-api.service[93510]: /opt/stack/data/venv/lib/python3.12/site-packages/oslo_context/context.py:102: DeprecationWarning: Policy enforcement is depending on the value of is_admin. This key is deprecated. Please update your policy file to use the standard policy values.
Jun 19 04:17:28 devstack devstack@c-api.service[93510]: warnings.warn(
Jun 19 04:17:28 devstack devstack@c-api.service[93510]: INFO cinder.volume.api [req-5eae2e94-9a77-43e1-88a9-518155276809 req-b6ee27fd-1400-4ff7-8fc0-56c055b829f0 tempest-VolumesSnapshotsTestJSON-1010210848 tempest-VolumesSnapshotsTestJSON-1010210848-project-member] Volume info retrieved successfully.
Jun 19 04:17:28 devstack devstack@c-api.service[93509]: INFO cinder.api.openstack.wsgi [None req-75ca6e5a-bea0-4d91-8436-396c0544c5ac tempest-SnapshotMetadataTestJSON-1018956010 tempest-SnapshotMetadataTestJSON-1018956010-project-member] http://192.168.122.84/volume/v3/volumes/3dbad59a-56ae-4882-bdbf-3d3271e91cbd returned with HTTP 200
Jun 19 04:17:28 devstack devstack@c-api.service[93509]: [pid: 93509|app: 0|req: 205/415] 192.168.122.84 () {58 vars in 1227 bytes} [Fri Jun 19 04:17:28 2026] GET /volume/v3/volumes/3dbad59a-56ae-4882-bdbf-3d3271e91cbd => generated 854 bytes in 73 msecs (HTTP/1.1 200) 7 headers in 285 bytes (1 switches on core 0)
Jun 19 04:17:28 devstack devstack@c-api.service[93510]: INFO cinder.api.openstack.wsgi [req-5eae2e94-9a77-43e1-88a9-518155276809 req-b6ee27fd-1400-4ff7-8fc0-56c055b829f0 tempest-VolumesSnapshotsTestJSON-1010210848 tempest-VolumesSnapshotsTestJSON-1010210848-project-member] http://192.168.122.84/volume/v3/volumes/5427420f-4ca2-4f13-bbe9-e7e59d15561b returned with HTTP 200
Jun 19 04:17:28 devstack devstack@c-api.service[93510]: [pid: 93510|app: 0|req: 211/416] 192.168.122.84 () {60 vars in 1482 bytes} [Fri Jun 19 04:17:28 2026] GET /volume/v3/volumes/5427420f-4ca2-4f13-bbe9-e7e59d15561b => generated 854 bytes in 69 msecs (HTTP/1.1 200) 7 headers in 285 bytes (1 switches on core 0)
Jun 19 04:17:28 devstack devstack@c-api.service[93509]: DEBUG cinder.api.middleware.request_id [None req-9b96e9e8-8675-4e60-be0c-554251dfc2ed None None] RequestId filter calling following filter/app {{(pid=93509) _context_setter /opt/stack/cinder/cinder/api/middleware/request_id.py:62}}
Jun 19 04:17:28 devstack devstack@c-api.service[93509]: INFO cinder.api.openstack.wsgi [None req-9b96e9e8-8675-4e60-be0c-554251dfc2ed None None] GET http://192.168.122.84/volume//
Jun 19 04:17:28 devstack devstack@c-api.service[93509]: DEBUG cinder.api.openstack.wsgi [None req-9b96e9e8-8675-4e60-be0c-554251dfc2ed None None] Empty body provided in request {{(pid=93509) get_body /opt/stack/cinder/cinder/api/openstack/wsgi.py:725}}
Jun 19 04:17:28 devstack devstack@c-api.service[93509]: DEBUG cinder.api.openstack.wsgi [None req-9b96e9e8-8675-4e60-be0c-554251dfc2ed None None] Calling method 'all' {{(pid=93509) _process_stack /opt/stack/cinder/cinder/api/openstack/wsgi.py:878}}
Jun 19 04:17:28 devstack devstack@c-api.service[93509]: INFO cinder.api.openstack.wsgi [None req-9b96e9e8-8675-4e60-be0c-554251dfc2ed None None] http://192.168.122.84/volume// returned with HTTP 300
Jun 19 04:17:28 devstack devstack@c-api.service[93509]: [pid: 93509|app: 0|req: 206/417] 192.168.122.84 () {58 vars in 1312 bytes} [Fri Jun 19 04:17:28 2026] GET /volume/ => generated 389 bytes in 4 msecs (HTTP/1.1 300) 7 headers in 299 bytes (1 switches on core 0)
Jun 19 04:17:28 devstack devstack@c-api.service[93510]: DEBUG cinder.api.middleware.request_id [req-72f9ba1a-d2ca-4ed3-b4b2-b31593e91cd8 req-e59cb1a1-ebfe-4c4d-a387-13c101f5fc3a None None] RequestId filter calling following filter/app {{(pid=93510) _context_setter /opt/stack/cinder/cinder/api/middleware/request_id.py:62}}
Jun 19 04:17:28 devstack devstack@c-api.service[93510]: INFO cinder.api.openstack.wsgi [req-72f9ba1a-d2ca-4ed3-b4b2-b31593e91cd8 req-e59cb1a1-ebfe-4c4d-a387-13c101f5fc3a tempest-AttachVolumeTestJSON-2068967469 tempest-AttachVolumeTestJSON-2068967469-project-member] POST http://192.168.122.84/volume/v3/attachments
Jun 19 04:17:28 devstack devstack@c-api.service[93510]: DEBUG cinder.api.openstack.wsgi [req-72f9ba1a-d2ca-4ed3-b4b2-b31593e91cd8 req-e59cb1a1-ebfe-4c4d-a387-13c101f5fc3a tempest-AttachVolumeTestJSON-2068967469 tempest-AttachVolumeTestJSON-2068967469-project-member] Action: 'create', calling method: version_select, body: {"attachment": {"volume_uuid": "6db56c1e-9070-4671-9d0c-a86e238d927b", "connector": null, "instance_uuid": "eca629ef-b81a-4bdd-8506-2f0eedd2dc30"}} {{(pid=93510) _process_stack /opt/stack/cinder/cinder/api/openstack/wsgi.py:876}}
Jun 19 04:17:28 devstack devstack@c-api.service[93510]: /opt/stack/data/venv/lib/python3.12/site-packages/oslo_context/context.py:102: DeprecationWarning: Policy enforcement is depending on the value of is_admin. This key is deprecated. Please update your policy file to use the standard policy values.
Jun 19 04:17:28 devstack devstack@c-api.service[93510]: warnings.warn(
Jun 19 04:17:29 devstack devstack@c-api.service[93510]: INFO cinder.api.openstack.wsgi [req-72f9