Feb 26 21:59:42 devstack cinder-volume[82624]: WARNING cinder.volume.drivers.remotefs [None req-7781d8b8-8a4d-4888-8309-ec6bbe9ae556 tempest-GroupSnapshotsTest-1715933531 None] /opt/stack/data/cinder/mnt/b18025468a3d0478d147fb57c1710f8e/volume-f69db7a1-6d2d-43b5-90d6-132e4c49d7ba.26b4ca77-15c5-44ec-a16a-996c4acd3815 is being set with open permissions: ugo+rw: NotImplementedError
Feb 26 21:59:42 devstack cinder-volume[82624]: DEBUG oslo_concurrency.processutils [None req-7781d8b8-8a4d-4888-8309-ec6bbe9ae556 tempest-GroupSnapshotsTest-1715933531 None] Running cmd (subprocess): sudo cinder-rootwrap /etc/cinder/rootwrap.conf chmod ugo+rw /opt/stack/data/cinder/mnt/b18025468a3d0478d147fb57c1710f8e/volume-f69db7a1-6d2d-43b5-90d6-132e4c49d7ba.26b4ca77-15c5-44ec-a16a-996c4acd3815 {{(pid=82624) execute /opt/stack/data/venv/lib/python3.10/site-packages/oslo_concurrency/processutils.py:440}}
Feb 26 21:59:42 devstack sudo[86450]: quobyte : PWD=/ ; USER=root ; COMMAND=/opt/stack/data/venv/bin/cinder-rootwrap /etc/cinder/rootwrap.conf chmod ugo+rw /opt/stack/data/cinder/mnt/b18025468a3d0478d147fb57c1710f8e/volume-f69db7a1-6d2d-43b5-90d6-132e4c49d7ba.26b4ca77-15c5-44ec-a16a-996c4acd3815
Feb 26 21:59:42 devstack sudo[86450]: pam_unix(sudo:session): session opened for user root(uid=0) by (uid=1000)
Feb 26 21:59:42 devstack sudo[86450]: pam_unix(sudo:session): session closed for user root
Feb 26 21:59:42 devstack cinder-volume[82624]: DEBUG oslo_concurrency.processutils [None req-7781d8b8-8a4d-4888-8309-ec6bbe9ae556 tempest-GroupSnapshotsTest-1715933531 None] CMD "sudo cinder-rootwrap /etc/cinder/rootwrap.conf chmod ugo+rw /opt/stack/data/cinder/mnt/b18025468a3d0478d147fb57c1710f8e/volume-f69db7a1-6d2d-43b5-90d6-132e4c49d7ba.26b4ca77-15c5-44ec-a16a-996c4acd3815" returned: 0 in 0.470s {{(pid=82624) execute /opt/stack/data/venv/lib/python3.10/site-packages/oslo_concurrency/processutils.py:468}}
Feb 26 21:59:42 devstack cinder-volume[82624]: DEBUG oslo_concurrency.processutils [None req-7781d8b8-8a4d-4888-8309-ec6bbe9ae556 tempest-GroupSnapshotsTest-1715933531 None] Running cmd (subprocess): sudo cinder-rootwrap /etc/cinder/rootwrap.conf truncate -s0 /opt/stack/data/cinder/mnt/b18025468a3d0478d147fb57c1710f8e/volume-f69db7a1-6d2d-43b5-90d6-132e4c49d7ba.info {{(pid=82624) execute /opt/stack/data/venv/lib/python3.10/site-packages/oslo_concurrency/processutils.py:440}}
Feb 26 21:59:42 devstack sudo[86454]: quobyte : PWD=/ ; USER=root ; COMMAND=/opt/stack/data/venv/bin/cinder-rootwrap /etc/cinder/rootwrap.conf truncate -s0 /opt/stack/data/cinder/mnt/b18025468a3d0478d147fb57c1710f8e/volume-f69db7a1-6d2d-43b5-90d6-132e4c49d7ba.info
Feb 26 21:59:42 devstack sudo[86454]: pam_unix(sudo:session): session opened for user root(uid=0) by (uid=1000)
Feb 26 21:59:43 devstack sudo[86454]: pam_unix(sudo:session): session closed for user root
Feb 26 21:59:43 devstack cinder-volume[82624]: DEBUG oslo_concurrency.processutils [None req-7781d8b8-8a4d-4888-8309-ec6bbe9ae556 tempest-GroupSnapshotsTest-1715933531 None] CMD "sudo cinder-rootwrap /etc/cinder/rootwrap.conf truncate -s0 /opt/stack/data/cinder/mnt/b18025468a3d0478d147fb57c1710f8e/volume-f69db7a1-6d2d-43b5-90d6-132e4c49d7ba.info" returned: 0 in 0.483s {{(pid=82624) execute /opt/stack/data/venv/lib/python3.10/site-packages/oslo_concurrency/processutils.py:468}}
Feb 26 21:59:43 devstack cinder-volume[82624]: WARNING cinder.volume.drivers.remotefs [None req-7781d8b8-8a4d-4888-8309-ec6bbe9ae556 tempest-GroupSnapshotsTest-1715933531 None] /opt/stack/data/cinder/mnt/b18025468a3d0478d147fb57c1710f8e/volume-f69db7a1-6d2d-43b5-90d6-132e4c49d7ba.info is being set with open permissions: ugo+rw: NotImplementedError
Feb 26 21:59:43 devstack cinder-volume[82624]: DEBUG oslo_concurrency.processutils [None req-7781d8b8-8a4d-4888-8309-ec6bbe9ae556 tempest-GroupSnapshotsTest-1715933531 None] Running cmd (subprocess): sudo cinder-rootwrap /etc/cinder/rootwrap.conf chmod ugo+rw /opt/stack/data/cinder/mnt/b18025468a3d0478d147fb57c1710f8e/volume-f69db7a1-6d2d-43b5-90d6-132e4c49d7ba.info {{(pid=82624) execute /opt/stack/data/venv/lib/python3.10/site-packages/oslo_concurrency/processutils.py:440}}
Feb 26 21:59:43 devstack sudo[86459]: quobyte : PWD=/ ; USER=root ; COMMAND=/opt/stack/data/venv/bin/cinder-rootwrap /etc/cinder/rootwrap.conf chmod ugo+rw /opt/stack/data/cinder/mnt/b18025468a3d0478d147fb57c1710f8e/volume-f69db7a1-6d2d-43b5-90d6-132e4c49d7ba.info
Feb 26 21:59:43 devstack sudo[86459]: pam_unix(sudo:session): session opened for user root(uid=0) by (uid=1000)
Feb 26 21:59:43 devstack sudo[86459]: pam_unix(sudo:session): session closed for user root
Feb 26 21:59:43 devstack cinder-volume[82624]: DEBUG oslo_concurrency.processutils [None req-7781d8b8-8a4d-4888-8309-ec6bbe9ae556 tempest-GroupSnapshotsTest-1715933531 None] CMD "sudo cinder-rootwrap /etc/cinder/rootwrap.conf chmod ugo+rw /opt/stack/data/cinder/mnt/b18025468a3d0478d147fb57c1710f8e/volume-f69db7a1-6d2d-43b5-90d6-132e4c49d7ba.info" returned: 0 in 0.483s {{(pid=82624) execute /opt/stack/data/venv/lib/python3.10/site-packages/oslo_concurrency/processutils.py:468}}
Feb 26 21:59:43 devstack cinder-volume[82624]: DEBUG oslo_concurrency.lockutils [None req-7781d8b8-8a4d-4888-8309-ec6bbe9ae556 tempest-GroupSnapshotsTest-1715933531 None] Lock "quobyte" "released" by "cinder.volume.drivers.quobyte.QuobyteDriver.create_snapshot" :: held 3.110s {{(pid=82624) inner /opt/stack/data/venv/lib/python3.10/site-packages/oslo_concurrency/lockutils.py:538}}
Feb 26 21:59:43 devstack cinder-volume[82624]: DEBUG oslo_concurrency.lockutils [None req-7781d8b8-8a4d-4888-8309-ec6bbe9ae556 tempest-GroupSnapshotsTest-1715933531 None] Acquiring lock "quobyte" by "cinder.volume.drivers.quobyte.QuobyteDriver.create_snapshot" {{(pid=82624) inner /opt/stack/data/venv/lib/python3.10/site-packages/oslo_concurrency/lockutils.py:506}}
Feb 26 21:59:43 devstack cinder-volume[82624]: DEBUG oslo_concurrency.lockutils [None req-7781d8b8-8a4d-4888-8309-ec6bbe9ae556 tempest-GroupSnapshotsTest-1715933531 None] Lock "quobyte" acquired by "cinder.volume.drivers.quobyte.QuobyteDriver.create_snapshot" :: waited 0.001s {{(pid=82624) inner /opt/stack/data/venv/lib/python3.10/site-packages/oslo_concurrency/lockutils.py:519}}
Feb 26 21:59:43 devstack cinder-volume[82624]: DEBUG cinder.volume.drivers.remotefs [None req-7781d8b8-8a4d-4888-8309-ec6bbe9ae556 tempest-GroupSnapshotsTest-1715933531 None] Creating offline snapshot aca46908-1725-4cf2-abcb-e749aca39849 of volume 7e1a0f71-c45d-4cf9-ad31-f3492d020693 {{(pid=82624) _create_snapshot /opt/stack/cinder/cinder/volume/drivers/remotefs.py:1815}}
Feb 26 21:59:43 devstack cinder-volume[82624]: DEBUG oslo.privsep.daemon [-] privsep: reply[9d0b7523-a8f1-480f-bb0b-3b414260bd16]: (4, 'qcow2') {{(pid=83388) _call_back /opt/stack/data/venv/lib/python3.10/site-packages/oslo_privsep/daemon.py:573}}
Feb 26 21:59:43 devstack cinder-volume[82624]: DEBUG oslo_concurrency.processutils [None req-7781d8b8-8a4d-4888-8309-ec6bbe9ae556 tempest-GroupSnapshotsTest-1715933531 None] Running cmd (subprocess): /opt/stack/data/venv/bin/python3.10 -m oslo_concurrency.prlimit --as=1073741824 --cpu=60 -- sudo cinder-rootwrap /etc/cinder/rootwrap.conf env LC_ALL=C qemu-img info -f qcow2 --output=json --force-share /opt/stack/data/cinder/mnt/b18025468a3d0478d147fb57c1710f8e/volume-7e1a0f71-c45d-4cf9-ad31-f3492d020693 {{(pid=82624) execute /opt/stack/data/venv/lib/python3.10/site-packages/oslo_concurrency/processutils.py:440}}
Feb 26 21:59:44 devstack sudo[86462]: quobyte : PWD=/ ; USER=root ; COMMAND=/opt/stack/data/venv/bin/cinder-rootwrap /etc/cinder/rootwrap.conf env LC_ALL=C qemu-img info -f qcow2 --output=json --force-share /opt/stack/data/cinder/mnt/b18025468a3d0478d147fb57c1710f8e/volume-7e1a0f71-c45d-4cf9-ad31-f3492d020693
Feb 26 21:59:44 devstack sudo[86462]: pam_unix(sudo:session): session opened for user root(uid=0) by (uid=1000)
Feb 26 21:59:44 devstack sudo[86462]: pam_unix(sudo:session): session closed for user root
Feb 26 21:59:44 devstack cinder-volume[82624]: DEBUG oslo_concurrency.processutils [None req-7781d8b8-8a4d-4888-8309-ec6bbe9ae556 tempest-GroupSnapshotsTest-1715933531 None] CMD "/opt/stack/data/venv/bin/python3.10 -m oslo_concurrency.prlimit --as=1073741824 --cpu=60 -- sudo cinder-rootwrap /etc/cinder/rootwrap.conf env LC_ALL=C qemu-img info -f qcow2 --output=json --force-share /opt/stack/data/cinder/mnt/b18025468a3d0478d147fb57c1710f8e/volume-7e1a0f71-c45d-4cf9-ad31-f3492d020693" returned: 0 in 0.571s {{(pid=82624) execute /opt/stack/data/venv/lib/python3.10/site-packages/oslo_concurrency/processutils.py:468}}
Feb 26 21:59:44 devstack cinder-volume[82624]: DEBUG oslo_concurrency.processutils [None req-7781d8b8-8a4d-4888-8309-ec6bbe9ae556 tempest-GroupSnapshotsTest-1715933531 None] Running cmd (subprocess): sudo cinder-rootwrap /etc/cinder/rootwrap.conf qemu-img create -f qcow2 -o backing_file=/opt/stack/data/cinder/mnt/b18025468a3d0478d147fb57c1710f8e/volume-7e1a0f71-c45d-4cf9-ad31-f3492d020693,backing_fmt=qcow2 /opt/stack/data/cinder/mnt/b18025468a3d0478d147fb57c1710f8e/volume-7e1a0f71-c45d-4cf9-ad31-f3492d020693.aca46908-1725-4cf2-abcb-e749aca39849 1G {{(pid=82624) execute /opt/stack/data/venv/lib/python3.10/site-packages/oslo_concurrency/processutils.py:440}}
Feb 26 21:59:44 devstack sudo[86483]: quobyte : PWD=/ ; USER=root ; COMMAND=/opt/stack/data/venv/bin/cinder-rootwrap /etc/cinder/rootwrap.conf qemu-img create -f qcow2 -o backing_file=/opt/stack/data/cinder/mnt/b18025468a3d0478d147fb57c1710f8e/volume-7e1a0f71-c45d-4cf9-ad31-f3492d020693,backing_fmt=qcow2 /opt/stack/data/cinder/mnt/b18025468a3d0478d147fb57c1710f8e/volume-7e1a0f71-c45d-4cf9-ad31-f3492d020693.aca46908-1725-4cf2-abcb-e749aca39849 1G
Feb 26 21:59:44 devstack sudo[86483]: pam_unix(sudo:session): session opened for user root(uid=0) by (uid=1000)
Feb 26 21:59:45 devstack sudo[86483]: pam_unix(sudo:session): session closed for user root
Feb 26 21:59:45 devstack cinder-volume[82624]: DEBUG oslo_concurrency.processutils [None req-7781d8b8-8a4d-4888-8309-ec6bbe9ae556 tempest-GroupSnapshotsTest-1715933531 None] CMD "sudo cinder-rootwrap /etc/cinder/rootwrap.conf qemu-img create -f qcow2 -o backing_file=/opt/stack/data/cinder/mnt/b18025468a3d0478d147fb57c1710f8e/volume-7e1a0f71-c45d-4cf9-ad31-f3492d020693,backing_fmt=qcow2 /opt/stack/data/cinder/mnt/b18025468a3d0478d147fb57c1710f8e/volume-7e1a0f71-c45d-4cf9-ad31-f3492d020693.aca46908-1725-4cf2-abcb-e749aca39849 1G" returned: 0 in 0.794s {{(pid=82624) execute /opt/stack/data/venv/lib/python3.10/site-packages/oslo_concurrency/processutils.py:468}}
Feb 26 21:59:45 devstack cinder-volume[82624]: DEBUG oslo_concurrency.processutils [None req-7781d8b8-8a4d-4888-8309-ec6bbe9ae556 tempest-GroupSnapshotsTest-1715933531 None] Running cmd (subprocess): sudo cinder-rootwrap /etc/cinder/rootwrap.conf qemu-img rebase -u -b volume-7e1a0f71-c45d-4cf9-ad31-f3492d020693 -F qcow2 /opt/stack/data/cinder/mnt/b18025468a3d0478d147fb57c1710f8e/volume-7e1a0f71-c45d-4cf9-ad31-f3492d020693.aca46908-1725-4cf2-abcb-e749aca39849 {{(pid=82624) execute /opt/stack/data/venv/lib/python3.10/site-packages/oslo_concurrency/processutils.py:440}}
Feb 26 21:59:45 devstack sudo[86498]: quobyte : PWD=/ ; USER=root ; COMMAND=/opt/stack/data/venv/bin/cinder-rootwrap /etc/cinder/rootwrap.conf qemu-img rebase -u -b volume-7e1a0f71-c45d-4cf9-ad31-f3492d020693 -F qcow2 /opt/stack/data/cinder/mnt/b18025468a3d0478d147fb57c1710f8e/volume-7e1a0f71-c45d-4cf9-ad31-f3492d020693.aca46908-1725-4cf2-abcb-e749aca39849
Feb 26 21:59:45 devstack sudo[86498]: pam_unix(sudo:session): session opened for user root(uid=0) by (uid=1000)
Feb 26 21:59:45 devstack sudo[86498]: pam_unix(sudo:session): session closed for user root
Feb 26 21:59:45 devstack cinder-volume[82624]: DEBUG oslo_concurrency.processutils [None req-7781d8b8-8a4d-4888-8309-ec6bbe9ae556 tempest-GroupSnapshotsTest-1715933531 None] CMD "sudo cinder-rootwrap /etc/cinder/rootwrap.conf qemu-img rebase -u -b volume-7e1a0f71-c45d-4cf9-ad31-f3492d020693 -F qcow2 /opt/stack/data/cinder/mnt/b18025468a3d0478d147fb57c1710f8e/volume-7e1a0f71-c45d-4cf9-ad31-f3492d020693.aca46908-1725-4cf2-abcb-e749aca39849" returned: 0 in 0.532s {{(pid=82624) execute /opt/stack/data/venv/lib/python3.10/site-packages/oslo_concurrency/processutils.py:468}}
Feb 26 21:59:45 devstack cinder-volume[82624]: WARNING cinder.volume.drivers.remotefs [None req-7781d8b8-8a4d-4888-8309-ec6bbe9ae556 tempest-GroupSnapshotsTest-1715933531 None] /opt/stack/data/cinder/mnt/b18025468a3d0478d147fb57c1710f8e/volume-7e1a0f71-c45d-4cf9-ad31-f3492d020693.aca46908-1725-4cf2-abcb-e749aca39849 is being set with open permissions: ugo+rw: NotImplementedError
Feb 26 21:59:45 devstack cinder-volume[82624]: DEBUG oslo_concurrency.processutils [None req-7781d8b8-8a4d-4888-8309-ec6bbe9ae556 tempest-GroupSnapshotsTest-1715933531 None] Running cmd (subprocess): sudo cinder-rootwrap /etc/cinder/rootwrap.conf chmod ugo+rw /opt/stack/data/cinder/mnt/b18025468a3d0478d147fb57c1710f8e/volume-7e1a0f71-c45d-4cf9-ad31-f3492d020693.aca46908-1725-4cf2-abcb-e749aca39849 {{(pid=82624) execute /opt/stack/data/venv/lib/python3.10/site-packages/oslo_concurrency/processutils.py:440}}
Feb 26 21:59:45 devstack sudo[86505]: quobyte : PWD=/ ; USER=root ; COMMAND=/opt/stack/data/venv/bin/cinder-rootwrap /etc/cinder/rootwrap.conf chmod ugo+rw /opt/stack/data/cinder/mnt/b18025468a3d0478d147fb57c1710f8e/volume-7e1a0f71-c45d-4cf9-ad31-f3492d020693.aca46908-1725-4cf2-abcb-e749aca39849
Feb 26 21:59:45 devstack sudo[86505]: pam_unix(sudo:session): session opened for user root(uid=0) by (uid=1000)
Feb 26 21:59:46 devstack sudo[86505]: pam_unix(sudo:session): session closed for user root
Feb 26 21:59:46 devstack cinder-volume[82624]: DEBUG oslo_concurrency.processutils [None req-7781d8b8-8a4d-4888-8309-ec6bbe9ae556 tempest-GroupSnapshotsTest-1715933531 None] CMD "sudo cinder-rootwrap /etc/cinder/rootwrap.conf chmod ugo+rw /opt/stack/data/cinder/mnt/b18025468a3d0478d147fb57c1710f8e/volume-7e1a0f71-c45d-4cf9-ad31-f3492d020693.aca46908-1725-4cf2-abcb-e749aca39849" returned: 0 in 0.573s {{(pid=82624) execute /opt/stack/data/venv/lib/python3.10/site-packages/oslo_concurrency/processutils.py:468}}
Feb 26 21:59:46 devstack cinder-volume[82624]: DEBUG oslo_concurrency.processutils [None req-7781d8b8-8a4d-4888-8309-ec6bbe9ae556 tempest-GroupSnapshotsTest-1715933531 None] Running cmd (subprocess): sudo cinder-rootwrap /etc/cinder/rootwrap.conf truncate -s0 /opt/stack/data/cinder/mnt/b18025468a3d0478d147fb57c1710f8e/volume-7e1a0f71-c45d-4cf9-ad31-f3492d020693.info {{(pid=82624) execute /opt/stack/data/venv/lib/python3.10/site-packages/oslo_concurrency/processutils.py:440}}
Feb 26 21:59:46 devstack sudo[86508]: quobyte : PWD=/ ; USER=root ; COMMAND=/opt/stack/data/venv/bin/cinder-rootwrap /etc/cinder/rootwrap.conf truncate -s0 /opt/stack/data/cinder/mnt/b18025468a3d0478d147fb57c1710f8e/volume-7e1a0f71-c45d-4cf9-ad31-f3492d020693.info
Feb 26 21:59:46 devstack sudo[86508]: pam_unix(sudo:session): session opened for user root(uid=0) by (uid=1000)
Feb 26 21:59:47 devstack sudo[86508]: pam_unix(sudo:session): session closed for user root
Feb 26 21:59:47 devstack cinder-volume[82624]: DEBUG oslo_concurrency.processutils [None req-7781d8b8-8a4d-4888-8309-ec6bbe9ae556 tempest-GroupSnapshotsTest-1715933531 None] CMD "sudo cinder-rootwrap /etc/cinder/rootwrap.conf truncate -s0 /opt/stack/data/cinder/mnt/b18025468a3d0478d147fb57c1710f8e/volume-7e1a0f71-c45d-4cf9-ad31-f3492d020693.info" returned: 0 in 0.618s {{(pid=82624) execute /opt/stack/data/venv/lib/python3.10/site-packages/oslo_concurrency/processutils.py:468}}
Feb 26 21:59:47 devstack cinder-volume[82624]: WARNING cinder.volume.drivers.remotefs [None req-7781d8b8-8a4d-4888-8309-ec6bbe9ae556 tempest-GroupSnapshotsTest-1715933531 None] /opt/stack/data/cinder/mnt/b18025468a3d0478d147fb57c1710f8e/volume-7e1a0f71-c45d-4cf9-ad31-f3492d020693.info is being set with open permissions: ugo+rw: NotImplementedError
Feb 26 21:59:47 devstack cinder-volume[82624]: DEBUG oslo_concurrency.processutils [None req-7781d8b8-8a4d-4888-8309-ec6bbe9ae556 tempest-GroupSnapshotsTest-1715933531 None] Running cmd (subprocess): sudo cinder-rootwrap /etc/cinder/rootwrap.conf chmod ugo+rw /opt/stack/data/cinder/mnt/b18025468a3d0478d147fb57c1710f8e/volume-7e1a0f71-c45d-4cf9-ad31-f3492d020693.info {{(pid=82624) execute /opt/stack/data/venv/lib/python3.10/site-packages/oslo_concurrency/processutils.py:440}}
Feb 26 21:59:47 devstack sudo[86511]: quobyte : PWD=/ ; USER=root ; COMMAND=/opt/stack/data/venv/bin/cinder-rootwrap /etc/cinder/rootwrap.conf chmod ugo+rw /opt/stack/data/cinder/mnt/b18025468a3d0478d147fb57c1710f8e/volume-7e1a0f71-c45d-4cf9-ad31-f3492d020693.info
Feb 26 21:59:47 devstack sudo[86511]: pam_unix(sudo:session): session opened for user root(uid=0) by (uid=1000)
Feb 26 21:59:47 devstack sudo[86511]: pam_unix(sudo:session): session closed for user root
Feb 26 21:59:47 devstack cinder-volume[82624]: DEBUG oslo_concurrency.processutils [None req-7781d8b8-8a4d-4888-8309-ec6bbe9ae556 tempest-GroupSnapshotsTest-1715933531 None] CMD "sudo cinder-rootwrap /etc/cinder/rootwrap.conf chmod ugo+rw /opt/stack/data/cinder/mnt/b18025468a3d0478d147fb57c1710f8e/volume-7e1a0f71-c45d-4cf9-ad31-f3492d020693.info" returned: 0 in 0.701s {{(pid=82624) execute /opt/stack/data/venv/lib/python3.10/site-packages/oslo_concurrency/processutils.py:468}}
Feb 26 21:59:47 devstack cinder-volume[82624]: DEBUG oslo_concurrency.lockutils [None req-7781d8b8-8a4d-4888-8309-ec6bbe9ae556 tempest-GroupSnapshotsTest-1715933531 None] Lock "quobyte" "released" by "cinder.volume.drivers.quobyte.QuobyteDriver.create_snapshot" :: held 3.894s {{(pid=82624) inner /opt/stack/data/venv/lib/python3.10/site-packages/oslo_concurrency/lockutils.py:538}}
Feb 26 21:59:47 devstack cinder-volume[82624]: INFO cinder.volume.manager [None req-7781d8b8-8a4d-4888-8309-ec6bbe9ae556 tempest-GroupSnapshotsTest-1715933531 None] group_snapshot fd9d4d58-897c-4279-96bf-f8a21e2fca87: created successfully
Feb 26 21:59:48 devstack cinder-volume[82624]: INFO cinder.volume.manager [None req-24a78f60-7cbf-46a9-9eb2-1294c3d743f9 tempest-GroupSnapshotsTest-1715933531 None] group_snapshot fd9d4d58-897c-4279-96bf-f8a21e2fca87: deleting
Feb 26 21:59:48 devstack cinder-volume[82624]: DEBUG cinder.volume.manager [None req-24a78f60-7cbf-46a9-9eb2-1294c3d743f9 tempest-GroupSnapshotsTest-1715933531 None] group_snapshot fd9d4d58-897c-4279-96bf-f8a21e2fca87: deleting {{(pid=82624) delete_group_snapshot /opt/stack/cinder/cinder/volume/manager.py:4350}}
Feb 26 21:59:48 devstack cinder-volume[82624]: DEBUG cinder.coordination [None req-24a78f60-7cbf-46a9-9eb2-1294c3d743f9 tempest-GroupSnapshotsTest-1715933531 None] Acquiring lock "cinder-quobyte-f69db7a1-6d2d-43b5-90d6-132e4c49d7ba" by "delete_snapshot" {{(pid=82624) __acquire /opt/stack/cinder/cinder/coordination.py:138}}
Feb 26 21:59:48 devstack cinder-volume[82624]: DEBUG cinder.coordination [None req-24a78f60-7cbf-46a9-9eb2-1294c3d743f9 tempest-GroupSnapshotsTest-1715933531 None] Lock "cinder-quobyte-f69db7a1-6d2d-43b5-90d6-132e4c49d7ba" acquired by "delete_snapshot" :: waited 0.030s {{(pid=82624) __acquire /opt/stack/cinder/cinder/coordination.py:141}}
Feb 26 21:59:48 devstack cinder-volume[82624]: DEBUG cinder.coordination [None req-24a78f60-7cbf-46a9-9eb2-1294c3d743f9 tempest-GroupSnapshotsTest-1715933531 None] Acquiring lock "cinder-quobyte-26b4ca77-15c5-44ec-a16a-996c4acd3815" by "_delete_snapshot" {{(pid=82624) __acquire /opt/stack/cinder/cinder/coordination.py:138}}
Feb 26 21:59:48 devstack cinder-volume[82624]: DEBUG cinder.coordination [None req-24a78f60-7cbf-46a9-9eb2-1294c3d743f9 tempest-GroupSnapshotsTest-1715933531 None] Lock "cinder-quobyte-26b4ca77-15c5-44ec-a16a-996c4acd3815" acquired by "_delete_snapshot" :: waited 0.016s {{(pid=82624) __acquire /opt/stack/cinder/cinder/coordination.py:141}}
Feb 26 21:59:48 devstack cinder-volume[82624]: DEBUG cinder.volume.drivers.remotefs [None req-24a78f60-7cbf-46a9-9eb2-1294c3d743f9 tempest-GroupSnapshotsTest-1715933531 None] Deleting offline snapshot 26b4ca77-15c5-44ec-a16a-996c4acd3815 of volume f69db7a1-6d2d-43b5-90d6-132e4c49d7ba {{(pid=82624) _delete_snapshot /opt/stack/cinder/cinder/volume/drivers/remotefs.py:1288}}
Feb 26 21:59:48 devstack cinder-volume[82624]: DEBUG cinder.volume.drivers.remotefs [None req-24a78f60-7cbf-46a9-9eb2-1294c3d743f9 tempest-GroupSnapshotsTest-1715933531 None] snapshot_file for this snap is: volume-f69db7a1-6d2d-43b5-90d6-132e4c49d7ba.26b4ca77-15c5-44ec-a16a-996c4acd3815 {{(pid=82624) _delete_snapshot /opt/stack/cinder/cinder/volume/drivers/remotefs.py:1317}}
Feb 26 21:59:48 devstack cinder-volume[82624]: DEBUG oslo.privsep.daemon [-] privsep: reply[9c07a6e9-6b53-4c59-8b1b-4ddaf1fb2b2b]: (4, 'qcow2') {{(pid=83388) _call_back /opt/stack/data/venv/lib/python3.10/site-packages/oslo_privsep/daemon.py:573}}
Feb 26 21:59:48 devstack cinder-volume[82624]: DEBUG oslo_concurrency.processutils [None req-24a78f60-7cbf-46a9-9eb2-1294c3d743f9 tempest-GroupSnapshotsTest-1715933531 None] Running cmd (subprocess): /opt/stack/data/venv/bin/python3.10 -m oslo_concurrency.prlimit --as=1073741824 --cpu=60 -- sudo cinder-rootwrap /etc/cinder/rootwrap.conf env LC_ALL=C qemu-img info -f qcow2 --output=json --force-share /opt/stack/data/cinder/mnt/b18025468a3d0478d147fb57c1710f8e/volume-f69db7a1-6d2d-43b5-90d6-132e4c49d7ba.26b4ca77-15c5-44ec-a16a-996c4acd3815 {{(pid=82624) execute /opt/stack/data/venv/lib/python3.10/site-packages/oslo_concurrency/processutils.py:440}}
Feb 26 21:59:48 devstack sudo[86515]: quobyte : PWD=/ ; USER=root ; COMMAND=/opt/stack/data/venv/bin/cinder-rootwrap /etc/cinder/rootwrap.conf env LC_ALL=C qemu-img info -f qcow2 --output=json --force-share /opt/stack/data/cinder/mnt/b18025468a3d0478d147fb57c1710f8e/volume-f69db7a1-6d2d-43b5-90d6-132e4c49d7ba.26b4ca77-15c5-44ec-a16a-996c4acd3815
Feb 26 21:59:48 devstack sudo[86515]: pam_unix(sudo:session): session opened for user root(uid=0) by (uid=1000)
Feb 26 21:59:49 devstack sudo[86515]: pam_unix(sudo:session): session closed for user root
Feb 26 21:59:49 devstack cinder-volume[82624]: DEBUG oslo_concurrency.processutils [None req-24a78f60-7cbf-46a9-9eb2-1294c3d743f9 tempest-GroupSnapshotsTest-1715933531 None] CMD "/opt/stack/data/venv/bin/python3.10 -m oslo_concurrency.prlimit --as=1073741824 --cpu=60 -- sudo cinder-rootwrap /etc/cinder/rootwrap.conf env LC_ALL=C qemu-img info -f qcow2 --output=json --force-share /opt/stack/data/cinder/mnt/b18025468a3d0478d147fb57c1710f8e/volume-f69db7a1-6d2d-43b5-90d6-132e4c49d7ba.26b4ca77-15c5-44ec-a16a-996c4acd3815" returned: 0 in 0.602s {{(pid=82624) execute /opt/stack/data/venv/lib/python3.10/site-packages/oslo_concurrency/processutils.py:468}}
Feb 26 21:59:49 devstack cinder-volume[82624]: DEBUG cinder.volume.drivers.remotefs [None req-24a78f60-7cbf-46a9-9eb2-1294c3d743f9 tempest-GroupSnapshotsTest-1715933531 None] Fetching qemu-img info with special backing_file_template: (/opt/stack/data/cinder/mnt/[0-9a-f]+/)?(volume-f69db7a1-6d2d-43b5-90d6-132e4c49d7ba(.(tmp-snap-)?[0-9a-f-]+)?|volume_from_snapshot_cache/(tmp-snap-)?[0-9a-f-]+(.(child-|parent-)[0-9a-f-]+)?)$ {{(pid=82624) _qemu_img_info_base /opt/stack/cinder/cinder/volume/drivers/remotefs.py:896}}
Feb 26 21:59:49 devstack cinder-volume[82624]: DEBUG oslo.privsep.daemon [-] privsep: reply[8224449d-f38a-4fdb-ae79-9ec8fb40b95d]: (4, 'qcow2') {{(pid=83388) _call_back /opt/stack/data/venv/lib/python3.10/site-packages/oslo_privsep/daemon.py:573}}
Feb 26 21:59:49 devstack cinder-volume[82624]: DEBUG oslo_concurrency.processutils [None req-24a78f60-7cbf-46a9-9eb2-1294c3d743f9 tempest-GroupSnapshotsTest-1715933531 None] Running cmd (subprocess): /opt/stack/data/venv/bin/python3.10 -m oslo_concurrency.prlimit --as=1073741824 --cpu=60 -- sudo cinder-rootwrap /etc/cinder/rootwrap.conf env LC_ALL=C qemu-img info -f qcow2 --output=json --force-share /opt/stack/data/cinder/mnt/b18025468a3d0478d147fb57c1710f8e/volume-f69db7a1-6d2d-43b5-90d6-132e4c49d7ba {{(pid=82624) execute /opt/stack/data/venv/lib/python3.10/site-packages/oslo_concurrency/processutils.py:440}}
Feb 26 21:59:49 devstack sudo[86527]: quobyte : PWD=/ ; USER=root ; COMMAND=/opt/stack/data/venv/bin/cinder-rootwrap /etc/cinder/rootwrap.conf env LC_ALL=C qemu-img info -f qcow2 --output=json --force-share /opt/stack/data/cinder/mnt/b18025468a3d0478d147fb57c1710f8e/volume-f69db7a1-6d2d-43b5-90d6-132e4c49d7ba
Feb 26 21:59:49 devstack sudo[86527]: pam_unix(sudo:session): session opened for user root(uid=0) by (uid=1000)
Feb 26 21:59:49 devstack sudo[86527]: pam_unix(sudo:session): session closed for user root
Feb 26 21:59:49 devstack cinder-volume[82624]: DEBUG oslo_concurrency.processutils [None req-24a78f60-7cbf-46a9-9eb2-1294c3d743f9 tempest-GroupSnapshotsTest-1715933531 None] CMD "/opt/stack/data/venv/bin/python3.10 -m oslo_concurrency.prlimit --as=1073741824 --cpu=60 -- sudo cinder-rootwrap /etc/cinder/rootwrap.conf env LC_ALL=C qemu-img info -f qcow2 --output=json --force-share /opt/stack/data/cinder/mnt/b18025468a3d0478d147fb57c1710f8e/volume-f69db7a1-6d2d-43b5-90d6-132e4c49d7ba" returned: 0 in 0.727s {{(pid=82624) execute /opt/stack/data/venv/lib/python3.10/site-packages/oslo_concurrency/processutils.py:468}}
Feb 26 21:59:49 devstack cinder-volume[82624]: DEBUG oslo_concurrency.processutils [None req-24a78f60-7cbf-46a9-9eb2-1294c3d743f9 tempest-GroupSnapshotsTest-1715933531 None] Running cmd (subprocess): sudo cinder-rootwrap /etc/cinder/rootwrap.conf qemu-img commit -d /opt/stack/data/cinder/mnt/b18025468a3d0478d147fb57c1710f8e/volume-f69db7a1-6d2d-43b5-90d6-132e4c49d7ba.26b4ca77-15c5-44ec-a16a-996c4acd3815 {{(pid=82624) execute /opt/stack/data/venv/lib/python3.10/site-packages/oslo_concurrency/processutils.py:440}}
Feb 26 21:59:50 devstack sudo[86538]: quobyte : PWD=/ ; USER=root ; COMMAND=/opt/stack/data/venv/bin/cinder-rootwrap /etc/cinder/rootwrap.conf qemu-img commit -d /opt/stack/data/cinder/mnt/b18025468a3d0478d147fb57c1710f8e/volume-f69db7a1-6d2d-43b5-90d6-132e4c49d7ba.26b4ca77-15c5-44ec-a16a-996c4acd3815
Feb 26 21:59:50 devstack sudo[86538]: pam_unix(sudo:session): session opened for user root(uid=0) by (uid=1000)
Feb 26 21:59:50 devstack cinder-volume[82624]: DEBUG oslo_service.periodic_task [None req-56b56970-f6d3-436a-a8f9-2a818be83cd8 None None] Running periodic task VolumeManager.publish_service_capabilities {{(pid=82624) run_periodic_tasks /opt/stack/data/venv/lib/python3.10/site-packages/oslo_service/periodic_task.py:210}}
Feb 26 21:59:50 devstack cinder-volume[82624]: DEBUG oslo_concurrency.lockutils [None req-56b56970-f6d3-436a-a8f9-2a818be83cd8 None None] Acquiring lock "quobyte_ensure" by "cinder.volume.drivers.quobyte.QuobyteDriver._ensure_shares_mounted" {{(pid=82624) inner /opt/stack/data/venv/lib/python3.10/site-packages/oslo_concurrency/lockutils.py:506}}
Feb 26 21:59:50 devstack cinder-volume[82624]: DEBUG oslo_concurrency.lockutils [None req-56b56970-f6d3-436a-a8f9-2a818be83cd8 None None] Lock "quobyte_ensure" acquired by "cinder.volume.drivers.quobyte.QuobyteDriver._ensure_shares_mounted" :: waited 0.001s {{(pid=82624) inner /opt/stack/data/venv/lib/python3.10/site-packages/oslo_concurrency/lockutils.py:519}}
Feb 26 21:59:50 devstack cinder-volume[82624]: DEBUG cinder.volume.drivers.quobyte [None req-56b56970-f6d3-436a-a8f9-2a818be83cd8 None None] Quobyte Volume URL set to: {'osci02.corp.quobyte.com/cinder-vol-9be698e6-59b9-4984-859d-6a1ee8a0988f': None} {{(pid=82624) _load_shares_config /opt/stack/cinder/cinder/volume/drivers/quobyte.py:617}}
Feb 26 21:59:50 devstack cinder-volume[82624]: DEBUG cinder.volume.drivers.quobyte [None req-56b56970-f6d3-436a-a8f9-2a818be83cd8 None None] Available shares ['osci02.corp.quobyte.com/cinder-vol-9be698e6-59b9-4984-859d-6a1ee8a0988f'] {{(pid=82624) _ensure_shares_mounted /opt/stack/cinder/cinder/volume/drivers/quobyte.py:647}}
Feb 26 21:59:50 devstack cinder-volume[82624]: DEBUG oslo_concurrency.lockutils [None req-56b56970-f6d3-436a-a8f9-2a818be83cd8 None None] Lock "quobyte_ensure" "released" by "cinder.volume.drivers.quobyte.QuobyteDriver._ensure_shares_mounted" :: held 0.005s {{(pid=82624) inner /opt/stack/data/venv/lib/python3.10/site-packages/oslo_concurrency/lockutils.py:538}}
Feb 26 21:59:50 devstack cinder-volume[82624]: DEBUG oslo_concurrency.processutils [None req-56b56970-f6d3-436a-a8f9-2a818be83cd8 None None] Running cmd (subprocess): sudo cinder-rootwrap /etc/cinder/rootwrap.conf df --portability --block-size 1 /opt/stack/data/cinder/mnt/b18025468a3d0478d147fb57c1710f8e {{(pid=82624) execute /opt/stack/data/venv/lib/python3.10/site-packages/oslo_concurrency/processutils.py:440}}
Feb 26 21:59:50 devstack sudo[86540]: quobyte : PWD=/ ; USER=root ; COMMAND=/opt/stack/data/venv/bin/cinder-rootwrap /etc/cinder/rootwrap.conf df --portability --block-size 1 /opt/stack/data/cinder/mnt/b18025468a3d0478d147fb57c1710f8e
Feb 26 21:59:50 devstack sudo[86540]: pam_unix(sudo:session): session opened for user root(uid=0) by (uid=1000)
Feb 26 21:59:50 devstack sudo[86538]: pam_unix(sudo:session): session closed for user root
Feb 26 21:59:50 devstack cinder-volume[82624]: DEBUG oslo_concurrency.processutils [None req-24a78f60-7cbf-46a9-9eb2-1294c3d743f9 tempest-GroupSnapshotsTest-1715933531 None] CMD "sudo cinder-rootwrap /etc/cinder/rootwrap.conf qemu-img commit -d /opt/stack/data/cinder/mnt/b18025468a3d0478d147fb57c1710f8e/volume-f69db7a1-6d2d-43b5-90d6-132e4c49d7ba.26b4ca77-15c5-44ec-a16a-996c4acd3815" returned: 0 in 0.579s {{(pid=82624) execute /opt/stack/data/venv/lib/python3.10/site-packages/oslo_concurrency/processutils.py:468}}
Feb 26 21:59:50 devstack cinder-volume[82624]: DEBUG oslo_concurrency.processutils [None req-24a78f60-7cbf-46a9-9eb2-1294c3d743f9 tempest-GroupSnapshotsTest-1715933531 None] Running cmd (subprocess): sudo cinder-rootwrap /etc/cinder/rootwrap.conf rm -f /opt/stack/data/cinder/mnt/b18025468a3d0478d147fb57c1710f8e/volume-f69db7a1-6d2d-43b5-90d6-132e4c49d7ba.26b4ca77-15c5-44ec-a16a-996c4acd3815 {{(pid=82624) execute /opt/stack/data/venv/lib/python3.10/site-packages/oslo_concurrency/processutils.py:440}}
Feb 26 21:59:50 devstack sudo[86546]: quobyte : PWD=/ ; USER=root ; COMMAND=/opt/stack/data/venv/bin/cinder-rootwrap /etc/cinder/rootwrap.conf rm -f /opt/stack/data/cinder/mnt/b18025468a3d0478d147fb57c1710f8e/volume-f69db7a1-6d2d-43b5-90d6-132e4c49d7ba.26b4ca77-15c5-44ec-a16a-996c4acd3815
Feb 26 21:59:50 devstack sudo[86546]: pam_unix(sudo:session): session opened for user root(uid=0) by (uid=1000)
Feb 26 21:59:50 devstack sudo[86540]: pam_unix(sudo:session): session closed for user root
Feb 26 21:59:50 devstack cinder-volume[82624]: DEBUG oslo_concurrency.processutils [None req-56b56970-f6d3-436a-a8f9-2a818be83cd8 None None] CMD "sudo cinder-rootwrap /etc/cinder/rootwrap.conf df --portability --block-size 1 /opt/stack/data/cinder/mnt/b18025468a3d0478d147fb57c1710f8e" returned: 0 in 0.553s {{(pid=82624) execute /opt/stack/data/venv/lib/python3.10/site-packages/oslo_concurrency/processutils.py:468}}
Feb 26 21:59:50 devstack cinder-volume[82624]: DEBUG cinder.manager [None req-56b56970-f6d3-436a-a8f9-2a818be83cd8 None None] Notifying Schedulers of capabilities ... {{(pid=82624) _publish_service_capabilities /opt/stack/cinder/cinder/manager.py:202}}
Feb 26 21:59:51 devstack sudo[86546]: pam_unix(sudo:session): session closed for user root
Feb 26 21:59:51 devstack cinder-volume[82624]: DEBUG oslo_concurrency.processutils [None req-24a78f60-7cbf-46a9-9eb2-1294c3d743f9 tempest-GroupSnapshotsTest-1715933531 None] CMD "sudo cinder-rootwrap /etc/cinder/rootwrap.conf rm -f /opt/stack/data/cinder/mnt/b18025468a3d0478d147fb57c1710f8e/volume-f69db7a1-6d2d-43b5-90d6-132e4c49d7ba.26b4ca77-15c5-44ec-a16a-996c4acd3815" returned: 0 in 0.542s {{(pid=82624) execute /opt/stack/data/venv/lib/python3.10/site-packages/oslo_concurrency/processutils.py:468}}
Feb 26 21:59:51 devstack cinder-volume[82624]: DEBUG cinder.coordination [None req-24a78f60-7cbf-46a9-9eb2-1294c3d743f9 tempest-GroupSnapshotsTest-1715933531 None] Lock "cinder-quobyte-26b4ca77-15c5-44ec-a16a-996c4acd3815" released by "_delete_snapshot" :: held 2.570s {{(pid=82624) __release /opt/stack/cinder/cinder/coordination.py:152}}
Feb 26 21:59:51 devstack cinder-volume[82624]: DEBUG cinder.coordination [None req-24a78f60-7cbf-46a9-9eb2-1294c3d743f9 tempest-GroupSnapshotsTest-1715933531 None] Lock "cinder-quobyte-f69db7a1-6d2d-43b5-90d6-132e4c49d7ba" released by "delete_snapshot" :: held 2.595s {{(pid=82624) __release /opt/stack/cinder/cinder/coordination.py:152}}
Feb 26 21:59:51 devstack cinder-volume[82624]: DEBUG cinder.coordination [None req-24a78f60-7cbf-46a9-9eb2-1294c3d743f9 tempest-GroupSnapshotsTest-1715933531 None] Acquiring lock "cinder-quobyte-7e1a0f71-c45d-4cf9-ad31-f3492d020693" by "delete_snapshot" {{(pid=82624) __acquire /opt/stack/cinder/cinder/coordination.py:138}}
Feb 26 21:59:51 devstack cinder-volume[82624]: DEBUG cinder.coordination [None req-24a78f60-7cbf-46a9-9eb2-1294c3d743f9 tempest-GroupSnapshotsTest-1715933531 None] Lock "cinder-quobyte-7e1a0f71-c45d-4cf9-ad31-f3492d020693" acquired by "delete_snapshot" :: waited 0.010s {{(pid=82624) __acquire /opt/stack/cinder/cinder/coordination.py:141}}
Feb 26 21:59:51 devstack cinder-volume[82624]: DEBUG cinder.coordination [None req-24a78f60-7cbf-46a9-9eb2-1294c3d743f9 tempest-GroupSnapshotsTest-1715933531 None] Acquiring lock "cinder-quobyte-aca46908-1725-4cf2-abcb-e749aca39849" by "_delete_snapshot" {{(pid=82624) __acquire /opt/stack/cinder/cinder/coordination.py:138}}
Feb 26 21:59:51 devstack cinder-volume[82624]: DEBUG cinder.coordination [None req-24a78f60-7cbf-46a9-9eb2-1294c3d743f9 tempest-GroupSnapshotsTest-1715933531 None] Lock "cinder-quobyte-aca46908-1725-4cf2-abcb-e749aca39849" acquired by "_delete_snapshot" :: waited 0.009s {{(pid=82624) __acquire /opt/stack/cinder/cinder/coordination.py:141}}
Feb 26 21:59:51 devstack cinder-volume[82624]: DEBUG cinder.volume.drivers.remotefs [None req-24a78f60-7cbf-46a9-9eb2-1294c3d743f9 tempest-GroupSnapshotsTest-1715933531 None] Deleting offline snapshot aca46908-1725-4cf2-abcb-e749aca39849 of volume 7e1a0f71-c45d-4cf9-ad31-f3492d020693 {{(pid=82624) _delete_snapshot /opt/stack/cinder/cinder/volume/drivers/remotefs.py:1288}}
Feb 26 21:59:51 devstack cinder-volume[82624]: DEBUG cinder.volume.drivers.remotefs [None req-24a78f60-7cbf-46a9-9eb2-1294c3d743f9 tempest-GroupSnapshotsTest-1715933531 None] snapshot_file for this snap is: volume-7e1a0f71-c45d-4cf9-ad31-f3492d020693.aca46908-1725-4cf2-abcb-e749aca39849 {{(pid=82624) _delete_snapshot /opt/stack/cinder/cinder/volume/drivers/remotefs.py:1317}}
Feb 26 21:59:51 devstack cinder-volume[82624]: DEBUG oslo.privsep.daemon [-] privsep: reply[0eb98654-aa18-4377-84c9-2c2ae1668469]: (4, 'qcow2') {{(pid=83388) _call_back /opt/stack/data/venv/lib/python3.10/site-packages/oslo_privsep/daemon.py:573}}
Feb 26 21:59:51 devstack cinder-volume[82624]: DEBUG oslo_concurrency.processutils [None req-24a78f60-7cbf-46a9-9eb2-1294c3d743f9 tempest-GroupSnapshotsTest-1715933531 None] Running cmd (subprocess): /opt/stack/data/venv/bin/python3.10 -m oslo_concurrency.prlimit --as=1073741824 --cpu=60 -- sudo cinder-rootwrap /etc/cinder/rootwrap.conf env LC_ALL=C qemu-img info -f qcow2 --output=json --force-share /opt/stack/data/cinder/mnt/b18025468a3d0478d147fb57c1710f8e/volume-7e1a0f71-c45d-4cf9-ad31-f3492d020693.aca46908-1725-4cf2-abcb-e749aca39849 {{(pid=82624) execute /opt/stack/data/venv/lib/python3.10/site-packages/oslo_concurrency/processutils.py:440}}
Feb 26 21:59:51 devstack sudo[86549]: quobyte : PWD=/ ; USER=root ; COMMAND=/opt/stack/data/venv/bin/cinder-rootwrap /etc/cinder/rootwrap.conf env LC_ALL=C qemu-img info -f qcow2 --output=json --force-share /opt/stack/data/cinder/mnt/b18025468a3d0478d147fb57c1710f8e/volume-7e1a0f71-c45d-4cf9-ad31-f3492d020693.aca46908-1725-4cf2-abcb-e749aca39849
Feb 26 21:59:51 devstack sudo[86549]: pam_unix(sudo:session): session opened for user root(uid=0) by (uid=1000)
Feb 26 21:59:51 devstack cinder-volume[82624]: DEBUG cinder.volume.flows.manager.create_volume [None req-c574eadf-3561-4595-8280-81a093146246 tempest-VolumeQuotasAdminTestJSON-1465782588 None] Volume reschedule parameters: True retry: {'num_attempts': 1, 'backends': ['devstack@QuobyteHD#QuobyteHD'], 'hosts': ['devstack@QuobyteHD#QuobyteHD']} {{(pid=82624) get_flow /opt/stack/cinder/cinder/volume/flows/manager/create_volume.py:1388}}
Feb 26 21:59:51 devstack cinder-volume[82624]: DEBUG cinder.volume.manager [None req-c574eadf-3561-4595-8280-81a093146246 tempest-VolumeQuotasAdminTestJSON-1465782588 None] Flow 'volume_create_manager' (7be7fef4-bea2-47e4-80c2-bf49cec50b7b) transitioned into state 'RUNNING' from state 'PENDING' {{(pid=82624) _flow_receiver /opt/stack/data/venv/lib/python3.10/site-packages/taskflow/listeners/logging.py:145}}
Feb 26 21:59:51 devstack cinder-volume[82624]: DEBUG cinder.volume.manager [None req-c574eadf-3561-4595-8280-81a093146246 tempest-VolumeQuotasAdminTestJSON-1465782588 None] Task 'cinder.volume.flows.manager.create_volume.ExtractVolumeRefTask;volume:create' (1f4ff5f0-666f-43a5-8871-6ffa67c9d0d2) transitioned into state 'RUNNING' from state 'PENDING' {{(pid=82624) _task_receiver /opt/stack/data/venv/lib/python3.10/site-packages/taskflow/listeners/logging.py:194}}
Feb 26 21:59:51 devstack cinder-volume[82624]: DEBUG cinder.volume.manager [None req-c574eadf-3561-4595-8280-81a093146246 tempest-VolumeQuotasAdminTestJSON-1465782588 None] Task 'cinder.volume.flows.manager.create_volume.ExtractVolumeRefTask;volume:create' (1f4ff5f0-666f-43a5-8871-6ffa67c9d0d2) transitioned into state 'SUCCESS' from state 'RUNNING' with result 'Volume(_name_id=None,admin_metadata=,attach_status='detached',availability_zone='nova',bootable=False,cluster=,cluster_name=None,consistencygroup=,consistencygroup_id=None,created_at=2026-02-26T20:59:51Z,deleted=False,deleted_at=None,display_description=None,display_name='tempest-VolumeQuotasAdminTestJSON-Volume-702132568',ec2_id=None,encryption_key_id=None,glance_metadata=,group=,group_id=None,host='devstack@QuobyteHD#QuobyteHD',id=8ac42cc9-d02f-4ef4-9f3f-50b3d5ad99da,launched_at=None,metadata={},migration_status=None,multiattach=False,previous_status=None,project_id='b98de9dcdb394f17b472e673d01a40b8',provider_auth=None,provider_geometry=None,provider_id=None,provider_location=None,replication_driver_data=None,replication_extended_status=None,replication_status=None,scheduled_at=2026-02-26T20:59:51Z,service_uuid=None,shared_targets=True,size=1,snapshot_id=None,snapshots=,source_volid=None,status='creating',terminated_at=None,updated_at=2026-02-26T20:59:51Z,use_quota=True,user_id='d5bc6cc5584146f29986304f1a43db28',volume_attachment=VolumeAttachmentList,volume_type=VolumeType(a32efc94-1180-4280-950b-73f8452d42c9),volume_type_id=a32efc94-1180-4280-950b-73f8452d42c9)' {{(pid=82624) _task_receiver /opt/stack/data/venv/lib/python3.10/site-packages/taskflow/listeners/logging.py:182}}
Feb 26 21:59:51 devstack cinder-volume[82624]: DEBUG cinder.volume.manager [None req-c574eadf-3561-4595-8280-81a093146246 tempest-VolumeQuotasAdminTestJSON-1465782588 None] Task 'cinder.volume.flows.manager.create_volume.OnFailureRescheduleTask;volume:create' (45e76a8f-aa18-437b-96a3-241c4e0b097f) transitioned into state 'RUNNING' from state 'PENDING' {{(pid=82624) _task_receiver /opt/stack/data/venv/lib/python3.10/site-packages/taskflow/listeners/logging.py:194}}
Feb 26 21:59:51 devstack cinder-volume[82624]: DEBUG cinder.volume.manager [None req-c574eadf-3561-4595-8280-81a093146246 tempest-VolumeQuotasAdminTestJSON-1465782588 None] Task 'cinder.volume.flows.manager.create_volume.OnFailureRescheduleTask;volume:create' (45e76a8f-aa18-437b-96a3-241c4e0b097f) transitioned into state 'SUCCESS' from state 'RUNNING' with result 'None' {{(pid=82624) _task_receiver /opt/stack/data/venv/lib/python3.10/site-packages/taskflow/listeners/logging.py:182}}
Feb 26 21:59:51 devstack cinder-volume[82624]: DEBUG cinder.volume.manager [None req-c574eadf-3561-4595-8280-81a093146246 tempest-VolumeQuotasAdminTestJSON-1465782588 None] Task 'cinder.volume.flows.manager.create_volume.ExtractVolumeSpecTask;volume:create' (5b21535f-7021-4f42-a56b-140c347427c4) transitioned into state 'RUNNING' from state 'PENDING' {{(pid=82624) _task_receiver /opt/stack/data/venv/lib/python3.10/site-packages/taskflow/listeners/logging.py:194}}
Feb 26 21:59:51 devstack cinder-volume[82624]: DEBUG cinder.volume.manager [None req-c574eadf-3561-4595-8280-81a093146246 tempest-VolumeQuotasAdminTestJSON-1465782588 None] Task 'cinder.volume.flows.manager.create_volume.ExtractVolumeSpecTask;volume:create' (5b21535f-7021-4f42-a56b-140c347427c4) transitioned into state 'SUCCESS' from state 'RUNNING' with result '{'status': 'creating', 'type': 'raw', 'volume_id': '8ac42cc9-d02f-4ef4-9f3f-50b3d5ad99da', 'volume_name': 'volume-8ac42cc9-d02f-4ef4-9f3f-50b3d5ad99da', 'volume_size': 1}' {{(pid=82624) _task_receiver /opt/stack/data/venv/lib/python3.10/site-packages/taskflow/listeners/logging.py:182}}
Feb 26 21:59:51 devstack cinder-volume[82624]: DEBUG cinder.volume.manager [None req-c574eadf-3561-4595-8280-81a093146246 tempest-VolumeQuotasAdminTestJSON-1465782588 None] Task 'cinder.volume.flows.manager.create_volume.NotifyVolumeActionTask;volume:create, create.start' (2fc88047-8385-4546-919a-96e694cdf7e5) transitioned into state 'RUNNING' from state 'PENDING' {{(pid=82624) _task_receiver /opt/stack/data/venv/lib/python3.10/site-packages/taskflow/listeners/logging.py:194}}
Feb 26 21:59:51 devstack cinder-volume[82624]: DEBUG cinder.volume.manager [None req-c574eadf-3561-4595-8280-81a093146246 tempest-VolumeQuotasAdminTestJSON-1465782588 None] Task 'cinder.volume.flows.manager.create_volume.NotifyVolumeActionTask;volume:create, create.start' (2fc88047-8385-4546-919a-96e694cdf7e5) transitioned into state 'SUCCESS' from state 'RUNNING' with result 'None' {{(pid=82624) _task_receiver /opt/stack/data/venv/lib/python3.10/site-packages/taskflow/listeners/logging.py:182}}
Feb 26 21:59:51 devstack cinder-volume[82624]: DEBUG cinder.volume.manager [None req-c574eadf-3561-4595-8280-81a093146246 tempest-VolumeQuotasAdminTestJSON-1465782588 None] Task 'cinder.volume.flows.manager.create_volume.CreateVolumeFromSpecTask;volume:create' (11e10d4c-5b26-42a5-90d4-1be5b397bf21) transitioned into state 'RUNNING' from state 'PENDING' {{(pid=82624) _task_receiver /opt/stack/data/venv/lib/python3.10/site-packages/taskflow/listeners/logging.py:194}}
Feb 26 21:59:51 devstack cinder-volume[82624]: INFO cinder.volume.flows.manager.create_volume [None req-c574eadf-3561-4595-8280-81a093146246 tempest-VolumeQuotasAdminTestJSON-1465782588 None] Volume 8ac42cc9-d02f-4ef4-9f3f-50b3d5ad99da: being created as raw with specification: {'status': 'creating', 'volume_name': 'volume-8ac42cc9-d02f-4ef4-9f3f-50b3d5ad99da', 'volume_size': 1}
Feb 26 21:59:51 devstack cinder-volume[82624]: DEBUG oslo_concurrency.lockutils [None req-c574eadf-3561-4595-8280-81a093146246 tempest-VolumeQuotasAdminTestJSON-1465782588 None] Acquiring lock "quobyte" by "cinder.volume.drivers.quobyte.QuobyteDriver.create_volume" {{(pid=82624) inner /opt/stack/data/venv/lib/python3.10/site-packages/oslo_concurrency/lockutils.py:506}}
Feb 26 21:59:51 devstack cinder-volume[82624]: DEBUG oslo_concurrency.lockutils [None req-c574eadf-3561-4595-8280-81a093146246 tempest-VolumeQuotasAdminTestJSON-1465782588 None] Lock "quobyte" acquired by "cinder.volume.drivers.quobyte.QuobyteDriver.create_volume" :: waited 0.001s {{(pid=82624) inner /opt/stack/data/venv/lib/python3.10/site-packages/oslo_concurrency/lockutils.py:519}}
Feb 26 21:59:51 devstack cinder-volume[82624]: DEBUG cinder.volume.drivers.quobyte [None req-c574eadf-3561-4595-8280-81a093146246 tempest-VolumeQuotasAdminTestJSON-1465782588 None] ==> create_volume: call "{'self': , 'volume': Volume(_name_id=None,admin_metadata=,attach_status='detached',availability_zone='nova',bootable=False,cluster=,cluster_name=None,consistencygroup=,consistencygroup_id=None,created_at=2026-02-26T20:59:51Z,deleted=False,deleted_at=None,display_description=None,display_name='tempest-VolumeQuotasAdminTestJSON-Volume-702132568',ec2_id=None,encryption_key_id=None,glance_metadata=,group=,group_id=None,host='devstack@QuobyteHD#QuobyteHD',id=8ac42cc9-d02f-4ef4-9f3f-50b3d5ad99da,launched_at=None,metadata={},migration_status=None,multiattach=False,previous_status=None,project_id='b98de9dcdb394f17b472e673d01a40b8',provider_auth=None,provider_geometry=None,provider_id=None,provider_location=None,replication_driver_data=None,replication_extended_status=None,replication_status=None,scheduled_at=2026-02-26T20:59:51Z,service_uuid=None,shared_targets=True,size=1,snapshot_id=None,snapshots=,source_volid=None,status='creating',terminated_at=None,updated_at=2026-02-26T20:59:51Z,use_quota=True,user_id='d5bc6cc5584146f29986304f1a43db28',volume_attachment=VolumeAttachmentList,volume_type=VolumeType(a32efc94-1180-4280-950b-73f8452d42c9),volume_type_id=a32efc94-1180-4280-950b-73f8452d42c9)}" {{(pid=82624) trace_logging_wrapper /opt/stack/cinder/cinder/volume/volume_utils.py:1498}}
Feb 26 21:59:51 devstack cinder-volume[82624]: DEBUG cinder.volume.drivers.remotefs [None req-c574eadf-3561-4595-8280-81a093146246 tempest-VolumeQuotasAdminTestJSON-1465782588 None] Creating volume 8ac42cc9-d02f-4ef4-9f3f-50b3d5ad99da {{(pid=82624) create_volume /opt/stack/cinder/cinder/volume/drivers/remotefs.py:292}}
Feb 26 21:59:51 devstack cinder-volume[82624]: DEBUG oslo_concurrency.lockutils [None req-c574eadf-3561-4595-8280-81a093146246 tempest-VolumeQuotasAdminTestJSON-1465782588 None] Acquiring lock "quobyte_ensure" by "cinder.volume.drivers.quobyte.QuobyteDriver._ensure_shares_mounted" {{(pid=82624) inner /opt/stack/data/venv/lib/python3.10/site-packages/oslo_concurrency/lockutils.py:506}}
Feb 26 21:59:51 devstack cinder-volume[82624]: DEBUG oslo_concurrency.lockutils [None req-c574eadf-3561-4595-8280-81a093146246 tempest-VolumeQuotasAdminTestJSON-1465782588 None] Lock "quobyte_ensure" acquired by "cinder.volume.drivers.quobyte.QuobyteDriver._ensure_shares_mounted" :: waited 0.001s {{(pid=82624) inner /opt/stack/data/venv/lib/python3.10/site-packages/oslo_concurrency/lockutils.py:519}}
Feb 26 21:59:51 devstack cinder-volume[82624]: DEBUG cinder.volume.drivers.quobyte [None req-c574eadf-3561-4595-8280-81a093146246 tempest-VolumeQuotasAdminTestJSON-1465782588 None] Quobyte Volume URL set to: {'osci02.corp.quobyte.com/cinder-vol-9be698e6-59b9-4984-859d-6a1ee8a0988f': None} {{(pid=82624) _load_shares_config /opt/stack/cinder/cinder/volume/drivers/quobyte.py:617}}
Feb 26 21:59:51 devstack cinder-volume[82624]: DEBUG cinder.volume.drivers.quobyte [None req-c574eadf-3561-4595-8280-81a093146246 tempest-VolumeQuotasAdminTestJSON-1465782588 None] Available shares ['osci02.corp.quobyte.com/cinder-vol-9be698e6-59b9-4984-859d-6a1ee8a0988f'] {{(pid=82624) _ensure_shares_mounted /opt/stack/cinder/cinder/volume/drivers/quobyte.py:647}}
Feb 26 21:59:51 devstack cinder-volume[82624]: DEBUG oslo_concurrency.lockutils [None req-c574eadf-3561-4595-8280-81a093146246 tempest-VolumeQuotasAdminTestJSON-1465782588 None] Lock "quobyte_ensure" "released" by "cinder.volume.drivers.quobyte.QuobyteDriver._ensure_shares_mounted" :: held 0.004s {{(pid=82624) inner /opt/stack/data/venv/lib/python3.10/site-packages/oslo_concurrency/lockutils.py:538}}
Feb 26 21:59:51 devstack cinder-volume[82624]: DEBUG cinder.volume.drivers.quobyte [None req-c574eadf-3561-4595-8280-81a093146246 tempest-VolumeQuotasAdminTestJSON-1465782588 None] Selected osci02.corp.quobyte.com/cinder-vol-9be698e6-59b9-4984-859d-6a1ee8a0988f as target Quobyte volume. {{(pid=82624) _find_share /opt/stack/cinder/cinder/volume/drivers/quobyte.py:668}}
Feb 26 21:59:51 devstack cinder-volume[82624]: INFO cinder.volume.drivers.remotefs [None req-c574eadf-3561-4595-8280-81a093146246 tempest-VolumeQuotasAdminTestJSON-1465782588 None] casted to osci02.corp.quobyte.com/cinder-vol-9be698e6-59b9-4984-859d-6a1ee8a0988f
Feb 26 21:59:51 devstack cinder-volume[82624]: DEBUG oslo_concurrency.processutils [None req-c574eadf-3561-4595-8280-81a093146246 tempest-VolumeQuotasAdminTestJSON-1465782588 None] Running cmd (subprocess): sudo cinder-rootwrap /etc/cinder/rootwrap.conf qemu-img create -f qcow2 -o preallocation=metadata /opt/stack/data/cinder/mnt/b18025468a3d0478d147fb57c1710f8e/volume-8ac42cc9-d02f-4ef4-9f3f-50b3d5ad99da 1073741824 {{(pid=82624) execute /opt/stack/data/venv/lib/python3.10/site-packages/oslo_concurrency/processutils.py:440}}
Feb 26 21:59:51 devstack sudo[86551]: quobyte : PWD=/ ; USER=root ; COMMAND=/opt/stack/data/venv/bin/cinder-rootwrap /etc/cinder/rootwrap.conf qemu-img create -f qcow2 -o preallocation=metadata /opt/stack/data/cinder/mnt/b18025468a3d0478d147fb57c1710f8e/volume-8ac42cc9-d02f-4ef4-9f3f-50b3d5ad99da 1073741824
Feb 26 21:59:51 devstack sudo[86551]: pam_unix(sudo:session): session opened for user root(uid=0) by (uid=1000)
Feb 26 21:59:51 devstack sudo[86549]: pam_unix(sudo:session): session closed for user root
Feb 26 21:59:51 devstack cinder-volume[82624]: DEBUG oslo_concurrency.processutils [None req-24a78f60-7cbf-46a9-9eb2-1294c3d743f9 tempest-GroupSnapshotsTest-1715933531 None] CMD "/opt/stack/data/venv/bin/python3.10 -m oslo_concurrency.prlimit --as=1073741824 --cpu=60 -- sudo cinder-rootwrap /etc/cinder/rootwrap.conf env LC_ALL=C qemu-img info -f qcow2 --output=json --force-share /opt/stack/data/cinder/mnt/b18025468a3d0478d147fb57c1710f8e/volume-7e1a0f71-c45d-4cf9-ad31-f3492d020693.aca46908-1725-4cf2-abcb-e749aca39849" returned: 0 in 0.563s {{(pid=82624) execute /opt/stack/data/venv/lib/python3.10/site-packages/oslo_concurrency/processutils.py:468}}
