Aug 30 11:31:55 devstack cinder-volume[86006]: DEBUG oslo_concurrency.processutils [None req-8636a0e1-25ee-40c9-8d4c-5320f5cb193e tempest-GroupSnapshotsV319Test-479065972 None] CMD "sudo cinder-rootwrap /etc/cinder/rootwrap.conf qemu-img create -f qcow2 -o preallocation=metadata /opt/stack/data/cinder/mnt/0d8307bea22a56f39de1e692e4e61a30/volume-51e94bdf-0e8a-4209-958f-9a56bd5654bd 1073741824" returned: 0 in 0.541s {{(pid=86006) execute /opt/stack/data/venv/lib/python3.12/site-packages/oslo_concurrency/processutils.py:468}}
Aug 30 11:31:55 devstack cinder-volume[86006]: DEBUG oslo_concurrency.processutils [None req-8636a0e1-25ee-40c9-8d4c-5320f5cb193e tempest-GroupSnapshotsV319Test-479065972 None] Running cmd (subprocess): sudo cinder-rootwrap /etc/cinder/rootwrap.conf chmod ugo+rw /opt/stack/data/cinder/mnt/0d8307bea22a56f39de1e692e4e61a30/volume-51e94bdf-0e8a-4209-958f-9a56bd5654bd {{(pid=86006) execute /opt/stack/data/venv/lib/python3.12/site-packages/oslo_concurrency/processutils.py:440}}
Aug 30 11:31:55 devstack sudo[91481]: quobyte : PWD=/ ; USER=root ; COMMAND=/opt/stack/data/venv/bin/cinder-rootwrap /etc/cinder/rootwrap.conf chmod ugo+rw /opt/stack/data/cinder/mnt/0d8307bea22a56f39de1e692e4e61a30/volume-51e94bdf-0e8a-4209-958f-9a56bd5654bd
Aug 30 11:31:55 devstack sudo[91481]: pam_unix(sudo:session): session opened for user root(uid=0) by (uid=1000)
Aug 30 11:31:55 devstack sudo[91481]: pam_unix(sudo:session): session closed for user root
Aug 30 11:31:55 devstack cinder-volume[86006]: DEBUG oslo_concurrency.processutils [None req-8636a0e1-25ee-40c9-8d4c-5320f5cb193e tempest-GroupSnapshotsV319Test-479065972 None] CMD "sudo cinder-rootwrap /etc/cinder/rootwrap.conf chmod ugo+rw /opt/stack/data/cinder/mnt/0d8307bea22a56f39de1e692e4e61a30/volume-51e94bdf-0e8a-4209-958f-9a56bd5654bd" returned: 0 in 0.266s {{(pid=86006) execute /opt/stack/data/venv/lib/python3.12/site-packages/oslo_concurrency/processutils.py:468}}
Aug 30 11:31:56 devstack cinder-volume[86006]: DEBUG cinder.volume.drivers.quobyte [None req-8636a0e1-25ee-40c9-8d4c-5320f5cb193e tempest-GroupSnapshotsV319Test-479065972 None] <== create_volume: return (862ms) {'provider_location': 'osci02.corp.quobyte.com/cinder-vol-bc9a4c45-c93b-45c7-a26f-0c34d685a6c6'} {{(pid=86006) trace_logging_wrapper /opt/stack/cinder/cinder/volume/volume_utils.py:1522}}
Aug 30 11:31:56 devstack cinder-volume[86006]: DEBUG oslo_concurrency.lockutils [None req-8636a0e1-25ee-40c9-8d4c-5320f5cb193e tempest-GroupSnapshotsV319Test-479065972 None] Lock "quobyte" "released" by "cinder.volume.drivers.quobyte.QuobyteDriver.create_volume" :: held 0.865s {{(pid=86006) inner /opt/stack/data/venv/lib/python3.12/site-packages/oslo_concurrency/lockutils.py:544}}
Aug 30 11:31:56 devstack cinder-volume[86006]: DEBUG cinder.volume.manager [None req-8636a0e1-25ee-40c9-8d4c-5320f5cb193e tempest-GroupSnapshotsV319Test-479065972 None] Task 'cinder.volume.flows.manager.create_volume.CreateVolumeFromSpecTask;volume:create' (39dd5863-c89f-4709-861f-6c9f1696a7ad) transitioned into state 'SUCCESS' from state 'RUNNING' with result '{'status': 'creating', 'volume_name': 'volume-51e94bdf-0e8a-4209-958f-9a56bd5654bd', 'volume_size': 1}' {{(pid=86006) _task_receiver /opt/stack/data/venv/lib/python3.12/site-packages/taskflow/listeners/logging.py:218}}
Aug 30 11:31:56 devstack cinder-volume[86006]: DEBUG cinder.volume.manager [None req-8636a0e1-25ee-40c9-8d4c-5320f5cb193e tempest-GroupSnapshotsV319Test-479065972 None] Task 'cinder.volume.flows.manager.create_volume.CreateVolumeOnFinishTask;volume:create, create.end' (01aff7e9-da0e-400c-b061-88fbcbf97c63) transitioned into state 'RUNNING' from state 'PENDING' {{(pid=86006) _task_receiver /opt/stack/data/venv/lib/python3.12/site-packages/taskflow/listeners/logging.py:242}}
Aug 30 11:31:56 devstack cinder-volume[86006]: INFO cinder.volume.flows.manager.create_volume [None req-8636a0e1-25ee-40c9-8d4c-5320f5cb193e tempest-GroupSnapshotsV319Test-479065972 None] Volume volume-51e94bdf-0e8a-4209-958f-9a56bd5654bd (51e94bdf-0e8a-4209-958f-9a56bd5654bd): created successfully
Aug 30 11:31:56 devstack cinder-volume[86006]: DEBUG cinder.volume.manager [None req-8636a0e1-25ee-40c9-8d4c-5320f5cb193e tempest-GroupSnapshotsV319Test-479065972 None] Task 'cinder.volume.flows.manager.create_volume.CreateVolumeOnFinishTask;volume:create, create.end' (01aff7e9-da0e-400c-b061-88fbcbf97c63) transitioned into state 'SUCCESS' from state 'RUNNING' with result 'None' {{(pid=86006) _task_receiver /opt/stack/data/venv/lib/python3.12/site-packages/taskflow/listeners/logging.py:218}}
Aug 30 11:31:56 devstack cinder-volume[86006]: DEBUG cinder.volume.manager [None req-8636a0e1-25ee-40c9-8d4c-5320f5cb193e tempest-GroupSnapshotsV319Test-479065972 None] Flow 'volume_create_manager' (77c3a78b-1ca9-46ea-b728-44df287f23f1) transitioned into state 'SUCCESS' from state 'RUNNING' {{(pid=86006) _flow_receiver /opt/stack/data/venv/lib/python3.12/site-packages/taskflow/listeners/logging.py:160}}
Aug 30 11:31:56 devstack cinder-volume[86006]: INFO cinder.volume.manager [None req-8636a0e1-25ee-40c9-8d4c-5320f5cb193e tempest-GroupSnapshotsV319Test-479065972 None] Created volume successfully.
Aug 30 11:31:56 devstack cinder-volume[86006]: DEBUG cinder.coordination [None req-9acd5ae2-933f-45cc-bb73-b62e34498da0 tempest-AttachVolumeShelveTestJSON-568945374 None] Acquiring lock "cinder-b7ace5b2-569f-4eda-baf4-33376be74814-delete_volume" by "delete_volume" {{(pid=86006) __acquire /opt/stack/cinder/cinder/coordination.py:138}}
Aug 30 11:31:56 devstack cinder-volume[86006]: DEBUG cinder.coordination [None req-9acd5ae2-933f-45cc-bb73-b62e34498da0 tempest-AttachVolumeShelveTestJSON-568945374 None] Lock "cinder-b7ace5b2-569f-4eda-baf4-33376be74814-delete_volume" acquired by "delete_volume" :: waited 0.017s {{(pid=86006) __acquire /opt/stack/cinder/cinder/coordination.py:141}}
Aug 30 11:31:56 devstack cinder-volume[86006]: DEBUG cinder.coordination [None req-9acd5ae2-933f-45cc-bb73-b62e34498da0 tempest-AttachVolumeShelveTestJSON-568945374 None] Acquiring lock "cinder-quobyte-b7ace5b2-569f-4eda-baf4-33376be74814" by "delete_volume" {{(pid=86006) __acquire /opt/stack/cinder/cinder/coordination.py:138}}
Aug 30 11:31:56 devstack cinder-volume[86006]: DEBUG cinder.coordination [None req-9acd5ae2-933f-45cc-bb73-b62e34498da0 tempest-AttachVolumeShelveTestJSON-568945374 None] Lock "cinder-quobyte-b7ace5b2-569f-4eda-baf4-33376be74814" acquired by "delete_volume" :: waited 0.017s {{(pid=86006) __acquire /opt/stack/cinder/cinder/coordination.py:141}}
Aug 30 11:31:56 devstack cinder-volume[86006]: DEBUG oslo.privsep.daemon [-] privsep: reply[d3a44469-b31b-4ca1-9b25-c22a01580a37]: (4, 'qcow2') {{(pid=87604) _call_back /opt/stack/data/venv/lib/python3.12/site-packages/oslo_privsep/daemon.py:580}}
Aug 30 11:31:56 devstack cinder-volume[86006]: DEBUG oslo_concurrency.processutils [None req-9acd5ae2-933f-45cc-bb73-b62e34498da0 tempest-AttachVolumeShelveTestJSON-568945374 None] Running cmd (subprocess): /opt/stack/data/venv/bin/python3.12 -m oslo_concurrency.prlimit --as=1073741824 --cpu=60 -- sudo cinder-rootwrap /etc/cinder/rootwrap.conf env LC_ALL=C qemu-img info -f qcow2 --output=json --force-share /opt/stack/data/cinder/mnt/0d8307bea22a56f39de1e692e4e61a30/volume-b7ace5b2-569f-4eda-baf4-33376be74814 {{(pid=86006) execute /opt/stack/data/venv/lib/python3.12/site-packages/oslo_concurrency/processutils.py:440}}
Aug 30 11:31:56 devstack sudo[91484]: quobyte : PWD=/ ; USER=root ; COMMAND=/opt/stack/data/venv/bin/cinder-rootwrap /etc/cinder/rootwrap.conf env LC_ALL=C qemu-img info -f qcow2 --output=json --force-share /opt/stack/data/cinder/mnt/0d8307bea22a56f39de1e692e4e61a30/volume-b7ace5b2-569f-4eda-baf4-33376be74814
Aug 30 11:31:56 devstack sudo[91484]: pam_unix(sudo:session): session opened for user root(uid=0) by (uid=1000)
Aug 30 11:31:56 devstack cinder-volume[86006]: INFO cinder.volume.manager [None req-24a4c917-f0c7-489e-85ed-1e28ca712dd9 tempest-GroupSnapshotsV319Test-479065972 None] GroupSnapshot 11247e1a-595e-440d-ad1d-510fa5ceef14: creating.
Aug 30 11:31:56 devstack cinder-volume[86006]: DEBUG cinder.volume.manager [None req-24a4c917-f0c7-489e-85ed-1e28ca712dd9 tempest-GroupSnapshotsV319Test-479065972 None] Group snapshot 11247e1a-595e-440d-ad1d-510fa5ceef14: creating. {{(pid=86006) create_group_snapshot /opt/stack/cinder/cinder/volume/manager.py:4175}}
Aug 30 11:31:56 devstack cinder-volume[86006]: DEBUG oslo_concurrency.lockutils [None req-24a4c917-f0c7-489e-85ed-1e28ca712dd9 tempest-GroupSnapshotsV319Test-479065972 None] Acquiring lock "quobyte" by "cinder.volume.drivers.quobyte.QuobyteDriver.create_snapshot" {{(pid=86006) inner /opt/stack/data/venv/lib/python3.12/site-packages/oslo_concurrency/lockutils.py:512}}
Aug 30 11:31:56 devstack cinder-volume[86006]: DEBUG oslo_concurrency.lockutils [None req-24a4c917-f0c7-489e-85ed-1e28ca712dd9 tempest-GroupSnapshotsV319Test-479065972 None] Lock "quobyte" acquired by "cinder.volume.drivers.quobyte.QuobyteDriver.create_snapshot" :: waited 0.001s {{(pid=86006) inner /opt/stack/data/venv/lib/python3.12/site-packages/oslo_concurrency/lockutils.py:525}}
Aug 30 11:31:56 devstack cinder-volume[86006]: DEBUG cinder.volume.drivers.remotefs [None req-24a4c917-f0c7-489e-85ed-1e28ca712dd9 tempest-GroupSnapshotsV319Test-479065972 None] Creating offline snapshot f98e58ea-0ff8-4780-aeb4-048a94e80919 of volume 51e94bdf-0e8a-4209-958f-9a56bd5654bd {{(pid=86006) _create_snapshot /opt/stack/cinder/cinder/volume/drivers/remotefs.py:1816}}
Aug 30 11:31:56 devstack cinder-volume[86006]: DEBUG oslo.privsep.daemon [-] privsep: reply[8f9261ff-fa93-4f42-b5fb-5aac84ef61f1]: (4, 'qcow2') {{(pid=87604) _call_back /opt/stack/data/venv/lib/python3.12/site-packages/oslo_privsep/daemon.py:580}}
Aug 30 11:31:56 devstack cinder-volume[86006]: DEBUG oslo_concurrency.processutils [None req-24a4c917-f0c7-489e-85ed-1e28ca712dd9 tempest-GroupSnapshotsV319Test-479065972 None] Running cmd (subprocess): /opt/stack/data/venv/bin/python3.12 -m oslo_concurrency.prlimit --as=1073741824 --cpu=60 -- sudo cinder-rootwrap /etc/cinder/rootwrap.conf env LC_ALL=C qemu-img info -f qcow2 --output=json --force-share /opt/stack/data/cinder/mnt/0d8307bea22a56f39de1e692e4e61a30/volume-51e94bdf-0e8a-4209-958f-9a56bd5654bd {{(pid=86006) execute /opt/stack/data/venv/lib/python3.12/site-packages/oslo_concurrency/processutils.py:440}}
Aug 30 11:31:56 devstack sudo[91484]: pam_unix(sudo:session): session closed for user root
Aug 30 11:31:56 devstack cinder-volume[86006]: DEBUG oslo_concurrency.processutils [None req-9acd5ae2-933f-45cc-bb73-b62e34498da0 tempest-AttachVolumeShelveTestJSON-568945374 None] CMD "/opt/stack/data/venv/bin/python3.12 -m oslo_concurrency.prlimit --as=1073741824 --cpu=60 -- sudo cinder-rootwrap /etc/cinder/rootwrap.conf env LC_ALL=C qemu-img info -f qcow2 --output=json --force-share /opt/stack/data/cinder/mnt/0d8307bea22a56f39de1e692e4e61a30/volume-b7ace5b2-569f-4eda-baf4-33376be74814" returned: 0 in 0.395s {{(pid=86006) execute /opt/stack/data/venv/lib/python3.12/site-packages/oslo_concurrency/processutils.py:468}}
Aug 30 11:31:56 devstack cinder-volume[86006]: DEBUG oslo_concurrency.processutils [None req-9acd5ae2-933f-45cc-bb73-b62e34498da0 tempest-AttachVolumeShelveTestJSON-568945374 None] Running cmd (subprocess): sudo cinder-rootwrap /etc/cinder/rootwrap.conf rm -f /opt/stack/data/cinder/mnt/0d8307bea22a56f39de1e692e4e61a30/volume-b7ace5b2-569f-4eda-baf4-33376be74814 {{(pid=86006) execute /opt/stack/data/venv/lib/python3.12/site-packages/oslo_concurrency/processutils.py:440}}
Aug 30 11:31:56 devstack sudo[91490]: quobyte : PWD=/ ; USER=root ; COMMAND=/opt/stack/data/venv/bin/cinder-rootwrap /etc/cinder/rootwrap.conf rm -f /opt/stack/data/cinder/mnt/0d8307bea22a56f39de1e692e4e61a30/volume-b7ace5b2-569f-4eda-baf4-33376be74814
Aug 30 11:31:56 devstack sudo[91490]: pam_unix(sudo:session): session opened for user root(uid=0) by (uid=1000)
Aug 30 11:31:56 devstack sudo[91489]: quobyte : PWD=/ ; USER=root ; COMMAND=/opt/stack/data/venv/bin/cinder-rootwrap /etc/cinder/rootwrap.conf env LC_ALL=C qemu-img info -f qcow2 --output=json --force-share /opt/stack/data/cinder/mnt/0d8307bea22a56f39de1e692e4e61a30/volume-51e94bdf-0e8a-4209-958f-9a56bd5654bd
Aug 30 11:31:56 devstack sudo[91489]: pam_unix(sudo:session): session opened for user root(uid=0) by (uid=1000)
Aug 30 11:31:56 devstack sudo[91490]: pam_unix(sudo:session): session closed for user root
Aug 30 11:31:56 devstack cinder-volume[86006]: DEBUG oslo_concurrency.processutils [None req-9acd5ae2-933f-45cc-bb73-b62e34498da0 tempest-AttachVolumeShelveTestJSON-568945374 None] CMD "sudo cinder-rootwrap /etc/cinder/rootwrap.conf rm -f /opt/stack/data/cinder/mnt/0d8307bea22a56f39de1e692e4e61a30/volume-b7ace5b2-569f-4eda-baf4-33376be74814" returned: 0 in 0.248s {{(pid=86006) execute /opt/stack/data/venv/lib/python3.12/site-packages/oslo_concurrency/processutils.py:468}}
Aug 30 11:31:56 devstack cinder-volume[86006]: DEBUG cinder.coordination [None req-9acd5ae2-933f-45cc-bb73-b62e34498da0 tempest-AttachVolumeShelveTestJSON-568945374 None] Lock "cinder-quobyte-b7ace5b2-569f-4eda-baf4-33376be74814" released by "delete_volume" :: held 0.687s {{(pid=86006) __release /opt/stack/cinder/cinder/coordination.py:152}}
Aug 30 11:31:56 devstack sudo[91489]: pam_unix(sudo:session): session closed for user root
Aug 30 11:31:56 devstack cinder-volume[86006]: DEBUG cinder.quota [None req-9acd5ae2-933f-45cc-bb73-b62e34498da0 tempest-AttachVolumeShelveTestJSON-568945374 None] Created reservations ['fee38bd7-f2cc-4714-b93b-a1fa8bd54424', '9e2e579e-ca6a-44e2-a411-59550d7283f5', '8d08c3d8-a816-4699-9e5d-4538070beb33', '9689acc1-2c4e-4336-bc0c-f6421dbaeda7'] {{(pid=86006) reserve /opt/stack/cinder/cinder/quota.py:752}}
Aug 30 11:31:56 devstack cinder-volume[86006]: DEBUG oslo_concurrency.processutils [None req-24a4c917-f0c7-489e-85ed-1e28ca712dd9 tempest-GroupSnapshotsV319Test-479065972 None] CMD "/opt/stack/data/venv/bin/python3.12 -m oslo_concurrency.prlimit --as=1073741824 --cpu=60 -- sudo cinder-rootwrap /etc/cinder/rootwrap.conf env LC_ALL=C qemu-img info -f qcow2 --output=json --force-share /opt/stack/data/cinder/mnt/0d8307bea22a56f39de1e692e4e61a30/volume-51e94bdf-0e8a-4209-958f-9a56bd5654bd" returned: 0 in 0.372s {{(pid=86006) execute /opt/stack/data/venv/lib/python3.12/site-packages/oslo_concurrency/processutils.py:468}}
Aug 30 11:31:56 devstack cinder-volume[86006]: DEBUG oslo_concurrency.processutils [None req-24a4c917-f0c7-489e-85ed-1e28ca712dd9 tempest-GroupSnapshotsV319Test-479065972 None] Running cmd (subprocess): sudo cinder-rootwrap /etc/cinder/rootwrap.conf qemu-img create -f qcow2 -o backing_file=/opt/stack/data/cinder/mnt/0d8307bea22a56f39de1e692e4e61a30/volume-51e94bdf-0e8a-4209-958f-9a56bd5654bd,backing_fmt=qcow2 /opt/stack/data/cinder/mnt/0d8307bea22a56f39de1e692e4e61a30/volume-51e94bdf-0e8a-4209-958f-9a56bd5654bd.f98e58ea-0ff8-4780-aeb4-048a94e80919 1G {{(pid=86006) execute /opt/stack/data/venv/lib/python3.12/site-packages/oslo_concurrency/processutils.py:440}}
Aug 30 11:31:57 devstack sudo[91497]: quobyte : PWD=/ ; USER=root ; COMMAND=/opt/stack/data/venv/bin/cinder-rootwrap /etc/cinder/rootwrap.conf qemu-img create -f qcow2 -o backing_file=/opt/stack/data/cinder/mnt/0d8307bea22a56f39de1e692e4e61a30/volume-51e94bdf-0e8a-4209-958f-9a56bd5654bd,backing_fmt=qcow2 /opt/stack/data/cinder/mnt/0d8307bea22a56f39de1e692e4e61a30/volume-51e94bdf-0e8a-4209-958f-9a56bd5654bd.f98e58ea-0ff8-4780-aeb4-048a94e80919 1G
Aug 30 11:31:57 devstack sudo[91497]: pam_unix(sudo:session): session opened for user root(uid=0) by (uid=1000)
Aug 30 11:31:57 devstack cinder-volume[86006]: DEBUG oslo_concurrency.lockutils [None req-9acd5ae2-933f-45cc-bb73-b62e34498da0 tempest-AttachVolumeShelveTestJSON-568945374 None] Acquiring lock "quobyte_ensure" by "cinder.volume.drivers.quobyte.QuobyteDriver._ensure_shares_mounted" {{(pid=86006) inner /opt/stack/data/venv/lib/python3.12/site-packages/oslo_concurrency/lockutils.py:512}}
Aug 30 11:31:57 devstack cinder-volume[86006]: DEBUG oslo_concurrency.lockutils [None req-9acd5ae2-933f-45cc-bb73-b62e34498da0 tempest-AttachVolumeShelveTestJSON-568945374 None] Lock "quobyte_ensure" acquired by "cinder.volume.drivers.quobyte.QuobyteDriver._ensure_shares_mounted" :: waited 0.001s {{(pid=86006) inner /opt/stack/data/venv/lib/python3.12/site-packages/oslo_concurrency/lockutils.py:525}}
Aug 30 11:31:57 devstack cinder-volume[86006]: DEBUG cinder.volume.drivers.quobyte [None req-9acd5ae2-933f-45cc-bb73-b62e34498da0 tempest-AttachVolumeShelveTestJSON-568945374 None] Quobyte Volume URL set to: {'osci02.corp.quobyte.com/cinder-vol-bc9a4c45-c93b-45c7-a26f-0c34d685a6c6': None} {{(pid=86006) _load_shares_config /opt/stack/cinder/cinder/volume/drivers/quobyte.py:662}}
Aug 30 11:31:57 devstack cinder-volume[86006]: DEBUG cinder.volume.drivers.quobyte [None req-9acd5ae2-933f-45cc-bb73-b62e34498da0 tempest-AttachVolumeShelveTestJSON-568945374 None] Available shares ['osci02.corp.quobyte.com/cinder-vol-bc9a4c45-c93b-45c7-a26f-0c34d685a6c6'] {{(pid=86006) _ensure_shares_mounted /opt/stack/cinder/cinder/volume/drivers/quobyte.py:692}}
Aug 30 11:31:57 devstack cinder-volume[86006]: DEBUG oslo_concurrency.lockutils [None req-9acd5ae2-933f-45cc-bb73-b62e34498da0 tempest-AttachVolumeShelveTestJSON-568945374 None] Lock "quobyte_ensure" "released" by "cinder.volume.drivers.quobyte.QuobyteDriver._ensure_shares_mounted" :: held 0.006s {{(pid=86006) inner /opt/stack/data/venv/lib/python3.12/site-packages/oslo_concurrency/lockutils.py:544}}
Aug 30 11:31:57 devstack cinder-volume[86006]: DEBUG oslo_concurrency.processutils [None req-9acd5ae2-933f-45cc-bb73-b62e34498da0 tempest-AttachVolumeShelveTestJSON-568945374 None] Running cmd (subprocess): sudo cinder-rootwrap /etc/cinder/rootwrap.conf df --portability --block-size 1 /opt/stack/data/cinder/mnt/0d8307bea22a56f39de1e692e4e61a30 {{(pid=86006) execute /opt/stack/data/venv/lib/python3.12/site-packages/oslo_concurrency/processutils.py:440}}
Aug 30 11:31:57 devstack sudo[91499]: quobyte : PWD=/ ; USER=root ; COMMAND=/opt/stack/data/venv/bin/cinder-rootwrap /etc/cinder/rootwrap.conf df --portability --block-size 1 /opt/stack/data/cinder/mnt/0d8307bea22a56f39de1e692e4e61a30
Aug 30 11:31:57 devstack sudo[91499]: pam_unix(sudo:session): session opened for user root(uid=0) by (uid=1000)
Aug 30 11:31:57 devstack sudo[91499]: pam_unix(sudo:session): session closed for user root
Aug 30 11:31:57 devstack cinder-volume[86006]: DEBUG oslo_concurrency.processutils [None req-9acd5ae2-933f-45cc-bb73-b62e34498da0 tempest-AttachVolumeShelveTestJSON-568945374 None] CMD "sudo cinder-rootwrap /etc/cinder/rootwrap.conf df --portability --block-size 1 /opt/stack/data/cinder/mnt/0d8307bea22a56f39de1e692e4e61a30" returned: 0 in 0.262s {{(pid=86006) execute /opt/stack/data/venv/lib/python3.12/site-packages/oslo_concurrency/processutils.py:468}}
Aug 30 11:31:57 devstack cinder-volume[86006]: DEBUG cinder.manager [None req-9acd5ae2-933f-45cc-bb73-b62e34498da0 tempest-AttachVolumeShelveTestJSON-568945374 None] Notifying Schedulers of capabilities ... {{(pid=86006) _publish_service_capabilities /opt/stack/cinder/cinder/manager.py:219}}
Aug 30 11:31:57 devstack cinder-volume[86006]: INFO cinder.volume.manager [None req-9acd5ae2-933f-45cc-bb73-b62e34498da0 tempest-AttachVolumeShelveTestJSON-568945374 None] Deleted volume successfully.
Aug 30 11:31:57 devstack cinder-volume[86006]: DEBUG cinder.coordination [None req-9acd5ae2-933f-45cc-bb73-b62e34498da0 tempest-AttachVolumeShelveTestJSON-568945374 None] Lock "cinder-b7ace5b2-569f-4eda-baf4-33376be74814-delete_volume" released by "delete_volume" :: held 1.154s {{(pid=86006) __release /opt/stack/cinder/cinder/coordination.py:152}}
Aug 30 11:31:57 devstack sudo[91497]: pam_unix(sudo:session): session closed for user root
Aug 30 11:31:57 devstack cinder-volume[86006]: DEBUG oslo_concurrency.processutils [None req-24a4c917-f0c7-489e-85ed-1e28ca712dd9 tempest-GroupSnapshotsV319Test-479065972 None] CMD "sudo cinder-rootwrap /etc/cinder/rootwrap.conf qemu-img create -f qcow2 -o backing_file=/opt/stack/data/cinder/mnt/0d8307bea22a56f39de1e692e4e61a30/volume-51e94bdf-0e8a-4209-958f-9a56bd5654bd,backing_fmt=qcow2 /opt/stack/data/cinder/mnt/0d8307bea22a56f39de1e692e4e61a30/volume-51e94bdf-0e8a-4209-958f-9a56bd5654bd.f98e58ea-0ff8-4780-aeb4-048a94e80919 1G" returned: 0 in 0.416s {{(pid=86006) execute /opt/stack/data/venv/lib/python3.12/site-packages/oslo_concurrency/processutils.py:468}}
Aug 30 11:31:57 devstack cinder-volume[86006]: DEBUG oslo_concurrency.processutils [None req-24a4c917-f0c7-489e-85ed-1e28ca712dd9 tempest-GroupSnapshotsV319Test-479065972 None] Running cmd (subprocess): sudo cinder-rootwrap /etc/cinder/rootwrap.conf qemu-img rebase -u -b volume-51e94bdf-0e8a-4209-958f-9a56bd5654bd -F qcow2 /opt/stack/data/cinder/mnt/0d8307bea22a56f39de1e692e4e61a30/volume-51e94bdf-0e8a-4209-958f-9a56bd5654bd.f98e58ea-0ff8-4780-aeb4-048a94e80919 {{(pid=86006) execute /opt/stack/data/venv/lib/python3.12/site-packages/oslo_concurrency/processutils.py:440}}
Aug 30 11:31:57 devstack sudo[91505]: quobyte : PWD=/ ; USER=root ; COMMAND=/opt/stack/data/venv/bin/cinder-rootwrap /etc/cinder/rootwrap.conf qemu-img rebase -u -b volume-51e94bdf-0e8a-4209-958f-9a56bd5654bd -F qcow2 /opt/stack/data/cinder/mnt/0d8307bea22a56f39de1e692e4e61a30/volume-51e94bdf-0e8a-4209-958f-9a56bd5654bd.f98e58ea-0ff8-4780-aeb4-048a94e80919
Aug 30 11:31:57 devstack sudo[91505]: pam_unix(sudo:session): session opened for user root(uid=0) by (uid=1000)
Aug 30 11:31:57 devstack sudo[91505]: pam_unix(sudo:session): session closed for user root
Aug 30 11:31:57 devstack cinder-volume[86006]: DEBUG oslo_concurrency.processutils [None req-24a4c917-f0c7-489e-85ed-1e28ca712dd9 tempest-GroupSnapshotsV319Test-479065972 None] CMD "sudo cinder-rootwrap /etc/cinder/rootwrap.conf qemu-img rebase -u -b volume-51e94bdf-0e8a-4209-958f-9a56bd5654bd -F qcow2 /opt/stack/data/cinder/mnt/0d8307bea22a56f39de1e692e4e61a30/volume-51e94bdf-0e8a-4209-958f-9a56bd5654bd.f98e58ea-0ff8-4780-aeb4-048a94e80919" returned: 0 in 0.307s {{(pid=86006) execute /opt/stack/data/venv/lib/python3.12/site-packages/oslo_concurrency/processutils.py:468}}
Aug 30 11:31:57 devstack cinder-volume[86006]: WARNING cinder.volume.drivers.remotefs [None req-24a4c917-f0c7-489e-85ed-1e28ca712dd9 tempest-GroupSnapshotsV319Test-479065972 None] /opt/stack/data/cinder/mnt/0d8307bea22a56f39de1e692e4e61a30/volume-51e94bdf-0e8a-4209-958f-9a56bd5654bd.f98e58ea-0ff8-4780-aeb4-048a94e80919 is being set with open permissions: ugo+rw: NotImplementedError
Aug 30 11:31:57 devstack cinder-volume[86006]: DEBUG oslo_concurrency.processutils [None req-24a4c917-f0c7-489e-85ed-1e28ca712dd9 tempest-GroupSnapshotsV319Test-479065972 None] Running cmd (subprocess): sudo cinder-rootwrap /etc/cinder/rootwrap.conf chmod ugo+rw /opt/stack/data/cinder/mnt/0d8307bea22a56f39de1e692e4e61a30/volume-51e94bdf-0e8a-4209-958f-9a56bd5654bd.f98e58ea-0ff8-4780-aeb4-048a94e80919 {{(pid=86006) execute /opt/stack/data/venv/lib/python3.12/site-packages/oslo_concurrency/processutils.py:440}}
Aug 30 11:31:57 devstack sudo[91511]: quobyte : PWD=/ ; USER=root ; COMMAND=/opt/stack/data/venv/bin/cinder-rootwrap /etc/cinder/rootwrap.conf chmod ugo+rw /opt/stack/data/cinder/mnt/0d8307bea22a56f39de1e692e4e61a30/volume-51e94bdf-0e8a-4209-958f-9a56bd5654bd.f98e58ea-0ff8-4780-aeb4-048a94e80919
Aug 30 11:31:57 devstack sudo[91511]: pam_unix(sudo:session): session opened for user root(uid=0) by (uid=1000)
Aug 30 11:31:57 devstack sudo[91511]: pam_unix(sudo:session): session closed for user root
Aug 30 11:31:57 devstack cinder-volume[86006]: DEBUG oslo_concurrency.processutils [None req-24a4c917-f0c7-489e-85ed-1e28ca712dd9 tempest-GroupSnapshotsV319Test-479065972 None] CMD "sudo cinder-rootwrap /etc/cinder/rootwrap.conf chmod ugo+rw /opt/stack/data/cinder/mnt/0d8307bea22a56f39de1e692e4e61a30/volume-51e94bdf-0e8a-4209-958f-9a56bd5654bd.f98e58ea-0ff8-4780-aeb4-048a94e80919" returned: 0 in 0.260s {{(pid=86006) execute /opt/stack/data/venv/lib/python3.12/site-packages/oslo_concurrency/processutils.py:468}}
Aug 30 11:31:57 devstack cinder-volume[86006]: DEBUG oslo_concurrency.processutils [None req-24a4c917-f0c7-489e-85ed-1e28ca712dd9 tempest-GroupSnapshotsV319Test-479065972 None] Running cmd (subprocess): sudo cinder-rootwrap /etc/cinder/rootwrap.conf truncate -s0 /opt/stack/data/cinder/mnt/0d8307bea22a56f39de1e692e4e61a30/volume-51e94bdf-0e8a-4209-958f-9a56bd5654bd.info {{(pid=86006) execute /opt/stack/data/venv/lib/python3.12/site-packages/oslo_concurrency/processutils.py:440}}
Aug 30 11:31:58 devstack sudo[91514]: quobyte : PWD=/ ; USER=root ; COMMAND=/opt/stack/data/venv/bin/cinder-rootwrap /etc/cinder/rootwrap.conf truncate -s0 /opt/stack/data/cinder/mnt/0d8307bea22a56f39de1e692e4e61a30/volume-51e94bdf-0e8a-4209-958f-9a56bd5654bd.info
Aug 30 11:31:58 devstack sudo[91514]: pam_unix(sudo:session): session opened for user root(uid=0) by (uid=1000)
Aug 30 11:31:58 devstack sudo[91514]: pam_unix(sudo:session): session closed for user root
Aug 30 11:31:58 devstack cinder-volume[86006]: DEBUG oslo_concurrency.processutils [None req-24a4c917-f0c7-489e-85ed-1e28ca712dd9 tempest-GroupSnapshotsV319Test-479065972 None] CMD "sudo cinder-rootwrap /etc/cinder/rootwrap.conf truncate -s0 /opt/stack/data/cinder/mnt/0d8307bea22a56f39de1e692e4e61a30/volume-51e94bdf-0e8a-4209-958f-9a56bd5654bd.info" returned: 0 in 0.280s {{(pid=86006) execute /opt/stack/data/venv/lib/python3.12/site-packages/oslo_concurrency/processutils.py:468}}
Aug 30 11:31:58 devstack cinder-volume[86006]: WARNING cinder.volume.drivers.remotefs [None req-24a4c917-f0c7-489e-85ed-1e28ca712dd9 tempest-GroupSnapshotsV319Test-479065972 None] /opt/stack/data/cinder/mnt/0d8307bea22a56f39de1e692e4e61a30/volume-51e94bdf-0e8a-4209-958f-9a56bd5654bd.info is being set with open permissions: ugo+rw: NotImplementedError
Aug 30 11:31:58 devstack cinder-volume[86006]: DEBUG oslo_concurrency.processutils [None req-24a4c917-f0c7-489e-85ed-1e28ca712dd9 tempest-GroupSnapshotsV319Test-479065972 None] Running cmd (subprocess): sudo cinder-rootwrap /etc/cinder/rootwrap.conf chmod ugo+rw /opt/stack/data/cinder/mnt/0d8307bea22a56f39de1e692e4e61a30/volume-51e94bdf-0e8a-4209-958f-9a56bd5654bd.info {{(pid=86006) execute /opt/stack/data/venv/lib/python3.12/site-packages/oslo_concurrency/processutils.py:440}}
Aug 30 11:31:58 devstack sudo[91517]: quobyte : PWD=/ ; USER=root ; COMMAND=/opt/stack/data/venv/bin/cinder-rootwrap /etc/cinder/rootwrap.conf chmod ugo+rw /opt/stack/data/cinder/mnt/0d8307bea22a56f39de1e692e4e61a30/volume-51e94bdf-0e8a-4209-958f-9a56bd5654bd.info
Aug 30 11:31:58 devstack sudo[91517]: pam_unix(sudo:session): session opened for user root(uid=0) by (uid=1000)
Aug 30 11:31:58 devstack sudo[91517]: pam_unix(sudo:session): session closed for user root
Aug 30 11:31:58 devstack cinder-volume[86006]: DEBUG oslo_concurrency.processutils [None req-24a4c917-f0c7-489e-85ed-1e28ca712dd9 tempest-GroupSnapshotsV319Test-479065972 None] CMD "sudo cinder-rootwrap /etc/cinder/rootwrap.conf chmod ugo+rw /opt/stack/data/cinder/mnt/0d8307bea22a56f39de1e692e4e61a30/volume-51e94bdf-0e8a-4209-958f-9a56bd5654bd.info" returned: 0 in 0.270s {{(pid=86006) execute /opt/stack/data/venv/lib/python3.12/site-packages/oslo_concurrency/processutils.py:468}}
Aug 30 11:31:58 devstack cinder-volume[86006]: DEBUG oslo_concurrency.lockutils [None req-24a4c917-f0c7-489e-85ed-1e28ca712dd9 tempest-GroupSnapshotsV319Test-479065972 None] Lock "quobyte" "released" by "cinder.volume.drivers.quobyte.QuobyteDriver.create_snapshot" :: held 1.980s {{(pid=86006) inner /opt/stack/data/venv/lib/python3.12/site-packages/oslo_concurrency/lockutils.py:544}}
Aug 30 11:31:58 devstack cinder-volume[86006]: INFO cinder.volume.manager [None req-24a4c917-f0c7-489e-85ed-1e28ca712dd9 tempest-GroupSnapshotsV319Test-479065972 None] group_snapshot 11247e1a-595e-440d-ad1d-510fa5ceef14: created successfully
Aug 30 11:31:59 devstack cinder-volume[86006]: INFO cinder.volume.manager [None req-d8ba3482-04f5-476d-989f-07f6103c3e59 tempest-GroupSnapshotsV319Test-479065972 None] group_snapshot 11247e1a-595e-440d-ad1d-510fa5ceef14: deleting
Aug 30 11:31:59 devstack cinder-volume[86006]: DEBUG cinder.volume.manager [None req-d8ba3482-04f5-476d-989f-07f6103c3e59 tempest-GroupSnapshotsV319Test-479065972 None] group_snapshot 11247e1a-595e-440d-ad1d-510fa5ceef14: deleting {{(pid=86006) delete_group_snapshot /opt/stack/cinder/cinder/volume/manager.py:4350}}
Aug 30 11:31:59 devstack cinder-volume[86006]: DEBUG cinder.coordination [None req-d8ba3482-04f5-476d-989f-07f6103c3e59 tempest-GroupSnapshotsV319Test-479065972 None] Acquiring lock "cinder-quobyte-51e94bdf-0e8a-4209-958f-9a56bd5654bd" by "delete_snapshot" {{(pid=86006) __acquire /opt/stack/cinder/cinder/coordination.py:138}}
Aug 30 11:31:59 devstack cinder-volume[86006]: DEBUG cinder.coordination [None req-d8ba3482-04f5-476d-989f-07f6103c3e59 tempest-GroupSnapshotsV319Test-479065972 None] Lock "cinder-quobyte-51e94bdf-0e8a-4209-958f-9a56bd5654bd" acquired by "delete_snapshot" :: waited 0.019s {{(pid=86006) __acquire /opt/stack/cinder/cinder/coordination.py:141}}
Aug 30 11:31:59 devstack cinder-volume[86006]: DEBUG cinder.coordination [None req-d8ba3482-04f5-476d-989f-07f6103c3e59 tempest-GroupSnapshotsV319Test-479065972 None] Acquiring lock "cinder-quobyte-f98e58ea-0ff8-4780-aeb4-048a94e80919" by "_delete_snapshot" {{(pid=86006) __acquire /opt/stack/cinder/cinder/coordination.py:138}}
Aug 30 11:31:59 devstack cinder-volume[86006]: DEBUG cinder.coordination [None req-d8ba3482-04f5-476d-989f-07f6103c3e59 tempest-GroupSnapshotsV319Test-479065972 None] Lock "cinder-quobyte-f98e58ea-0ff8-4780-aeb4-048a94e80919" acquired by "_delete_snapshot" :: waited 0.020s {{(pid=86006) __acquire /opt/stack/cinder/cinder/coordination.py:141}}
Aug 30 11:31:59 devstack cinder-volume[86006]: DEBUG cinder.volume.drivers.remotefs [None req-d8ba3482-04f5-476d-989f-07f6103c3e59 tempest-GroupSnapshotsV319Test-479065972 None] Deleting offline snapshot f98e58ea-0ff8-4780-aeb4-048a94e80919 of volume 51e94bdf-0e8a-4209-958f-9a56bd5654bd {{(pid=86006) _delete_snapshot /opt/stack/cinder/cinder/volume/drivers/remotefs.py:1288}}
Aug 30 11:31:59 devstack cinder-volume[86006]: DEBUG cinder.volume.drivers.remotefs [None req-d8ba3482-04f5-476d-989f-07f6103c3e59 tempest-GroupSnapshotsV319Test-479065972 None] snapshot_file for this snap is: volume-51e94bdf-0e8a-4209-958f-9a56bd5654bd.f98e58ea-0ff8-4780-aeb4-048a94e80919 {{(pid=86006) _delete_snapshot /opt/stack/cinder/cinder/volume/drivers/remotefs.py:1317}}
Aug 30 11:31:59 devstack cinder-volume[86006]: DEBUG oslo.privsep.daemon [-] privsep: reply[6b2e9f0e-1859-4936-9ff4-483502a9a562]: (4, 'qcow2') {{(pid=87604) _call_back /opt/stack/data/venv/lib/python3.12/site-packages/oslo_privsep/daemon.py:580}}
Aug 30 11:31:59 devstack cinder-volume[86006]: DEBUG oslo_concurrency.processutils [None req-d8ba3482-04f5-476d-989f-07f6103c3e59 tempest-GroupSnapshotsV319Test-479065972 None] Running cmd (subprocess): /opt/stack/data/venv/bin/python3.12 -m oslo_concurrency.prlimit --as=1073741824 --cpu=60 -- sudo cinder-rootwrap /etc/cinder/rootwrap.conf env LC_ALL=C qemu-img info -f qcow2 --output=json --force-share /opt/stack/data/cinder/mnt/0d8307bea22a56f39de1e692e4e61a30/volume-51e94bdf-0e8a-4209-958f-9a56bd5654bd.f98e58ea-0ff8-4780-aeb4-048a94e80919 {{(pid=86006) execute /opt/stack/data/venv/lib/python3.12/site-packages/oslo_concurrency/processutils.py:440}}
Aug 30 11:31:59 devstack sudo[91521]: quobyte : PWD=/ ; USER=root ; COMMAND=/opt/stack/data/venv/bin/cinder-rootwrap /etc/cinder/rootwrap.conf env LC_ALL=C qemu-img info -f qcow2 --output=json --force-share /opt/stack/data/cinder/mnt/0d8307bea22a56f39de1e692e4e61a30/volume-51e94bdf-0e8a-4209-958f-9a56bd5654bd.f98e58ea-0ff8-4780-aeb4-048a94e80919
Aug 30 11:31:59 devstack sudo[91521]: pam_unix(sudo:session): session opened for user root(uid=0) by (uid=1000)
Aug 30 11:31:59 devstack sudo[91521]: pam_unix(sudo:session): session closed for user root
Aug 30 11:31:59 devstack cinder-volume[86006]: DEBUG oslo_concurrency.processutils [None req-d8ba3482-04f5-476d-989f-07f6103c3e59 tempest-GroupSnapshotsV319Test-479065972 None] CMD "/opt/stack/data/venv/bin/python3.12 -m oslo_concurrency.prlimit --as=1073741824 --cpu=60 -- sudo cinder-rootwrap /etc/cinder/rootwrap.conf env LC_ALL=C qemu-img info -f qcow2 --output=json --force-share /opt/stack/data/cinder/mnt/0d8307bea22a56f39de1e692e4e61a30/volume-51e94bdf-0e8a-4209-958f-9a56bd5654bd.f98e58ea-0ff8-4780-aeb4-048a94e80919" returned: 0 in 0.373s {{(pid=86006) execute /opt/stack/data/venv/lib/python3.12/site-packages/oslo_concurrency/processutils.py:468}}
Aug 30 11:31:59 devstack cinder-volume[86006]: DEBUG cinder.volume.drivers.remotefs [None req-d8ba3482-04f5-476d-989f-07f6103c3e59 tempest-GroupSnapshotsV319Test-479065972 None] Fetching qemu-img info with special backing_file_template: (/opt/stack/data/cinder/mnt/[0-9a-f]+/)?(volume-51e94bdf-0e8a-4209-958f-9a56bd5654bd(.(tmp-snap-)?[0-9a-f-]+)?|volume_from_snapshot_cache/(tmp-snap-)?[0-9a-f-]+(.(child-|parent-)[0-9a-f-]+)?)$ {{(pid=86006) _qemu_img_info_base /opt/stack/cinder/cinder/volume/drivers/remotefs.py:896}}
Aug 30 11:31:59 devstack cinder-volume[86006]: DEBUG oslo.privsep.daemon [-] privsep: reply[9ceb61af-8c92-4f91-bd1b-fff124626e61]: (4, 'qcow2') {{(pid=87604) _call_back /opt/stack/data/venv/lib/python3.12/site-packages/oslo_privsep/daemon.py:580}}
Aug 30 11:31:59 devstack cinder-volume[86006]: DEBUG oslo_concurrency.processutils [None req-d8ba3482-04f5-476d-989f-07f6103c3e59 tempest-GroupSnapshotsV319Test-479065972 None] Running cmd (subprocess): /opt/stack/data/venv/bin/python3.12 -m oslo_concurrency.prlimit --as=1073741824 --cpu=60 -- sudo cinder-rootwrap /etc/cinder/rootwrap.conf env LC_ALL=C qemu-img info -f qcow2 --output=json --force-share /opt/stack/data/cinder/mnt/0d8307bea22a56f39de1e692e4e61a30/volume-51e94bdf-0e8a-4209-958f-9a56bd5654bd {{(pid=86006) execute /opt/stack/data/venv/lib/python3.12/site-packages/oslo_concurrency/processutils.py:440}}
Aug 30 11:31:59 devstack sudo[91526]: quobyte : PWD=/ ; USER=root ; COMMAND=/opt/stack/data/venv/bin/cinder-rootwrap /etc/cinder/rootwrap.conf env LC_ALL=C qemu-img info -f qcow2 --output=json --force-share /opt/stack/data/cinder/mnt/0d8307bea22a56f39de1e692e4e61a30/volume-51e94bdf-0e8a-4209-958f-9a56bd5654bd
Aug 30 11:31:59 devstack sudo[91526]: pam_unix(sudo:session): session opened for user root(uid=0) by (uid=1000)
Aug 30 11:32:00 devstack sudo[91526]: pam_unix(sudo:session): session closed for user root
Aug 30 11:32:00 devstack cinder-volume[86006]: DEBUG oslo_concurrency.processutils [None req-d8ba3482-04f5-476d-989f-07f6103c3e59 tempest-GroupSnapshotsV319Test-479065972 None] CMD "/opt/stack/data/venv/bin/python3.12 -m oslo_concurrency.prlimit --as=1073741824 --cpu=60 -- sudo cinder-rootwrap /etc/cinder/rootwrap.conf env LC_ALL=C qemu-img info -f qcow2 --output=json --force-share /opt/stack/data/cinder/mnt/0d8307bea22a56f39de1e692e4e61a30/volume-51e94bdf-0e8a-4209-958f-9a56bd5654bd" returned: 0 in 0.369s {{(pid=86006) execute /opt/stack/data/venv/lib/python3.12/site-packages/oslo_concurrency/processutils.py:468}}
Aug 30 11:32:00 devstack cinder-volume[86006]: DEBUG oslo_concurrency.processutils [None req-d8ba3482-04f5-476d-989f-07f6103c3e59 tempest-GroupSnapshotsV319Test-479065972 None] Running cmd (subprocess): sudo cinder-rootwrap /etc/cinder/rootwrap.conf qemu-img commit -d /opt/stack/data/cinder/mnt/0d8307bea22a56f39de1e692e4e61a30/volume-51e94bdf-0e8a-4209-958f-9a56bd5654bd.f98e58ea-0ff8-4780-aeb4-048a94e80919 {{(pid=86006) execute /opt/stack/data/venv/lib/python3.12/site-packages/oslo_concurrency/processutils.py:440}}
Aug 30 11:32:00 devstack sudo[91531]: quobyte : PWD=/ ; USER=root ; COMMAND=/opt/stack/data/venv/bin/cinder-rootwrap /etc/cinder/rootwrap.conf qemu-img commit -d /opt/stack/data/cinder/mnt/0d8307bea22a56f39de1e692e4e61a30/volume-51e94bdf-0e8a-4209-958f-9a56bd5654bd.f98e58ea-0ff8-4780-aeb4-048a94e80919
Aug 30 11:32:00 devstack sudo[91531]: pam_unix(sudo:session): session opened for user root(uid=0) by (uid=1000)
Aug 30 11:32:00 devstack sudo[91531]: pam_unix(sudo:session): session closed for user root
Aug 30 11:32:00 devstack cinder-volume[86006]: DEBUG oslo_concurrency.processutils [None req-d8ba3482-04f5-476d-989f-07f6103c3e59 tempest-GroupSnapshotsV319Test-479065972 None] CMD "sudo cinder-rootwrap /etc/cinder/rootwrap.conf qemu-img commit -d /opt/stack/data/cinder/mnt/0d8307bea22a56f39de1e692e4e61a30/volume-51e94bdf-0e8a-4209-958f-9a56bd5654bd.f98e58ea-0ff8-4780-aeb4-048a94e80919" returned: 0 in 0.322s {{(pid=86006) execute /opt/stack/data/venv/lib/python3.12/site-packages/oslo_concurrency/processutils.py:468}}
Aug 30 11:32:00 devstack cinder-volume[86006]: DEBUG oslo_concurrency.processutils [None req-d8ba3482-04f5-476d-989f-07f6103c3e59 tempest-GroupSnapshotsV319Test-479065972 None] Running cmd (subprocess): sudo cinder-rootwrap /etc/cinder/rootwrap.conf rm -f /opt/stack/data/cinder/mnt/0d8307bea22a56f39de1e692e4e61a30/volume-51e94bdf-0e8a-4209-958f-9a56bd5654bd.f98e58ea-0ff8-4780-aeb4-048a94e80919 {{(pid=86006) execute /opt/stack/data/venv/lib/python3.12/site-packages/oslo_concurrency/processutils.py:440}}
Aug 30 11:32:00 devstack sudo[91536]: quobyte : PWD=/ ; USER=root ; COMMAND=/opt/stack/data/venv/bin/cinder-rootwrap /etc/cinder/rootwrap.conf rm -f /opt/stack/data/cinder/mnt/0d8307bea22a56f39de1e692e4e61a30/volume-51e94bdf-0e8a-4209-958f-9a56bd5654bd.f98e58ea-0ff8-4780-aeb4-048a94e80919
Aug 30 11:32:00 devstack sudo[91536]: pam_unix(sudo:session): session opened for user root(uid=0) by (uid=1000)
Aug 30 11:32:00 devstack sudo[91536]: pam_unix(sudo:session): session closed for user root
Aug 30 11:32:00 devstack cinder-volume[86006]: DEBUG oslo_concurrency.processutils [None req-d8ba3482-04f5-476d-989f-07f6103c3e59 tempest-GroupSnapshotsV319Test-479065972 None] CMD "sudo cinder-rootwrap /etc/cinder/rootwrap.conf rm -f /opt/stack/data/cinder/mnt/0d8307bea22a56f39de1e692e4e61a30/volume-51e94bdf-0e8a-4209-958f-9a56bd5654bd.f98e58ea-0ff8-4780-aeb4-048a94e80919" returned: 0 in 0.247s {{(pid=86006) execute /opt/stack/data/venv/lib/python3.12/site-packages/oslo_concurrency/processutils.py:468}}
Aug 30 11:32:00 devstack cinder-volume[86006]: DEBUG cinder.coordination [None req-d8ba3482-04f5-476d-989f-07f6103c3e59 tempest-GroupSnapshotsV319Test-479065972 None] Lock "cinder-quobyte-f98e58ea-0ff8-4780-aeb4-048a94e80919" released by "_delete_snapshot" :: held 1.414s {{(pid=86006) __release /opt/stack/cinder/cinder/coordination.py:152}}
Aug 30 11:32:00 devstack cinder-volume[86006]: DEBUG cinder.coordination [None req-d8ba3482-04f5-476d-989f-07f6103c3e59 tempest-GroupSnapshotsV319Test-479065972 None] Lock "cinder-quobyte-51e94bdf-0e8a-4209-958f-9a56bd5654bd" released by "delete_snapshot" :: held 1.446s {{(pid=86006) __release /opt/stack/cinder/cinder/coordination.py:152}}
Aug 30 11:32:00 devstack cinder-volume[86006]: WARNING cinder.quota [None req-d8ba3482-04f5-476d-989f-07f6103c3e59 tempest-GroupSnapshotsV319Test-479065972 None] Deprecated: Default quota for resource: gigabytes_tempest-GroupSnapshotsV319Test-volume-type-632405024 is set by the default quota flag: quota_gigabytes_tempest-GroupSnapshotsV319Test-volume-type-632405024, it is now deprecated. Please use the default quota class for default quota.
Aug 30 11:32:00 devstack cinder-volume[86006]: WARNING cinder.quota [None req-d8ba3482-04f5-476d-989f-07f6103c3e59 tempest-GroupSnapshotsV319Test-479065972 None] Deprecated: Default quota for resource: snapshots_tempest-GroupSnapshotsV319Test-volume-type-632405024 is set by the default quota flag: quota_snapshots_tempest-GroupSnapshotsV319Test-volume-type-632405024, it is now deprecated. Please use the default quota class for default quota.
Aug 30 11:32:00 devstack cinder-volume[86006]: DEBUG cinder.quota [None req-d8ba3482-04f5-476d-989f-07f6103c3e59 tempest-GroupSnapshotsV319Test-479065972 None] Created reservations ['4fb1a141-8629-44ed-ad6f-e50fbd5e2563', '4ce8a454-7644-4633-8ccf-b447760367dc', '2854a241-e802-49a9-b61e-0a1387554226', '3e8060fc-e994-4826-9968-bdc856183eb5'] {{(pid=86006) reserve /opt/stack/cinder/cinder/quota.py:752}}
Aug 30 11:32:00 devstack cinder-volume[86006]: INFO cinder.volume.manager [None req-d8ba3482-04f5-476d-989f-07f6103c3e59 tempest-GroupSnapshotsV319Test-479065972 None] group_snapshot 11247e1a-595e-440d-ad1d-510fa5ceef14: deleted successfully
Aug 30 11:32:01 devstack cinder-volume[86006]: DEBUG cinder.coordination [None req-d1a973bc-23df-4d1b-ac28-83648d8de49f tempest-GroupSnapshotsV319Test-479065972 None] Acquiring lock "cinder-quobyte-51e94bdf-0e8a-4209-958f-9a56bd5654bd" by "delete_volume" {{(pid=86006) __acquire /opt/stack/cinder/cinder/coordination.py:138}}
Aug 30 11:32:01 devstack cinder-volume[86006]: DEBUG cinder.coordination [None req-d1a973bc-23df-4d1b-ac28-83648d8de49f tempest-GroupSnapshotsV319Test-479065972 None] Lock "cinder-quobyte-51e94bdf-0e8a-4209-958f-9a56bd5654bd" acquired by "delete_volume" :: waited 0.022s {{(pid=86006) __acquire /opt/stack/cinder/cinder/coordination.py:141}}
Aug 30 11:32:02 devstack cinder-volume[86006]: DEBUG oslo.privsep.daemon [-] privsep: reply[6e2cb1ea-c195-4b5e-81a2-d9d9c4763ba2]: (4, 'qcow2') {{(pid=87604) _call_back /opt/stack/data/venv/lib/python3.12/site-packages/oslo_privsep/daemon.py:580}}
Aug 30 11:32:02 devstack cinder-volume[86006]: DEBUG oslo_concurrency.processutils [None req-d1a973bc-23df-4d1b-ac28-83648d8de49f tempest-GroupSnapshotsV319Test-479065972 None] Running cmd (subprocess): /opt/stack/data/venv/bin/python3.12 -m oslo_concurrency.prlimit --as=1073741824 --cpu=60 -- sudo cinder-rootwrap /etc/cinder/rootwrap.conf env LC_ALL=C qemu-img info -f qcow2 --output=json --force-share /opt/stack/data/cinder/mnt/0d8307bea22a56f39de1e692e4e61a30/volume-51e94bdf-0e8a-4209-958f-9a56bd5654bd {{(pid=86006) execute /opt/stack/data/venv/lib/python3.12/site-packages/oslo_concurrency/processutils.py:440}}
Aug 30 11:32:02 devstack sudo[91541]: quobyte : PWD=/ ; USER=root ; COMMAND=/opt/stack/data/venv/bin/cinder-rootwrap /etc/cinder/rootwrap.conf env LC_ALL=C qemu-img info -f qcow2 --output=json --force-share /opt/stack/data/cinder/mnt/0d8307bea22a56f39de1e692e4e61a30/volume-51e94bdf-0e8a-4209-958f-9a56bd5654bd
Aug 30 11:32:02 devstack sudo[91541]: pam_unix(sudo:session): session opened for user root(uid=0) by (uid=1000)
Aug 30 11:32:02 devstack sudo[91541]: pam_unix(sudo:session): session closed for user root
Aug 30 11:32:02 devstack cinder-volume[86006]: DEBUG oslo_concurrency.processutils [None req-d1a973bc-23df-4d1b-ac28-83648d8de49f tempest-GroupSnapshotsV319Test-479065972 None] CMD "/opt/stack/data/venv/bin/python3.12 -m oslo_concurrency.prlimit --as=1073741824 --cpu=60 -- sudo cinder-rootwrap /etc/cinder/rootwrap.conf env LC_ALL=C qemu-img info -f qcow2 --output=json --force-share /opt/stack/data/cinder/mnt/0d8307bea22a56f39de1e692e4e61a30/volume-51e94bdf-0e8a-4209-958f-9a56bd5654bd" returned: 0 in 0.396s {{(pid=86006) execute /opt/stack/data/venv/lib/python3.12/site-packages/oslo_concurrency/processutils.py:468}}
Aug 30 11:32:02 devstack cinder-volume[86006]: DEBUG oslo_concurrency.processutils [None req-d1a973bc-23df-4d1b-ac28-83648d8de49f tempest-GroupSnapshotsV319Test-479065972 None] Running cmd (subprocess): sudo cinder-rootwrap /etc/cinder/rootwrap.conf rm -f /opt/stack/data/cinder/mnt/0d8307bea22a56f39de1e692e4e61a30/volume-51e94bdf-0e8a-4209-958f-9a56bd5654bd {{(pid=86006) execute /opt/stack/data/venv/lib/python3.12/site-packages/oslo_concurrency/processutils.py:440}}
Aug 30 11:32:02 devstack sudo[91546]: quobyte : PWD=/ ; USER=root ; COMMAND=/opt/stack/data/venv/bin/cinder-rootwrap /etc/cinder/rootwrap.conf rm -f /opt/stack/data/cinder/mnt/0d8307bea22a56f39de1e692e4e61a30/volume-51e94bdf-0e8a-4209-958f-9a56bd5654bd
Aug 30 11:32:02 devstack sudo[91546]: pam_unix(sudo:session): session opened for user root(uid=0) by (uid=1000)
Aug 30 11:32:02 devstack sudo[91546]: pam_unix(sudo:session): session closed for user root
Aug 30 11:32:02 devstack cinder-volume[86006]: DEBUG oslo_concurrency.processutils [None req-d1a973bc-23df-4d1b-ac28-83648d8de49f tempest-GroupSnapshotsV319Test-479065972 None] CMD "sudo cinder-rootwrap /etc/cinder/rootwrap.conf rm -f /opt/stack/data/cinder/mnt/0d8307bea22a56f39de1e692e4e61a30/volume-51e94bdf-0e8a-4209-958f-9a56bd5654bd" returned: 0 in 0.273s {{(pid=86006) execute /opt/stack/data/venv/lib/python3.12/site-packages/oslo_concurrency/processutils.py:468}}
Aug 30 11:32:02 devstack cinder-volume[86006]: DEBUG cinder.coordination [None req-d1a973bc-23df-4d1b-ac28-83648d8de49f tempest-GroupSnapshotsV319Test-479065972 None] Lock "cinder-quobyte-51e94bdf-0e8a-4209-958f-9a56bd5654bd" released by "delete_volume" :: held 0.744s {{(pid=86006) __release /opt/stack/cinder/cinder/coordination.py:152}}
Aug 30 11:32:02 devstack cinder-volume[86006]: DEBUG cinder.quota [None req-d1a973bc-23df-4d1b-ac28-83648d8de49f tempest-GroupSnapshotsV319Test-479065972 None] Created reservations ['6a804e74-58bf-408d-bcf6-280290c4244a'] {{(pid=86006) reserve /opt/stack/cinder/cinder/quota.py:752}}
Aug 30 11:32:02 devstack cinder-volume[86006]: WARNING cinder.quota [None req-d1a973bc-23df-4d1b-ac28-83648d8de49f tempest-GroupSnapshotsV319Test-479065972 None] Deprecated: Default quota for resource: volumes_tempest-GroupSnapshotsV319Test-volume-type-632405024 is set by the default quota flag: quota_volumes_tempest-GroupSnapshotsV319Test-volume-type-632405024, it is now deprecated. Please use the default quota class for default quota.
Aug 30 11:32:02 devstack cinder-volume[86006]: DEBUG cinder.quota [None req-d1a973bc-23df-4d1b-ac28-83648d8de49f tempest-GroupSnapshotsV319Test-479065972 None] Created reservations ['9fdd086e-7a42-483f-aead-a0c9c1c37fff', 'a35a2f16-27d6-48e5-874c-86eb2a0c36e9', 'b66e3d71-b8e4-4e37-81e8-b61d1c84b5d5', 'd5471b94-450f-4e47-8524-017c9c3bcb42'] {{(pid=86006) reserve /opt/stack/cinder/cinder/quota.py:752}}
Aug 30 11:32:03 devstack cinder-volume[86006]: DEBUG oslo_concurrency.lockutils [None req-d1a973bc-23df-4d1b-ac28-83648d8de49f tempest-GroupSnapshotsV319Test-479065972 None] Acquiring lock "quobyte_ensure" by "cinder.volume.drivers.quobyte.QuobyteDriver._ensure_shares_mounted" {{(pid=86006) inner /opt/stack/data/venv/lib/python3.12/site-packages/oslo_concurrency/lockutils.py:512}}
Aug 30 11:32:03 devstack cinder-volume[86006]: DEBUG oslo_concurrency.lockutils [None req-d1a973bc-23df-4d1b-ac28-83648d8de49f tempest-GroupSnapshotsV319Test-479065972 None] Lock "quobyte_ensure" acquired by "cinder.volume.drivers.quobyte.QuobyteDriver._ensure_shares_mounted" :: waited 0.001s {{(pid=86006) inner /opt/stack/data/venv/lib/python3.12/site-packages/oslo_concurrency/lockutils.py:525}}
Aug 30 11:32:03 devstack cinder-volume[86006]: DEBUG cinder.volume.drivers.quobyte [None req-d1a973bc-23df-4d1b-ac28-83648d8de49f tempest-GroupSnapshotsV319Test-479065972 None] Quobyte Volume URL set to: {'osci02.corp.quobyte.com/cinder-vol-bc9a4c45-c93b-45c7-a26f-0c34d685a6c6': None} {{(pid=86006) _load_shares_config /opt/stack/cinder/cinder/volume/drivers/quobyte.py:662}}
Aug 30 11:32:03 devstack cinder-volume[86006]: DEBUG cinder.volume.drivers.quobyte [None req-d1a973bc-23df-4d1b-ac28-83648d8de49f tempest-GroupSnapshotsV319Test-479065972 None] Available shares ['osci02.corp.quobyte.com/cinder-vol-bc9a4c45-c93b-45c7-a26f-0c34d685a6c6'] {{(pid=86006) _ensure_shares_mounted /opt/stack/cinder/cinder/volume/drivers/quobyte.py:692}}
Aug 30 11:32:03 devstack cinder-volume[86006]: DEBUG oslo_concurrency.lockutils [None req-d1a973bc-23df-4d1b-ac28-83648d8de49f tempest-GroupSnapshotsV319Test-479065972 None] Lock "quobyte_ensure" "released" by "cinder.volume.drivers.quobyte.QuobyteDriver._ensure_shares_mounted" :: held 0.007s {{(pid=86006) inner /opt/stack/data/venv/lib/python3.12/site-packages/oslo_concurrency/lockutils.py:544}}
Aug 30 11:32:03 devstack cinder-volume[86006]: DEBUG oslo_concurrency.processutils [None req-d1a973bc-23df-4d1b-ac28-83648d8de49f tempest-GroupSnapshotsV319Test-479065972 None] Running cmd (subprocess): sudo cinder-rootwrap /etc/cinder/rootwrap.conf df --portability --block-size 1 /opt/stack/data/cinder/mnt/0d8307bea22a56f39de1e692e4e61a30 {{(pid=86006) execute /opt/stack/data/venv/lib/python3.12/site-packages/oslo_concurrency/processutils.py:440}}
Aug 30 11:32:03 devstack sudo[91549]: quobyte : PWD=/ ; USER=root ; COMMAND=/opt/stack/data/venv/bin/cinder-rootwrap /etc/cinder/rootwrap.conf df --portability --block-size 1 /opt/stack/data/cinder/mnt/0d8307bea22a56f39de1e692e4e61a30
Aug 30 11:32:03 devstack sudo[91549]: pam_unix(sudo:session): session opened for user root(uid=0) by (uid=1000)
Aug 30 11:32:03 devstack sudo[91549]: pam_unix(sudo:session): session closed for user root
Aug 30 11:32:03 devstack cinder-volume[86006]: DEBUG oslo_concurrency.processutils [None req-d1a973bc-23df-4d1b-ac28-83648d8de49f tempest-GroupSnapshotsV319Test-479065972 None] CMD "sudo cinder-rootwrap /etc/cinder/rootwrap.conf df --portability --block-size 1 /opt/stack/data/cinder/mnt/0d8307bea22a56f39de1e692e4e61a30" returned: 0 in 0.264s {{(pid=86006) execute /opt/stack/data/venv/lib/python3.12/site-packages/oslo_concurrency/processutils.py:468}}
Aug 30 11:32:03 devstack cinder-volume[86006]: DEBUG cinder.manager [None req-d1a973bc-23df-4d1b-ac28-83648d8de49f tempest-GroupSnapshotsV319Test-479065972 None] Notifying Schedulers of capabilities ... {{(pid=86006) _publish_service_capabilities /opt/stack/cinder/cinder/manager.py:219}}
Aug 30 11:32:03 devstack cinder-volume[86006]: INFO cinder.volume.manager [None req-d1a973bc-23df-4d1b-ac28-83648d8de49f tempest-GroupSnapshotsV319Test-479065972 None] Delete group completed successfully.
