Aug 30 11:32:25 devstack cinder-volume[86006]: DEBUG oslo_concurrency.lockutils [req-392e34e5-1083-4d76-9656-bf33199ceb0c req-4ba33e27-407f-4351-ba44-77e973739029 tempest-ServerActionsTestOtherA-1443686962 None] Lock "quobyte_ensure" acquired by "cinder.volume.drivers.quobyte.QuobyteDriver._ensure_shares_mounted" :: waited 0.006s {{(pid=86006) inner /opt/stack/data/venv/lib/python3.12/site-packages/oslo_concurrency/lockutils.py:525}}
Aug 30 11:32:25 devstack cinder-volume[86006]: DEBUG cinder.volume.drivers.quobyte [req-392e34e5-1083-4d76-9656-bf33199ceb0c req-4ba33e27-407f-4351-ba44-77e973739029 tempest-ServerActionsTestOtherA-1443686962 None] Quobyte Volume URL set to: {'osci02.corp.quobyte.com/cinder-vol-bc9a4c45-c93b-45c7-a26f-0c34d685a6c6': None} {{(pid=86006) _load_shares_config /opt/stack/cinder/cinder/volume/drivers/quobyte.py:662}}
Aug 30 11:32:25 devstack cinder-volume[86006]: DEBUG cinder.volume.drivers.quobyte [req-392e34e5-1083-4d76-9656-bf33199ceb0c req-4ba33e27-407f-4351-ba44-77e973739029 tempest-ServerActionsTestOtherA-1443686962 None] Available shares ['osci02.corp.quobyte.com/cinder-vol-bc9a4c45-c93b-45c7-a26f-0c34d685a6c6'] {{(pid=86006) _ensure_shares_mounted /opt/stack/cinder/cinder/volume/drivers/quobyte.py:692}}
Aug 30 11:32:25 devstack cinder-volume[86006]: DEBUG oslo_concurrency.lockutils [req-392e34e5-1083-4d76-9656-bf33199ceb0c req-4ba33e27-407f-4351-ba44-77e973739029 tempest-ServerActionsTestOtherA-1443686962 None] Lock "quobyte_ensure" "released" by "cinder.volume.drivers.quobyte.QuobyteDriver._ensure_shares_mounted" :: held 0.035s {{(pid=86006) inner /opt/stack/data/venv/lib/python3.12/site-packages/oslo_concurrency/lockutils.py:544}}
Aug 30 11:32:25 devstack cinder-volume[86006]: DEBUG oslo_concurrency.processutils [req-392e34e5-1083-4d76-9656-bf33199ceb0c req-4ba33e27-407f-4351-ba44-77e973739029 tempest-ServerActionsTestOtherA-1443686962 None] Running cmd (subprocess): sudo cinder-rootwrap /etc/cinder/rootwrap.conf df --portability --block-size 1 /opt/stack/data/cinder/mnt/0d8307bea22a56f39de1e692e4e61a30 {{(pid=86006) execute /opt/stack/data/venv/lib/python3.12/site-packages/oslo_concurrency/processutils.py:440}}
Aug 30 11:32:25 devstack sudo[91804]: quobyte : PWD=/ ; USER=root ; COMMAND=/opt/stack/data/venv/bin/cinder-rootwrap /etc/cinder/rootwrap.conf df --portability --block-size 1 /opt/stack/data/cinder/mnt/0d8307bea22a56f39de1e692e4e61a30
Aug 30 11:32:25 devstack sudo[91804]: pam_unix(sudo:session): session opened for user root(uid=0) by (uid=1000)
Aug 30 11:32:26 devstack sudo[91804]: pam_unix(sudo:session): session closed for user root
Aug 30 11:32:26 devstack cinder-volume[86006]: DEBUG oslo_concurrency.processutils [req-392e34e5-1083-4d76-9656-bf33199ceb0c req-4ba33e27-407f-4351-ba44-77e973739029 tempest-ServerActionsTestOtherA-1443686962 None] CMD "sudo cinder-rootwrap /etc/cinder/rootwrap.conf df --portability --block-size 1 /opt/stack/data/cinder/mnt/0d8307bea22a56f39de1e692e4e61a30" returned: 0 in 0.975s {{(pid=86006) execute /opt/stack/data/venv/lib/python3.12/site-packages/oslo_concurrency/processutils.py:468}}
Aug 30 11:32:26 devstack cinder-volume[86006]: DEBUG cinder.manager [req-392e34e5-1083-4d76-9656-bf33199ceb0c req-4ba33e27-407f-4351-ba44-77e973739029 tempest-ServerActionsTestOtherA-1443686962 None] Notifying Schedulers of capabilities ... {{(pid=86006) _publish_service_capabilities /opt/stack/cinder/cinder/manager.py:219}}
Aug 30 11:32:26 devstack cinder-volume[86006]: INFO cinder.volume.manager [req-392e34e5-1083-4d76-9656-bf33199ceb0c req-4ba33e27-407f-4351-ba44-77e973739029 tempest-ServerActionsTestOtherA-1443686962 None] Deleted volume successfully.
Aug 30 11:32:26 devstack cinder-volume[86006]: DEBUG cinder.coordination [req-392e34e5-1083-4d76-9656-bf33199ceb0c req-4ba33e27-407f-4351-ba44-77e973739029 tempest-ServerActionsTestOtherA-1443686962 None] Lock "cinder-ae5b1c7e-c811-401c-ba67-7a34efd12410-delete_volume" released by "delete_volume" :: held 4.283s {{(pid=86006) __release /opt/stack/cinder/cinder/coordination.py:152}}
Aug 30 11:32:26 devstack sudo[91750]: pam_unix(sudo:session): session closed for user root
Aug 30 11:32:26 devstack cinder-volume[86006]: DEBUG oslo_concurrency.processutils [None req-2445d4bc-2478-4bd3-8e9a-11c701bc06fb tempest-GroupsV314Test-764564861 None] CMD "sudo cinder-rootwrap /etc/cinder/rootwrap.conf qemu-img convert -O qcow2 /opt/stack/data/cinder/mnt/0d8307bea22a56f39de1e692e4e61a30/volume-b6ed1ea9-da9c-4bb0-8dc8-a46ef6c0df1e /opt/stack/data/cinder/mnt/0d8307bea22a56f39de1e692e4e61a30/volume-19de540a-30fb-45b7-bb83-7042dad46ad0" returned: 0 in 8.635s {{(pid=86006) execute /opt/stack/data/venv/lib/python3.12/site-packages/oslo_concurrency/processutils.py:468}}
Aug 30 11:32:26 devstack cinder-volume[86006]: DEBUG cinder.image.image_utils [None req-2445d4bc-2478-4bd3-8e9a-11c701bc06fb tempest-GroupsV314Test-764564861 None] Image conversion details: src /opt/stack/data/cinder/mnt/0d8307bea22a56f39de1e692e4e61a30/volume-b6ed1ea9-da9c-4bb0-8dc8-a46ef6c0df1e, size 1024.00 MB, duration 8.64 sec, destination /opt/stack/data/cinder/mnt/0d8307bea22a56f39de1e692e4e61a30/volume-19de540a-30fb-45b7-bb83-7042dad46ad0 {{(pid=86006) _convert_image /opt/stack/cinder/cinder/image/image_utils.py:536}}
Aug 30 11:32:26 devstack cinder-volume[86006]: INFO cinder.image.image_utils [None req-2445d4bc-2478-4bd3-8e9a-11c701bc06fb tempest-GroupsV314Test-764564861 None] Converted 1024.00 MB image at 118.57 MB/s
Aug 30 11:32:26 devstack cinder-volume[86006]: WARNING cinder.volume.drivers.remotefs [None req-2445d4bc-2478-4bd3-8e9a-11c701bc06fb tempest-GroupsV314Test-764564861 None] /opt/stack/data/cinder/mnt/0d8307bea22a56f39de1e692e4e61a30/volume-19de540a-30fb-45b7-bb83-7042dad46ad0 is being set with open permissions: ugo+rw: NotImplementedError
Aug 30 11:32:26 devstack cinder-volume[86006]: DEBUG oslo_concurrency.processutils [None req-2445d4bc-2478-4bd3-8e9a-11c701bc06fb tempest-GroupsV314Test-764564861 None] Running cmd (subprocess): sudo cinder-rootwrap /etc/cinder/rootwrap.conf chmod ugo+rw /opt/stack/data/cinder/mnt/0d8307bea22a56f39de1e692e4e61a30/volume-19de540a-30fb-45b7-bb83-7042dad46ad0 {{(pid=86006) execute /opt/stack/data/venv/lib/python3.12/site-packages/oslo_concurrency/processutils.py:440}}
Aug 30 11:32:26 devstack cinder-volume[86006]: DEBUG cinder.coordination [None req-9d6dc158-8219-4a62-a13f-bdd4bd6e68a9 tempest-ServerActionsTestOtherA-1443686962 None] Acquiring lock "cinder-31758570-1f04-4a58-b83d-5993ff57a212-delete_volume" by "delete_volume" {{(pid=86006) __acquire /opt/stack/cinder/cinder/coordination.py:138}}
Aug 30 11:32:26 devstack sudo[91808]: quobyte : PWD=/ ; USER=root ; COMMAND=/opt/stack/data/venv/bin/cinder-rootwrap /etc/cinder/rootwrap.conf chmod ugo+rw /opt/stack/data/cinder/mnt/0d8307bea22a56f39de1e692e4e61a30/volume-19de540a-30fb-45b7-bb83-7042dad46ad0
Aug 30 11:32:26 devstack sudo[91808]: pam_unix(sudo:session): session opened for user root(uid=0) by (uid=1000)
Aug 30 11:32:26 devstack cinder-volume[86006]: DEBUG cinder.coordination [None req-9d6dc158-8219-4a62-a13f-bdd4bd6e68a9 tempest-ServerActionsTestOtherA-1443686962 None] Lock "cinder-31758570-1f04-4a58-b83d-5993ff57a212-delete_volume" acquired by "delete_volume" :: waited 0.037s {{(pid=86006) __acquire /opt/stack/cinder/cinder/coordination.py:141}}
Aug 30 11:32:26 devstack cinder-volume[86006]: DEBUG cinder.coordination [None req-9d6dc158-8219-4a62-a13f-bdd4bd6e68a9 tempest-ServerActionsTestOtherA-1443686962 None] Acquiring lock "cinder-quobyte-31758570-1f04-4a58-b83d-5993ff57a212" by "delete_volume" {{(pid=86006) __acquire /opt/stack/cinder/cinder/coordination.py:138}}
Aug 30 11:32:26 devstack cinder-volume[86006]: DEBUG cinder.coordination [None req-9d6dc158-8219-4a62-a13f-bdd4bd6e68a9 tempest-ServerActionsTestOtherA-1443686962 None] Lock "cinder-quobyte-31758570-1f04-4a58-b83d-5993ff57a212" acquired by "delete_volume" :: waited 0.021s {{(pid=86006) __acquire /opt/stack/cinder/cinder/coordination.py:141}}
Aug 30 11:32:26 devstack cinder-volume[86006]: DEBUG oslo.privsep.daemon [-] privsep: reply[4c62de18-89af-4c8b-a7c1-6a7b63c7f003]: (4, 'qcow2') {{(pid=87604) _call_back /opt/stack/data/venv/lib/python3.12/site-packages/oslo_privsep/daemon.py:580}}
Aug 30 11:32:26 devstack cinder-volume[86006]: DEBUG oslo_concurrency.processutils [None req-9d6dc158-8219-4a62-a13f-bdd4bd6e68a9 tempest-ServerActionsTestOtherA-1443686962 None] Running cmd (subprocess): /opt/stack/data/venv/bin/python3.12 -m oslo_concurrency.prlimit --as=1073741824 --cpu=60 -- sudo cinder-rootwrap /etc/cinder/rootwrap.conf env LC_ALL=C qemu-img info -f qcow2 --output=json --force-share /opt/stack/data/cinder/mnt/0d8307bea22a56f39de1e692e4e61a30/volume-31758570-1f04-4a58-b83d-5993ff57a212 {{(pid=86006) execute /opt/stack/data/venv/lib/python3.12/site-packages/oslo_concurrency/processutils.py:440}}
Aug 30 11:32:26 devstack sudo[91808]: pam_unix(sudo:session): session closed for user root
Aug 30 11:32:26 devstack cinder-volume[86006]: DEBUG oslo_concurrency.processutils [None req-2445d4bc-2478-4bd3-8e9a-11c701bc06fb tempest-GroupsV314Test-764564861 None] CMD "sudo cinder-rootwrap /etc/cinder/rootwrap.conf chmod ugo+rw /opt/stack/data/cinder/mnt/0d8307bea22a56f39de1e692e4e61a30/volume-19de540a-30fb-45b7-bb83-7042dad46ad0" returned: 0 in 0.360s {{(pid=86006) execute /opt/stack/data/venv/lib/python3.12/site-packages/oslo_concurrency/processutils.py:468}}
Aug 30 11:32:26 devstack sudo[91810]: quobyte : PWD=/ ; USER=root ; COMMAND=/opt/stack/data/venv/bin/cinder-rootwrap /etc/cinder/rootwrap.conf env LC_ALL=C qemu-img info -f qcow2 --output=json --force-share /opt/stack/data/cinder/mnt/0d8307bea22a56f39de1e692e4e61a30/volume-31758570-1f04-4a58-b83d-5993ff57a212
Aug 30 11:32:26 devstack cinder-volume[86006]: DEBUG cinder.coordination [None req-2445d4bc-2478-4bd3-8e9a-11c701bc06fb tempest-GroupsV314Test-764564861 None] Lock "cinder-quobyte-19de540a-30fb-45b7-bb83-7042dad46ad0" released by "_copy_volume_from_snapshot" :: held 10.274s {{(pid=86006) __release /opt/stack/cinder/cinder/coordination.py:152}}
Aug 30 11:32:26 devstack sudo[91810]: pam_unix(sudo:session): session opened for user root(uid=0) by (uid=1000)
Aug 30 11:32:26 devstack cinder-volume[86006]: DEBUG cinder.coordination [None req-2445d4bc-2478-4bd3-8e9a-11c701bc06fb tempest-GroupsV314Test-764564861 None] Acquiring lock "cinder-quobyte-d7cb97ef-a8d2-4a1d-992a-db2b86e862f5" by "_delete_snapshot" {{(pid=86006) __acquire /opt/stack/cinder/cinder/coordination.py:138}}
Aug 30 11:32:26 devstack cinder-volume[86006]: DEBUG cinder.coordination [None req-2445d4bc-2478-4bd3-8e9a-11c701bc06fb tempest-GroupsV314Test-764564861 None] Lock "cinder-quobyte-d7cb97ef-a8d2-4a1d-992a-db2b86e862f5" acquired by "_delete_snapshot" :: waited 0.021s {{(pid=86006) __acquire /opt/stack/cinder/cinder/coordination.py:141}}
Aug 30 11:32:26 devstack cinder-volume[86006]: DEBUG cinder.volume.drivers.remotefs [None req-2445d4bc-2478-4bd3-8e9a-11c701bc06fb tempest-GroupsV314Test-764564861 None] Deleting offline snapshot d7cb97ef-a8d2-4a1d-992a-db2b86e862f5 of volume b6ed1ea9-da9c-4bb0-8dc8-a46ef6c0df1e {{(pid=86006) _delete_snapshot /opt/stack/cinder/cinder/volume/drivers/remotefs.py:1288}}
Aug 30 11:32:26 devstack cinder-volume[86006]: DEBUG cinder.volume.drivers.remotefs [None req-2445d4bc-2478-4bd3-8e9a-11c701bc06fb tempest-GroupsV314Test-764564861 None] snapshot_file for this snap is: volume-b6ed1ea9-da9c-4bb0-8dc8-a46ef6c0df1e.d7cb97ef-a8d2-4a1d-992a-db2b86e862f5 {{(pid=86006) _delete_snapshot /opt/stack/cinder/cinder/volume/drivers/remotefs.py:1317}}
Aug 30 11:32:26 devstack cinder-volume[86006]: DEBUG oslo.privsep.daemon [-] privsep: reply[efc11a03-1595-4f3e-b8ae-1658c219c603]: (4, 'qcow2') {{(pid=87604) _call_back /opt/stack/data/venv/lib/python3.12/site-packages/oslo_privsep/daemon.py:580}}
Aug 30 11:32:26 devstack cinder-volume[86006]: DEBUG oslo_concurrency.processutils [None req-2445d4bc-2478-4bd3-8e9a-11c701bc06fb tempest-GroupsV314Test-764564861 None] Running cmd (subprocess): /opt/stack/data/venv/bin/python3.12 -m oslo_concurrency.prlimit --as=1073741824 --cpu=60 -- sudo cinder-rootwrap /etc/cinder/rootwrap.conf env LC_ALL=C qemu-img info -f qcow2 --output=json --force-share /opt/stack/data/cinder/mnt/0d8307bea22a56f39de1e692e4e61a30/volume-b6ed1ea9-da9c-4bb0-8dc8-a46ef6c0df1e.d7cb97ef-a8d2-4a1d-992a-db2b86e862f5 {{(pid=86006) execute /opt/stack/data/venv/lib/python3.12/site-packages/oslo_concurrency/processutils.py:440}}
Aug 30 11:32:27 devstack sudo[91813]: quobyte : PWD=/ ; USER=root ; COMMAND=/opt/stack/data/venv/bin/cinder-rootwrap /etc/cinder/rootwrap.conf env LC_ALL=C qemu-img info -f qcow2 --output=json --force-share /opt/stack/data/cinder/mnt/0d8307bea22a56f39de1e692e4e61a30/volume-b6ed1ea9-da9c-4bb0-8dc8-a46ef6c0df1e.d7cb97ef-a8d2-4a1d-992a-db2b86e862f5
Aug 30 11:32:27 devstack sudo[91813]: pam_unix(sudo:session): session opened for user root(uid=0) by (uid=1000)
Aug 30 11:32:27 devstack sudo[91810]: pam_unix(sudo:session): session closed for user root
Aug 30 11:32:27 devstack cinder-volume[86006]: DEBUG oslo_concurrency.processutils [None req-9d6dc158-8219-4a62-a13f-bdd4bd6e68a9 tempest-ServerActionsTestOtherA-1443686962 None] CMD "/opt/stack/data/venv/bin/python3.12 -m oslo_concurrency.prlimit --as=1073741824 --cpu=60 -- sudo cinder-rootwrap /etc/cinder/rootwrap.conf env LC_ALL=C qemu-img info -f qcow2 --output=json --force-share /opt/stack/data/cinder/mnt/0d8307bea22a56f39de1e692e4e61a30/volume-31758570-1f04-4a58-b83d-5993ff57a212" returned: 0 in 0.521s {{(pid=86006) execute /opt/stack/data/venv/lib/python3.12/site-packages/oslo_concurrency/processutils.py:468}}
Aug 30 11:32:27 devstack cinder-volume[86006]: DEBUG oslo_concurrency.processutils [None req-9d6dc158-8219-4a62-a13f-bdd4bd6e68a9 tempest-ServerActionsTestOtherA-1443686962 None] Running cmd (subprocess): sudo cinder-rootwrap /etc/cinder/rootwrap.conf rm -f /opt/stack/data/cinder/mnt/0d8307bea22a56f39de1e692e4e61a30/volume-31758570-1f04-4a58-b83d-5993ff57a212 {{(pid=86006) execute /opt/stack/data/venv/lib/python3.12/site-packages/oslo_concurrency/processutils.py:440}}
Aug 30 11:32:27 devstack sudo[91819]: quobyte : PWD=/ ; USER=root ; COMMAND=/opt/stack/data/venv/bin/cinder-rootwrap /etc/cinder/rootwrap.conf rm -f /opt/stack/data/cinder/mnt/0d8307bea22a56f39de1e692e4e61a30/volume-31758570-1f04-4a58-b83d-5993ff57a212
Aug 30 11:32:27 devstack sudo[91819]: pam_unix(sudo:session): session opened for user root(uid=0) by (uid=1000)
Aug 30 11:32:27 devstack sudo[91813]: pam_unix(sudo:session): session closed for user root
Aug 30 11:32:27 devstack cinder-volume[86006]: DEBUG oslo_concurrency.processutils [None req-2445d4bc-2478-4bd3-8e9a-11c701bc06fb tempest-GroupsV314Test-764564861 None] CMD "/opt/stack/data/venv/bin/python3.12 -m oslo_concurrency.prlimit --as=1073741824 --cpu=60 -- sudo cinder-rootwrap /etc/cinder/rootwrap.conf env LC_ALL=C qemu-img info -f qcow2 --output=json --force-share /opt/stack/data/cinder/mnt/0d8307bea22a56f39de1e692e4e61a30/volume-b6ed1ea9-da9c-4bb0-8dc8-a46ef6c0df1e.d7cb97ef-a8d2-4a1d-992a-db2b86e862f5" returned: 0 in 0.464s {{(pid=86006) execute /opt/stack/data/venv/lib/python3.12/site-packages/oslo_concurrency/processutils.py:468}}
Aug 30 11:32:27 devstack cinder-volume[86006]: DEBUG cinder.volume.drivers.remotefs [None req-2445d4bc-2478-4bd3-8e9a-11c701bc06fb tempest-GroupsV314Test-764564861 None] Fetching qemu-img info with special backing_file_template: (/opt/stack/data/cinder/mnt/[0-9a-f]+/)?(volume-b6ed1ea9-da9c-4bb0-8dc8-a46ef6c0df1e(.(tmp-snap-)?[0-9a-f-]+)?|volume_from_snapshot_cache/(tmp-snap-)?[0-9a-f-]+(.(child-|parent-)[0-9a-f-]+)?)$ {{(pid=86006) _qemu_img_info_base /opt/stack/cinder/cinder/volume/drivers/remotefs.py:896}}
Aug 30 11:32:27 devstack cinder-volume[86006]: DEBUG oslo.privsep.daemon [-] privsep: reply[e94af935-bb8c-47a6-b1a5-4967911d8a19]: (4, 'qcow2') {{(pid=87604) _call_back /opt/stack/data/venv/lib/python3.12/site-packages/oslo_privsep/daemon.py:580}}
Aug 30 11:32:27 devstack cinder-volume[86006]: DEBUG oslo_concurrency.processutils [None req-2445d4bc-2478-4bd3-8e9a-11c701bc06fb tempest-GroupsV314Test-764564861 None] Running cmd (subprocess): /opt/stack/data/venv/bin/python3.12 -m oslo_concurrency.prlimit --as=1073741824 --cpu=60 -- sudo cinder-rootwrap /etc/cinder/rootwrap.conf env LC_ALL=C qemu-img info -f qcow2 --output=json --force-share /opt/stack/data/cinder/mnt/0d8307bea22a56f39de1e692e4e61a30/volume-b6ed1ea9-da9c-4bb0-8dc8-a46ef6c0df1e {{(pid=86006) execute /opt/stack/data/venv/lib/python3.12/site-packages/oslo_concurrency/processutils.py:440}}
Aug 30 11:32:27 devstack sudo[91819]: pam_unix(sudo:session): session closed for user root
Aug 30 11:32:27 devstack cinder-volume[86006]: DEBUG oslo_concurrency.processutils [None req-9d6dc158-8219-4a62-a13f-bdd4bd6e68a9 tempest-ServerActionsTestOtherA-1443686962 None] CMD "sudo cinder-rootwrap /etc/cinder/rootwrap.conf rm -f /opt/stack/data/cinder/mnt/0d8307bea22a56f39de1e692e4e61a30/volume-31758570-1f04-4a58-b83d-5993ff57a212" returned: 0 in 0.337s {{(pid=86006) execute /opt/stack/data/venv/lib/python3.12/site-packages/oslo_concurrency/processutils.py:468}}
Aug 30 11:32:27 devstack cinder-volume[86006]: DEBUG cinder.coordination [None req-9d6dc158-8219-4a62-a13f-bdd4bd6e68a9 tempest-ServerActionsTestOtherA-1443686962 None] Lock "cinder-quobyte-31758570-1f04-4a58-b83d-5993ff57a212" released by "delete_volume" :: held 0.926s {{(pid=86006) __release /opt/stack/cinder/cinder/coordination.py:152}}
Aug 30 11:32:27 devstack sudo[91825]: quobyte : PWD=/ ; USER=root ; COMMAND=/opt/stack/data/venv/bin/cinder-rootwrap /etc/cinder/rootwrap.conf env LC_ALL=C qemu-img info -f qcow2 --output=json --force-share /opt/stack/data/cinder/mnt/0d8307bea22a56f39de1e692e4e61a30/volume-b6ed1ea9-da9c-4bb0-8dc8-a46ef6c0df1e
Aug 30 11:32:27 devstack sudo[91825]: pam_unix(sudo:session): session opened for user root(uid=0) by (uid=1000)
Aug 30 11:32:27 devstack cinder-volume[86006]: DEBUG cinder.quota [None req-9d6dc158-8219-4a62-a13f-bdd4bd6e68a9 tempest-ServerActionsTestOtherA-1443686962 None] Created reservations ['5bb6f06a-6ff1-4e99-8482-951eb08d182b', 'd1da9d23-e672-43d4-9f66-c4e9ffdfe00d', '91ea6af4-5e3a-4d21-b236-02175d606391', '1f1f2d2b-2d14-45d4-81f6-233f3ec993cb'] {{(pid=86006) reserve /opt/stack/cinder/cinder/quota.py:752}}
Aug 30 11:32:27 devstack cinder-volume[86006]: DEBUG oslo_concurrency.lockutils [None req-9d6dc158-8219-4a62-a13f-bdd4bd6e68a9 tempest-ServerActionsTestOtherA-1443686962 None] Acquiring lock "quobyte_ensure" by "cinder.volume.drivers.quobyte.QuobyteDriver._ensure_shares_mounted" {{(pid=86006) inner /opt/stack/data/venv/lib/python3.12/site-packages/oslo_concurrency/lockutils.py:512}}
Aug 30 11:32:27 devstack cinder-volume[86006]: DEBUG oslo_concurrency.lockutils [None req-9d6dc158-8219-4a62-a13f-bdd4bd6e68a9 tempest-ServerActionsTestOtherA-1443686962 None] Lock "quobyte_ensure" acquired by "cinder.volume.drivers.quobyte.QuobyteDriver._ensure_shares_mounted" :: waited 0.001s {{(pid=86006) inner /opt/stack/data/venv/lib/python3.12/site-packages/oslo_concurrency/lockutils.py:525}}
Aug 30 11:32:27 devstack cinder-volume[86006]: DEBUG cinder.volume.drivers.quobyte [None req-9d6dc158-8219-4a62-a13f-bdd4bd6e68a9 tempest-ServerActionsTestOtherA-1443686962 None] Quobyte Volume URL set to: {'osci02.corp.quobyte.com/cinder-vol-bc9a4c45-c93b-45c7-a26f-0c34d685a6c6': None} {{(pid=86006) _load_shares_config /opt/stack/cinder/cinder/volume/drivers/quobyte.py:662}}
Aug 30 11:32:27 devstack cinder-volume[86006]: DEBUG cinder.volume.drivers.quobyte [None req-9d6dc158-8219-4a62-a13f-bdd4bd6e68a9 tempest-ServerActionsTestOtherA-1443686962 None] Available shares ['osci02.corp.quobyte.com/cinder-vol-bc9a4c45-c93b-45c7-a26f-0c34d685a6c6'] {{(pid=86006) _ensure_shares_mounted /opt/stack/cinder/cinder/volume/drivers/quobyte.py:692}}
Aug 30 11:32:27 devstack cinder-volume[86006]: DEBUG oslo_concurrency.lockutils [None req-9d6dc158-8219-4a62-a13f-bdd4bd6e68a9 tempest-ServerActionsTestOtherA-1443686962 None] Lock "quobyte_ensure" "released" by "cinder.volume.drivers.quobyte.QuobyteDriver._ensure_shares_mounted" :: held 0.010s {{(pid=86006) inner /opt/stack/data/venv/lib/python3.12/site-packages/oslo_concurrency/lockutils.py:544}}
Aug 30 11:32:27 devstack cinder-volume[86006]: DEBUG oslo_concurrency.processutils [None req-9d6dc158-8219-4a62-a13f-bdd4bd6e68a9 tempest-ServerActionsTestOtherA-1443686962 None] Running cmd (subprocess): sudo cinder-rootwrap /etc/cinder/rootwrap.conf df --portability --block-size 1 /opt/stack/data/cinder/mnt/0d8307bea22a56f39de1e692e4e61a30 {{(pid=86006) execute /opt/stack/data/venv/lib/python3.12/site-packages/oslo_concurrency/processutils.py:440}}
Aug 30 11:32:27 devstack sudo[91828]: quobyte : PWD=/ ; USER=root ; COMMAND=/opt/stack/data/venv/bin/cinder-rootwrap /etc/cinder/rootwrap.conf df --portability --block-size 1 /opt/stack/data/cinder/mnt/0d8307bea22a56f39de1e692e4e61a30
Aug 30 11:32:27 devstack sudo[91828]: pam_unix(sudo:session): session opened for user root(uid=0) by (uid=1000)
Aug 30 11:32:28 devstack sudo[91828]: pam_unix(sudo:session): session closed for user root
Aug 30 11:32:28 devstack cinder-volume[86006]: DEBUG oslo_concurrency.processutils [None req-9d6dc158-8219-4a62-a13f-bdd4bd6e68a9 tempest-ServerActionsTestOtherA-1443686962 None] CMD "sudo cinder-rootwrap /etc/cinder/rootwrap.conf df --portability --block-size 1 /opt/stack/data/cinder/mnt/0d8307bea22a56f39de1e692e4e61a30" returned: 0 in 0.347s {{(pid=86006) execute /opt/stack/data/venv/lib/python3.12/site-packages/oslo_concurrency/processutils.py:468}}
Aug 30 11:32:28 devstack cinder-volume[86006]: DEBUG cinder.manager [None req-9d6dc158-8219-4a62-a13f-bdd4bd6e68a9 tempest-ServerActionsTestOtherA-1443686962 None] Notifying Schedulers of capabilities ... {{(pid=86006) _publish_service_capabilities /opt/stack/cinder/cinder/manager.py:219}}
Aug 30 11:32:28 devstack cinder-volume[86006]: INFO cinder.volume.manager [None req-9d6dc158-8219-4a62-a13f-bdd4bd6e68a9 tempest-ServerActionsTestOtherA-1443686962 None] Deleted volume successfully.
Aug 30 11:32:28 devstack sudo[91825]: pam_unix(sudo:session): session closed for user root
Aug 30 11:32:28 devstack cinder-volume[86006]: DEBUG oslo_concurrency.processutils [None req-2445d4bc-2478-4bd3-8e9a-11c701bc06fb tempest-GroupsV314Test-764564861 None] CMD "/opt/stack/data/venv/bin/python3.12 -m oslo_concurrency.prlimit --as=1073741824 --cpu=60 -- sudo cinder-rootwrap /etc/cinder/rootwrap.conf env LC_ALL=C qemu-img info -f qcow2 --output=json --force-share /opt/stack/data/cinder/mnt/0d8307bea22a56f39de1e692e4e61a30/volume-b6ed1ea9-da9c-4bb0-8dc8-a46ef6c0df1e" returned: 0 in 0.750s {{(pid=86006) execute /opt/stack/data/venv/lib/python3.12/site-packages/oslo_concurrency/processutils.py:468}}
Aug 30 11:32:28 devstack cinder-volume[86006]: DEBUG oslo_concurrency.processutils [None req-2445d4bc-2478-4bd3-8e9a-11c701bc06fb tempest-GroupsV314Test-764564861 None] Running cmd (subprocess): sudo cinder-rootwrap /etc/cinder/rootwrap.conf qemu-img commit -d /opt/stack/data/cinder/mnt/0d8307bea22a56f39de1e692e4e61a30/volume-b6ed1ea9-da9c-4bb0-8dc8-a46ef6c0df1e.d7cb97ef-a8d2-4a1d-992a-db2b86e862f5 {{(pid=86006) execute /opt/stack/data/venv/lib/python3.12/site-packages/oslo_concurrency/processutils.py:440}}
Aug 30 11:32:28 devstack sudo[91835]: quobyte : PWD=/ ; USER=root ; COMMAND=/opt/stack/data/venv/bin/cinder-rootwrap /etc/cinder/rootwrap.conf qemu-img commit -d /opt/stack/data/cinder/mnt/0d8307bea22a56f39de1e692e4e61a30/volume-b6ed1ea9-da9c-4bb0-8dc8-a46ef6c0df1e.d7cb97ef-a8d2-4a1d-992a-db2b86e862f5
Aug 30 11:32:28 devstack sudo[91835]: pam_unix(sudo:session): session opened for user root(uid=0) by (uid=1000)
Aug 30 11:32:28 devstack cinder-volume[86006]: DEBUG cinder.coordination [None req-9d6dc158-8219-4a62-a13f-bdd4bd6e68a9 tempest-ServerActionsTestOtherA-1443686962 None] Lock "cinder-31758570-1f04-4a58-b83d-5993ff57a212-delete_volume" released by "delete_volume" :: held 1.701s {{(pid=86006) __release /opt/stack/cinder/cinder/coordination.py:152}}
Aug 30 11:32:28 devstack sudo[91835]: pam_unix(sudo:session): session closed for user root
Aug 30 11:32:28 devstack cinder-volume[86006]: DEBUG oslo_concurrency.processutils [None req-2445d4bc-2478-4bd3-8e9a-11c701bc06fb tempest-GroupsV314Test-764564861 None] CMD "sudo cinder-rootwrap /etc/cinder/rootwrap.conf qemu-img commit -d /opt/stack/data/cinder/mnt/0d8307bea22a56f39de1e692e4e61a30/volume-b6ed1ea9-da9c-4bb0-8dc8-a46ef6c0df1e.d7cb97ef-a8d2-4a1d-992a-db2b86e862f5" returned: 0 in 0.392s {{(pid=86006) execute /opt/stack/data/venv/lib/python3.12/site-packages/oslo_concurrency/processutils.py:468}}
Aug 30 11:32:28 devstack cinder-volume[86006]: DEBUG oslo_concurrency.processutils [None req-2445d4bc-2478-4bd3-8e9a-11c701bc06fb tempest-GroupsV314Test-764564861 None] Running cmd (subprocess): sudo cinder-rootwrap /etc/cinder/rootwrap.conf rm -f /opt/stack/data/cinder/mnt/0d8307bea22a56f39de1e692e4e61a30/volume-b6ed1ea9-da9c-4bb0-8dc8-a46ef6c0df1e.d7cb97ef-a8d2-4a1d-992a-db2b86e862f5 {{(pid=86006) execute /opt/stack/data/venv/lib/python3.12/site-packages/oslo_concurrency/processutils.py:440}}
Aug 30 11:32:28 devstack sudo[91841]: quobyte : PWD=/ ; USER=root ; COMMAND=/opt/stack/data/venv/bin/cinder-rootwrap /etc/cinder/rootwrap.conf rm -f /opt/stack/data/cinder/mnt/0d8307bea22a56f39de1e692e4e61a30/volume-b6ed1ea9-da9c-4bb0-8dc8-a46ef6c0df1e.d7cb97ef-a8d2-4a1d-992a-db2b86e862f5
Aug 30 11:32:28 devstack sudo[91841]: pam_unix(sudo:session): session opened for user root(uid=0) by (uid=1000)
Aug 30 11:32:28 devstack sudo[91841]: pam_unix(sudo:session): session closed for user root
Aug 30 11:32:28 devstack cinder-volume[86006]: DEBUG oslo_concurrency.processutils [None req-2445d4bc-2478-4bd3-8e9a-11c701bc06fb tempest-GroupsV314Test-764564861 None] CMD "sudo cinder-rootwrap /etc/cinder/rootwrap.conf rm -f /opt/stack/data/cinder/mnt/0d8307bea22a56f39de1e692e4e61a30/volume-b6ed1ea9-da9c-4bb0-8dc8-a46ef6c0df1e.d7cb97ef-a8d2-4a1d-992a-db2b86e862f5" returned: 0 in 0.296s {{(pid=86006) execute /opt/stack/data/venv/lib/python3.12/site-packages/oslo_concurrency/processutils.py:468}}
Aug 30 11:32:28 devstack cinder-volume[86006]: DEBUG cinder.coordination [None req-2445d4bc-2478-4bd3-8e9a-11c701bc06fb tempest-GroupsV314Test-764564861 None] Lock "cinder-quobyte-d7cb97ef-a8d2-4a1d-992a-db2b86e862f5" released by "_delete_snapshot" :: held 2.028s {{(pid=86006) __release /opt/stack/cinder/cinder/coordination.py:152}}
Aug 30 11:32:28 devstack cinder-volume[86006]: DEBUG dbcounter [-] [86006] Writing DB stats cinder:SELECT=80,cinder:INSERT=20,cinder:UPDATE=65,cinder:DELETE=5 {{(pid=86006) stat_writer /opt/stack/data/venv/lib/python3.12/site-packages/dbcounter.py:115}}
Aug 30 11:32:28 devstack cinder-volume[86006]: DEBUG dbcounter [-] [86006] Writing DB stats cinder:SELECT=68,cinder:UPDATE=80,cinder:INSERT=16,cinder:DELETE=3 {{(pid=86006) stat_writer /opt/stack/data/venv/lib/python3.12/site-packages/dbcounter.py:115}}
Aug 30 11:32:28 devstack cinder-volume[86006]: DEBUG oslo_concurrency.lockutils [None req-2445d4bc-2478-4bd3-8e9a-11c701bc06fb tempest-GroupsV314Test-764564861 None] Lock "quobyte" "released" by "cinder.volume.drivers.quobyte.QuobyteDriver.create_cloned_volume" :: held 15.637s {{(pid=86006) inner /opt/stack/data/venv/lib/python3.12/site-packages/oslo_concurrency/lockutils.py:544}}
Aug 30 11:32:29 devstack cinder-volume[86006]: INFO cinder.volume.manager [None req-2445d4bc-2478-4bd3-8e9a-11c701bc06fb tempest-GroupsV314Test-764564861 None] Create group from source-group-e8261fab-2d08-45e7-9c94-a9d1e5193b6b completed successfully.
Aug 30 11:32:29 devstack cinder-volume[86006]: DEBUG oslo_service.periodic_task [None req-4d950b1c-3420-4bc9-bae0-0cb4674ee775 None None] Running periodic task VolumeManager.publish_service_capabilities {{(pid=86006) run_periodic_tasks /opt/stack/data/venv/lib/python3.12/site-packages/oslo_service/periodic_task.py:254}}
Aug 30 11:32:29 devstack cinder-volume[86006]: DEBUG oslo_concurrency.lockutils [None req-4d950b1c-3420-4bc9-bae0-0cb4674ee775 None None] Acquiring lock "quobyte_ensure" by "cinder.volume.drivers.quobyte.QuobyteDriver._ensure_shares_mounted" {{(pid=86006) inner /opt/stack/data/venv/lib/python3.12/site-packages/oslo_concurrency/lockutils.py:512}}
Aug 30 11:32:29 devstack cinder-volume[86006]: DEBUG oslo_concurrency.lockutils [None req-4d950b1c-3420-4bc9-bae0-0cb4674ee775 None None] Lock "quobyte_ensure" acquired by "cinder.volume.drivers.quobyte.QuobyteDriver._ensure_shares_mounted" :: waited 0.000s {{(pid=86006) inner /opt/stack/data/venv/lib/python3.12/site-packages/oslo_concurrency/lockutils.py:525}}
Aug 30 11:32:29 devstack cinder-volume[86006]: DEBUG cinder.volume.drivers.quobyte [None req-4d950b1c-3420-4bc9-bae0-0cb4674ee775 None None] Quobyte Volume URL set to: {'osci02.corp.quobyte.com/cinder-vol-bc9a4c45-c93b-45c7-a26f-0c34d685a6c6': None} {{(pid=86006) _load_shares_config /opt/stack/cinder/cinder/volume/drivers/quobyte.py:662}}
Aug 30 11:32:29 devstack cinder-volume[86006]: DEBUG cinder.volume.drivers.quobyte [None req-4d950b1c-3420-4bc9-bae0-0cb4674ee775 None None] Available shares ['osci02.corp.quobyte.com/cinder-vol-bc9a4c45-c93b-45c7-a26f-0c34d685a6c6'] {{(pid=86006) _ensure_shares_mounted /opt/stack/cinder/cinder/volume/drivers/quobyte.py:692}}
Aug 30 11:32:29 devstack cinder-volume[86006]: DEBUG oslo_concurrency.lockutils [None req-4d950b1c-3420-4bc9-bae0-0cb4674ee775 None None] Lock "quobyte_ensure" "released" by "cinder.volume.drivers.quobyte.QuobyteDriver._ensure_shares_mounted" :: held 0.016s {{(pid=86006) inner /opt/stack/data/venv/lib/python3.12/site-packages/oslo_concurrency/lockutils.py:544}}
Aug 30 11:32:29 devstack cinder-volume[86006]: DEBUG oslo_concurrency.processutils [None req-4d950b1c-3420-4bc9-bae0-0cb4674ee775 None None] Running cmd (subprocess): sudo cinder-rootwrap /etc/cinder/rootwrap.conf df --portability --block-size 1 /opt/stack/data/cinder/mnt/0d8307bea22a56f39de1e692e4e61a30 {{(pid=86006) execute /opt/stack/data/venv/lib/python3.12/site-packages/oslo_concurrency/processutils.py:440}}
Aug 30 11:32:30 devstack sudo[91867]: quobyte : PWD=/ ; USER=root ; COMMAND=/opt/stack/data/venv/bin/cinder-rootwrap /etc/cinder/rootwrap.conf df --portability --block-size 1 /opt/stack/data/cinder/mnt/0d8307bea22a56f39de1e692e4e61a30
Aug 30 11:32:30 devstack sudo[91867]: pam_unix(sudo:session): session opened for user root(uid=0) by (uid=1000)
Aug 30 11:32:30 devstack sudo[91867]: pam_unix(sudo:session): session closed for user root
Aug 30 11:32:30 devstack cinder-volume[86006]: DEBUG oslo_concurrency.processutils [None req-4d950b1c-3420-4bc9-bae0-0cb4674ee775 None None] CMD "sudo cinder-rootwrap /etc/cinder/rootwrap.conf df --portability --block-size 1 /opt/stack/data/cinder/mnt/0d8307bea22a56f39de1e692e4e61a30" returned: 0 in 0.339s {{(pid=86006) execute /opt/stack/data/venv/lib/python3.12/site-packages/oslo_concurrency/processutils.py:468}}
Aug 30 11:32:30 devstack cinder-volume[86006]: DEBUG cinder.manager [None req-4d950b1c-3420-4bc9-bae0-0cb4674ee775 None None] Notifying Schedulers of capabilities ... {{(pid=86006) _publish_service_capabilities /opt/stack/cinder/cinder/manager.py:219}}
Aug 30 11:32:30 devstack cinder-volume[86006]: DEBUG oslo_service.periodic_task [None req-4d950b1c-3420-4bc9-bae0-0cb4674ee775 None None] Running periodic task VolumeManager._thread_info {{(pid=86006) run_periodic_tasks /opt/stack/data/venv/lib/python3.12/site-packages/oslo_service/periodic_task.py:254}}
Aug 30 11:32:30 devstack cinder-volume[86006]: DEBUG cinder.volume.manager [None req-4d950b1c-3420-4bc9-bae0-0cb4674ee775 None None] thread count: 28 {{(pid=86006) _thread_info /opt/stack/cinder/cinder/volume/manager.py:5472}}
Aug 30 11:32:30 devstack cinder-volume[86006]: DEBUG cinder.volume.manager [None req-4d950b1c-3420-4bc9-bae0-0cb4674ee775 None None] thread info: [<_MainThread(MainThread, started 124121843277952)>, , , , , , , , , , , , , , , , , , , , , , , , , , , ] {{(pid=86006) _thread_info /opt/stack/cinder/cinder/volume/manager.py:5473}}
Aug 30 11:32:30 devstack cinder-volume[86006]: DEBUG cinder.coordination [None req-69123812-9b9a-458a-a0ba-6150159a728b tempest-GroupsV314Test-764564861 None] Acquiring lock "cinder-quobyte-19de540a-30fb-45b7-bb83-7042dad46ad0" by "delete_volume" {{(pid=86006) __acquire /opt/stack/cinder/cinder/coordination.py:138}}
Aug 30 11:32:30 devstack cinder-volume[86006]: DEBUG cinder.coordination [None req-69123812-9b9a-458a-a0ba-6150159a728b tempest-GroupsV314Test-764564861 None] Lock "cinder-quobyte-19de540a-30fb-45b7-bb83-7042dad46ad0" acquired by "delete_volume" :: waited 0.026s {{(pid=86006) __acquire /opt/stack/cinder/cinder/coordination.py:141}}
Aug 30 11:32:30 devstack cinder-volume[86006]: DEBUG oslo.privsep.daemon [-] privsep: reply[f9de177b-05ce-4261-85b6-bb5f1dc8db81]: (4, 'qcow2') {{(pid=87604) _call_back /opt/stack/data/venv/lib/python3.12/site-packages/oslo_privsep/daemon.py:580}}
Aug 30 11:32:30 devstack cinder-volume[86006]: DEBUG oslo_concurrency.processutils [None req-69123812-9b9a-458a-a0ba-6150159a728b tempest-GroupsV314Test-764564861 None] Running cmd (subprocess): /opt/stack/data/venv/bin/python3.12 -m oslo_concurrency.prlimit --as=1073741824 --cpu=60 -- sudo cinder-rootwrap /etc/cinder/rootwrap.conf env LC_ALL=C qemu-img info -f qcow2 --output=json --force-share /opt/stack/data/cinder/mnt/0d8307bea22a56f39de1e692e4e61a30/volume-19de540a-30fb-45b7-bb83-7042dad46ad0 {{(pid=86006) execute /opt/stack/data/venv/lib/python3.12/site-packages/oslo_concurrency/processutils.py:440}}
Aug 30 11:32:30 devstack sudo[91872]: quobyte : PWD=/ ; USER=root ; COMMAND=/opt/stack/data/venv/bin/cinder-rootwrap /etc/cinder/rootwrap.conf env LC_ALL=C qemu-img info -f qcow2 --output=json --force-share /opt/stack/data/cinder/mnt/0d8307bea22a56f39de1e692e4e61a30/volume-19de540a-30fb-45b7-bb83-7042dad46ad0
Aug 30 11:32:30 devstack sudo[91872]: pam_unix(sudo:session): session opened for user root(uid=0) by (uid=1000)
Aug 30 11:32:31 devstack sudo[91872]: pam_unix(sudo:session): session closed for user root
Aug 30 11:32:31 devstack cinder-volume[86006]: DEBUG oslo_concurrency.processutils [None req-69123812-9b9a-458a-a0ba-6150159a728b tempest-GroupsV314Test-764564861 None] CMD "/opt/stack/data/venv/bin/python3.12 -m oslo_concurrency.prlimit --as=1073741824 --cpu=60 -- sudo cinder-rootwrap /etc/cinder/rootwrap.conf env LC_ALL=C qemu-img info -f qcow2 --output=json --force-share /opt/stack/data/cinder/mnt/0d8307bea22a56f39de1e692e4e61a30/volume-19de540a-30fb-45b7-bb83-7042dad46ad0" returned: 0 in 0.420s {{(pid=86006) execute /opt/stack/data/venv/lib/python3.12/site-packages/oslo_concurrency/processutils.py:468}}
Aug 30 11:32:31 devstack cinder-volume[86006]: DEBUG oslo_concurrency.processutils [None req-69123812-9b9a-458a-a0ba-6150159a728b tempest-GroupsV314Test-764564861 None] Running cmd (subprocess): sudo cinder-rootwrap /etc/cinder/rootwrap.conf rm -f /opt/stack/data/cinder/mnt/0d8307bea22a56f39de1e692e4e61a30/volume-19de540a-30fb-45b7-bb83-7042dad46ad0 {{(pid=86006) execute /opt/stack/data/venv/lib/python3.12/site-packages/oslo_concurrency/processutils.py:440}}
Aug 30 11:32:31 devstack sudo[91878]: quobyte : PWD=/ ; USER=root ; COMMAND=/opt/stack/data/venv/bin/cinder-rootwrap /etc/cinder/rootwrap.conf rm -f /opt/stack/data/cinder/mnt/0d8307bea22a56f39de1e692e4e61a30/volume-19de540a-30fb-45b7-bb83-7042dad46ad0
Aug 30 11:32:31 devstack sudo[91878]: pam_unix(sudo:session): session opened for user root(uid=0) by (uid=1000)
Aug 30 11:32:31 devstack sudo[91878]: pam_unix(sudo:session): session closed for user root
Aug 30 11:32:31 devstack cinder-volume[86006]: DEBUG oslo_concurrency.processutils [None req-69123812-9b9a-458a-a0ba-6150159a728b tempest-GroupsV314Test-764564861 None] CMD "sudo cinder-rootwrap /etc/cinder/rootwrap.conf rm -f /opt/stack/data/cinder/mnt/0d8307bea22a56f39de1e692e4e61a30/volume-19de540a-30fb-45b7-bb83-7042dad46ad0" returned: 0 in 0.256s {{(pid=86006) execute /opt/stack/data/venv/lib/python3.12/site-packages/oslo_concurrency/processutils.py:468}}
Aug 30 11:32:31 devstack cinder-volume[86006]: DEBUG cinder.coordination [None req-69123812-9b9a-458a-a0ba-6150159a728b tempest-GroupsV314Test-764564861 None] Lock "cinder-quobyte-19de540a-30fb-45b7-bb83-7042dad46ad0" released by "delete_volume" :: held 0.740s {{(pid=86006) __release /opt/stack/cinder/cinder/coordination.py:152}}
Aug 30 11:32:31 devstack cinder-volume[86006]: DEBUG cinder.quota [None req-69123812-9b9a-458a-a0ba-6150159a728b tempest-GroupsV314Test-764564861 None] Created reservations ['6d1a8052-3261-4b4d-8aae-5f9c3dccbf45'] {{(pid=86006) reserve /opt/stack/cinder/cinder/quota.py:752}}
Aug 30 11:32:31 devstack cinder-volume[86006]: WARNING cinder.quota [None req-69123812-9b9a-458a-a0ba-6150159a728b tempest-GroupsV314Test-764564861 None] Deprecated: Default quota for resource: volumes_tempest-GroupsV314Test-volume-type-1656421961 is set by the default quota flag: quota_volumes_tempest-GroupsV314Test-volume-type-1656421961, it is now deprecated. Please use the default quota class for default quota.
Aug 30 11:32:31 devstack cinder-volume[86006]: WARNING cinder.quota [None req-69123812-9b9a-458a-a0ba-6150159a728b tempest-GroupsV314Test-764564861 None] Deprecated: Default quota for resource: gigabytes_tempest-GroupsV314Test-volume-type-1656421961 is set by the default quota flag: quota_gigabytes_tempest-GroupsV314Test-volume-type-1656421961, it is now deprecated. Please use the default quota class for default quota.
Aug 30 11:32:31 devstack cinder-volume[86006]: DEBUG cinder.quota [None req-69123812-9b9a-458a-a0ba-6150159a728b tempest-GroupsV314Test-764564861 None] Created reservations ['385546ba-e829-4275-87ae-9974d3cd1560', '75f862d6-5cc5-4903-b78d-e3940db6175f', 'c86121d8-d6b9-428a-ad63-4be33a73bea9', '6fbcdb55-fbd3-4960-a87f-5d3960db5495'] {{(pid=86006) reserve /opt/stack/cinder/cinder/quota.py:752}}
Aug 30 11:32:31 devstack cinder-volume[86006]: DEBUG oslo_concurrency.lockutils [None req-69123812-9b9a-458a-a0ba-6150159a728b tempest-GroupsV314Test-764564861 None] Acquiring lock "quobyte_ensure" by "cinder.volume.drivers.quobyte.QuobyteDriver._ensure_shares_mounted" {{(pid=86006) inner /opt/stack/data/venv/lib/python3.12/site-packages/oslo_concurrency/lockutils.py:512}}
Aug 30 11:32:31 devstack cinder-volume[86006]: DEBUG oslo_concurrency.lockutils [None req-69123812-9b9a-458a-a0ba-6150159a728b tempest-GroupsV314Test-764564861 None] Lock "quobyte_ensure" acquired by "cinder.volume.drivers.quobyte.QuobyteDriver._ensure_shares_mounted" :: waited 0.001s {{(pid=86006) inner /opt/stack/data/venv/lib/python3.12/site-packages/oslo_concurrency/lockutils.py:525}}
Aug 30 11:32:31 devstack cinder-volume[86006]: DEBUG cinder.volume.drivers.quobyte [None req-69123812-9b9a-458a-a0ba-6150159a728b tempest-GroupsV314Test-764564861 None] Quobyte Volume URL set to: {'osci02.corp.quobyte.com/cinder-vol-bc9a4c45-c93b-45c7-a26f-0c34d685a6c6': None} {{(pid=86006) _load_shares_config /opt/stack/cinder/cinder/volume/drivers/quobyte.py:662}}
Aug 30 11:32:31 devstack cinder-volume[86006]: DEBUG cinder.volume.drivers.quobyte [None req-69123812-9b9a-458a-a0ba-6150159a728b tempest-GroupsV314Test-764564861 None] Available shares ['osci02.corp.quobyte.com/cinder-vol-bc9a4c45-c93b-45c7-a26f-0c34d685a6c6'] {{(pid=86006) _ensure_shares_mounted /opt/stack/cinder/cinder/volume/drivers/quobyte.py:692}}
Aug 30 11:32:31 devstack cinder-volume[86006]: DEBUG oslo_concurrency.lockutils [None req-69123812-9b9a-458a-a0ba-6150159a728b tempest-GroupsV314Test-764564861 None] Lock "quobyte_ensure" "released" by "cinder.volume.drivers.quobyte.QuobyteDriver._ensure_shares_mounted" :: held 0.010s {{(pid=86006) inner /opt/stack/data/venv/lib/python3.12/site-packages/oslo_concurrency/lockutils.py:544}}
Aug 30 11:32:31 devstack cinder-volume[86006]: DEBUG oslo_concurrency.processutils [None req-69123812-9b9a-458a-a0ba-6150159a728b tempest-GroupsV314Test-764564861 None] Running cmd (subprocess): sudo cinder-rootwrap /etc/cinder/rootwrap.conf df --portability --block-size 1 /opt/stack/data/cinder/mnt/0d8307bea22a56f39de1e692e4e61a30 {{(pid=86006) execute /opt/stack/data/venv/lib/python3.12/site-packages/oslo_concurrency/processutils.py:440}}
Aug 30 11:32:31 devstack sudo[91882]: quobyte : PWD=/ ; USER=root ; COMMAND=/opt/stack/data/venv/bin/cinder-rootwrap /etc/cinder/rootwrap.conf df --portability --block-size 1 /opt/stack/data/cinder/mnt/0d8307bea22a56f39de1e692e4e61a30
Aug 30 11:32:31 devstack sudo[91882]: pam_unix(sudo:session): session opened for user root(uid=0) by (uid=1000)
Aug 30 11:32:32 devstack sudo[91882]: pam_unix(sudo:session): session closed for user root
Aug 30 11:32:32 devstack cinder-volume[86006]: DEBUG oslo_concurrency.processutils [None req-69123812-9b9a-458a-a0ba-6150159a728b tempest-GroupsV314Test-764564861 None] CMD "sudo cinder-rootwrap /etc/cinder/rootwrap.conf df --portability --block-size 1 /opt/stack/data/cinder/mnt/0d8307bea22a56f39de1e692e4e61a30" returned: 0 in 0.331s {{(pid=86006) execute /opt/stack/data/venv/lib/python3.12/site-packages/oslo_concurrency/processutils.py:468}}
Aug 30 11:32:32 devstack cinder-volume[86006]: DEBUG cinder.manager [None req-69123812-9b9a-458a-a0ba-6150159a728b tempest-GroupsV314Test-764564861 None] Notifying Schedulers of capabilities ... {{(pid=86006) _publish_service_capabilities /opt/stack/cinder/cinder/manager.py:219}}
Aug 30 11:32:32 devstack cinder-volume[86006]: INFO cinder.volume.manager [None req-69123812-9b9a-458a-a0ba-6150159a728b tempest-GroupsV314Test-764564861 None] Delete group completed successfully.
Aug 30 11:32:32 devstack cinder-volume[86006]: DEBUG cinder.coordination [None req-58976b74-4901-4d67-84a9-1e2311724ed1 tempest-GroupsV314Test-764564861 None] Acquiring lock "cinder-quobyte-b6ed1ea9-da9c-4bb0-8dc8-a46ef6c0df1e" by "delete_volume" {{(pid=86006) __acquire /opt/stack/cinder/cinder/coordination.py:138}}
Aug 30 11:32:32 devstack cinder-volume[86006]: DEBUG cinder.coordination [None req-58976b74-4901-4d67-84a9-1e2311724ed1 tempest-GroupsV314Test-764564861 None] Lock "cinder-quobyte-b6ed1ea9-da9c-4bb0-8dc8-a46ef6c0df1e" acquired by "delete_volume" :: waited 0.017s {{(pid=86006) __acquire /opt/stack/cinder/cinder/coordination.py:141}}
Aug 30 11:32:32 devstack cinder-volume[86006]: DEBUG oslo.privsep.daemon [-] privsep: reply[77f67f0b-d3d2-4b64-9c5a-850bb4286955]: (4, 'qcow2') {{(pid=87604) _call_back /opt/stack/data/venv/lib/python3.12/site-packages/oslo_privsep/daemon.py:580}}
Aug 30 11:32:32 devstack cinder-volume[86006]: DEBUG oslo_concurrency.processutils [None req-58976b74-4901-4d67-84a9-1e2311724ed1 tempest-GroupsV314Test-764564861 None] Running cmd (subprocess): /opt/stack/data/venv/bin/python3.12 -m oslo_concurrency.prlimit --as=1073741824 --cpu=60 -- sudo cinder-rootwrap /etc/cinder/rootwrap.conf env LC_ALL=C qemu-img info -f qcow2 --output=json --force-share /opt/stack/data/cinder/mnt/0d8307bea22a56f39de1e692e4e61a30/volume-b6ed1ea9-da9c-4bb0-8dc8-a46ef6c0df1e {{(pid=86006) execute /opt/stack/data/venv/lib/python3.12/site-packages/oslo_concurrency/processutils.py:440}}
Aug 30 11:32:32 devstack sudo[91886]: quobyte : PWD=/ ; USER=root ; COMMAND=/opt/stack/data/venv/bin/cinder-rootwrap /etc/cinder/rootwrap.conf env LC_ALL=C qemu-img info -f qcow2 --output=json --force-share /opt/stack/data/cinder/mnt/0d8307bea22a56f39de1e692e4e61a30/volume-b6ed1ea9-da9c-4bb0-8dc8-a46ef6c0df1e
Aug 30 11:32:32 devstack sudo[91886]: pam_unix(sudo:session): session opened for user root(uid=0) by (uid=1000)
Aug 30 11:32:32 devstack sudo[91886]: pam_unix(sudo:session): session closed for user root
Aug 30 11:32:32 devstack cinder-volume[86006]: DEBUG oslo_concurrency.processutils [None req-58976b74-4901-4d67-84a9-1e2311724ed1 tempest-GroupsV314Test-764564861 None] CMD "/opt/stack/data/venv/bin/python3.12 -m oslo_concurrency.prlimit --as=1073741824 --cpu=60 -- sudo cinder-rootwrap /etc/cinder/rootwrap.conf env LC_ALL=C qemu-img info -f qcow2 --output=json --force-share /opt/stack/data/cinder/mnt/0d8307bea22a56f39de1e692e4e61a30/volume-b6ed1ea9-da9c-4bb0-8dc8-a46ef6c0df1e" returned: 0 in 0.443s {{(pid=86006) execute /opt/stack/data/venv/lib/python3.12/site-packages/oslo_concurrency/processutils.py:468}}
Aug 30 11:32:32 devstack cinder-volume[86006]: DEBUG oslo_concurrency.processutils [None req-58976b74-4901-4d67-84a9-1e2311724ed1 tempest-GroupsV314Test-764564861 None] Running cmd (subprocess): sudo cinder-rootwrap /etc/cinder/rootwrap.conf rm -f /opt/stack/data/cinder/mnt/0d8307bea22a56f39de1e692e4e61a30/volume-b6ed1ea9-da9c-4bb0-8dc8-a46ef6c0df1e {{(pid=86006) execute /opt/stack/data/venv/lib/python3.12/site-packages/oslo_concurrency/processutils.py:440}}
Aug 30 11:32:32 devstack sudo[91891]: quobyte : PWD=/ ; USER=root ; COMMAND=/opt/stack/data/venv/bin/cinder-rootwrap /etc/cinder/rootwrap.conf rm -f /opt/stack/data/cinder/mnt/0d8307bea22a56f39de1e692e4e61a30/volume-b6ed1ea9-da9c-4bb0-8dc8-a46ef6c0df1e
Aug 30 11:32:32 devstack sudo[91891]: pam_unix(sudo:session): session opened for user root(uid=0) by (uid=1000)
Aug 30 11:32:33 devstack sudo[91891]: pam_unix(sudo:session): session closed for user root
Aug 30 11:32:33 devstack cinder-volume[86006]: DEBUG oslo_concurrency.processutils [None req-58976b74-4901-4d67-84a9-1e2311724ed1 tempest-GroupsV314Test-764564861 None] CMD "sudo cinder-rootwrap /etc/cinder/rootwrap.conf rm -f /opt/stack/data/cinder/mnt/0d8307bea22a56f39de1e692e4e61a30/volume-b6ed1ea9-da9c-4bb0-8dc8-a46ef6c0df1e" returned: 0 in 0.292s {{(pid=86006) execute /opt/stack/data/venv/lib/python3.12/site-packages/oslo_concurrency/processutils.py:468}}
Aug 30 11:32:33 devstack cinder-volume[86006]: DEBUG cinder.coordination [None req-58976b74-4901-4d67-84a9-1e2311724ed1 tempest-GroupsV314Test-764564861 None] Lock "cinder-quobyte-b6ed1ea9-da9c-4bb0-8dc8-a46ef6c0df1e" released by "delete_volume" :: held 0.844s {{(pid=86006) __release /opt/stack/cinder/cinder/coordination.py:152}}
Aug 30 11:32:33 devstack cinder-volume[86006]: DEBUG cinder.quota [None req-58976b74-4901-4d67-84a9-1e2311724ed1 tempest-GroupsV314Test-764564861 None] Created reservations ['9607bbcb-2354-4eff-8566-6b270ea57ba3'] {{(pid=86006) reserve /opt/stack/cinder/cinder/quota.py:752}}
Aug 30 11:32:33 devstack cinder-volume[86006]: DEBUG cinder.quota [None req-58976b74-4901-4d67-84a9-1e2311724ed1 tempest-GroupsV314Test-764564861 None] Created reservations ['e48443ce-2839-45b1-8488-0a248662a9a3', 'b36fbd32-3ea8-499f-8004-83674c94a54a', '2141855a-fe24-4e54-a46c-d6858375c15a', 'b83c568a-0154-4a29-9e1a-eb6a006ee267'] {{(pid=86006) reserve /opt/stack/cinder/cinder/quota.py:752}}
Aug 30 11:32:33 devstack cinder-volume[86006]: DEBUG oslo_concurrency.lockutils [None req-58976b74-4901-4d67-84a9-1e2311724ed1 tempest-GroupsV314Test-764564861 None] Acquiring lock "quobyte_ensure" by "cinder.volume.drivers.quobyte.QuobyteDriver._ensure_shares_mounted" {{(pid=86006) inner /opt/stack/data/venv/lib/python3.12/site-packages/oslo_concurrency/lockutils.py:512}}
Aug 30 11:32:33 devstack cinder-volume[86006]: DEBUG oslo_concurrency.lockutils [None req-58976b74-4901-4d67-84a9-1e2311724ed1 tempest-GroupsV314Test-764564861 None] Lock "quobyte_ensure" acquired by "cinder.volume.drivers.quobyte.QuobyteDriver._ensure_shares_mounted" :: waited 0.001s {{(pid=86006) inner /opt/stack/data/venv/lib/python3.12/site-packages/oslo_concurrency/lockutils.py:525}}
Aug 30 11:32:33 devstack cinder-volume[86006]: DEBUG cinder.volume.drivers.quobyte [None req-58976b74-4901-4d67-84a9-1e2311724ed1 tempest-GroupsV314Test-764564861 None] Quobyte Volume URL set to: {'osci02.corp.quobyte.com/cinder-vol-bc9a4c45-c93b-45c7-a26f-0c34d685a6c6': None} {{(pid=86006) _load_shares_config /opt/stack/cinder/cinder/volume/drivers/quobyte.py:662}}
Aug 30 11:32:33 devstack cinder-volume[86006]: DEBUG cinder.volume.drivers.quobyte [None req-58976b74-4901-4d67-84a9-1e2311724ed1 tempest-GroupsV314Test-764564861 None] Available shares ['osci02.corp.quobyte.com/cinder-vol-bc9a4c45-c93b-45c7-a26f-0c34d685a6c6'] {{(pid=86006) _ensure_shares_mounted /opt/stack/cinder/cinder/volume/drivers/quobyte.py:692}}
Aug 30 11:32:33 devstack cinder-volume[86006]: DEBUG oslo_concurrency.lockutils [None req-58976b74-4901-4d67-84a9-1e2311724ed1 tempest-GroupsV314Test-764564861 None] Lock "quobyte_ensure" "released" by "cinder.volume.drivers.quobyte.QuobyteDriver._ensure_shares_mounted" :: held 0.012s {{(pid=86006) inner /opt/stack/data/venv/lib/python3.12/site-packages/oslo_concurrency/lockutils.py:544}}
Aug 30 11:32:33 devstack cinder-volume[86006]: DEBUG oslo_concurrency.processutils [None req-58976b74-4901-4d67-84a9-1e2311724ed1 tempest-GroupsV314Test-764564861 None] Running cmd (subprocess): sudo cinder-rootwrap /etc/cinder/rootwrap.conf df --portability --block-size 1 /opt/stack/data/cinder/mnt/0d8307bea22a56f39de1e692e4e61a30 {{(pid=86006) execute /opt/stack/data/venv/lib/python3.12/site-packages/oslo_concurrency/processutils.py:440}}
Aug 30 11:32:33 devstack sudo[91894]: quobyte : PWD=/ ; USER=root ; COMMAND=/opt/stack/data/venv/bin/cinder-rootwrap /etc/cinder/rootwrap.conf df --portability --block-size 1 /opt/stack/data/cinder/mnt/0d8307bea22a56f39de1e692e4e61a30
Aug 30 11:32:33 devstack sudo[91894]: pam_unix(sudo:session): session opened for user root(uid=0) by (uid=1000)
Aug 30 11:32:33 devstack sudo[91894]: pam_unix(sudo:session): session closed for user root
Aug 30 11:32:33 devstack cinder-volume[86006]: DEBUG oslo_concurrency.processutils [None req-58976b74-4901-4d67-84a9-1e2311724ed1 tempest-GroupsV314Test-764564861 None] CMD "sudo cinder-rootwrap /etc/cinder/rootwrap.conf df --portability --block-size 1 /opt/stack/data/cinder/mnt/0d8307bea22a56f39de1e692e4e61a30" returned: 0 in 0.383s {{(pid=86006) execute /opt/stack/data/venv/lib/python3.12/site-packages/oslo_concurrency/processutils.py:468}}
