Jul 28 14:29:09 devstack sudo[92496]: pam_unix(sudo:session): session opened for user root(uid=0) by (uid=1000)
Jul 28 14:29:09 devstack sudo[92496]: pam_unix(sudo:session): session closed for user root
Jul 28 14:29:09 devstack cinder-volume[87385]: DEBUG oslo_concurrency.processutils [None req-66145ce0-eb67-4404-b18e-729977a7e4e4 tempest-GroupsV314Test-137848713 None] CMD "/opt/stack/data/venv/bin/python3.12 -m oslo_concurrency.prlimit --as=1073741824 --cpu=60 -- sudo cinder-rootwrap /etc/cinder/rootwrap.conf env LC_ALL=C qemu-img info -f qcow2 --output=json --force-share /opt/stack/data/cinder/mnt/33188d080c9f8e8159cc05f3768a1a44/volume-81f916b5-b2d8-4bce-8062-66f79e117c92" returned: 0 in 0.786s {{(pid=87385) execute /opt/stack/data/venv/lib/python3.12/site-packages/oslo_concurrency/processutils.py:468}}
Jul 28 14:29:09 devstack cinder-volume[87385]: DEBUG oslo_concurrency.processutils [None req-66145ce0-eb67-4404-b18e-729977a7e4e4 tempest-GroupsV314Test-137848713 None] Running cmd (subprocess): sudo cinder-rootwrap /etc/cinder/rootwrap.conf qemu-img create -f qcow2 -o backing_file=/opt/stack/data/cinder/mnt/33188d080c9f8e8159cc05f3768a1a44/volume-81f916b5-b2d8-4bce-8062-66f79e117c92,backing_fmt=qcow2 /opt/stack/data/cinder/mnt/33188d080c9f8e8159cc05f3768a1a44/volume-81f916b5-b2d8-4bce-8062-66f79e117c92.e3bf04c5-fcd9-4b98-a221-fe758a460bbb 1G {{(pid=87385) execute /opt/stack/data/venv/lib/python3.12/site-packages/oslo_concurrency/processutils.py:440}}
Jul 28 14:29:09 devstack sudo[92527]: quobyte : PWD=/ ; USER=root ; COMMAND=/opt/stack/data/venv/bin/cinder-rootwrap /etc/cinder/rootwrap.conf qemu-img create -f qcow2 -o backing_file=/opt/stack/data/cinder/mnt/33188d080c9f8e8159cc05f3768a1a44/volume-81f916b5-b2d8-4bce-8062-66f79e117c92,backing_fmt=qcow2 /opt/stack/data/cinder/mnt/33188d080c9f8e8159cc05f3768a1a44/volume-81f916b5-b2d8-4bce-8062-66f79e117c92.e3bf04c5-fcd9-4b98-a221-fe758a460bbb 1G
Jul 28 14:29:09 devstack sudo[92527]: pam_unix(sudo:session): session opened for user root(uid=0) by (uid=1000)
Jul 28 14:29:10 devstack sudo[92527]: pam_unix(sudo:session): session closed for user root
Jul 28 14:29:10 devstack cinder-volume[87385]: DEBUG oslo_concurrency.processutils [None req-66145ce0-eb67-4404-b18e-729977a7e4e4 tempest-GroupsV314Test-137848713 None] CMD "sudo cinder-rootwrap /etc/cinder/rootwrap.conf qemu-img create -f qcow2 -o backing_file=/opt/stack/data/cinder/mnt/33188d080c9f8e8159cc05f3768a1a44/volume-81f916b5-b2d8-4bce-8062-66f79e117c92,backing_fmt=qcow2 /opt/stack/data/cinder/mnt/33188d080c9f8e8159cc05f3768a1a44/volume-81f916b5-b2d8-4bce-8062-66f79e117c92.e3bf04c5-fcd9-4b98-a221-fe758a460bbb 1G" returned: 0 in 0.552s {{(pid=87385) execute /opt/stack/data/venv/lib/python3.12/site-packages/oslo_concurrency/processutils.py:468}}
Jul 28 14:29:10 devstack cinder-volume[87385]: DEBUG oslo_concurrency.processutils [None req-66145ce0-eb67-4404-b18e-729977a7e4e4 tempest-GroupsV314Test-137848713 None] Running cmd (subprocess): sudo cinder-rootwrap /etc/cinder/rootwrap.conf qemu-img rebase -u -b volume-81f916b5-b2d8-4bce-8062-66f79e117c92 -F qcow2 /opt/stack/data/cinder/mnt/33188d080c9f8e8159cc05f3768a1a44/volume-81f916b5-b2d8-4bce-8062-66f79e117c92.e3bf04c5-fcd9-4b98-a221-fe758a460bbb {{(pid=87385) execute /opt/stack/data/venv/lib/python3.12/site-packages/oslo_concurrency/processutils.py:440}}
Jul 28 14:29:10 devstack sudo[92543]: quobyte : PWD=/ ; USER=root ; COMMAND=/opt/stack/data/venv/bin/cinder-rootwrap /etc/cinder/rootwrap.conf qemu-img rebase -u -b volume-81f916b5-b2d8-4bce-8062-66f79e117c92 -F qcow2 /opt/stack/data/cinder/mnt/33188d080c9f8e8159cc05f3768a1a44/volume-81f916b5-b2d8-4bce-8062-66f79e117c92.e3bf04c5-fcd9-4b98-a221-fe758a460bbb
Jul 28 14:29:10 devstack sudo[92543]: pam_unix(sudo:session): session opened for user root(uid=0) by (uid=1000)
Jul 28 14:29:11 devstack sudo[92543]: pam_unix(sudo:session): session closed for user root
Jul 28 14:29:11 devstack cinder-volume[87385]: DEBUG oslo_concurrency.processutils [None req-66145ce0-eb67-4404-b18e-729977a7e4e4 tempest-GroupsV314Test-137848713 None] CMD "sudo cinder-rootwrap /etc/cinder/rootwrap.conf qemu-img rebase -u -b volume-81f916b5-b2d8-4bce-8062-66f79e117c92 -F qcow2 /opt/stack/data/cinder/mnt/33188d080c9f8e8159cc05f3768a1a44/volume-81f916b5-b2d8-4bce-8062-66f79e117c92.e3bf04c5-fcd9-4b98-a221-fe758a460bbb" returned: 0 in 0.562s {{(pid=87385) execute /opt/stack/data/venv/lib/python3.12/site-packages/oslo_concurrency/processutils.py:468}}
Jul 28 14:29:11 devstack cinder-volume[87385]: WARNING cinder.volume.drivers.remotefs [None req-66145ce0-eb67-4404-b18e-729977a7e4e4 tempest-GroupsV314Test-137848713 None] /opt/stack/data/cinder/mnt/33188d080c9f8e8159cc05f3768a1a44/volume-81f916b5-b2d8-4bce-8062-66f79e117c92.e3bf04c5-fcd9-4b98-a221-fe758a460bbb is being set with open permissions: ugo+rw: NotImplementedError
Jul 28 14:29:11 devstack cinder-volume[87385]: DEBUG oslo_concurrency.processutils [None req-66145ce0-eb67-4404-b18e-729977a7e4e4 tempest-GroupsV314Test-137848713 None] Running cmd (subprocess): sudo cinder-rootwrap /etc/cinder/rootwrap.conf chmod ugo+rw /opt/stack/data/cinder/mnt/33188d080c9f8e8159cc05f3768a1a44/volume-81f916b5-b2d8-4bce-8062-66f79e117c92.e3bf04c5-fcd9-4b98-a221-fe758a460bbb {{(pid=87385) execute /opt/stack/data/venv/lib/python3.12/site-packages/oslo_concurrency/processutils.py:440}}
Jul 28 14:29:11 devstack sudo[92554]: quobyte : PWD=/ ; USER=root ; COMMAND=/opt/stack/data/venv/bin/cinder-rootwrap /etc/cinder/rootwrap.conf chmod ugo+rw /opt/stack/data/cinder/mnt/33188d080c9f8e8159cc05f3768a1a44/volume-81f916b5-b2d8-4bce-8062-66f79e117c92.e3bf04c5-fcd9-4b98-a221-fe758a460bbb
Jul 28 14:29:11 devstack sudo[92554]: pam_unix(sudo:session): session opened for user root(uid=0) by (uid=1000)
Jul 28 14:29:11 devstack sudo[92554]: pam_unix(sudo:session): session closed for user root
Jul 28 14:29:11 devstack cinder-volume[87385]: DEBUG oslo_concurrency.processutils [None req-66145ce0-eb67-4404-b18e-729977a7e4e4 tempest-GroupsV314Test-137848713 None] CMD "sudo cinder-rootwrap /etc/cinder/rootwrap.conf chmod ugo+rw /opt/stack/data/cinder/mnt/33188d080c9f8e8159cc05f3768a1a44/volume-81f916b5-b2d8-4bce-8062-66f79e117c92.e3bf04c5-fcd9-4b98-a221-fe758a460bbb" returned: 0 in 0.527s {{(pid=87385) execute /opt/stack/data/venv/lib/python3.12/site-packages/oslo_concurrency/processutils.py:468}}
Jul 28 14:29:11 devstack cinder-volume[87385]: DEBUG oslo_concurrency.processutils [None req-66145ce0-eb67-4404-b18e-729977a7e4e4 tempest-GroupsV314Test-137848713 None] Running cmd (subprocess): sudo cinder-rootwrap /etc/cinder/rootwrap.conf truncate -s0 /opt/stack/data/cinder/mnt/33188d080c9f8e8159cc05f3768a1a44/volume-81f916b5-b2d8-4bce-8062-66f79e117c92.info {{(pid=87385) execute /opt/stack/data/venv/lib/python3.12/site-packages/oslo_concurrency/processutils.py:440}}
Jul 28 14:29:11 devstack sudo[92560]: quobyte : PWD=/ ; USER=root ; COMMAND=/opt/stack/data/venv/bin/cinder-rootwrap /etc/cinder/rootwrap.conf truncate -s0 /opt/stack/data/cinder/mnt/33188d080c9f8e8159cc05f3768a1a44/volume-81f916b5-b2d8-4bce-8062-66f79e117c92.info
Jul 28 14:29:11 devstack sudo[92560]: pam_unix(sudo:session): session opened for user root(uid=0) by (uid=1000)
Jul 28 14:29:12 devstack sudo[92560]: pam_unix(sudo:session): session closed for user root
Jul 28 14:29:12 devstack cinder-volume[87385]: DEBUG oslo_concurrency.processutils [None req-66145ce0-eb67-4404-b18e-729977a7e4e4 tempest-GroupsV314Test-137848713 None] CMD "sudo cinder-rootwrap /etc/cinder/rootwrap.conf truncate -s0 /opt/stack/data/cinder/mnt/33188d080c9f8e8159cc05f3768a1a44/volume-81f916b5-b2d8-4bce-8062-66f79e117c92.info" returned: 0 in 0.894s {{(pid=87385) execute /opt/stack/data/venv/lib/python3.12/site-packages/oslo_concurrency/processutils.py:468}}
Jul 28 14:29:12 devstack cinder-volume[87385]: WARNING cinder.volume.drivers.remotefs [None req-66145ce0-eb67-4404-b18e-729977a7e4e4 tempest-GroupsV314Test-137848713 None] /opt/stack/data/cinder/mnt/33188d080c9f8e8159cc05f3768a1a44/volume-81f916b5-b2d8-4bce-8062-66f79e117c92.info is being set with open permissions: ugo+rw: NotImplementedError
Jul 28 14:29:12 devstack cinder-volume[87385]: DEBUG oslo_concurrency.processutils [None req-66145ce0-eb67-4404-b18e-729977a7e4e4 tempest-GroupsV314Test-137848713 None] Running cmd (subprocess): sudo cinder-rootwrap /etc/cinder/rootwrap.conf chmod ugo+rw /opt/stack/data/cinder/mnt/33188d080c9f8e8159cc05f3768a1a44/volume-81f916b5-b2d8-4bce-8062-66f79e117c92.info {{(pid=87385) execute /opt/stack/data/venv/lib/python3.12/site-packages/oslo_concurrency/processutils.py:440}}
Jul 28 14:29:12 devstack sudo[92589]: quobyte : PWD=/ ; USER=root ; COMMAND=/opt/stack/data/venv/bin/cinder-rootwrap /etc/cinder/rootwrap.conf chmod ugo+rw /opt/stack/data/cinder/mnt/33188d080c9f8e8159cc05f3768a1a44/volume-81f916b5-b2d8-4bce-8062-66f79e117c92.info
Jul 28 14:29:12 devstack sudo[92589]: pam_unix(sudo:session): session opened for user root(uid=0) by (uid=1000)
Jul 28 14:29:13 devstack cinder-volume[87385]: DEBUG oslo_concurrency.processutils [None req-66145ce0-eb67-4404-b18e-729977a7e4e4 tempest-GroupsV314Test-137848713 None] CMD "sudo cinder-rootwrap /etc/cinder/rootwrap.conf chmod ugo+rw /opt/stack/data/cinder/mnt/33188d080c9f8e8159cc05f3768a1a44/volume-81f916b5-b2d8-4bce-8062-66f79e117c92.info" returned: 0 in 0.737s {{(pid=87385) execute /opt/stack/data/venv/lib/python3.12/site-packages/oslo_concurrency/processutils.py:468}}
Jul 28 14:29:13 devstack sudo[92589]: pam_unix(sudo:session): session closed for user root
Jul 28 14:29:13 devstack cinder-volume[87385]: DEBUG cinder.coordination [None req-66145ce0-eb67-4404-b18e-729977a7e4e4 tempest-GroupsV314Test-137848713 None] Acquiring lock "cinder-quobyte-3d96baac-7239-4237-afa4-2c0d639af366" by "_copy_volume_from_snapshot" {{(pid=87385) __acquire /opt/stack/cinder/cinder/coordination.py:138}}
Jul 28 14:29:13 devstack cinder-volume[87385]: DEBUG cinder.coordination [None req-66145ce0-eb67-4404-b18e-729977a7e4e4 tempest-GroupsV314Test-137848713 None] Lock "cinder-quobyte-3d96baac-7239-4237-afa4-2c0d639af366" acquired by "_copy_volume_from_snapshot" :: waited 0.049s {{(pid=87385) __acquire /opt/stack/cinder/cinder/coordination.py:141}}
Jul 28 14:29:13 devstack cinder-volume[87385]: DEBUG cinder.volume.drivers.quobyte [None req-66145ce0-eb67-4404-b18e-729977a7e4e4 tempest-GroupsV314Test-137848713 None] snapshot: e3bf04c5-fcd9-4b98-a221-fe758a460bbb, volume: 3d96baac-7239-4237-afa4-2c0d639af366, {{(pid=87385) _copy_volume_from_snapshot /opt/stack/cinder/cinder/volume/drivers/quobyte.py:403}}
Jul 28 14:29:13 devstack cinder-volume[87385]: DEBUG oslo_concurrency.lockutils [None req-66145ce0-eb67-4404-b18e-729977a7e4e4 tempest-GroupsV314Test-137848713 None] Acquiring lock "quobyte_ensure" by "cinder.volume.drivers.quobyte.QuobyteDriver._ensure_shares_mounted" {{(pid=87385) inner /opt/stack/data/venv/lib/python3.12/site-packages/oslo_concurrency/lockutils.py:512}}
Jul 28 14:29:13 devstack cinder-volume[87385]: DEBUG oslo_concurrency.lockutils [None req-66145ce0-eb67-4404-b18e-729977a7e4e4 tempest-GroupsV314Test-137848713 None] Lock "quobyte_ensure" acquired by "cinder.volume.drivers.quobyte.QuobyteDriver._ensure_shares_mounted" :: waited 0.001s {{(pid=87385) inner /opt/stack/data/venv/lib/python3.12/site-packages/oslo_concurrency/lockutils.py:525}}
Jul 28 14:29:13 devstack cinder-volume[87385]: DEBUG cinder.volume.drivers.quobyte [None req-66145ce0-eb67-4404-b18e-729977a7e4e4 tempest-GroupsV314Test-137848713 None] Quobyte Volume URL set to: {'osci02.corp.quobyte.com/cinder-vol-87674ad3-ce00-4968-bf0e-adc009de4726': None} {{(pid=87385) _load_shares_config /opt/stack/cinder/cinder/volume/drivers/quobyte.py:651}}
Jul 28 14:29:13 devstack cinder-volume[87385]: DEBUG cinder.volume.drivers.quobyte [None req-66145ce0-eb67-4404-b18e-729977a7e4e4 tempest-GroupsV314Test-137848713 None] Available shares ['osci02.corp.quobyte.com/cinder-vol-87674ad3-ce00-4968-bf0e-adc009de4726'] {{(pid=87385) _ensure_shares_mounted /opt/stack/cinder/cinder/volume/drivers/quobyte.py:681}}
Jul 28 14:29:13 devstack cinder-volume[87385]: DEBUG oslo_concurrency.lockutils [None req-66145ce0-eb67-4404-b18e-729977a7e4e4 tempest-GroupsV314Test-137848713 None] Lock "quobyte_ensure" "released" by "cinder.volume.drivers.quobyte.QuobyteDriver._ensure_shares_mounted" :: held 0.008s {{(pid=87385) inner /opt/stack/data/venv/lib/python3.12/site-packages/oslo_concurrency/lockutils.py:544}}
Jul 28 14:29:13 devstack cinder-volume[87385]: DEBUG oslo.privsep.daemon [-] privsep: reply[f0b3ab67-e504-4e16-98b7-42fe046cac0c]: (4, 'qcow2') {{(pid=89426) _call_back /opt/stack/data/venv/lib/python3.12/site-packages/oslo_privsep/daemon.py:580}}
Jul 28 14:29:13 devstack cinder-volume[87385]: DEBUG oslo_concurrency.processutils [None req-66145ce0-eb67-4404-b18e-729977a7e4e4 tempest-GroupsV314Test-137848713 None] Running cmd (subprocess): /opt/stack/data/venv/bin/python3.12 -m oslo_concurrency.prlimit --as=1073741824 --cpu=60 -- sudo cinder-rootwrap /etc/cinder/rootwrap.conf env LC_ALL=C qemu-img info -f qcow2 --output=json --force-share /opt/stack/data/cinder/mnt/33188d080c9f8e8159cc05f3768a1a44/volume-81f916b5-b2d8-4bce-8062-66f79e117c92.e3bf04c5-fcd9-4b98-a221-fe758a460bbb {{(pid=87385) execute /opt/stack/data/venv/lib/python3.12/site-packages/oslo_concurrency/processutils.py:440}}
Jul 28 14:29:13 devstack sudo[92616]: quobyte : PWD=/ ; USER=root ; COMMAND=/opt/stack/data/venv/bin/cinder-rootwrap /etc/cinder/rootwrap.conf env LC_ALL=C qemu-img info -f qcow2 --output=json --force-share /opt/stack/data/cinder/mnt/33188d080c9f8e8159cc05f3768a1a44/volume-81f916b5-b2d8-4bce-8062-66f79e117c92.e3bf04c5-fcd9-4b98-a221-fe758a460bbb
Jul 28 14:29:13 devstack sudo[92616]: pam_unix(sudo:session): session opened for user root(uid=0) by (uid=1000)
Jul 28 14:29:14 devstack sudo[92616]: pam_unix(sudo:session): session closed for user root
Jul 28 14:29:14 devstack cinder-volume[87385]: DEBUG oslo_concurrency.processutils [None req-66145ce0-eb67-4404-b18e-729977a7e4e4 tempest-GroupsV314Test-137848713 None] CMD "/opt/stack/data/venv/bin/python3.12 -m oslo_concurrency.prlimit --as=1073741824 --cpu=60 -- sudo cinder-rootwrap /etc/cinder/rootwrap.conf env LC_ALL=C qemu-img info -f qcow2 --output=json --force-share /opt/stack/data/cinder/mnt/33188d080c9f8e8159cc05f3768a1a44/volume-81f916b5-b2d8-4bce-8062-66f79e117c92.e3bf04c5-fcd9-4b98-a221-fe758a460bbb" returned: 0 in 0.865s {{(pid=87385) execute /opt/stack/data/venv/lib/python3.12/site-packages/oslo_concurrency/processutils.py:468}}
Jul 28 14:29:14 devstack cinder-volume[87385]: DEBUG cinder.volume.drivers.remotefs [None req-66145ce0-eb67-4404-b18e-729977a7e4e4 tempest-GroupsV314Test-137848713 None] Fetching qemu-img info with special backing_file_template: (/opt/stack/data/cinder/mnt/[0-9a-f]+/)?(volume-81f916b5-b2d8-4bce-8062-66f79e117c92(.(tmp-snap-)?[0-9a-f-]+)?|volume_from_snapshot_cache/(tmp-snap-)?[0-9a-f-]+(.(child-|parent-)[0-9a-f-]+)?)$ {{(pid=87385) _qemu_img_info_base /opt/stack/cinder/cinder/volume/drivers/remotefs.py:896}}
Jul 28 14:29:14 devstack cinder-volume[87385]: DEBUG cinder.volume.drivers.quobyte [None req-66145ce0-eb67-4404-b18e-729977a7e4e4 tempest-GroupsV314Test-137848713 None] will copy from snapshot at /opt/stack/data/cinder/mnt/33188d080c9f8e8159cc05f3768a1a44/volume-81f916b5-b2d8-4bce-8062-66f79e117c92 {{(pid=87385) _copy_volume_from_snapshot /opt/stack/cinder/cinder/volume/drivers/quobyte.py:422}}
Jul 28 14:29:14 devstack cinder-volume[87385]: DEBUG cinder.volume.drivers.quobyte [None req-66145ce0-eb67-4404-b18e-729977a7e4e4 tempest-GroupsV314Test-137848713 None] Creating direct copy from snapshot {{(pid=87385) _copy_volume_from_snapshot /opt/stack/cinder/cinder/volume/drivers/quobyte.py:430}}
Jul 28 14:29:14 devstack cinder-volume[87385]: DEBUG oslo.privsep.daemon [-] privsep: reply[94ddaec8-2956-45cf-a787-7c54da5ef8bb]: (4, 'qcow2') {{(pid=89426) _call_back /opt/stack/data/venv/lib/python3.12/site-packages/oslo_privsep/daemon.py:580}}
Jul 28 14:29:14 devstack cinder-volume[87385]: DEBUG oslo_concurrency.processutils [None req-66145ce0-eb67-4404-b18e-729977a7e4e4 tempest-GroupsV314Test-137848713 None] Running cmd (subprocess): /opt/stack/data/venv/bin/python3.12 -m oslo_concurrency.prlimit --as=1073741824 --cpu=60 -- sudo cinder-rootwrap /etc/cinder/rootwrap.conf env LC_ALL=C qemu-img info -f qcow2 --output=json /opt/stack/data/cinder/mnt/33188d080c9f8e8159cc05f3768a1a44/volume-81f916b5-b2d8-4bce-8062-66f79e117c92 {{(pid=87385) execute /opt/stack/data/venv/lib/python3.12/site-packages/oslo_concurrency/processutils.py:440}}
Jul 28 14:29:14 devstack sudo[92634]: quobyte : PWD=/ ; USER=root ; COMMAND=/opt/stack/data/venv/bin/cinder-rootwrap /etc/cinder/rootwrap.conf env LC_ALL=C qemu-img info -f qcow2 --output=json /opt/stack/data/cinder/mnt/33188d080c9f8e8159cc05f3768a1a44/volume-81f916b5-b2d8-4bce-8062-66f79e117c92
Jul 28 14:29:14 devstack sudo[92634]: pam_unix(sudo:session): session opened for user root(uid=0) by (uid=1000)
Jul 28 14:29:15 devstack sudo[92634]: pam_unix(sudo:session): session closed for user root
Jul 28 14:29:15 devstack cinder-volume[87385]: DEBUG oslo_concurrency.processutils [None req-66145ce0-eb67-4404-b18e-729977a7e4e4 tempest-GroupsV314Test-137848713 None] CMD "/opt/stack/data/venv/bin/python3.12 -m oslo_concurrency.prlimit --as=1073741824 --cpu=60 -- sudo cinder-rootwrap /etc/cinder/rootwrap.conf env LC_ALL=C qemu-img info -f qcow2 --output=json /opt/stack/data/cinder/mnt/33188d080c9f8e8159cc05f3768a1a44/volume-81f916b5-b2d8-4bce-8062-66f79e117c92" returned: 0 in 0.655s {{(pid=87385) execute /opt/stack/data/venv/lib/python3.12/site-packages/oslo_concurrency/processutils.py:468}}
Jul 28 14:29:15 devstack cinder-volume[87385]: DEBUG cinder.utils [None req-66145ce0-eb67-4404-b18e-729977a7e4e4 tempest-GroupsV314Test-137848713 None] Path /opt/stack/data/cinder/mnt/33188d080c9f8e8159cc05f3768a1a44/volume-3d96baac-7239-4237-afa4-2c0d639af366 not found in is_blk_device check {{(pid=87385) is_blk_device /opt/stack/cinder/cinder/utils.py:615}}
Jul 28 14:29:15 devstack cinder-volume[87385]: DEBUG oslo_concurrency.processutils [None req-66145ce0-eb67-4404-b18e-729977a7e4e4 tempest-GroupsV314Test-137848713 None] Running cmd (subprocess): sudo cinder-rootwrap /etc/cinder/rootwrap.conf qemu-img convert -O qcow2 /opt/stack/data/cinder/mnt/33188d080c9f8e8159cc05f3768a1a44/volume-81f916b5-b2d8-4bce-8062-66f79e117c92 /opt/stack/data/cinder/mnt/33188d080c9f8e8159cc05f3768a1a44/volume-3d96baac-7239-4237-afa4-2c0d639af366 {{(pid=87385) execute /opt/stack/data/venv/lib/python3.12/site-packages/oslo_concurrency/processutils.py:440}}
Jul 28 14:29:15 devstack sudo[92652]: quobyte : PWD=/ ; USER=root ; COMMAND=/opt/stack/data/venv/bin/cinder-rootwrap /etc/cinder/rootwrap.conf qemu-img convert -O qcow2 /opt/stack/data/cinder/mnt/33188d080c9f8e8159cc05f3768a1a44/volume-81f916b5-b2d8-4bce-8062-66f79e117c92 /opt/stack/data/cinder/mnt/33188d080c9f8e8159cc05f3768a1a44/volume-3d96baac-7239-4237-afa4-2c0d639af366
Jul 28 14:29:15 devstack sudo[92652]: pam_unix(sudo:session): session opened for user root(uid=0) by (uid=1000)
Jul 28 14:29:21 devstack cinder-volume[87385]: DEBUG dbcounter [-] [87385] Writing DB stats cinder:SELECT=70,cinder:UPDATE=77,cinder:INSERT=14,cinder:DELETE=5 {{(pid=87385) stat_writer /opt/stack/data/venv/lib/python3.12/site-packages/dbcounter.py:115}}
Jul 28 14:29:21 devstack cinder-volume[87385]: DEBUG dbcounter [-] [87385] Writing DB stats cinder:SELECT=86,cinder:INSERT=16,cinder:UPDATE=67,cinder:DELETE=2 {{(pid=87385) stat_writer /opt/stack/data/venv/lib/python3.12/site-packages/dbcounter.py:115}}
Jul 28 14:29:24 devstack sudo[92652]: pam_unix(sudo:session): session closed for user root
Jul 28 14:29:24 devstack cinder-volume[87385]: DEBUG oslo_concurrency.processutils [None req-66145ce0-eb67-4404-b18e-729977a7e4e4 tempest-GroupsV314Test-137848713 None] CMD "sudo cinder-rootwrap /etc/cinder/rootwrap.conf qemu-img convert -O qcow2 /opt/stack/data/cinder/mnt/33188d080c9f8e8159cc05f3768a1a44/volume-81f916b5-b2d8-4bce-8062-66f79e117c92 /opt/stack/data/cinder/mnt/33188d080c9f8e8159cc05f3768a1a44/volume-3d96baac-7239-4237-afa4-2c0d639af366" returned: 0 in 9.535s {{(pid=87385) execute /opt/stack/data/venv/lib/python3.12/site-packages/oslo_concurrency/processutils.py:468}}
Jul 28 14:29:24 devstack cinder-volume[87385]: DEBUG oslo.privsep.daemon [-] privsep: reply[074c2a06-4589-4d5b-829f-d04330a30a0f]: (4, 'qcow2') {{(pid=89426) _call_back /opt/stack/data/venv/lib/python3.12/site-packages/oslo_privsep/daemon.py:580}}
Jul 28 14:29:24 devstack cinder-volume[87385]: DEBUG oslo_concurrency.processutils [None req-66145ce0-eb67-4404-b18e-729977a7e4e4 tempest-GroupsV314Test-137848713 None] Running cmd (subprocess): /opt/stack/data/venv/bin/python3.12 -m oslo_concurrency.prlimit --as=1073741824 --cpu=60 -- sudo cinder-rootwrap /etc/cinder/rootwrap.conf env LC_ALL=C qemu-img info -f qcow2 --output=json /opt/stack/data/cinder/mnt/33188d080c9f8e8159cc05f3768a1a44/volume-81f916b5-b2d8-4bce-8062-66f79e117c92 {{(pid=87385) execute /opt/stack/data/venv/lib/python3.12/site-packages/oslo_concurrency/processutils.py:440}}
Jul 28 14:29:24 devstack sudo[92708]: quobyte : PWD=/ ; USER=root ; COMMAND=/opt/stack/data/venv/bin/cinder-rootwrap /etc/cinder/rootwrap.conf env LC_ALL=C qemu-img info -f qcow2 --output=json /opt/stack/data/cinder/mnt/33188d080c9f8e8159cc05f3768a1a44/volume-81f916b5-b2d8-4bce-8062-66f79e117c92
Jul 28 14:29:24 devstack sudo[92708]: pam_unix(sudo:session): session opened for user root(uid=0) by (uid=1000)
Jul 28 14:29:25 devstack sudo[92708]: pam_unix(sudo:session): session closed for user root
Jul 28 14:29:25 devstack cinder-volume[87385]: DEBUG oslo_concurrency.processutils [None req-66145ce0-eb67-4404-b18e-729977a7e4e4 tempest-GroupsV314Test-137848713 None] CMD "/opt/stack/data/venv/bin/python3.12 -m oslo_concurrency.prlimit --as=1073741824 --cpu=60 -- sudo cinder-rootwrap /etc/cinder/rootwrap.conf env LC_ALL=C qemu-img info -f qcow2 --output=json /opt/stack/data/cinder/mnt/33188d080c9f8e8159cc05f3768a1a44/volume-81f916b5-b2d8-4bce-8062-66f79e117c92" returned: 0 in 1.101s {{(pid=87385) execute /opt/stack/data/venv/lib/python3.12/site-packages/oslo_concurrency/processutils.py:468}}
Jul 28 14:29:25 devstack cinder-volume[87385]: DEBUG cinder.image.image_utils [None req-66145ce0-eb67-4404-b18e-729977a7e4e4 tempest-GroupsV314Test-137848713 None] Image conversion details: src /opt/stack/data/cinder/mnt/33188d080c9f8e8159cc05f3768a1a44/volume-81f916b5-b2d8-4bce-8062-66f79e117c92, size 1024.00 MB, duration 9.54 sec, destination /opt/stack/data/cinder/mnt/33188d080c9f8e8159cc05f3768a1a44/volume-3d96baac-7239-4237-afa4-2c0d639af366 {{(pid=87385) _convert_image /opt/stack/cinder/cinder/image/image_utils.py:536}}
Jul 28 14:29:25 devstack cinder-volume[87385]: INFO cinder.image.image_utils [None req-66145ce0-eb67-4404-b18e-729977a7e4e4 tempest-GroupsV314Test-137848713 None] Converted 1024.00 MB image at 107.38 MB/s
Jul 28 14:29:25 devstack cinder-volume[87385]: WARNING cinder.volume.drivers.remotefs [None req-66145ce0-eb67-4404-b18e-729977a7e4e4 tempest-GroupsV314Test-137848713 None] /opt/stack/data/cinder/mnt/33188d080c9f8e8159cc05f3768a1a44/volume-3d96baac-7239-4237-afa4-2c0d639af366 is being set with open permissions: ugo+rw: NotImplementedError
Jul 28 14:29:25 devstack cinder-volume[87385]: DEBUG oslo_concurrency.processutils [None req-66145ce0-eb67-4404-b18e-729977a7e4e4 tempest-GroupsV314Test-137848713 None] Running cmd (subprocess): sudo cinder-rootwrap /etc/cinder/rootwrap.conf chmod ugo+rw /opt/stack/data/cinder/mnt/33188d080c9f8e8159cc05f3768a1a44/volume-3d96baac-7239-4237-afa4-2c0d639af366 {{(pid=87385) execute /opt/stack/data/venv/lib/python3.12/site-packages/oslo_concurrency/processutils.py:440}}
Jul 28 14:29:25 devstack sudo[92714]: quobyte : PWD=/ ; USER=root ; COMMAND=/opt/stack/data/venv/bin/cinder-rootwrap /etc/cinder/rootwrap.conf chmod ugo+rw /opt/stack/data/cinder/mnt/33188d080c9f8e8159cc05f3768a1a44/volume-3d96baac-7239-4237-afa4-2c0d639af366
Jul 28 14:29:25 devstack sudo[92714]: pam_unix(sudo:session): session opened for user root(uid=0) by (uid=1000)
Jul 28 14:29:26 devstack sudo[92714]: pam_unix(sudo:session): session closed for user root
Jul 28 14:29:26 devstack cinder-volume[87385]: DEBUG oslo_concurrency.processutils [None req-66145ce0-eb67-4404-b18e-729977a7e4e4 tempest-GroupsV314Test-137848713 None] CMD "sudo cinder-rootwrap /etc/cinder/rootwrap.conf chmod ugo+rw /opt/stack/data/cinder/mnt/33188d080c9f8e8159cc05f3768a1a44/volume-3d96baac-7239-4237-afa4-2c0d639af366" returned: 0 in 0.458s {{(pid=87385) execute /opt/stack/data/venv/lib/python3.12/site-packages/oslo_concurrency/processutils.py:468}}
Jul 28 14:29:26 devstack cinder-volume[87385]: DEBUG cinder.coordination [None req-66145ce0-eb67-4404-b18e-729977a7e4e4 tempest-GroupsV314Test-137848713 None] Lock "cinder-quobyte-3d96baac-7239-4237-afa4-2c0d639af366" released by "_copy_volume_from_snapshot" :: held 12.783s {{(pid=87385) __release /opt/stack/cinder/cinder/coordination.py:152}}
Jul 28 14:29:26 devstack cinder-volume[87385]: DEBUG cinder.coordination [None req-66145ce0-eb67-4404-b18e-729977a7e4e4 tempest-GroupsV314Test-137848713 None] Acquiring lock "cinder-quobyte-e3bf04c5-fcd9-4b98-a221-fe758a460bbb" by "_delete_snapshot" {{(pid=87385) __acquire /opt/stack/cinder/cinder/coordination.py:138}}
Jul 28 14:29:26 devstack cinder-volume[87385]: DEBUG cinder.coordination [None req-66145ce0-eb67-4404-b18e-729977a7e4e4 tempest-GroupsV314Test-137848713 None] Lock "cinder-quobyte-e3bf04c5-fcd9-4b98-a221-fe758a460bbb" acquired by "_delete_snapshot" :: waited 0.040s {{(pid=87385) __acquire /opt/stack/cinder/cinder/coordination.py:141}}
Jul 28 14:29:26 devstack cinder-volume[87385]: DEBUG cinder.volume.drivers.remotefs [None req-66145ce0-eb67-4404-b18e-729977a7e4e4 tempest-GroupsV314Test-137848713 None] Deleting offline snapshot e3bf04c5-fcd9-4b98-a221-fe758a460bbb of volume 81f916b5-b2d8-4bce-8062-66f79e117c92 {{(pid=87385) _delete_snapshot /opt/stack/cinder/cinder/volume/drivers/remotefs.py:1288}}
Jul 28 14:29:26 devstack cinder-volume[87385]: DEBUG cinder.volume.drivers.remotefs [None req-66145ce0-eb67-4404-b18e-729977a7e4e4 tempest-GroupsV314Test-137848713 None] snapshot_file for this snap is: volume-81f916b5-b2d8-4bce-8062-66f79e117c92.e3bf04c5-fcd9-4b98-a221-fe758a460bbb {{(pid=87385) _delete_snapshot /opt/stack/cinder/cinder/volume/drivers/remotefs.py:1317}}
Jul 28 14:29:26 devstack cinder-volume[87385]: DEBUG oslo.privsep.daemon [-] privsep: reply[66217edc-1657-46cc-8281-7dd70a6be5dc]: (4, 'qcow2') {{(pid=89426) _call_back /opt/stack/data/venv/lib/python3.12/site-packages/oslo_privsep/daemon.py:580}}
Jul 28 14:29:26 devstack cinder-volume[87385]: DEBUG oslo_concurrency.processutils [None req-66145ce0-eb67-4404-b18e-729977a7e4e4 tempest-GroupsV314Test-137848713 None] Running cmd (subprocess): /opt/stack/data/venv/bin/python3.12 -m oslo_concurrency.prlimit --as=1073741824 --cpu=60 -- sudo cinder-rootwrap /etc/cinder/rootwrap.conf env LC_ALL=C qemu-img info -f qcow2 --output=json --force-share /opt/stack/data/cinder/mnt/33188d080c9f8e8159cc05f3768a1a44/volume-81f916b5-b2d8-4bce-8062-66f79e117c92.e3bf04c5-fcd9-4b98-a221-fe758a460bbb {{(pid=87385) execute /opt/stack/data/venv/lib/python3.12/site-packages/oslo_concurrency/processutils.py:440}}
Jul 28 14:29:26 devstack sudo[92717]: quobyte : PWD=/ ; USER=root ; COMMAND=/opt/stack/data/venv/bin/cinder-rootwrap /etc/cinder/rootwrap.conf env LC_ALL=C qemu-img info -f qcow2 --output=json --force-share /opt/stack/data/cinder/mnt/33188d080c9f8e8159cc05f3768a1a44/volume-81f916b5-b2d8-4bce-8062-66f79e117c92.e3bf04c5-fcd9-4b98-a221-fe758a460bbb
Jul 28 14:29:26 devstack sudo[92717]: pam_unix(sudo:session): session opened for user root(uid=0) by (uid=1000)
Jul 28 14:29:26 devstack sudo[92717]: pam_unix(sudo:session): session closed for user root
Jul 28 14:29:26 devstack cinder-volume[87385]: DEBUG oslo_concurrency.processutils [None req-66145ce0-eb67-4404-b18e-729977a7e4e4 tempest-GroupsV314Test-137848713 None] CMD "/opt/stack/data/venv/bin/python3.12 -m oslo_concurrency.prlimit --as=1073741824 --cpu=60 -- sudo cinder-rootwrap /etc/cinder/rootwrap.conf env LC_ALL=C qemu-img info -f qcow2 --output=json --force-share /opt/stack/data/cinder/mnt/33188d080c9f8e8159cc05f3768a1a44/volume-81f916b5-b2d8-4bce-8062-66f79e117c92.e3bf04c5-fcd9-4b98-a221-fe758a460bbb" returned: 0 in 0.547s {{(pid=87385) execute /opt/stack/data/venv/lib/python3.12/site-packages/oslo_concurrency/processutils.py:468}}
Jul 28 14:29:26 devstack cinder-volume[87385]: DEBUG cinder.volume.drivers.remotefs [None req-66145ce0-eb67-4404-b18e-729977a7e4e4 tempest-GroupsV314Test-137848713 None] Fetching qemu-img info with special backing_file_template: (/opt/stack/data/cinder/mnt/[0-9a-f]+/)?(volume-81f916b5-b2d8-4bce-8062-66f79e117c92(.(tmp-snap-)?[0-9a-f-]+)?|volume_from_snapshot_cache/(tmp-snap-)?[0-9a-f-]+(.(child-|parent-)[0-9a-f-]+)?)$ {{(pid=87385) _qemu_img_info_base /opt/stack/cinder/cinder/volume/drivers/remotefs.py:896}}
Jul 28 14:29:26 devstack cinder-volume[87385]: DEBUG oslo.privsep.daemon [-] privsep: reply[9783ffdb-b732-419e-a16c-97d96302dec0]: (4, 'qcow2') {{(pid=89426) _call_back /opt/stack/data/venv/lib/python3.12/site-packages/oslo_privsep/daemon.py:580}}
Jul 28 14:29:26 devstack cinder-volume[87385]: DEBUG oslo_concurrency.processutils [None req-66145ce0-eb67-4404-b18e-729977a7e4e4 tempest-GroupsV314Test-137848713 None] Running cmd (subprocess): /opt/stack/data/venv/bin/python3.12 -m oslo_concurrency.prlimit --as=1073741824 --cpu=60 -- sudo cinder-rootwrap /etc/cinder/rootwrap.conf env LC_ALL=C qemu-img info -f qcow2 --output=json --force-share /opt/stack/data/cinder/mnt/33188d080c9f8e8159cc05f3768a1a44/volume-81f916b5-b2d8-4bce-8062-66f79e117c92 {{(pid=87385) execute /opt/stack/data/venv/lib/python3.12/site-packages/oslo_concurrency/processutils.py:440}}
Jul 28 14:29:27 devstack sudo[92723]: quobyte : PWD=/ ; USER=root ; COMMAND=/opt/stack/data/venv/bin/cinder-rootwrap /etc/cinder/rootwrap.conf env LC_ALL=C qemu-img info -f qcow2 --output=json --force-share /opt/stack/data/cinder/mnt/33188d080c9f8e8159cc05f3768a1a44/volume-81f916b5-b2d8-4bce-8062-66f79e117c92
Jul 28 14:29:27 devstack sudo[92723]: pam_unix(sudo:session): session opened for user root(uid=0) by (uid=1000)
Jul 28 14:29:27 devstack sudo[92723]: pam_unix(sudo:session): session closed for user root
Jul 28 14:29:27 devstack cinder-volume[87385]: DEBUG oslo_concurrency.processutils [None req-66145ce0-eb67-4404-b18e-729977a7e4e4 tempest-GroupsV314Test-137848713 None] CMD "/opt/stack/data/venv/bin/python3.12 -m oslo_concurrency.prlimit --as=1073741824 --cpu=60 -- sudo cinder-rootwrap /etc/cinder/rootwrap.conf env LC_ALL=C qemu-img info -f qcow2 --output=json --force-share /opt/stack/data/cinder/mnt/33188d080c9f8e8159cc05f3768a1a44/volume-81f916b5-b2d8-4bce-8062-66f79e117c92" returned: 0 in 0.728s {{(pid=87385) execute /opt/stack/data/venv/lib/python3.12/site-packages/oslo_concurrency/processutils.py:468}}
Jul 28 14:29:27 devstack cinder-volume[87385]: DEBUG oslo_concurrency.processutils [None req-66145ce0-eb67-4404-b18e-729977a7e4e4 tempest-GroupsV314Test-137848713 None] Running cmd (subprocess): sudo cinder-rootwrap /etc/cinder/rootwrap.conf qemu-img commit -d /opt/stack/data/cinder/mnt/33188d080c9f8e8159cc05f3768a1a44/volume-81f916b5-b2d8-4bce-8062-66f79e117c92.e3bf04c5-fcd9-4b98-a221-fe758a460bbb {{(pid=87385) execute /opt/stack/data/venv/lib/python3.12/site-packages/oslo_concurrency/processutils.py:440}}
Jul 28 14:29:27 devstack sudo[92758]: quobyte : PWD=/ ; USER=root ; COMMAND=/opt/stack/data/venv/bin/cinder-rootwrap /etc/cinder/rootwrap.conf qemu-img commit -d /opt/stack/data/cinder/mnt/33188d080c9f8e8159cc05f3768a1a44/volume-81f916b5-b2d8-4bce-8062-66f79e117c92.e3bf04c5-fcd9-4b98-a221-fe758a460bbb
Jul 28 14:29:27 devstack sudo[92758]: pam_unix(sudo:session): session opened for user root(uid=0) by (uid=1000)
Jul 28 14:29:28 devstack sudo[92758]: pam_unix(sudo:session): session closed for user root
Jul 28 14:29:28 devstack cinder-volume[87385]: DEBUG oslo_concurrency.processutils [None req-66145ce0-eb67-4404-b18e-729977a7e4e4 tempest-GroupsV314Test-137848713 None] CMD "sudo cinder-rootwrap /etc/cinder/rootwrap.conf qemu-img commit -d /opt/stack/data/cinder/mnt/33188d080c9f8e8159cc05f3768a1a44/volume-81f916b5-b2d8-4bce-8062-66f79e117c92.e3bf04c5-fcd9-4b98-a221-fe758a460bbb" returned: 0 in 0.497s {{(pid=87385) execute /opt/stack/data/venv/lib/python3.12/site-packages/oslo_concurrency/processutils.py:468}}
Jul 28 14:29:28 devstack cinder-volume[87385]: DEBUG oslo_concurrency.processutils [None req-66145ce0-eb67-4404-b18e-729977a7e4e4 tempest-GroupsV314Test-137848713 None] Running cmd (subprocess): sudo cinder-rootwrap /etc/cinder/rootwrap.conf rm -f /opt/stack/data/cinder/mnt/33188d080c9f8e8159cc05f3768a1a44/volume-81f916b5-b2d8-4bce-8062-66f79e117c92.e3bf04c5-fcd9-4b98-a221-fe758a460bbb {{(pid=87385) execute /opt/stack/data/venv/lib/python3.12/site-packages/oslo_concurrency/processutils.py:440}}
Jul 28 14:29:28 devstack sudo[92766]: quobyte : PWD=/ ; USER=root ; COMMAND=/opt/stack/data/venv/bin/cinder-rootwrap /etc/cinder/rootwrap.conf rm -f /opt/stack/data/cinder/mnt/33188d080c9f8e8159cc05f3768a1a44/volume-81f916b5-b2d8-4bce-8062-66f79e117c92.e3bf04c5-fcd9-4b98-a221-fe758a460bbb
Jul 28 14:29:28 devstack sudo[92766]: pam_unix(sudo:session): session opened for user root(uid=0) by (uid=1000)
Jul 28 14:29:28 devstack sudo[92766]: pam_unix(sudo:session): session closed for user root
Jul 28 14:29:28 devstack cinder-volume[87385]: DEBUG oslo_concurrency.processutils [None req-66145ce0-eb67-4404-b18e-729977a7e4e4 tempest-GroupsV314Test-137848713 None] CMD "sudo cinder-rootwrap /etc/cinder/rootwrap.conf rm -f /opt/stack/data/cinder/mnt/33188d080c9f8e8159cc05f3768a1a44/volume-81f916b5-b2d8-4bce-8062-66f79e117c92.e3bf04c5-fcd9-4b98-a221-fe758a460bbb" returned: 0 in 0.265s {{(pid=87385) execute /opt/stack/data/venv/lib/python3.12/site-packages/oslo_concurrency/processutils.py:468}}
Jul 28 14:29:28 devstack cinder-volume[87385]: DEBUG cinder.coordination [None req-66145ce0-eb67-4404-b18e-729977a7e4e4 tempest-GroupsV314Test-137848713 None] Lock "cinder-quobyte-e3bf04c5-fcd9-4b98-a221-fe758a460bbb" released by "_delete_snapshot" :: held 2.170s {{(pid=87385) __release /opt/stack/cinder/cinder/coordination.py:152}}
Jul 28 14:29:28 devstack cinder-volume[87385]: DEBUG oslo_concurrency.lockutils [None req-66145ce0-eb67-4404-b18e-729977a7e4e4 tempest-GroupsV314Test-137848713 None] Lock "quobyte" "released" by "cinder.volume.drivers.quobyte.QuobyteDriver.create_cloned_volume" :: held 19.472s {{(pid=87385) inner /opt/stack/data/venv/lib/python3.12/site-packages/oslo_concurrency/lockutils.py:544}}
Jul 28 14:29:28 devstack cinder-volume[87385]: INFO cinder.volume.manager [None req-66145ce0-eb67-4404-b18e-729977a7e4e4 tempest-GroupsV314Test-137848713 None] Create group from source-group-9239d6be-1cd8-4a33-a515-652d513678b1 completed successfully.
Jul 28 14:29:30 devstack cinder-volume[87385]: DEBUG cinder.coordination [None req-36dad82b-593c-4367-84cb-c733a7eb7d20 tempest-GroupsV314Test-137848713 None] Acquiring lock "cinder-quobyte-3d96baac-7239-4237-afa4-2c0d639af366" by "delete_volume" {{(pid=87385) __acquire /opt/stack/cinder/cinder/coordination.py:138}}
Jul 28 14:29:30 devstack cinder-volume[87385]: DEBUG cinder.coordination [None req-36dad82b-593c-4367-84cb-c733a7eb7d20 tempest-GroupsV314Test-137848713 None] Lock "cinder-quobyte-3d96baac-7239-4237-afa4-2c0d639af366" acquired by "delete_volume" :: waited 0.037s {{(pid=87385) __acquire /opt/stack/cinder/cinder/coordination.py:141}}
Jul 28 14:29:30 devstack cinder-volume[87385]: DEBUG oslo.privsep.daemon [-] privsep: reply[6ae6f606-de48-4557-8fd6-1b4ce4506206]: (4, 'qcow2') {{(pid=89426) _call_back /opt/stack/data/venv/lib/python3.12/site-packages/oslo_privsep/daemon.py:580}}
Jul 28 14:29:30 devstack cinder-volume[87385]: DEBUG oslo_concurrency.processutils [None req-36dad82b-593c-4367-84cb-c733a7eb7d20 tempest-GroupsV314Test-137848713 None] Running cmd (subprocess): /opt/stack/data/venv/bin/python3.12 -m oslo_concurrency.prlimit --as=1073741824 --cpu=60 -- sudo cinder-rootwrap /etc/cinder/rootwrap.conf env LC_ALL=C qemu-img info -f qcow2 --output=json --force-share /opt/stack/data/cinder/mnt/33188d080c9f8e8159cc05f3768a1a44/volume-3d96baac-7239-4237-afa4-2c0d639af366 {{(pid=87385) execute /opt/stack/data/venv/lib/python3.12/site-packages/oslo_concurrency/processutils.py:440}}
Jul 28 14:29:30 devstack sudo[92772]: quobyte : PWD=/ ; USER=root ; COMMAND=/opt/stack/data/venv/bin/cinder-rootwrap /etc/cinder/rootwrap.conf env LC_ALL=C qemu-img info -f qcow2 --output=json --force-share /opt/stack/data/cinder/mnt/33188d080c9f8e8159cc05f3768a1a44/volume-3d96baac-7239-4237-afa4-2c0d639af366
Jul 28 14:29:30 devstack sudo[92772]: pam_unix(sudo:session): session opened for user root(uid=0) by (uid=1000)
Jul 28 14:29:31 devstack sudo[92772]: pam_unix(sudo:session): session closed for user root
Jul 28 14:29:31 devstack cinder-volume[87385]: DEBUG oslo_concurrency.processutils [None req-36dad82b-593c-4367-84cb-c733a7eb7d20 tempest-GroupsV314Test-137848713 None] CMD "/opt/stack/data/venv/bin/python3.12 -m oslo_concurrency.prlimit --as=1073741824 --cpu=60 -- sudo cinder-rootwrap /etc/cinder/rootwrap.conf env LC_ALL=C qemu-img info -f qcow2 --output=json --force-share /opt/stack/data/cinder/mnt/33188d080c9f8e8159cc05f3768a1a44/volume-3d96baac-7239-4237-afa4-2c0d639af366" returned: 0 in 0.729s {{(pid=87385) execute /opt/stack/data/venv/lib/python3.12/site-packages/oslo_concurrency/processutils.py:468}}
Jul 28 14:29:31 devstack cinder-volume[87385]: DEBUG oslo_concurrency.processutils [None req-36dad82b-593c-4367-84cb-c733a7eb7d20 tempest-GroupsV314Test-137848713 None] Running cmd (subprocess): sudo cinder-rootwrap /etc/cinder/rootwrap.conf rm -f /opt/stack/data/cinder/mnt/33188d080c9f8e8159cc05f3768a1a44/volume-3d96baac-7239-4237-afa4-2c0d639af366 {{(pid=87385) execute /opt/stack/data/venv/lib/python3.12/site-packages/oslo_concurrency/processutils.py:440}}
Jul 28 14:29:31 devstack sudo[92824]: quobyte : PWD=/ ; USER=root ; COMMAND=/opt/stack/data/venv/bin/cinder-rootwrap /etc/cinder/rootwrap.conf rm -f /opt/stack/data/cinder/mnt/33188d080c9f8e8159cc05f3768a1a44/volume-3d96baac-7239-4237-afa4-2c0d639af366
Jul 28 14:29:31 devstack sudo[92824]: pam_unix(sudo:session): session opened for user root(uid=0) by (uid=1000)
Jul 28 14:29:31 devstack sudo[92824]: pam_unix(sudo:session): session closed for user root
Jul 28 14:29:31 devstack cinder-volume[87385]: DEBUG oslo_concurrency.processutils [None req-36dad82b-593c-4367-84cb-c733a7eb7d20 tempest-GroupsV314Test-137848713 None] CMD "sudo cinder-rootwrap /etc/cinder/rootwrap.conf rm -f /opt/stack/data/cinder/mnt/33188d080c9f8e8159cc05f3768a1a44/volume-3d96baac-7239-4237-afa4-2c0d639af366" returned: 0 in 0.454s {{(pid=87385) execute /opt/stack/data/venv/lib/python3.12/site-packages/oslo_concurrency/processutils.py:468}}
Jul 28 14:29:31 devstack cinder-volume[87385]: DEBUG cinder.coordination [None req-36dad82b-593c-4367-84cb-c733a7eb7d20 tempest-GroupsV314Test-137848713 None] Lock "cinder-quobyte-3d96baac-7239-4237-afa4-2c0d639af366" released by "delete_volume" :: held 1.279s {{(pid=87385) __release /opt/stack/cinder/cinder/coordination.py:152}}
Jul 28 14:29:31 devstack cinder-volume[87385]: DEBUG cinder.quota [None req-36dad82b-593c-4367-84cb-c733a7eb7d20 tempest-GroupsV314Test-137848713 None] Created reservations ['821ad72e-c523-4faf-8ab8-05ea21a559f4'] {{(pid=87385) reserve /opt/stack/cinder/cinder/quota.py:752}}
Jul 28 14:29:31 devstack cinder-volume[87385]: WARNING cinder.quota [None req-36dad82b-593c-4367-84cb-c733a7eb7d20 tempest-GroupsV314Test-137848713 None] Deprecated: Default quota for resource: volumes_tempest-GroupsV314Test-volume-type-69433892 is set by the default quota flag: quota_volumes_tempest-GroupsV314Test-volume-type-69433892, it is now deprecated. Please use the default quota class for default quota.
Jul 28 14:29:31 devstack cinder-volume[87385]: WARNING cinder.quota [None req-36dad82b-593c-4367-84cb-c733a7eb7d20 tempest-GroupsV314Test-137848713 None] Deprecated: Default quota for resource: gigabytes_tempest-GroupsV314Test-volume-type-69433892 is set by the default quota flag: quota_gigabytes_tempest-GroupsV314Test-volume-type-69433892, it is now deprecated. Please use the default quota class for default quota.
Jul 28 14:29:31 devstack cinder-volume[87385]: DEBUG cinder.quota [None req-36dad82b-593c-4367-84cb-c733a7eb7d20 tempest-GroupsV314Test-137848713 None] Created reservations ['1f78d499-9d7e-4b90-bcb4-cadf58b617cb', 'fe6a3f03-6234-4023-a9cb-71624b7cf1bf', '20b8f261-85a4-4e04-a926-8aadbab1708f', 'c7287fd6-39ea-4e9d-a1db-c46f0027c76d'] {{(pid=87385) reserve /opt/stack/cinder/cinder/quota.py:752}}
Jul 28 14:29:32 devstack cinder-volume[87385]: DEBUG oslo_concurrency.lockutils [None req-36dad82b-593c-4367-84cb-c733a7eb7d20 tempest-GroupsV314Test-137848713 None] Acquiring lock "quobyte_ensure" by "cinder.volume.drivers.quobyte.QuobyteDriver._ensure_shares_mounted" {{(pid=87385) inner /opt/stack/data/venv/lib/python3.12/site-packages/oslo_concurrency/lockutils.py:512}}
Jul 28 14:29:32 devstack cinder-volume[87385]: DEBUG oslo_concurrency.lockutils [None req-36dad82b-593c-4367-84cb-c733a7eb7d20 tempest-GroupsV314Test-137848713 None] Lock "quobyte_ensure" acquired by "cinder.volume.drivers.quobyte.QuobyteDriver._ensure_shares_mounted" :: waited 0.001s {{(pid=87385) inner /opt/stack/data/venv/lib/python3.12/site-packages/oslo_concurrency/lockutils.py:525}}
Jul 28 14:29:32 devstack cinder-volume[87385]: DEBUG cinder.volume.drivers.quobyte [None req-36dad82b-593c-4367-84cb-c733a7eb7d20 tempest-GroupsV314Test-137848713 None] Quobyte Volume URL set to: {'osci02.corp.quobyte.com/cinder-vol-87674ad3-ce00-4968-bf0e-adc009de4726': None} {{(pid=87385) _load_shares_config /opt/stack/cinder/cinder/volume/drivers/quobyte.py:651}}
Jul 28 14:29:32 devstack cinder-volume[87385]: DEBUG cinder.volume.drivers.quobyte [None req-36dad82b-593c-4367-84cb-c733a7eb7d20 tempest-GroupsV314Test-137848713 None] Available shares ['osci02.corp.quobyte.com/cinder-vol-87674ad3-ce00-4968-bf0e-adc009de4726'] {{(pid=87385) _ensure_shares_mounted /opt/stack/cinder/cinder/volume/drivers/quobyte.py:681}}
Jul 28 14:29:32 devstack cinder-volume[87385]: DEBUG oslo_concurrency.lockutils [None req-36dad82b-593c-4367-84cb-c733a7eb7d20 tempest-GroupsV314Test-137848713 None] Lock "quobyte_ensure" "released" by "cinder.volume.drivers.quobyte.QuobyteDriver._ensure_shares_mounted" :: held 0.007s {{(pid=87385) inner /opt/stack/data/venv/lib/python3.12/site-packages/oslo_concurrency/lockutils.py:544}}
Jul 28 14:29:32 devstack cinder-volume[87385]: DEBUG oslo_concurrency.processutils [None req-36dad82b-593c-4367-84cb-c733a7eb7d20 tempest-GroupsV314Test-137848713 None] Running cmd (subprocess): sudo cinder-rootwrap /etc/cinder/rootwrap.conf df --portability --block-size 1 /opt/stack/data/cinder/mnt/33188d080c9f8e8159cc05f3768a1a44 {{(pid=87385) execute /opt/stack/data/venv/lib/python3.12/site-packages/oslo_concurrency/processutils.py:440}}
Jul 28 14:29:32 devstack sudo[92846]: quobyte : PWD=/ ; USER=root ; COMMAND=/opt/stack/data/venv/bin/cinder-rootwrap /etc/cinder/rootwrap.conf df --portability --block-size 1 /opt/stack/data/cinder/mnt/33188d080c9f8e8159cc05f3768a1a44
Jul 28 14:29:32 devstack sudo[92846]: pam_unix(sudo:session): session opened for user root(uid=0) by (uid=1000)
Jul 28 14:29:32 devstack sudo[92846]: pam_unix(sudo:session): session closed for user root
Jul 28 14:29:32 devstack cinder-volume[87385]: DEBUG oslo_concurrency.processutils [None req-36dad82b-593c-4367-84cb-c733a7eb7d20 tempest-GroupsV314Test-137848713 None] CMD "sudo cinder-rootwrap /etc/cinder/rootwrap.conf df --portability --block-size 1 /opt/stack/data/cinder/mnt/33188d080c9f8e8159cc05f3768a1a44" returned: 0 in 0.256s {{(pid=87385) execute /opt/stack/data/venv/lib/python3.12/site-packages/oslo_concurrency/processutils.py:468}}
Jul 28 14:29:32 devstack cinder-volume[87385]: DEBUG cinder.manager [None req-36dad82b-593c-4367-84cb-c733a7eb7d20 tempest-GroupsV314Test-137848713 None] Notifying Schedulers of capabilities ... {{(pid=87385) _publish_service_capabilities /opt/stack/cinder/cinder/manager.py:219}}
Jul 28 14:29:32 devstack cinder-volume[87385]: INFO cinder.volume.manager [None req-36dad82b-593c-4367-84cb-c733a7eb7d20 tempest-GroupsV314Test-137848713 None] Delete group completed successfully.
Jul 28 14:29:33 devstack cinder-volume[87385]: DEBUG cinder.coordination [None req-58b2cd61-ba11-42ac-9890-ed48cde4d1f8 tempest-GroupsV314Test-137848713 None] Acquiring lock "cinder-quobyte-81f916b5-b2d8-4bce-8062-66f79e117c92" by "delete_volume" {{(pid=87385) __acquire /opt/stack/cinder/cinder/coordination.py:138}}
Jul 28 14:29:33 devstack cinder-volume[87385]: DEBUG cinder.coordination [None req-58b2cd61-ba11-42ac-9890-ed48cde4d1f8 tempest-GroupsV314Test-137848713 None] Lock "cinder-quobyte-81f916b5-b2d8-4bce-8062-66f79e117c92" acquired by "delete_volume" :: waited 0.030s {{(pid=87385) __acquire /opt/stack/cinder/cinder/coordination.py:141}}
Jul 28 14:29:33 devstack cinder-volume[87385]: DEBUG oslo.privsep.daemon [-] privsep: reply[20ff61b1-d5ca-4454-a904-36dea6a0214d]: (4, 'qcow2') {{(pid=89426) _call_back /opt/stack/data/venv/lib/python3.12/site-packages/oslo_privsep/daemon.py:580}}
Jul 28 14:29:33 devstack cinder-volume[87385]: DEBUG oslo_concurrency.processutils [None req-58b2cd61-ba11-42ac-9890-ed48cde4d1f8 tempest-GroupsV314Test-137848713 None] Running cmd (subprocess): /opt/stack/data/venv/bin/python3.12 -m oslo_concurrency.prlimit --as=1073741824 --cpu=60 -- sudo cinder-rootwrap /etc/cinder/rootwrap.conf env LC_ALL=C qemu-img info -f qcow2 --output=json --force-share /opt/stack/data/cinder/mnt/33188d080c9f8e8159cc05f3768a1a44/volume-81f916b5-b2d8-4bce-8062-66f79e117c92 {{(pid=87385) execute /opt/stack/data/venv/lib/python3.12/site-packages/oslo_concurrency/processutils.py:440}}
Jul 28 14:29:33 devstack sudo[92867]: quobyte : PWD=/ ; USER=root ; COMMAND=/opt/stack/data/venv/bin/cinder-rootwrap /etc/cinder/rootwrap.conf env LC_ALL=C qemu-img info -f qcow2 --output=json --force-share /opt/stack/data/cinder/mnt/33188d080c9f8e8159cc05f3768a1a44/volume-81f916b5-b2d8-4bce-8062-66f79e117c92
Jul 28 14:29:33 devstack sudo[92867]: pam_unix(sudo:session): session opened for user root(uid=0) by (uid=1000)
Jul 28 14:29:34 devstack sudo[92867]: pam_unix(sudo:session): session closed for user root
Jul 28 14:29:34 devstack cinder-volume[87385]: DEBUG oslo_concurrency.processutils [None req-58b2cd61-ba11-42ac-9890-ed48cde4d1f8 tempest-GroupsV314Test-137848713 None] CMD "/opt/stack/data/venv/bin/python3.12 -m oslo_concurrency.prlimit --as=1073741824 --cpu=60 -- sudo cinder-rootwrap /etc/cinder/rootwrap.conf env LC_ALL=C qemu-img info -f qcow2 --output=json --force-share /opt/stack/data/cinder/mnt/33188d080c9f8e8159cc05f3768a1a44/volume-81f916b5-b2d8-4bce-8062-66f79e117c92" returned: 0 in 0.755s {{(pid=87385) execute /opt/stack/data/venv/lib/python3.12/site-packages/oslo_concurrency/processutils.py:468}}
Jul 28 14:29:34 devstack cinder-volume[87385]: DEBUG oslo_concurrency.processutils [None req-58b2cd61-ba11-42ac-9890-ed48cde4d1f8 tempest-GroupsV314Test-137848713 None] Running cmd (subprocess): sudo cinder-rootwrap /etc/cinder/rootwrap.conf rm -f /opt/stack/data/cinder/mnt/33188d080c9f8e8159cc05f3768a1a44/volume-81f916b5-b2d8-4bce-8062-66f79e117c92 {{(pid=87385) execute /opt/stack/data/venv/lib/python3.12/site-packages/oslo_concurrency/processutils.py:440}}
Jul 28 14:29:34 devstack sudo[92874]: quobyte : PWD=/ ; USER=root ; COMMAND=/opt/stack/data/venv/bin/cinder-rootwrap /etc/cinder/rootwrap.conf rm -f /opt/stack/data/cinder/mnt/33188d080c9f8e8159cc05f3768a1a44/volume-81f916b5-b2d8-4bce-8062-66f79e117c92
Jul 28 14:29:34 devstack sudo[92874]: pam_unix(sudo:session): session opened for user root(uid=0) by (uid=1000)
Jul 28 14:29:34 devstack sudo[92874]: pam_unix(sudo:session): session closed for user root
Jul 28 14:29:34 devstack cinder-volume[87385]: DEBUG oslo_concurrency.processutils [None req-58b2cd61-ba11-42ac-9890-ed48cde4d1f8 tempest-GroupsV314Test-137848713 None] CMD "sudo cinder-rootwrap /etc/cinder/rootwrap.conf rm -f /opt/stack/data/cinder/mnt/33188d080c9f8e8159cc05f3768a1a44/volume-81f916b5-b2d8-4bce-8062-66f79e117c92" returned: 0 in 0.468s {{(pid=87385) execute /opt/stack/data/venv/lib/python3.12/site-packages/oslo_concurrency/processutils.py:468}}
Jul 28 14:29:34 devstack cinder-volume[87385]: DEBUG cinder.coordination [None req-58b2cd61-ba11-42ac-9890-ed48cde4d1f8 tempest-GroupsV314Test-137848713 None] Lock "cinder-quobyte-81f916b5-b2d8-4bce-8062-66f79e117c92" released by "delete_volume" :: held 1.352s {{(pid=87385) __release /opt/stack/cinder/cinder/coordination.py:152}}
Jul 28 14:29:34 devstack cinder-volume[87385]: DEBUG cinder.quota [None req-58b2cd61-ba11-42ac-9890-ed48cde4d1f8 tempest-GroupsV314Test-137848713 None] Created reservations ['d1ec99f6-9177-4b7b-bdb6-a3d1776377e7'] {{(pid=87385) reserve /opt/stack/cinder/cinder/quota.py:752}}
Jul 28 14:29:35 devstack cinder-volume[87385]: DEBUG cinder.quota [None req-58b2cd61-ba11-42ac-9890-ed48cde4d1f8 tempest-GroupsV314Test-137848713 None] Created reservations ['5abd4c47-b0a0-4684-88af-5af42cb9f7a1', '1465792e-4d9e-47d2-a2b9-b9008907de00', '7c47f94d-29bd-4852-943e-231819f320c4', 'fd702625-91bd-4704-9987-837f050071f5'] {{(pid=87385) reserve /opt/stack/cinder/cinder/quota.py:752}}
