Aug 19 17:23:42 devstack cinder-volume[94106]: DEBUG oslo_concurrency.processutils [None req-87dade75-bfbc-4883-82d2-6558ca22af30 tempest-GroupSnapshotsTest-1003640548 None] CMD "/opt/stack/data/venv/bin/python3.12 -m oslo_concurrency.prlimit --as=1073741824 --cpu=60 -- sudo cinder-rootwrap /etc/cinder/rootwrap.conf env LC_ALL=C qemu-img info -f qcow2 --output=json --force-share /opt/stack/data/cinder/mnt/221ce42a5b68c41a22f29c4600b5806f/volume-abd21d72-c59c-462b-8983-d79b3c165e7c" returned: 0 in 0.974s {{(pid=94106) execute /opt/stack/data/venv/lib/python3.12/site-packages/oslo_concurrency/processutils.py:468}}
Aug 19 17:23:42 devstack cinder-volume[94106]: DEBUG oslo_concurrency.processutils [None req-87dade75-bfbc-4883-82d2-6558ca22af30 tempest-GroupSnapshotsTest-1003640548 None] Running cmd (subprocess): sudo cinder-rootwrap /etc/cinder/rootwrap.conf qemu-img create -f qcow2 -o backing_file=/opt/stack/data/cinder/mnt/221ce42a5b68c41a22f29c4600b5806f/volume-abd21d72-c59c-462b-8983-d79b3c165e7c,backing_fmt=qcow2 /opt/stack/data/cinder/mnt/221ce42a5b68c41a22f29c4600b5806f/volume-abd21d72-c59c-462b-8983-d79b3c165e7c.e78bcc9e-cd59-4bb8-a9e3-d37c6bc65d64 1G {{(pid=94106) execute /opt/stack/data/venv/lib/python3.12/site-packages/oslo_concurrency/processutils.py:440}}
Aug 19 17:23:42 devstack sudo[98778]: quobyte : PWD=/ ; USER=root ; COMMAND=/opt/stack/data/venv/bin/cinder-rootwrap /etc/cinder/rootwrap.conf qemu-img create -f qcow2 -o backing_file=/opt/stack/data/cinder/mnt/221ce42a5b68c41a22f29c4600b5806f/volume-abd21d72-c59c-462b-8983-d79b3c165e7c,backing_fmt=qcow2 /opt/stack/data/cinder/mnt/221ce42a5b68c41a22f29c4600b5806f/volume-abd21d72-c59c-462b-8983-d79b3c165e7c.e78bcc9e-cd59-4bb8-a9e3-d37c6bc65d64 1G
Aug 19 17:23:42 devstack sudo[98778]: pam_unix(sudo:session): session opened for user root(uid=0) by (uid=1000)
Aug 19 17:23:42 devstack sudo[98778]: pam_unix(sudo:session): session closed for user root
Aug 19 17:23:42 devstack cinder-volume[94106]: DEBUG oslo_concurrency.processutils [None req-87dade75-bfbc-4883-82d2-6558ca22af30 tempest-GroupSnapshotsTest-1003640548 None] CMD "sudo cinder-rootwrap /etc/cinder/rootwrap.conf qemu-img create -f qcow2 -o backing_file=/opt/stack/data/cinder/mnt/221ce42a5b68c41a22f29c4600b5806f/volume-abd21d72-c59c-462b-8983-d79b3c165e7c,backing_fmt=qcow2 /opt/stack/data/cinder/mnt/221ce42a5b68c41a22f29c4600b5806f/volume-abd21d72-c59c-462b-8983-d79b3c165e7c.e78bcc9e-cd59-4bb8-a9e3-d37c6bc65d64 1G" returned: 0 in 0.739s {{(pid=94106) execute /opt/stack/data/venv/lib/python3.12/site-packages/oslo_concurrency/processutils.py:468}}
Aug 19 17:23:42 devstack cinder-volume[94106]: DEBUG oslo_concurrency.processutils [None req-87dade75-bfbc-4883-82d2-6558ca22af30 tempest-GroupSnapshotsTest-1003640548 None] Running cmd (subprocess): sudo cinder-rootwrap /etc/cinder/rootwrap.conf qemu-img rebase -u -b volume-abd21d72-c59c-462b-8983-d79b3c165e7c -F qcow2 /opt/stack/data/cinder/mnt/221ce42a5b68c41a22f29c4600b5806f/volume-abd21d72-c59c-462b-8983-d79b3c165e7c.e78bcc9e-cd59-4bb8-a9e3-d37c6bc65d64 {{(pid=94106) execute /opt/stack/data/venv/lib/python3.12/site-packages/oslo_concurrency/processutils.py:440}}
Aug 19 17:23:43 devstack sudo[98802]: quobyte : PWD=/ ; USER=root ; COMMAND=/opt/stack/data/venv/bin/cinder-rootwrap /etc/cinder/rootwrap.conf qemu-img rebase -u -b volume-abd21d72-c59c-462b-8983-d79b3c165e7c -F qcow2 /opt/stack/data/cinder/mnt/221ce42a5b68c41a22f29c4600b5806f/volume-abd21d72-c59c-462b-8983-d79b3c165e7c.e78bcc9e-cd59-4bb8-a9e3-d37c6bc65d64
Aug 19 17:23:43 devstack sudo[98802]: pam_unix(sudo:session): session opened for user root(uid=0) by (uid=1000)
Aug 19 17:23:43 devstack sudo[98802]: pam_unix(sudo:session): session closed for user root
Aug 19 17:23:43 devstack cinder-volume[94106]: DEBUG oslo_concurrency.processutils [None req-87dade75-bfbc-4883-82d2-6558ca22af30 tempest-GroupSnapshotsTest-1003640548 None] CMD "sudo cinder-rootwrap /etc/cinder/rootwrap.conf qemu-img rebase -u -b volume-abd21d72-c59c-462b-8983-d79b3c165e7c -F qcow2 /opt/stack/data/cinder/mnt/221ce42a5b68c41a22f29c4600b5806f/volume-abd21d72-c59c-462b-8983-d79b3c165e7c.e78bcc9e-cd59-4bb8-a9e3-d37c6bc65d64" returned: 0 in 0.579s {{(pid=94106) execute /opt/stack/data/venv/lib/python3.12/site-packages/oslo_concurrency/processutils.py:468}}
Aug 19 17:23:43 devstack cinder-volume[94106]: WARNING cinder.volume.drivers.remotefs [None req-87dade75-bfbc-4883-82d2-6558ca22af30 tempest-GroupSnapshotsTest-1003640548 None] /opt/stack/data/cinder/mnt/221ce42a5b68c41a22f29c4600b5806f/volume-abd21d72-c59c-462b-8983-d79b3c165e7c.e78bcc9e-cd59-4bb8-a9e3-d37c6bc65d64 is being set with open permissions: ugo+rw: NotImplementedError
Aug 19 17:23:43 devstack cinder-volume[94106]: DEBUG oslo_concurrency.processutils [None req-87dade75-bfbc-4883-82d2-6558ca22af30 tempest-GroupSnapshotsTest-1003640548 None] Running cmd (subprocess): sudo cinder-rootwrap /etc/cinder/rootwrap.conf chmod ugo+rw /opt/stack/data/cinder/mnt/221ce42a5b68c41a22f29c4600b5806f/volume-abd21d72-c59c-462b-8983-d79b3c165e7c.e78bcc9e-cd59-4bb8-a9e3-d37c6bc65d64 {{(pid=94106) execute /opt/stack/data/venv/lib/python3.12/site-packages/oslo_concurrency/processutils.py:440}}
Aug 19 17:23:43 devstack sudo[98823]: quobyte : PWD=/ ; USER=root ; COMMAND=/opt/stack/data/venv/bin/cinder-rootwrap /etc/cinder/rootwrap.conf chmod ugo+rw /opt/stack/data/cinder/mnt/221ce42a5b68c41a22f29c4600b5806f/volume-abd21d72-c59c-462b-8983-d79b3c165e7c.e78bcc9e-cd59-4bb8-a9e3-d37c6bc65d64
Aug 19 17:23:43 devstack sudo[98823]: pam_unix(sudo:session): session opened for user root(uid=0) by (uid=1000)
Aug 19 17:23:44 devstack sudo[98823]: pam_unix(sudo:session): session closed for user root
Aug 19 17:23:44 devstack cinder-volume[94106]: DEBUG oslo_concurrency.processutils [None req-87dade75-bfbc-4883-82d2-6558ca22af30 tempest-GroupSnapshotsTest-1003640548 None] CMD "sudo cinder-rootwrap /etc/cinder/rootwrap.conf chmod ugo+rw /opt/stack/data/cinder/mnt/221ce42a5b68c41a22f29c4600b5806f/volume-abd21d72-c59c-462b-8983-d79b3c165e7c.e78bcc9e-cd59-4bb8-a9e3-d37c6bc65d64" returned: 0 in 0.455s {{(pid=94106) execute /opt/stack/data/venv/lib/python3.12/site-packages/oslo_concurrency/processutils.py:468}}
Aug 19 17:23:44 devstack cinder-volume[94106]: DEBUG oslo_concurrency.processutils [None req-87dade75-bfbc-4883-82d2-6558ca22af30 tempest-GroupSnapshotsTest-1003640548 None] Running cmd (subprocess): sudo cinder-rootwrap /etc/cinder/rootwrap.conf truncate -s0 /opt/stack/data/cinder/mnt/221ce42a5b68c41a22f29c4600b5806f/volume-abd21d72-c59c-462b-8983-d79b3c165e7c.info {{(pid=94106) execute /opt/stack/data/venv/lib/python3.12/site-packages/oslo_concurrency/processutils.py:440}}
Aug 19 17:23:44 devstack sudo[98859]: quobyte : PWD=/ ; USER=root ; COMMAND=/opt/stack/data/venv/bin/cinder-rootwrap /etc/cinder/rootwrap.conf truncate -s0 /opt/stack/data/cinder/mnt/221ce42a5b68c41a22f29c4600b5806f/volume-abd21d72-c59c-462b-8983-d79b3c165e7c.info
Aug 19 17:23:44 devstack sudo[98859]: pam_unix(sudo:session): session opened for user root(uid=0) by (uid=1000)
Aug 19 17:23:44 devstack sudo[98859]: pam_unix(sudo:session): session closed for user root
Aug 19 17:23:44 devstack cinder-volume[94106]: DEBUG oslo_concurrency.processutils [None req-87dade75-bfbc-4883-82d2-6558ca22af30 tempest-GroupSnapshotsTest-1003640548 None] CMD "sudo cinder-rootwrap /etc/cinder/rootwrap.conf truncate -s0 /opt/stack/data/cinder/mnt/221ce42a5b68c41a22f29c4600b5806f/volume-abd21d72-c59c-462b-8983-d79b3c165e7c.info" returned: 0 in 0.546s {{(pid=94106) execute /opt/stack/data/venv/lib/python3.12/site-packages/oslo_concurrency/processutils.py:468}}
Aug 19 17:23:44 devstack cinder-volume[94106]: WARNING cinder.volume.drivers.remotefs [None req-87dade75-bfbc-4883-82d2-6558ca22af30 tempest-GroupSnapshotsTest-1003640548 None] /opt/stack/data/cinder/mnt/221ce42a5b68c41a22f29c4600b5806f/volume-abd21d72-c59c-462b-8983-d79b3c165e7c.info is being set with open permissions: ugo+rw: NotImplementedError
Aug 19 17:23:44 devstack cinder-volume[94106]: DEBUG oslo_concurrency.processutils [None req-87dade75-bfbc-4883-82d2-6558ca22af30 tempest-GroupSnapshotsTest-1003640548 None] Running cmd (subprocess): sudo cinder-rootwrap /etc/cinder/rootwrap.conf chmod ugo+rw /opt/stack/data/cinder/mnt/221ce42a5b68c41a22f29c4600b5806f/volume-abd21d72-c59c-462b-8983-d79b3c165e7c.info {{(pid=94106) execute /opt/stack/data/venv/lib/python3.12/site-packages/oslo_concurrency/processutils.py:440}}
Aug 19 17:23:44 devstack sudo[98863]: quobyte : PWD=/ ; USER=root ; COMMAND=/opt/stack/data/venv/bin/cinder-rootwrap /etc/cinder/rootwrap.conf chmod ugo+rw /opt/stack/data/cinder/mnt/221ce42a5b68c41a22f29c4600b5806f/volume-abd21d72-c59c-462b-8983-d79b3c165e7c.info
Aug 19 17:23:44 devstack sudo[98863]: pam_unix(sudo:session): session opened for user root(uid=0) by (uid=1000)
Aug 19 17:23:44 devstack sudo[98863]: pam_unix(sudo:session): session closed for user root
Aug 19 17:23:44 devstack cinder-volume[94106]: DEBUG oslo_concurrency.processutils [None req-87dade75-bfbc-4883-82d2-6558ca22af30 tempest-GroupSnapshotsTest-1003640548 None] CMD "sudo cinder-rootwrap /etc/cinder/rootwrap.conf chmod ugo+rw /opt/stack/data/cinder/mnt/221ce42a5b68c41a22f29c4600b5806f/volume-abd21d72-c59c-462b-8983-d79b3c165e7c.info" returned: 0 in 0.314s {{(pid=94106) execute /opt/stack/data/venv/lib/python3.12/site-packages/oslo_concurrency/processutils.py:468}}
Aug 19 17:23:44 devstack cinder-volume[94106]: DEBUG oslo_concurrency.lockutils [None req-87dade75-bfbc-4883-82d2-6558ca22af30 tempest-GroupSnapshotsTest-1003640548 None] Lock "quobyte" "released" by "cinder.volume.drivers.quobyte.QuobyteDriver.create_snapshot" :: held 3.799s {{(pid=94106) inner /opt/stack/data/venv/lib/python3.12/site-packages/oslo_concurrency/lockutils.py:544}}
Aug 19 17:23:45 devstack cinder-volume[94106]: INFO cinder.volume.manager [None req-87dade75-bfbc-4883-82d2-6558ca22af30 tempest-GroupSnapshotsTest-1003640548 None] group_snapshot 64180379-445c-41de-80b1-41203b1d6bee: created successfully
Aug 19 17:23:45 devstack cinder-volume[94106]: INFO cinder.volume.manager [None req-38c1e414-6a18-43ac-9bbd-3e161279dbf5 tempest-GroupSnapshotsTest-1003640548 None] group_snapshot 64180379-445c-41de-80b1-41203b1d6bee: deleting
Aug 19 17:23:45 devstack cinder-volume[94106]: DEBUG cinder.volume.manager [None req-38c1e414-6a18-43ac-9bbd-3e161279dbf5 tempest-GroupSnapshotsTest-1003640548 None] group_snapshot 64180379-445c-41de-80b1-41203b1d6bee: deleting {{(pid=94106) delete_group_snapshot /opt/stack/cinder/cinder/volume/manager.py:4350}}
Aug 19 17:23:45 devstack cinder-volume[94106]: DEBUG cinder.coordination [None req-38c1e414-6a18-43ac-9bbd-3e161279dbf5 tempest-GroupSnapshotsTest-1003640548 None] Acquiring lock "cinder-quobyte-efa25450-5323-4fc2-8923-07a12326e6d4" by "delete_snapshot" {{(pid=94106) __acquire /opt/stack/cinder/cinder/coordination.py:138}}
Aug 19 17:23:45 devstack cinder-volume[94106]: DEBUG cinder.coordination [None req-38c1e414-6a18-43ac-9bbd-3e161279dbf5 tempest-GroupSnapshotsTest-1003640548 None] Lock "cinder-quobyte-efa25450-5323-4fc2-8923-07a12326e6d4" acquired by "delete_snapshot" :: waited 0.054s {{(pid=94106) __acquire /opt/stack/cinder/cinder/coordination.py:141}}
Aug 19 17:23:45 devstack cinder-volume[94106]: DEBUG cinder.coordination [None req-38c1e414-6a18-43ac-9bbd-3e161279dbf5 tempest-GroupSnapshotsTest-1003640548 None] Acquiring lock "cinder-quobyte-9d0f6b7f-6fec-4cbb-b0e6-91b852f7330c" by "_delete_snapshot" {{(pid=94106) __acquire /opt/stack/cinder/cinder/coordination.py:138}}
Aug 19 17:23:45 devstack cinder-volume[94106]: DEBUG cinder.coordination [None req-38c1e414-6a18-43ac-9bbd-3e161279dbf5 tempest-GroupSnapshotsTest-1003640548 None] Lock "cinder-quobyte-9d0f6b7f-6fec-4cbb-b0e6-91b852f7330c" acquired by "_delete_snapshot" :: waited 0.057s {{(pid=94106) __acquire /opt/stack/cinder/cinder/coordination.py:141}}
Aug 19 17:23:45 devstack cinder-volume[94106]: DEBUG cinder.volume.drivers.remotefs [None req-38c1e414-6a18-43ac-9bbd-3e161279dbf5 tempest-GroupSnapshotsTest-1003640548 None] Deleting offline snapshot 9d0f6b7f-6fec-4cbb-b0e6-91b852f7330c of volume efa25450-5323-4fc2-8923-07a12326e6d4 {{(pid=94106) _delete_snapshot /opt/stack/cinder/cinder/volume/drivers/remotefs.py:1288}}
Aug 19 17:23:46 devstack cinder-volume[94106]: DEBUG cinder.volume.drivers.remotefs [None req-38c1e414-6a18-43ac-9bbd-3e161279dbf5 tempest-GroupSnapshotsTest-1003640548 None] snapshot_file for this snap is: volume-efa25450-5323-4fc2-8923-07a12326e6d4.9d0f6b7f-6fec-4cbb-b0e6-91b852f7330c {{(pid=94106) _delete_snapshot /opt/stack/cinder/cinder/volume/drivers/remotefs.py:1317}}
Aug 19 17:23:46 devstack cinder-volume[94106]: DEBUG oslo.privsep.daemon [-] privsep: reply[b10a0065-4ebc-45e3-94bc-d100962362cd]: (4, 'qcow2') {{(pid=95310) _call_back /opt/stack/data/venv/lib/python3.12/site-packages/oslo_privsep/daemon.py:580}}
Aug 19 17:23:46 devstack cinder-volume[94106]: DEBUG oslo_concurrency.processutils [None req-38c1e414-6a18-43ac-9bbd-3e161279dbf5 tempest-GroupSnapshotsTest-1003640548 None] Running cmd (subprocess): /opt/stack/data/venv/bin/python3.12 -m oslo_concurrency.prlimit --as=1073741824 --cpu=60 -- sudo cinder-rootwrap /etc/cinder/rootwrap.conf env LC_ALL=C qemu-img info -f qcow2 --output=json --force-share /opt/stack/data/cinder/mnt/221ce42a5b68c41a22f29c4600b5806f/volume-efa25450-5323-4fc2-8923-07a12326e6d4.9d0f6b7f-6fec-4cbb-b0e6-91b852f7330c {{(pid=94106) execute /opt/stack/data/venv/lib/python3.12/site-packages/oslo_concurrency/processutils.py:440}}
Aug 19 17:23:46 devstack sudo[98868]: quobyte : PWD=/ ; USER=root ; COMMAND=/opt/stack/data/venv/bin/cinder-rootwrap /etc/cinder/rootwrap.conf env LC_ALL=C qemu-img info -f qcow2 --output=json --force-share /opt/stack/data/cinder/mnt/221ce42a5b68c41a22f29c4600b5806f/volume-efa25450-5323-4fc2-8923-07a12326e6d4.9d0f6b7f-6fec-4cbb-b0e6-91b852f7330c
Aug 19 17:23:46 devstack sudo[98868]: pam_unix(sudo:session): session opened for user root(uid=0) by (uid=1000)
Aug 19 17:23:46 devstack sudo[98868]: pam_unix(sudo:session): session closed for user root
Aug 19 17:23:46 devstack cinder-volume[94106]: DEBUG oslo_concurrency.processutils [None req-38c1e414-6a18-43ac-9bbd-3e161279dbf5 tempest-GroupSnapshotsTest-1003640548 None] CMD "/opt/stack/data/venv/bin/python3.12 -m oslo_concurrency.prlimit --as=1073741824 --cpu=60 -- sudo cinder-rootwrap /etc/cinder/rootwrap.conf env LC_ALL=C qemu-img info -f qcow2 --output=json --force-share /opt/stack/data/cinder/mnt/221ce42a5b68c41a22f29c4600b5806f/volume-efa25450-5323-4fc2-8923-07a12326e6d4.9d0f6b7f-6fec-4cbb-b0e6-91b852f7330c" returned: 0 in 0.552s {{(pid=94106) execute /opt/stack/data/venv/lib/python3.12/site-packages/oslo_concurrency/processutils.py:468}}
Aug 19 17:23:46 devstack cinder-volume[94106]: DEBUG cinder.volume.drivers.remotefs [None req-38c1e414-6a18-43ac-9bbd-3e161279dbf5 tempest-GroupSnapshotsTest-1003640548 None] Fetching qemu-img info with special backing_file_template: (/opt/stack/data/cinder/mnt/[0-9a-f]+/)?(volume-efa25450-5323-4fc2-8923-07a12326e6d4(.(tmp-snap-)?[0-9a-f-]+)?|volume_from_snapshot_cache/(tmp-snap-)?[0-9a-f-]+(.(child-|parent-)[0-9a-f-]+)?)$ {{(pid=94106) _qemu_img_info_base /opt/stack/cinder/cinder/volume/drivers/remotefs.py:896}}
Aug 19 17:23:46 devstack cinder-volume[94106]: DEBUG oslo.privsep.daemon [-] privsep: reply[b70c9420-ed65-49dd-a55d-3cfe4051316e]: (4, 'qcow2') {{(pid=95310) _call_back /opt/stack/data/venv/lib/python3.12/site-packages/oslo_privsep/daemon.py:580}}
Aug 19 17:23:46 devstack cinder-volume[94106]: DEBUG oslo_concurrency.processutils [None req-38c1e414-6a18-43ac-9bbd-3e161279dbf5 tempest-GroupSnapshotsTest-1003640548 None] Running cmd (subprocess): /opt/stack/data/venv/bin/python3.12 -m oslo_concurrency.prlimit --as=1073741824 --cpu=60 -- sudo cinder-rootwrap /etc/cinder/rootwrap.conf env LC_ALL=C qemu-img info -f qcow2 --output=json --force-share /opt/stack/data/cinder/mnt/221ce42a5b68c41a22f29c4600b5806f/volume-efa25450-5323-4fc2-8923-07a12326e6d4 {{(pid=94106) execute /opt/stack/data/venv/lib/python3.12/site-packages/oslo_concurrency/processutils.py:440}}
Aug 19 17:23:46 devstack sudo[98875]: quobyte : PWD=/ ; USER=root ; COMMAND=/opt/stack/data/venv/bin/cinder-rootwrap /etc/cinder/rootwrap.conf env LC_ALL=C qemu-img info -f qcow2 --output=json --force-share /opt/stack/data/cinder/mnt/221ce42a5b68c41a22f29c4600b5806f/volume-efa25450-5323-4fc2-8923-07a12326e6d4
Aug 19 17:23:46 devstack sudo[98875]: pam_unix(sudo:session): session opened for user root(uid=0) by (uid=1000)
Aug 19 17:23:47 devstack sudo[98875]: pam_unix(sudo:session): session closed for user root
Aug 19 17:23:47 devstack cinder-volume[94106]: DEBUG oslo_concurrency.processutils [None req-38c1e414-6a18-43ac-9bbd-3e161279dbf5 tempest-GroupSnapshotsTest-1003640548 None] CMD "/opt/stack/data/venv/bin/python3.12 -m oslo_concurrency.prlimit --as=1073741824 --cpu=60 -- sudo cinder-rootwrap /etc/cinder/rootwrap.conf env LC_ALL=C qemu-img info -f qcow2 --output=json --force-share /opt/stack/data/cinder/mnt/221ce42a5b68c41a22f29c4600b5806f/volume-efa25450-5323-4fc2-8923-07a12326e6d4" returned: 0 in 0.471s {{(pid=94106) execute /opt/stack/data/venv/lib/python3.12/site-packages/oslo_concurrency/processutils.py:468}}
Aug 19 17:23:47 devstack cinder-volume[94106]: DEBUG oslo_concurrency.processutils [None req-38c1e414-6a18-43ac-9bbd-3e161279dbf5 tempest-GroupSnapshotsTest-1003640548 None] Running cmd (subprocess): sudo cinder-rootwrap /etc/cinder/rootwrap.conf qemu-img commit -d /opt/stack/data/cinder/mnt/221ce42a5b68c41a22f29c4600b5806f/volume-efa25450-5323-4fc2-8923-07a12326e6d4.9d0f6b7f-6fec-4cbb-b0e6-91b852f7330c {{(pid=94106) execute /opt/stack/data/venv/lib/python3.12/site-packages/oslo_concurrency/processutils.py:440}}
Aug 19 17:23:47 devstack sudo[98881]: quobyte : PWD=/ ; USER=root ; COMMAND=/opt/stack/data/venv/bin/cinder-rootwrap /etc/cinder/rootwrap.conf qemu-img commit -d /opt/stack/data/cinder/mnt/221ce42a5b68c41a22f29c4600b5806f/volume-efa25450-5323-4fc2-8923-07a12326e6d4.9d0f6b7f-6fec-4cbb-b0e6-91b852f7330c
Aug 19 17:23:47 devstack sudo[98881]: pam_unix(sudo:session): session opened for user root(uid=0) by (uid=1000)
Aug 19 17:23:47 devstack cinder-volume[94106]: DEBUG cinder.coordination [None req-c757a4be-fd0b-40b2-90ef-5105c9e173eb tempest-ServerRescueNegativeTestJSON-1834309023 None] Acquiring lock "cinder-0bf21c6d-b48a-46d3-8881-687cd88e20b9-delete_volume" by "delete_volume" {{(pid=94106) __acquire /opt/stack/cinder/cinder/coordination.py:138}}
Aug 19 17:23:47 devstack cinder-volume[94106]: DEBUG cinder.coordination [None req-c757a4be-fd0b-40b2-90ef-5105c9e173eb tempest-ServerRescueNegativeTestJSON-1834309023 None] Lock "cinder-0bf21c6d-b48a-46d3-8881-687cd88e20b9-delete_volume" acquired by "delete_volume" :: waited 0.028s {{(pid=94106) __acquire /opt/stack/cinder/cinder/coordination.py:141}}
Aug 19 17:23:47 devstack cinder-volume[94106]: DEBUG dbcounter [-] [94106] Writing DB stats cinder:SELECT=95,cinder:UPDATE=78,cinder:INSERT=14,cinder:DELETE=4 {{(pid=94106) stat_writer /opt/stack/data/venv/lib/python3.12/site-packages/dbcounter.py:115}}
Aug 19 17:23:47 devstack cinder-volume[94106]: DEBUG cinder.coordination [None req-c757a4be-fd0b-40b2-90ef-5105c9e173eb tempest-ServerRescueNegativeTestJSON-1834309023 None] Acquiring lock "cinder-quobyte-0bf21c6d-b48a-46d3-8881-687cd88e20b9" by "delete_volume" {{(pid=94106) __acquire /opt/stack/cinder/cinder/coordination.py:138}}
Aug 19 17:23:47 devstack cinder-volume[94106]: DEBUG cinder.coordination [None req-c757a4be-fd0b-40b2-90ef-5105c9e173eb tempest-ServerRescueNegativeTestJSON-1834309023 None] Lock "cinder-quobyte-0bf21c6d-b48a-46d3-8881-687cd88e20b9" acquired by "delete_volume" :: waited 0.027s {{(pid=94106) __acquire /opt/stack/cinder/cinder/coordination.py:141}}
Aug 19 17:23:47 devstack cinder-volume[94106]: DEBUG oslo.privsep.daemon [-] privsep: reply[445aa29b-ad07-42fa-bf92-aac09735986c]: (4, 'qcow2') {{(pid=95310) _call_back /opt/stack/data/venv/lib/python3.12/site-packages/oslo_privsep/daemon.py:580}}
Aug 19 17:23:47 devstack cinder-volume[94106]: DEBUG oslo_concurrency.processutils [None req-c757a4be-fd0b-40b2-90ef-5105c9e173eb tempest-ServerRescueNegativeTestJSON-1834309023 None] Running cmd (subprocess): /opt/stack/data/venv/bin/python3.12 -m oslo_concurrency.prlimit --as=1073741824 --cpu=60 -- sudo cinder-rootwrap /etc/cinder/rootwrap.conf env LC_ALL=C qemu-img info -f qcow2 --output=json --force-share /opt/stack/data/cinder/mnt/221ce42a5b68c41a22f29c4600b5806f/volume-0bf21c6d-b48a-46d3-8881-687cd88e20b9 {{(pid=94106) execute /opt/stack/data/venv/lib/python3.12/site-packages/oslo_concurrency/processutils.py:440}}
Aug 19 17:23:47 devstack sudo[98881]: pam_unix(sudo:session): session closed for user root
Aug 19 17:23:47 devstack cinder-volume[94106]: DEBUG oslo_concurrency.processutils [None req-38c1e414-6a18-43ac-9bbd-3e161279dbf5 tempest-GroupSnapshotsTest-1003640548 None] CMD "sudo cinder-rootwrap /etc/cinder/rootwrap.conf qemu-img commit -d /opt/stack/data/cinder/mnt/221ce42a5b68c41a22f29c4600b5806f/volume-efa25450-5323-4fc2-8923-07a12326e6d4.9d0f6b7f-6fec-4cbb-b0e6-91b852f7330c" returned: 0 in 0.547s {{(pid=94106) execute /opt/stack/data/venv/lib/python3.12/site-packages/oslo_concurrency/processutils.py:468}}
Aug 19 17:23:47 devstack cinder-volume[94106]: DEBUG oslo_concurrency.processutils [None req-38c1e414-6a18-43ac-9bbd-3e161279dbf5 tempest-GroupSnapshotsTest-1003640548 None] Running cmd (subprocess): sudo cinder-rootwrap /etc/cinder/rootwrap.conf rm -f /opt/stack/data/cinder/mnt/221ce42a5b68c41a22f29c4600b5806f/volume-efa25450-5323-4fc2-8923-07a12326e6d4.9d0f6b7f-6fec-4cbb-b0e6-91b852f7330c {{(pid=94106) execute /opt/stack/data/venv/lib/python3.12/site-packages/oslo_concurrency/processutils.py:440}}
Aug 19 17:23:47 devstack sudo[98888]: quobyte : PWD=/ ; USER=root ; COMMAND=/opt/stack/data/venv/bin/cinder-rootwrap /etc/cinder/rootwrap.conf rm -f /opt/stack/data/cinder/mnt/221ce42a5b68c41a22f29c4600b5806f/volume-efa25450-5323-4fc2-8923-07a12326e6d4.9d0f6b7f-6fec-4cbb-b0e6-91b852f7330c
Aug 19 17:23:47 devstack sudo[98888]: pam_unix(sudo:session): session opened for user root(uid=0) by (uid=1000)
Aug 19 17:23:47 devstack sudo[98887]: quobyte : PWD=/ ; USER=root ; COMMAND=/opt/stack/data/venv/bin/cinder-rootwrap /etc/cinder/rootwrap.conf env LC_ALL=C qemu-img info -f qcow2 --output=json --force-share /opt/stack/data/cinder/mnt/221ce42a5b68c41a22f29c4600b5806f/volume-0bf21c6d-b48a-46d3-8881-687cd88e20b9
Aug 19 17:23:47 devstack sudo[98887]: pam_unix(sudo:session): session opened for user root(uid=0) by (uid=1000)
Aug 19 17:23:48 devstack sudo[98888]: pam_unix(sudo:session): session closed for user root
Aug 19 17:23:48 devstack cinder-volume[94106]: DEBUG oslo_concurrency.processutils [None req-38c1e414-6a18-43ac-9bbd-3e161279dbf5 tempest-GroupSnapshotsTest-1003640548 None] CMD "sudo cinder-rootwrap /etc/cinder/rootwrap.conf rm -f /opt/stack/data/cinder/mnt/221ce42a5b68c41a22f29c4600b5806f/volume-efa25450-5323-4fc2-8923-07a12326e6d4.9d0f6b7f-6fec-4cbb-b0e6-91b852f7330c" returned: 0 in 0.357s {{(pid=94106) execute /opt/stack/data/venv/lib/python3.12/site-packages/oslo_concurrency/processutils.py:468}}
Aug 19 17:23:48 devstack cinder-volume[94106]: DEBUG cinder.coordination [None req-38c1e414-6a18-43ac-9bbd-3e161279dbf5 tempest-GroupSnapshotsTest-1003640548 None] Lock "cinder-quobyte-9d0f6b7f-6fec-4cbb-b0e6-91b852f7330c" released by "_delete_snapshot" :: held 2.114s {{(pid=94106) __release /opt/stack/cinder/cinder/coordination.py:152}}
Aug 19 17:23:48 devstack cinder-volume[94106]: DEBUG cinder.coordination [None req-38c1e414-6a18-43ac-9bbd-3e161279dbf5 tempest-GroupSnapshotsTest-1003640548 None] Lock "cinder-quobyte-efa25450-5323-4fc2-8923-07a12326e6d4" released by "delete_snapshot" :: held 2.188s {{(pid=94106) __release /opt/stack/cinder/cinder/coordination.py:152}}
Aug 19 17:23:48 devstack cinder-volume[94106]: DEBUG cinder.coordination [None req-38c1e414-6a18-43ac-9bbd-3e161279dbf5 tempest-GroupSnapshotsTest-1003640548 None] Acquiring lock "cinder-quobyte-abd21d72-c59c-462b-8983-d79b3c165e7c" by "delete_snapshot" {{(pid=94106) __acquire /opt/stack/cinder/cinder/coordination.py:138}}
Aug 19 17:23:48 devstack sudo[98887]: pam_unix(sudo:session): session closed for user root
Aug 19 17:23:48 devstack cinder-volume[94106]: DEBUG cinder.coordination [None req-38c1e414-6a18-43ac-9bbd-3e161279dbf5 tempest-GroupSnapshotsTest-1003640548 None] Lock "cinder-quobyte-abd21d72-c59c-462b-8983-d79b3c165e7c" acquired by "delete_snapshot" :: waited 0.037s {{(pid=94106) __acquire /opt/stack/cinder/cinder/coordination.py:141}}
Aug 19 17:23:48 devstack cinder-volume[94106]: DEBUG cinder.coordination [None req-38c1e414-6a18-43ac-9bbd-3e161279dbf5 tempest-GroupSnapshotsTest-1003640548 None] Acquiring lock "cinder-quobyte-e78bcc9e-cd59-4bb8-a9e3-d37c6bc65d64" by "_delete_snapshot" {{(pid=94106) __acquire /opt/stack/cinder/cinder/coordination.py:138}}
Aug 19 17:23:48 devstack cinder-volume[94106]: DEBUG cinder.coordination [None req-38c1e414-6a18-43ac-9bbd-3e161279dbf5 tempest-GroupSnapshotsTest-1003640548 None] Lock "cinder-quobyte-e78bcc9e-cd59-4bb8-a9e3-d37c6bc65d64" acquired by "_delete_snapshot" :: waited 0.041s {{(pid=94106) __acquire /opt/stack/cinder/cinder/coordination.py:141}}
Aug 19 17:23:48 devstack cinder-volume[94106]: DEBUG cinder.volume.drivers.remotefs [None req-38c1e414-6a18-43ac-9bbd-3e161279dbf5 tempest-GroupSnapshotsTest-1003640548 None] Deleting offline snapshot e78bcc9e-cd59-4bb8-a9e3-d37c6bc65d64 of volume abd21d72-c59c-462b-8983-d79b3c165e7c {{(pid=94106) _delete_snapshot /opt/stack/cinder/cinder/volume/drivers/remotefs.py:1288}}
Aug 19 17:23:48 devstack cinder-volume[94106]: DEBUG cinder.volume.drivers.remotefs [None req-38c1e414-6a18-43ac-9bbd-3e161279dbf5 tempest-GroupSnapshotsTest-1003640548 None] snapshot_file for this snap is: volume-abd21d72-c59c-462b-8983-d79b3c165e7c.e78bcc9e-cd59-4bb8-a9e3-d37c6bc65d64 {{(pid=94106) _delete_snapshot /opt/stack/cinder/cinder/volume/drivers/remotefs.py:1317}}
Aug 19 17:23:48 devstack cinder-volume[94106]: DEBUG oslo.privsep.daemon [-] privsep: reply[d20e2c9a-9df5-4a89-86a0-d7d02563b399]: (4, 'qcow2') {{(pid=95310) _call_back /opt/stack/data/venv/lib/python3.12/site-packages/oslo_privsep/daemon.py:580}}
Aug 19 17:23:48 devstack cinder-volume[94106]: DEBUG oslo_concurrency.processutils [None req-38c1e414-6a18-43ac-9bbd-3e161279dbf5 tempest-GroupSnapshotsTest-1003640548 None] Running cmd (subprocess): /opt/stack/data/venv/bin/python3.12 -m oslo_concurrency.prlimit --as=1073741824 --cpu=60 -- sudo cinder-rootwrap /etc/cinder/rootwrap.conf env LC_ALL=C qemu-img info -f qcow2 --output=json --force-share /opt/stack/data/cinder/mnt/221ce42a5b68c41a22f29c4600b5806f/volume-abd21d72-c59c-462b-8983-d79b3c165e7c.e78bcc9e-cd59-4bb8-a9e3-d37c6bc65d64 {{(pid=94106) execute /opt/stack/data/venv/lib/python3.12/site-packages/oslo_concurrency/processutils.py:440}}
Aug 19 17:23:48 devstack cinder-volume[94106]: DEBUG oslo_concurrency.processutils [None req-c757a4be-fd0b-40b2-90ef-5105c9e173eb tempest-ServerRescueNegativeTestJSON-1834309023 None] CMD "/opt/stack/data/venv/bin/python3.12 -m oslo_concurrency.prlimit --as=1073741824 --cpu=60 -- sudo cinder-rootwrap /etc/cinder/rootwrap.conf env LC_ALL=C qemu-img info -f qcow2 --output=json --force-share /opt/stack/data/cinder/mnt/221ce42a5b68c41a22f29c4600b5806f/volume-0bf21c6d-b48a-46d3-8881-687cd88e20b9" returned: 0 in 0.651s {{(pid=94106) execute /opt/stack/data/venv/lib/python3.12/site-packages/oslo_concurrency/processutils.py:468}}
Aug 19 17:23:48 devstack cinder-volume[94106]: DEBUG oslo_concurrency.processutils [None req-c757a4be-fd0b-40b2-90ef-5105c9e173eb tempest-ServerRescueNegativeTestJSON-1834309023 None] Running cmd (subprocess): sudo cinder-rootwrap /etc/cinder/rootwrap.conf rm -f /opt/stack/data/cinder/mnt/221ce42a5b68c41a22f29c4600b5806f/volume-0bf21c6d-b48a-46d3-8881-687cd88e20b9 {{(pid=94106) execute /opt/stack/data/venv/lib/python3.12/site-packages/oslo_concurrency/processutils.py:440}}
Aug 19 17:23:48 devstack sudo[98898]: quobyte : PWD=/ ; USER=root ; COMMAND=/opt/stack/data/venv/bin/cinder-rootwrap /etc/cinder/rootwrap.conf rm -f /opt/stack/data/cinder/mnt/221ce42a5b68c41a22f29c4600b5806f/volume-0bf21c6d-b48a-46d3-8881-687cd88e20b9
Aug 19 17:23:48 devstack sudo[98898]: pam_unix(sudo:session): session opened for user root(uid=0) by (uid=1000)
Aug 19 17:23:48 devstack sudo[98897]: quobyte : PWD=/ ; USER=root ; COMMAND=/opt/stack/data/venv/bin/cinder-rootwrap /etc/cinder/rootwrap.conf env LC_ALL=C qemu-img info -f qcow2 --output=json --force-share /opt/stack/data/cinder/mnt/221ce42a5b68c41a22f29c4600b5806f/volume-abd21d72-c59c-462b-8983-d79b3c165e7c.e78bcc9e-cd59-4bb8-a9e3-d37c6bc65d64
Aug 19 17:23:48 devstack sudo[98897]: pam_unix(sudo:session): session opened for user root(uid=0) by (uid=1000)
Aug 19 17:23:48 devstack sudo[98898]: pam_unix(sudo:session): session closed for user root
Aug 19 17:23:48 devstack cinder-volume[94106]: DEBUG oslo_concurrency.processutils [None req-c757a4be-fd0b-40b2-90ef-5105c9e173eb tempest-ServerRescueNegativeTestJSON-1834309023 None] CMD "sudo cinder-rootwrap /etc/cinder/rootwrap.conf rm -f /opt/stack/data/cinder/mnt/221ce42a5b68c41a22f29c4600b5806f/volume-0bf21c6d-b48a-46d3-8881-687cd88e20b9" returned: 0 in 0.370s {{(pid=94106) execute /opt/stack/data/venv/lib/python3.12/site-packages/oslo_concurrency/processutils.py:468}}
Aug 19 17:23:48 devstack cinder-volume[94106]: DEBUG cinder.coordination [None req-c757a4be-fd0b-40b2-90ef-5105c9e173eb tempest-ServerRescueNegativeTestJSON-1834309023 None] Lock "cinder-quobyte-0bf21c6d-b48a-46d3-8881-687cd88e20b9" released by "delete_volume" :: held 1.089s {{(pid=94106) __release /opt/stack/cinder/cinder/coordination.py:152}}
Aug 19 17:23:48 devstack cinder-volume[94106]: DEBUG cinder.quota [None req-c757a4be-fd0b-40b2-90ef-5105c9e173eb tempest-ServerRescueNegativeTestJSON-1834309023 None] Created reservations ['21db0a17-9223-4da1-bc9d-47674d181e7d', 'a8b092f9-a851-4da2-af6e-82cdc7d6a329', 'f84d7218-a20e-4ef9-9495-c894a77445a3', '78226038-3c7b-4f22-8455-677126bf3ef4'] {{(pid=94106) reserve /opt/stack/cinder/cinder/quota.py:752}}
Aug 19 17:23:48 devstack cinder-volume[94106]: DEBUG oslo_concurrency.lockutils [None req-c757a4be-fd0b-40b2-90ef-5105c9e173eb tempest-ServerRescueNegativeTestJSON-1834309023 None] Acquiring lock "quobyte_ensure" by "cinder.volume.drivers.quobyte.QuobyteDriver._ensure_shares_mounted" {{(pid=94106) inner /opt/stack/data/venv/lib/python3.12/site-packages/oslo_concurrency/lockutils.py:512}}
Aug 19 17:23:48 devstack cinder-volume[94106]: DEBUG oslo_concurrency.lockutils [None req-c757a4be-fd0b-40b2-90ef-5105c9e173eb tempest-ServerRescueNegativeTestJSON-1834309023 None] Lock "quobyte_ensure" acquired by "cinder.volume.drivers.quobyte.QuobyteDriver._ensure_shares_mounted" :: waited 0.001s {{(pid=94106) inner /opt/stack/data/venv/lib/python3.12/site-packages/oslo_concurrency/lockutils.py:525}}
Aug 19 17:23:48 devstack cinder-volume[94106]: DEBUG cinder.volume.drivers.quobyte [None req-c757a4be-fd0b-40b2-90ef-5105c9e173eb tempest-ServerRescueNegativeTestJSON-1834309023 None] Quobyte Volume URL set to: {'osci02.corp.quobyte.com/cinder-vol-f2768593-d998-451c-ae46-8f751f2b4dc6': None} {{(pid=94106) _load_shares_config /opt/stack/cinder/cinder/volume/drivers/quobyte.py:665}}
Aug 19 17:23:48 devstack cinder-volume[94106]: DEBUG cinder.volume.drivers.quobyte [None req-c757a4be-fd0b-40b2-90ef-5105c9e173eb tempest-ServerRescueNegativeTestJSON-1834309023 None] Available shares ['osci02.corp.quobyte.com/cinder-vol-f2768593-d998-451c-ae46-8f751f2b4dc6'] {{(pid=94106) _ensure_shares_mounted /opt/stack/cinder/cinder/volume/drivers/quobyte.py:695}}
Aug 19 17:23:48 devstack cinder-volume[94106]: DEBUG oslo_concurrency.lockutils [None req-c757a4be-fd0b-40b2-90ef-5105c9e173eb tempest-ServerRescueNegativeTestJSON-1834309023 None] Lock "quobyte_ensure" "released" by "cinder.volume.drivers.quobyte.QuobyteDriver._ensure_shares_mounted" :: held 0.007s {{(pid=94106) inner /opt/stack/data/venv/lib/python3.12/site-packages/oslo_concurrency/lockutils.py:544}}
Aug 19 17:23:48 devstack cinder-volume[94106]: DEBUG oslo_concurrency.processutils [None req-c757a4be-fd0b-40b2-90ef-5105c9e173eb tempest-ServerRescueNegativeTestJSON-1834309023 None] Running cmd (subprocess): sudo cinder-rootwrap /etc/cinder/rootwrap.conf df --portability --block-size 1 /opt/stack/data/cinder/mnt/221ce42a5b68c41a22f29c4600b5806f {{(pid=94106) execute /opt/stack/data/venv/lib/python3.12/site-packages/oslo_concurrency/processutils.py:440}}
Aug 19 17:23:48 devstack sudo[98897]: pam_unix(sudo:session): session closed for user root
Aug 19 17:23:48 devstack cinder-volume[94106]: DEBUG oslo_concurrency.processutils [None req-38c1e414-6a18-43ac-9bbd-3e161279dbf5 tempest-GroupSnapshotsTest-1003640548 None] CMD "/opt/stack/data/venv/bin/python3.12 -m oslo_concurrency.prlimit --as=1073741824 --cpu=60 -- sudo cinder-rootwrap /etc/cinder/rootwrap.conf env LC_ALL=C qemu-img info -f qcow2 --output=json --force-share /opt/stack/data/cinder/mnt/221ce42a5b68c41a22f29c4600b5806f/volume-abd21d72-c59c-462b-8983-d79b3c165e7c.e78bcc9e-cd59-4bb8-a9e3-d37c6bc65d64" returned: 0 in 0.584s {{(pid=94106) execute /opt/stack/data/venv/lib/python3.12/site-packages/oslo_concurrency/processutils.py:468}}
Aug 19 17:23:48 devstack cinder-volume[94106]: DEBUG cinder.volume.drivers.remotefs [None req-38c1e414-6a18-43ac-9bbd-3e161279dbf5 tempest-GroupSnapshotsTest-1003640548 None] Fetching qemu-img info with special backing_file_template: (/opt/stack/data/cinder/mnt/[0-9a-f]+/)?(volume-abd21d72-c59c-462b-8983-d79b3c165e7c(.(tmp-snap-)?[0-9a-f-]+)?|volume_from_snapshot_cache/(tmp-snap-)?[0-9a-f-]+(.(child-|parent-)[0-9a-f-]+)?)$ {{(pid=94106) _qemu_img_info_base /opt/stack/cinder/cinder/volume/drivers/remotefs.py:896}}
Aug 19 17:23:48 devstack sudo[98906]: quobyte : PWD=/ ; USER=root ; COMMAND=/opt/stack/data/venv/bin/cinder-rootwrap /etc/cinder/rootwrap.conf df --portability --block-size 1 /opt/stack/data/cinder/mnt/221ce42a5b68c41a22f29c4600b5806f
Aug 19 17:23:48 devstack sudo[98906]: pam_unix(sudo:session): session opened for user root(uid=0) by (uid=1000)
Aug 19 17:23:48 devstack cinder-volume[94106]: DEBUG oslo.privsep.daemon [-] privsep: reply[40014927-508a-434e-a6be-0a20657e2df6]: (4, 'qcow2') {{(pid=95310) _call_back /opt/stack/data/venv/lib/python3.12/site-packages/oslo_privsep/daemon.py:580}}
Aug 19 17:23:48 devstack cinder-volume[94106]: DEBUG oslo_concurrency.processutils [None req-38c1e414-6a18-43ac-9bbd-3e161279dbf5 tempest-GroupSnapshotsTest-1003640548 None] Running cmd (subprocess): /opt/stack/data/venv/bin/python3.12 -m oslo_concurrency.prlimit --as=1073741824 --cpu=60 -- sudo cinder-rootwrap /etc/cinder/rootwrap.conf env LC_ALL=C qemu-img info -f qcow2 --output=json --force-share /opt/stack/data/cinder/mnt/221ce42a5b68c41a22f29c4600b5806f/volume-abd21d72-c59c-462b-8983-d79b3c165e7c {{(pid=94106) execute /opt/stack/data/venv/lib/python3.12/site-packages/oslo_concurrency/processutils.py:440}}
Aug 19 17:23:49 devstack sudo[98908]: quobyte : PWD=/ ; USER=root ; COMMAND=/opt/stack/data/venv/bin/cinder-rootwrap /etc/cinder/rootwrap.conf env LC_ALL=C qemu-img info -f qcow2 --output=json --force-share /opt/stack/data/cinder/mnt/221ce42a5b68c41a22f29c4600b5806f/volume-abd21d72-c59c-462b-8983-d79b3c165e7c
Aug 19 17:23:49 devstack sudo[98908]: pam_unix(sudo:session): session opened for user root(uid=0) by (uid=1000)
Aug 19 17:23:49 devstack sudo[98906]: pam_unix(sudo:session): session closed for user root
Aug 19 17:23:49 devstack cinder-volume[94106]: DEBUG oslo_concurrency.processutils [None req-c757a4be-fd0b-40b2-90ef-5105c9e173eb tempest-ServerRescueNegativeTestJSON-1834309023 None] CMD "sudo cinder-rootwrap /etc/cinder/rootwrap.conf df --portability --block-size 1 /opt/stack/data/cinder/mnt/221ce42a5b68c41a22f29c4600b5806f" returned: 0 in 0.317s {{(pid=94106) execute /opt/stack/data/venv/lib/python3.12/site-packages/oslo_concurrency/processutils.py:468}}
Aug 19 17:23:49 devstack cinder-volume[94106]: DEBUG cinder.manager [None req-c757a4be-fd0b-40b2-90ef-5105c9e173eb tempest-ServerRescueNegativeTestJSON-1834309023 None] Notifying Schedulers of capabilities ... {{(pid=94106) _publish_service_capabilities /opt/stack/cinder/cinder/manager.py:219}}
Aug 19 17:23:49 devstack cinder-volume[94106]: INFO cinder.volume.manager [None req-c757a4be-fd0b-40b2-90ef-5105c9e173eb tempest-ServerRescueNegativeTestJSON-1834309023 None] Deleted volume successfully.
Aug 19 17:23:49 devstack cinder-volume[94106]: DEBUG cinder.coordination [None req-c757a4be-fd0b-40b2-90ef-5105c9e173eb tempest-ServerRescueNegativeTestJSON-1834309023 None] Lock "cinder-0bf21c6d-b48a-46d3-8881-687cd88e20b9-delete_volume" released by "delete_volume" :: held 1.703s {{(pid=94106) __release /opt/stack/cinder/cinder/coordination.py:152}}
Aug 19 17:23:49 devstack sudo[98908]: pam_unix(sudo:session): session closed for user root
Aug 19 17:23:49 devstack cinder-volume[94106]: DEBUG oslo_concurrency.processutils [None req-38c1e414-6a18-43ac-9bbd-3e161279dbf5 tempest-GroupSnapshotsTest-1003640548 None] CMD "/opt/stack/data/venv/bin/python3.12 -m oslo_concurrency.prlimit --as=1073741824 --cpu=60 -- sudo cinder-rootwrap /etc/cinder/rootwrap.conf env LC_ALL=C qemu-img info -f qcow2 --output=json --force-share /opt/stack/data/cinder/mnt/221ce42a5b68c41a22f29c4600b5806f/volume-abd21d72-c59c-462b-8983-d79b3c165e7c" returned: 0 in 0.489s {{(pid=94106) execute /opt/stack/data/venv/lib/python3.12/site-packages/oslo_concurrency/processutils.py:468}}
Aug 19 17:23:49 devstack cinder-volume[94106]: DEBUG oslo_concurrency.processutils [None req-38c1e414-6a18-43ac-9bbd-3e161279dbf5 tempest-GroupSnapshotsTest-1003640548 None] Running cmd (subprocess): sudo cinder-rootwrap /etc/cinder/rootwrap.conf qemu-img commit -d /opt/stack/data/cinder/mnt/221ce42a5b68c41a22f29c4600b5806f/volume-abd21d72-c59c-462b-8983-d79b3c165e7c.e78bcc9e-cd59-4bb8-a9e3-d37c6bc65d64 {{(pid=94106) execute /opt/stack/data/venv/lib/python3.12/site-packages/oslo_concurrency/processutils.py:440}}
Aug 19 17:23:49 devstack sudo[98914]: quobyte : PWD=/ ; USER=root ; COMMAND=/opt/stack/data/venv/bin/cinder-rootwrap /etc/cinder/rootwrap.conf qemu-img commit -d /opt/stack/data/cinder/mnt/221ce42a5b68c41a22f29c4600b5806f/volume-abd21d72-c59c-462b-8983-d79b3c165e7c.e78bcc9e-cd59-4bb8-a9e3-d37c6bc65d64
Aug 19 17:23:49 devstack sudo[98914]: pam_unix(sudo:session): session opened for user root(uid=0) by (uid=1000)
Aug 19 17:23:49 devstack sudo[98914]: pam_unix(sudo:session): session closed for user root
Aug 19 17:23:49 devstack cinder-volume[94106]: DEBUG oslo_concurrency.processutils [None req-38c1e414-6a18-43ac-9bbd-3e161279dbf5 tempest-GroupSnapshotsTest-1003640548 None] CMD "sudo cinder-rootwrap /etc/cinder/rootwrap.conf qemu-img commit -d /opt/stack/data/cinder/mnt/221ce42a5b68c41a22f29c4600b5806f/volume-abd21d72-c59c-462b-8983-d79b3c165e7c.e78bcc9e-cd59-4bb8-a9e3-d37c6bc65d64" returned: 0 in 0.380s {{(pid=94106) execute /opt/stack/data/venv/lib/python3.12/site-packages/oslo_concurrency/processutils.py:468}}
Aug 19 17:23:49 devstack cinder-volume[94106]: DEBUG oslo_concurrency.processutils [None req-38c1e414-6a18-43ac-9bbd-3e161279dbf5 tempest-GroupSnapshotsTest-1003640548 None] Running cmd (subprocess): sudo cinder-rootwrap /etc/cinder/rootwrap.conf rm -f /opt/stack/data/cinder/mnt/221ce42a5b68c41a22f29c4600b5806f/volume-abd21d72-c59c-462b-8983-d79b3c165e7c.e78bcc9e-cd59-4bb8-a9e3-d37c6bc65d64 {{(pid=94106) execute /opt/stack/data/venv/lib/python3.12/site-packages/oslo_concurrency/processutils.py:440}}
Aug 19 17:23:49 devstack sudo[98919]: quobyte : PWD=/ ; USER=root ; COMMAND=/opt/stack/data/venv/bin/cinder-rootwrap /etc/cinder/rootwrap.conf rm -f /opt/stack/data/cinder/mnt/221ce42a5b68c41a22f29c4600b5806f/volume-abd21d72-c59c-462b-8983-d79b3c165e7c.e78bcc9e-cd59-4bb8-a9e3-d37c6bc65d64
Aug 19 17:23:49 devstack sudo[98919]: pam_unix(sudo:session): session opened for user root(uid=0) by (uid=1000)
Aug 19 17:23:50 devstack sudo[98919]: pam_unix(sudo:session): session closed for user root
Aug 19 17:23:50 devstack cinder-volume[94106]: DEBUG oslo_concurrency.processutils [None req-38c1e414-6a18-43ac-9bbd-3e161279dbf5 tempest-GroupSnapshotsTest-1003640548 None] CMD "sudo cinder-rootwrap /etc/cinder/rootwrap.conf rm -f /opt/stack/data/cinder/mnt/221ce42a5b68c41a22f29c4600b5806f/volume-abd21d72-c59c-462b-8983-d79b3c165e7c.e78bcc9e-cd59-4bb8-a9e3-d37c6bc65d64" returned: 0 in 0.485s {{(pid=94106) execute /opt/stack/data/venv/lib/python3.12/site-packages/oslo_concurrency/processutils.py:468}}
Aug 19 17:23:50 devstack cinder-volume[94106]: DEBUG cinder.coordination [None req-38c1e414-6a18-43ac-9bbd-3e161279dbf5 tempest-GroupSnapshotsTest-1003640548 None] Lock "cinder-quobyte-e78bcc9e-cd59-4bb8-a9e3-d37c6bc65d64" released by "_delete_snapshot" :: held 2.109s {{(pid=94106) __release /opt/stack/cinder/cinder/coordination.py:152}}
Aug 19 17:23:50 devstack cinder-volume[94106]: DEBUG cinder.coordination [None req-38c1e414-6a18-43ac-9bbd-3e161279dbf5 tempest-GroupSnapshotsTest-1003640548 None] Lock "cinder-quobyte-abd21d72-c59c-462b-8983-d79b3c165e7c" released by "delete_snapshot" :: held 2.166s {{(pid=94106) __release /opt/stack/cinder/cinder/coordination.py:152}}
Aug 19 17:23:50 devstack cinder-volume[94106]: WARNING cinder.quota [None req-38c1e414-6a18-43ac-9bbd-3e161279dbf5 tempest-GroupSnapshotsTest-1003640548 None] Deprecated: Default quota for resource: gigabytes_tempest-GroupSnapshotsTest-volume-type-394414786 is set by the default quota flag: quota_gigabytes_tempest-GroupSnapshotsTest-volume-type-394414786, it is now deprecated. Please use the default quota class for default quota.
Aug 19 17:23:50 devstack cinder-volume[94106]: WARNING cinder.quota [None req-38c1e414-6a18-43ac-9bbd-3e161279dbf5 tempest-GroupSnapshotsTest-1003640548 None] Deprecated: Default quota for resource: snapshots_tempest-GroupSnapshotsTest-volume-type-394414786 is set by the default quota flag: quota_snapshots_tempest-GroupSnapshotsTest-volume-type-394414786, it is now deprecated. Please use the default quota class for default quota.
Aug 19 17:23:50 devstack cinder-volume[94106]: DEBUG cinder.quota [None req-38c1e414-6a18-43ac-9bbd-3e161279dbf5 tempest-GroupSnapshotsTest-1003640548 None] Created reservations ['ff2d05c0-9f87-4b16-8073-fe531b8ed22f', '50e9c829-42a3-4c02-9f0e-c9ffc7915f15', '06a4bfc4-1b64-4a07-9d5e-272978a11e43', 'bff527e9-431b-4a35-9ecf-b48cbc82788d'] {{(pid=94106) reserve /opt/stack/cinder/cinder/quota.py:752}}
Aug 19 17:23:50 devstack cinder-volume[94106]: DEBUG cinder.quota [None req-38c1e414-6a18-43ac-9bbd-3e161279dbf5 tempest-GroupSnapshotsTest-1003640548 None] Created reservations ['fc64bee5-bfa2-475b-b14f-44702e7554cd', '04a26c3d-5c79-4353-879d-3395f14a64ee', '714ee1ab-dec2-4e34-9af4-791b05858334', 'd2ead6f1-2162-4e7e-869c-4e068f32bd2e'] {{(pid=94106) reserve /opt/stack/cinder/cinder/quota.py:752}}
Aug 19 17:23:51 devstack cinder-volume[94106]: INFO cinder.volume.manager [None req-38c1e414-6a18-43ac-9bbd-3e161279dbf5 tempest-GroupSnapshotsTest-1003640548 None] group_snapshot 64180379-445c-41de-80b1-41203b1d6bee: deleted successfully
Aug 19 17:23:52 devstack cinder-volume[94106]: DEBUG cinder.coordination [None req-e8183aac-d7b4-477e-8e2c-8cdeabe1d612 tempest-GroupSnapshotsTest-1003640548 None] Acquiring lock "cinder-quobyte-abd21d72-c59c-462b-8983-d79b3c165e7c" by "delete_volume" {{(pid=94106) __acquire /opt/stack/cinder/cinder/coordination.py:138}}
Aug 19 17:23:52 devstack cinder-volume[94106]: DEBUG cinder.coordination [None req-e8183aac-d7b4-477e-8e2c-8cdeabe1d612 tempest-GroupSnapshotsTest-1003640548 None] Lock "cinder-quobyte-abd21d72-c59c-462b-8983-d79b3c165e7c" acquired by "delete_volume" :: waited 0.026s {{(pid=94106) __acquire /opt/stack/cinder/cinder/coordination.py:141}}
Aug 19 17:23:52 devstack cinder-volume[94106]: DEBUG oslo.privsep.daemon [-] privsep: reply[f3735ce9-b29a-43d2-a54a-429ee806ed23]: (4, 'qcow2') {{(pid=95310) _call_back /opt/stack/data/venv/lib/python3.12/site-packages/oslo_privsep/daemon.py:580}}
Aug 19 17:23:52 devstack cinder-volume[94106]: DEBUG oslo_concurrency.processutils [None req-e8183aac-d7b4-477e-8e2c-8cdeabe1d612 tempest-GroupSnapshotsTest-1003640548 None] Running cmd (subprocess): /opt/stack/data/venv/bin/python3.12 -m oslo_concurrency.prlimit --as=1073741824 --cpu=60 -- sudo cinder-rootwrap /etc/cinder/rootwrap.conf env LC_ALL=C qemu-img info -f qcow2 --output=json --force-share /opt/stack/data/cinder/mnt/221ce42a5b68c41a22f29c4600b5806f/volume-abd21d72-c59c-462b-8983-d79b3c165e7c {{(pid=94106) execute /opt/stack/data/venv/lib/python3.12/site-packages/oslo_concurrency/processutils.py:440}}
Aug 19 17:23:52 devstack sudo[98957]: quobyte : PWD=/ ; USER=root ; COMMAND=/opt/stack/data/venv/bin/cinder-rootwrap /etc/cinder/rootwrap.conf env LC_ALL=C qemu-img info -f qcow2 --output=json --force-share /opt/stack/data/cinder/mnt/221ce42a5b68c41a22f29c4600b5806f/volume-abd21d72-c59c-462b-8983-d79b3c165e7c
Aug 19 17:23:52 devstack sudo[98957]: pam_unix(sudo:session): session opened for user root(uid=0) by (uid=1000)
Aug 19 17:23:53 devstack sudo[98957]: pam_unix(sudo:session): session closed for user root
Aug 19 17:23:53 devstack cinder-volume[94106]: DEBUG oslo_concurrency.processutils [None req-e8183aac-d7b4-477e-8e2c-8cdeabe1d612 tempest-GroupSnapshotsTest-1003640548 None] CMD "/opt/stack/data/venv/bin/python3.12 -m oslo_concurrency.prlimit --as=1073741824 --cpu=60 -- sudo cinder-rootwrap /etc/cinder/rootwrap.conf env LC_ALL=C qemu-img info -f qcow2 --output=json --force-share /opt/stack/data/cinder/mnt/221ce42a5b68c41a22f29c4600b5806f/volume-abd21d72-c59c-462b-8983-d79b3c165e7c" returned: 0 in 0.624s {{(pid=94106) execute /opt/stack/data/venv/lib/python3.12/site-packages/oslo_concurrency/processutils.py:468}}
Aug 19 17:23:53 devstack cinder-volume[94106]: DEBUG oslo_concurrency.processutils [None req-e8183aac-d7b4-477e-8e2c-8cdeabe1d612 tempest-GroupSnapshotsTest-1003640548 None] Running cmd (subprocess): sudo cinder-rootwrap /etc/cinder/rootwrap.conf rm -f /opt/stack/data/cinder/mnt/221ce42a5b68c41a22f29c4600b5806f/volume-abd21d72-c59c-462b-8983-d79b3c165e7c {{(pid=94106) execute /opt/stack/data/venv/lib/python3.12/site-packages/oslo_concurrency/processutils.py:440}}
Aug 19 17:23:53 devstack sudo[98962]: quobyte : PWD=/ ; USER=root ; COMMAND=/opt/stack/data/venv/bin/cinder-rootwrap /etc/cinder/rootwrap.conf rm -f /opt/stack/data/cinder/mnt/221ce42a5b68c41a22f29c4600b5806f/volume-abd21d72-c59c-462b-8983-d79b3c165e7c
Aug 19 17:23:53 devstack sudo[98962]: pam_unix(sudo:session): session opened for user root(uid=0) by (uid=1000)
Aug 19 17:23:53 devstack sudo[98962]: pam_unix(sudo:session): session closed for user root
Aug 19 17:23:53 devstack cinder-volume[94106]: DEBUG oslo_concurrency.processutils [None req-e8183aac-d7b4-477e-8e2c-8cdeabe1d612 tempest-GroupSnapshotsTest-1003640548 None] CMD "sudo cinder-rootwrap /etc/cinder/rootwrap.conf rm -f /opt/stack/data/cinder/mnt/221ce42a5b68c41a22f29c4600b5806f/volume-abd21d72-c59c-462b-8983-d79b3c165e7c" returned: 0 in 0.298s {{(pid=94106) execute /opt/stack/data/venv/lib/python3.12/site-packages/oslo_concurrency/processutils.py:468}}
Aug 19 17:23:53 devstack cinder-volume[94106]: DEBUG cinder.coordination [None req-e8183aac-d7b4-477e-8e2c-8cdeabe1d612 tempest-GroupSnapshotsTest-1003640548 None] Lock "cinder-quobyte-abd21d72-c59c-462b-8983-d79b3c165e7c" released by "delete_volume" :: held 1.046s {{(pid=94106) __release /opt/stack/cinder/cinder/coordination.py:152}}
Aug 19 17:23:53 devstack cinder-volume[94106]: DEBUG cinder.coordination [None req-e8183aac-d7b4-477e-8e2c-8cdeabe1d612 tempest-GroupSnapshotsTest-1003640548 None] Acquiring lock "cinder-quobyte-efa25450-5323-4fc2-8923-07a12326e6d4" by "delete_volume" {{(pid=94106) __acquire /opt/stack/cinder/cinder/coordination.py:138}}
Aug 19 17:23:53 devstack cinder-volume[94106]: DEBUG cinder.coordination [None req-e8183aac-d7b4-477e-8e2c-8cdeabe1d612 tempest-GroupSnapshotsTest-1003640548 None] Lock "cinder-quobyte-efa25450-5323-4fc2-8923-07a12326e6d4" acquired by "delete_volume" :: waited 0.037s {{(pid=94106) __acquire /opt/stack/cinder/cinder/coordination.py:141}}
Aug 19 17:23:53 devstack cinder-volume[94106]: DEBUG oslo.privsep.daemon [-] privsep: reply[113fe281-4acc-4db4-a673-d9acbcd50003]: (4, 'qcow2') {{(pid=95310) _call_back /opt/stack/data/venv/lib/python3.12/site-packages/oslo_privsep/daemon.py:580}}
Aug 19 17:23:53 devstack cinder-volume[94106]: DEBUG oslo_concurrency.processutils [None req-e8183aac-d7b4-477e-8e2c-8cdeabe1d612 tempest-GroupSnapshotsTest-1003640548 None] Running cmd (subprocess): /opt/stack/data/venv/bin/python3.12 -m oslo_concurrency.prlimit --as=1073741824 --cpu=60 -- sudo cinder-rootwrap /etc/cinder/rootwrap.conf env LC_ALL=C qemu-img info -f qcow2 --output=json --force-share /opt/stack/data/cinder/mnt/221ce42a5b68c41a22f29c4600b5806f/volume-efa25450-5323-4fc2-8923-07a12326e6d4 {{(pid=94106) execute /opt/stack/data/venv/lib/python3.12/site-packages/oslo_concurrency/processutils.py:440}}
Aug 19 17:23:54 devstack sudo[99000]: quobyte : PWD=/ ; USER=root ; COMMAND=/opt/stack/data/venv/bin/cinder-rootwrap /etc/cinder/rootwrap.conf env LC_ALL=C qemu-img info -f qcow2 --output=json --force-share /opt/stack/data/cinder/mnt/221ce42a5b68c41a22f29c4600b5806f/volume-efa25450-5323-4fc2-8923-07a12326e6d4
Aug 19 17:23:54 devstack sudo[99000]: pam_unix(sudo:session): session opened for user root(uid=0) by (uid=1000)
Aug 19 17:23:54 devstack sudo[99000]: pam_unix(sudo:session): session closed for user root
