Aug 19 17:26:33 devstack cinder-volume[94106]: DEBUG oslo_concurrency.processutils [None req-0d31bf8d-02b9-423a-a5c0-8e691424a38a tempest-GroupSnapshotsV319Test-1961941486 None] CMD "sudo cinder-rootwrap /etc/cinder/rootwrap.conf qemu-img create -f qcow2 -o preallocation=metadata /opt/stack/data/cinder/mnt/221ce42a5b68c41a22f29c4600b5806f/volume-477e0e71-ad2f-4d6a-a8fe-277c31d4c173 1073741824" returned: 0 in 0.569s {{(pid=94106) execute /opt/stack/data/venv/lib/python3.12/site-packages/oslo_concurrency/processutils.py:468}}
Aug 19 17:26:33 devstack cinder-volume[94106]: DEBUG oslo_concurrency.processutils [None req-0d31bf8d-02b9-423a-a5c0-8e691424a38a tempest-GroupSnapshotsV319Test-1961941486 None] Running cmd (subprocess): sudo cinder-rootwrap /etc/cinder/rootwrap.conf chmod ugo+rw /opt/stack/data/cinder/mnt/221ce42a5b68c41a22f29c4600b5806f/volume-477e0e71-ad2f-4d6a-a8fe-277c31d4c173 {{(pid=94106) execute /opt/stack/data/venv/lib/python3.12/site-packages/oslo_concurrency/processutils.py:440}}
Aug 19 17:26:33 devstack sudo[102550]: quobyte : PWD=/ ; USER=root ; COMMAND=/opt/stack/data/venv/bin/cinder-rootwrap /etc/cinder/rootwrap.conf chmod ugo+rw /opt/stack/data/cinder/mnt/221ce42a5b68c41a22f29c4600b5806f/volume-477e0e71-ad2f-4d6a-a8fe-277c31d4c173
Aug 19 17:26:33 devstack sudo[102550]: pam_unix(sudo:session): session opened for user root(uid=0) by (uid=1000)
Aug 19 17:26:33 devstack sudo[102550]: pam_unix(sudo:session): session closed for user root
Aug 19 17:26:33 devstack cinder-volume[94106]: DEBUG oslo_concurrency.processutils [None req-0d31bf8d-02b9-423a-a5c0-8e691424a38a tempest-GroupSnapshotsV319Test-1961941486 None] CMD "sudo cinder-rootwrap /etc/cinder/rootwrap.conf chmod ugo+rw /opt/stack/data/cinder/mnt/221ce42a5b68c41a22f29c4600b5806f/volume-477e0e71-ad2f-4d6a-a8fe-277c31d4c173" returned: 0 in 0.276s {{(pid=94106) execute /opt/stack/data/venv/lib/python3.12/site-packages/oslo_concurrency/processutils.py:468}}
Aug 19 17:26:33 devstack cinder-volume[94106]: DEBUG cinder.volume.drivers.quobyte [None req-0d31bf8d-02b9-423a-a5c0-8e691424a38a tempest-GroupSnapshotsV319Test-1961941486 None] <== create_volume: return (912ms) {'provider_location': 'osci02.corp.quobyte.com/cinder-vol-f2768593-d998-451c-ae46-8f751f2b4dc6'} {{(pid=94106) trace_logging_wrapper /opt/stack/cinder/cinder/volume/volume_utils.py:1522}}
Aug 19 17:26:33 devstack cinder-volume[94106]: DEBUG oslo_concurrency.lockutils [None req-0d31bf8d-02b9-423a-a5c0-8e691424a38a tempest-GroupSnapshotsV319Test-1961941486 None] Lock "quobyte" "released" by "cinder.volume.drivers.quobyte.QuobyteDriver.create_volume" :: held 0.914s {{(pid=94106) inner /opt/stack/data/venv/lib/python3.12/site-packages/oslo_concurrency/lockutils.py:544}}
Aug 19 17:26:33 devstack cinder-volume[94106]: DEBUG cinder.volume.manager [None req-0d31bf8d-02b9-423a-a5c0-8e691424a38a tempest-GroupSnapshotsV319Test-1961941486 None] Task 'cinder.volume.flows.manager.create_volume.CreateVolumeFromSpecTask;volume:create' (51d2b83b-b4fe-4e95-ba4a-93ebb45281de) transitioned into state 'SUCCESS' from state 'RUNNING' with result '{'status': 'creating', 'volume_name': 'volume-477e0e71-ad2f-4d6a-a8fe-277c31d4c173', 'volume_size': 1}' {{(pid=94106) _task_receiver /opt/stack/data/venv/lib/python3.12/site-packages/taskflow/listeners/logging.py:218}}
Aug 19 17:26:33 devstack cinder-volume[94106]: DEBUG cinder.volume.manager [None req-0d31bf8d-02b9-423a-a5c0-8e691424a38a tempest-GroupSnapshotsV319Test-1961941486 None] Task 'cinder.volume.flows.manager.create_volume.CreateVolumeOnFinishTask;volume:create, create.end' (6f0b7eff-2ca2-4444-bc83-83809493bd3a) transitioned into state 'RUNNING' from state 'PENDING' {{(pid=94106) _task_receiver /opt/stack/data/venv/lib/python3.12/site-packages/taskflow/listeners/logging.py:242}}
Aug 19 17:26:33 devstack cinder-volume[94106]: INFO cinder.volume.flows.manager.create_volume [None req-0d31bf8d-02b9-423a-a5c0-8e691424a38a tempest-GroupSnapshotsV319Test-1961941486 None] Volume volume-477e0e71-ad2f-4d6a-a8fe-277c31d4c173 (477e0e71-ad2f-4d6a-a8fe-277c31d4c173): created successfully
Aug 19 17:26:33 devstack cinder-volume[94106]: DEBUG cinder.volume.manager [None req-0d31bf8d-02b9-423a-a5c0-8e691424a38a tempest-GroupSnapshotsV319Test-1961941486 None] Task 'cinder.volume.flows.manager.create_volume.CreateVolumeOnFinishTask;volume:create, create.end' (6f0b7eff-2ca2-4444-bc83-83809493bd3a) transitioned into state 'SUCCESS' from state 'RUNNING' with result 'None' {{(pid=94106) _task_receiver /opt/stack/data/venv/lib/python3.12/site-packages/taskflow/listeners/logging.py:218}}
Aug 19 17:26:33 devstack cinder-volume[94106]: DEBUG cinder.volume.manager [None req-0d31bf8d-02b9-423a-a5c0-8e691424a38a tempest-GroupSnapshotsV319Test-1961941486 None] Flow 'volume_create_manager' (1c450bfc-80fd-4ec4-9a99-3571264abf6b) transitioned into state 'SUCCESS' from state 'RUNNING' {{(pid=94106) _flow_receiver /opt/stack/data/venv/lib/python3.12/site-packages/taskflow/listeners/logging.py:160}}
Aug 19 17:26:33 devstack cinder-volume[94106]: INFO cinder.volume.manager [None req-0d31bf8d-02b9-423a-a5c0-8e691424a38a tempest-GroupSnapshotsV319Test-1961941486 None] Created volume successfully.
Aug 19 17:26:34 devstack cinder-volume[94106]: INFO cinder.volume.manager [None req-f60e9ffc-c2db-4daf-b026-02434ad8b075 tempest-GroupSnapshotsV319Test-1961941486 None] GroupSnapshot 3cde6f53-6890-40b3-a5a0-6c19154172f4: creating.
Aug 19 17:26:34 devstack cinder-volume[94106]: DEBUG cinder.volume.manager [None req-f60e9ffc-c2db-4daf-b026-02434ad8b075 tempest-GroupSnapshotsV319Test-1961941486 None] Group snapshot 3cde6f53-6890-40b3-a5a0-6c19154172f4: creating. {{(pid=94106) create_group_snapshot /opt/stack/cinder/cinder/volume/manager.py:4175}}
Aug 19 17:26:34 devstack cinder-volume[94106]: DEBUG oslo_concurrency.lockutils [None req-f60e9ffc-c2db-4daf-b026-02434ad8b075 tempest-GroupSnapshotsV319Test-1961941486 None] Acquiring lock "quobyte" by "cinder.volume.drivers.quobyte.QuobyteDriver.create_snapshot" {{(pid=94106) inner /opt/stack/data/venv/lib/python3.12/site-packages/oslo_concurrency/lockutils.py:512}}
Aug 19 17:26:34 devstack cinder-volume[94106]: DEBUG oslo_concurrency.lockutils [None req-f60e9ffc-c2db-4daf-b026-02434ad8b075 tempest-GroupSnapshotsV319Test-1961941486 None] Lock "quobyte" acquired by "cinder.volume.drivers.quobyte.QuobyteDriver.create_snapshot" :: waited 0.001s {{(pid=94106) inner /opt/stack/data/venv/lib/python3.12/site-packages/oslo_concurrency/lockutils.py:525}}
Aug 19 17:26:34 devstack cinder-volume[94106]: DEBUG cinder.volume.drivers.remotefs [None req-f60e9ffc-c2db-4daf-b026-02434ad8b075 tempest-GroupSnapshotsV319Test-1961941486 None] Creating offline snapshot 255e303e-7585-4729-930e-115be7885325 of volume 477e0e71-ad2f-4d6a-a8fe-277c31d4c173 {{(pid=94106) _create_snapshot /opt/stack/cinder/cinder/volume/drivers/remotefs.py:1816}}
Aug 19 17:26:34 devstack cinder-volume[94106]: DEBUG oslo.privsep.daemon [-] privsep: reply[660b2e03-1190-4213-ab64-ce3b68f60519]: (4, 'qcow2') {{(pid=95310) _call_back /opt/stack/data/venv/lib/python3.12/site-packages/oslo_privsep/daemon.py:580}}
Aug 19 17:26:34 devstack cinder-volume[94106]: DEBUG oslo_concurrency.processutils [None req-f60e9ffc-c2db-4daf-b026-02434ad8b075 tempest-GroupSnapshotsV319Test-1961941486 None] Running cmd (subprocess): /opt/stack/data/venv/bin/python3.12 -m oslo_concurrency.prlimit --as=1073741824 --cpu=60 -- sudo cinder-rootwrap /etc/cinder/rootwrap.conf env LC_ALL=C qemu-img info -f qcow2 --output=json --force-share /opt/stack/data/cinder/mnt/221ce42a5b68c41a22f29c4600b5806f/volume-477e0e71-ad2f-4d6a-a8fe-277c31d4c173 {{(pid=94106) execute /opt/stack/data/venv/lib/python3.12/site-packages/oslo_concurrency/processutils.py:440}}
Aug 19 17:26:34 devstack sudo[102562]: quobyte : PWD=/ ; USER=root ; COMMAND=/opt/stack/data/venv/bin/cinder-rootwrap /etc/cinder/rootwrap.conf env LC_ALL=C qemu-img info -f qcow2 --output=json --force-share /opt/stack/data/cinder/mnt/221ce42a5b68c41a22f29c4600b5806f/volume-477e0e71-ad2f-4d6a-a8fe-277c31d4c173
Aug 19 17:26:34 devstack sudo[102562]: pam_unix(sudo:session): session opened for user root(uid=0) by (uid=1000)
Aug 19 17:26:34 devstack sudo[102562]: pam_unix(sudo:session): session closed for user root
Aug 19 17:26:34 devstack cinder-volume[94106]: DEBUG oslo_concurrency.processutils [None req-f60e9ffc-c2db-4daf-b026-02434ad8b075 tempest-GroupSnapshotsV319Test-1961941486 None] CMD "/opt/stack/data/venv/bin/python3.12 -m oslo_concurrency.prlimit --as=1073741824 --cpu=60 -- sudo cinder-rootwrap /etc/cinder/rootwrap.conf env LC_ALL=C qemu-img info -f qcow2 --output=json --force-share /opt/stack/data/cinder/mnt/221ce42a5b68c41a22f29c4600b5806f/volume-477e0e71-ad2f-4d6a-a8fe-277c31d4c173" returned: 0 in 0.460s {{(pid=94106) execute /opt/stack/data/venv/lib/python3.12/site-packages/oslo_concurrency/processutils.py:468}}
Aug 19 17:26:34 devstack cinder-volume[94106]: DEBUG oslo_concurrency.processutils [None req-f60e9ffc-c2db-4daf-b026-02434ad8b075 tempest-GroupSnapshotsV319Test-1961941486 None] Running cmd (subprocess): sudo cinder-rootwrap /etc/cinder/rootwrap.conf qemu-img create -f qcow2 -o backing_file=/opt/stack/data/cinder/mnt/221ce42a5b68c41a22f29c4600b5806f/volume-477e0e71-ad2f-4d6a-a8fe-277c31d4c173,backing_fmt=qcow2 /opt/stack/data/cinder/mnt/221ce42a5b68c41a22f29c4600b5806f/volume-477e0e71-ad2f-4d6a-a8fe-277c31d4c173.255e303e-7585-4729-930e-115be7885325 1G {{(pid=94106) execute /opt/stack/data/venv/lib/python3.12/site-packages/oslo_concurrency/processutils.py:440}}
Aug 19 17:26:34 devstack sudo[102568]: quobyte : PWD=/ ; USER=root ; COMMAND=/opt/stack/data/venv/bin/cinder-rootwrap /etc/cinder/rootwrap.conf qemu-img create -f qcow2 -o backing_file=/opt/stack/data/cinder/mnt/221ce42a5b68c41a22f29c4600b5806f/volume-477e0e71-ad2f-4d6a-a8fe-277c31d4c173,backing_fmt=qcow2 /opt/stack/data/cinder/mnt/221ce42a5b68c41a22f29c4600b5806f/volume-477e0e71-ad2f-4d6a-a8fe-277c31d4c173.255e303e-7585-4729-930e-115be7885325 1G
Aug 19 17:26:34 devstack sudo[102568]: pam_unix(sudo:session): session opened for user root(uid=0) by (uid=1000)
Aug 19 17:26:35 devstack sudo[102568]: pam_unix(sudo:session): session closed for user root
Aug 19 17:26:35 devstack cinder-volume[94106]: DEBUG oslo_concurrency.processutils [None req-f60e9ffc-c2db-4daf-b026-02434ad8b075 tempest-GroupSnapshotsV319Test-1961941486 None] CMD "sudo cinder-rootwrap /etc/cinder/rootwrap.conf qemu-img create -f qcow2 -o backing_file=/opt/stack/data/cinder/mnt/221ce42a5b68c41a22f29c4600b5806f/volume-477e0e71-ad2f-4d6a-a8fe-277c31d4c173,backing_fmt=qcow2 /opt/stack/data/cinder/mnt/221ce42a5b68c41a22f29c4600b5806f/volume-477e0e71-ad2f-4d6a-a8fe-277c31d4c173.255e303e-7585-4729-930e-115be7885325 1G" returned: 0 in 0.468s {{(pid=94106) execute /opt/stack/data/venv/lib/python3.12/site-packages/oslo_concurrency/processutils.py:468}}
Aug 19 17:26:35 devstack cinder-volume[94106]: DEBUG oslo_concurrency.processutils [None req-f60e9ffc-c2db-4daf-b026-02434ad8b075 tempest-GroupSnapshotsV319Test-1961941486 None] Running cmd (subprocess): sudo cinder-rootwrap /etc/cinder/rootwrap.conf qemu-img rebase -u -b volume-477e0e71-ad2f-4d6a-a8fe-277c31d4c173 -F qcow2 /opt/stack/data/cinder/mnt/221ce42a5b68c41a22f29c4600b5806f/volume-477e0e71-ad2f-4d6a-a8fe-277c31d4c173.255e303e-7585-4729-930e-115be7885325 {{(pid=94106) execute /opt/stack/data/venv/lib/python3.12/site-packages/oslo_concurrency/processutils.py:440}}
Aug 19 17:26:35 devstack sudo[102574]: quobyte : PWD=/ ; USER=root ; COMMAND=/opt/stack/data/venv/bin/cinder-rootwrap /etc/cinder/rootwrap.conf qemu-img rebase -u -b volume-477e0e71-ad2f-4d6a-a8fe-277c31d4c173 -F qcow2 /opt/stack/data/cinder/mnt/221ce42a5b68c41a22f29c4600b5806f/volume-477e0e71-ad2f-4d6a-a8fe-277c31d4c173.255e303e-7585-4729-930e-115be7885325
Aug 19 17:26:35 devstack sudo[102574]: pam_unix(sudo:session): session opened for user root(uid=0) by (uid=1000)
Aug 19 17:26:35 devstack sudo[102574]: pam_unix(sudo:session): session closed for user root
Aug 19 17:26:35 devstack cinder-volume[94106]: DEBUG oslo_concurrency.processutils [None req-f60e9ffc-c2db-4daf-b026-02434ad8b075 tempest-GroupSnapshotsV319Test-1961941486 None] CMD "sudo cinder-rootwrap /etc/cinder/rootwrap.conf qemu-img rebase -u -b volume-477e0e71-ad2f-4d6a-a8fe-277c31d4c173 -F qcow2 /opt/stack/data/cinder/mnt/221ce42a5b68c41a22f29c4600b5806f/volume-477e0e71-ad2f-4d6a-a8fe-277c31d4c173.255e303e-7585-4729-930e-115be7885325" returned: 0 in 0.422s {{(pid=94106) execute /opt/stack/data/venv/lib/python3.12/site-packages/oslo_concurrency/processutils.py:468}}
Aug 19 17:26:35 devstack cinder-volume[94106]: WARNING cinder.volume.drivers.remotefs [None req-f60e9ffc-c2db-4daf-b026-02434ad8b075 tempest-GroupSnapshotsV319Test-1961941486 None] /opt/stack/data/cinder/mnt/221ce42a5b68c41a22f29c4600b5806f/volume-477e0e71-ad2f-4d6a-a8fe-277c31d4c173.255e303e-7585-4729-930e-115be7885325 is being set with open permissions: ugo+rw: NotImplementedError
Aug 19 17:26:35 devstack cinder-volume[94106]: DEBUG oslo_concurrency.processutils [None req-f60e9ffc-c2db-4daf-b026-02434ad8b075 tempest-GroupSnapshotsV319Test-1961941486 None] Running cmd (subprocess): sudo cinder-rootwrap /etc/cinder/rootwrap.conf chmod ugo+rw /opt/stack/data/cinder/mnt/221ce42a5b68c41a22f29c4600b5806f/volume-477e0e71-ad2f-4d6a-a8fe-277c31d4c173.255e303e-7585-4729-930e-115be7885325 {{(pid=94106) execute /opt/stack/data/venv/lib/python3.12/site-packages/oslo_concurrency/processutils.py:440}}
Aug 19 17:26:35 devstack sudo[102580]: quobyte : PWD=/ ; USER=root ; COMMAND=/opt/stack/data/venv/bin/cinder-rootwrap /etc/cinder/rootwrap.conf chmod ugo+rw /opt/stack/data/cinder/mnt/221ce42a5b68c41a22f29c4600b5806f/volume-477e0e71-ad2f-4d6a-a8fe-277c31d4c173.255e303e-7585-4729-930e-115be7885325
Aug 19 17:26:35 devstack sudo[102580]: pam_unix(sudo:session): session opened for user root(uid=0) by (uid=1000)
Aug 19 17:26:36 devstack sudo[102580]: pam_unix(sudo:session): session closed for user root
Aug 19 17:26:36 devstack cinder-volume[94106]: DEBUG oslo_concurrency.processutils [None req-f60e9ffc-c2db-4daf-b026-02434ad8b075 tempest-GroupSnapshotsV319Test-1961941486 None] CMD "sudo cinder-rootwrap /etc/cinder/rootwrap.conf chmod ugo+rw /opt/stack/data/cinder/mnt/221ce42a5b68c41a22f29c4600b5806f/volume-477e0e71-ad2f-4d6a-a8fe-277c31d4c173.255e303e-7585-4729-930e-115be7885325" returned: 0 in 0.327s {{(pid=94106) execute /opt/stack/data/venv/lib/python3.12/site-packages/oslo_concurrency/processutils.py:468}}
Aug 19 17:26:36 devstack cinder-volume[94106]: DEBUG oslo_concurrency.processutils [None req-f60e9ffc-c2db-4daf-b026-02434ad8b075 tempest-GroupSnapshotsV319Test-1961941486 None] Running cmd (subprocess): sudo cinder-rootwrap /etc/cinder/rootwrap.conf truncate -s0 /opt/stack/data/cinder/mnt/221ce42a5b68c41a22f29c4600b5806f/volume-477e0e71-ad2f-4d6a-a8fe-277c31d4c173.info {{(pid=94106) execute /opt/stack/data/venv/lib/python3.12/site-packages/oslo_concurrency/processutils.py:440}}
Aug 19 17:26:36 devstack sudo[102583]: quobyte : PWD=/ ; USER=root ; COMMAND=/opt/stack/data/venv/bin/cinder-rootwrap /etc/cinder/rootwrap.conf truncate -s0 /opt/stack/data/cinder/mnt/221ce42a5b68c41a22f29c4600b5806f/volume-477e0e71-ad2f-4d6a-a8fe-277c31d4c173.info
Aug 19 17:26:36 devstack sudo[102583]: pam_unix(sudo:session): session opened for user root(uid=0) by (uid=1000)
Aug 19 17:26:36 devstack sudo[102583]: pam_unix(sudo:session): session closed for user root
Aug 19 17:26:36 devstack cinder-volume[94106]: DEBUG oslo_concurrency.processutils [None req-f60e9ffc-c2db-4daf-b026-02434ad8b075 tempest-GroupSnapshotsV319Test-1961941486 None] CMD "sudo cinder-rootwrap /etc/cinder/rootwrap.conf truncate -s0 /opt/stack/data/cinder/mnt/221ce42a5b68c41a22f29c4600b5806f/volume-477e0e71-ad2f-4d6a-a8fe-277c31d4c173.info" returned: 0 in 0.420s {{(pid=94106) execute /opt/stack/data/venv/lib/python3.12/site-packages/oslo_concurrency/processutils.py:468}}
Aug 19 17:26:36 devstack cinder-volume[94106]: WARNING cinder.volume.drivers.remotefs [None req-f60e9ffc-c2db-4daf-b026-02434ad8b075 tempest-GroupSnapshotsV319Test-1961941486 None] /opt/stack/data/cinder/mnt/221ce42a5b68c41a22f29c4600b5806f/volume-477e0e71-ad2f-4d6a-a8fe-277c31d4c173.info is being set with open permissions: ugo+rw: NotImplementedError
Aug 19 17:26:36 devstack cinder-volume[94106]: DEBUG oslo_concurrency.processutils [None req-f60e9ffc-c2db-4daf-b026-02434ad8b075 tempest-GroupSnapshotsV319Test-1961941486 None] Running cmd (subprocess): sudo cinder-rootwrap /etc/cinder/rootwrap.conf chmod ugo+rw /opt/stack/data/cinder/mnt/221ce42a5b68c41a22f29c4600b5806f/volume-477e0e71-ad2f-4d6a-a8fe-277c31d4c173.info {{(pid=94106) execute /opt/stack/data/venv/lib/python3.12/site-packages/oslo_concurrency/processutils.py:440}}
Aug 19 17:26:36 devstack sudo[102586]: quobyte : PWD=/ ; USER=root ; COMMAND=/opt/stack/data/venv/bin/cinder-rootwrap /etc/cinder/rootwrap.conf chmod ugo+rw /opt/stack/data/cinder/mnt/221ce42a5b68c41a22f29c4600b5806f/volume-477e0e71-ad2f-4d6a-a8fe-277c31d4c173.info
Aug 19 17:26:36 devstack sudo[102586]: pam_unix(sudo:session): session opened for user root(uid=0) by (uid=1000)
Aug 19 17:26:37 devstack sudo[102586]: pam_unix(sudo:session): session closed for user root
Aug 19 17:26:37 devstack cinder-volume[94106]: DEBUG oslo_concurrency.processutils [None req-f60e9ffc-c2db-4daf-b026-02434ad8b075 tempest-GroupSnapshotsV319Test-1961941486 None] CMD "sudo cinder-rootwrap /etc/cinder/rootwrap.conf chmod ugo+rw /opt/stack/data/cinder/mnt/221ce42a5b68c41a22f29c4600b5806f/volume-477e0e71-ad2f-4d6a-a8fe-277c31d4c173.info" returned: 0 in 0.541s {{(pid=94106) execute /opt/stack/data/venv/lib/python3.12/site-packages/oslo_concurrency/processutils.py:468}}
Aug 19 17:26:37 devstack cinder-volume[94106]: DEBUG oslo_concurrency.lockutils [None req-f60e9ffc-c2db-4daf-b026-02434ad8b075 tempest-GroupSnapshotsV319Test-1961941486 None] Lock "quobyte" "released" by "cinder.volume.drivers.quobyte.QuobyteDriver.create_snapshot" :: held 2.797s {{(pid=94106) inner /opt/stack/data/venv/lib/python3.12/site-packages/oslo_concurrency/lockutils.py:544}}
Aug 19 17:26:37 devstack cinder-volume[94106]: INFO cinder.volume.manager [None req-f60e9ffc-c2db-4daf-b026-02434ad8b075 tempest-GroupSnapshotsV319Test-1961941486 None] group_snapshot 3cde6f53-6890-40b3-a5a0-6c19154172f4: created successfully
Aug 19 17:26:37 devstack cinder-volume[94106]: DEBUG cinder.coordination [None req-c2c0eae6-0265-4cef-8c15-c1d40e36088f tempest-VolumesNegativeTest-565999784 None] Acquiring lock "cinder-469fc583-dee4-473c-8cf7-7184182fc1b9-delete_volume" by "delete_volume" {{(pid=94106) __acquire /opt/stack/cinder/cinder/coordination.py:138}}
Aug 19 17:26:37 devstack cinder-volume[94106]: DEBUG cinder.coordination [None req-c2c0eae6-0265-4cef-8c15-c1d40e36088f tempest-VolumesNegativeTest-565999784 None] Lock "cinder-469fc583-dee4-473c-8cf7-7184182fc1b9-delete_volume" acquired by "delete_volume" :: waited 0.041s {{(pid=94106) __acquire /opt/stack/cinder/cinder/coordination.py:141}}
Aug 19 17:26:37 devstack cinder-volume[94106]: DEBUG cinder.coordination [None req-c2c0eae6-0265-4cef-8c15-c1d40e36088f tempest-VolumesNegativeTest-565999784 None] Acquiring lock "cinder-quobyte-469fc583-dee4-473c-8cf7-7184182fc1b9" by "delete_volume" {{(pid=94106) __acquire /opt/stack/cinder/cinder/coordination.py:138}}
Aug 19 17:26:37 devstack cinder-volume[94106]: DEBUG cinder.coordination [None req-c2c0eae6-0265-4cef-8c15-c1d40e36088f tempest-VolumesNegativeTest-565999784 None] Lock "cinder-quobyte-469fc583-dee4-473c-8cf7-7184182fc1b9" acquired by "delete_volume" :: waited 0.015s {{(pid=94106) __acquire /opt/stack/cinder/cinder/coordination.py:141}}
Aug 19 17:26:38 devstack cinder-volume[94106]: DEBUG oslo.privsep.daemon [-] privsep: reply[e31c7238-c45e-4efe-93d1-2ca3c53109bb]: (4, 'qcow2') {{(pid=95310) _call_back /opt/stack/data/venv/lib/python3.12/site-packages/oslo_privsep/daemon.py:580}}
Aug 19 17:26:38 devstack cinder-volume[94106]: DEBUG oslo_concurrency.processutils [None req-c2c0eae6-0265-4cef-8c15-c1d40e36088f tempest-VolumesNegativeTest-565999784 None] Running cmd (subprocess): /opt/stack/data/venv/bin/python3.12 -m oslo_concurrency.prlimit --as=1073741824 --cpu=60 -- sudo cinder-rootwrap /etc/cinder/rootwrap.conf env LC_ALL=C qemu-img info -f qcow2 --output=json --force-share /opt/stack/data/cinder/mnt/221ce42a5b68c41a22f29c4600b5806f/volume-469fc583-dee4-473c-8cf7-7184182fc1b9 {{(pid=94106) execute /opt/stack/data/venv/lib/python3.12/site-packages/oslo_concurrency/processutils.py:440}}
Aug 19 17:26:38 devstack sudo[102703]: quobyte : PWD=/ ; USER=root ; COMMAND=/opt/stack/data/venv/bin/cinder-rootwrap /etc/cinder/rootwrap.conf env LC_ALL=C qemu-img info -f qcow2 --output=json --force-share /opt/stack/data/cinder/mnt/221ce42a5b68c41a22f29c4600b5806f/volume-469fc583-dee4-473c-8cf7-7184182fc1b9
Aug 19 17:26:38 devstack sudo[102703]: pam_unix(sudo:session): session opened for user root(uid=0) by (uid=1000)
Aug 19 17:26:38 devstack cinder-volume[94106]: INFO cinder.volume.manager [None req-c78adfa6-79dc-4b9c-96f3-93d3c72368ce tempest-GroupSnapshotsV319Test-1961941486 None] group_snapshot 3cde6f53-6890-40b3-a5a0-6c19154172f4: deleting
Aug 19 17:26:38 devstack cinder-volume[94106]: DEBUG cinder.volume.manager [None req-c78adfa6-79dc-4b9c-96f3-93d3c72368ce tempest-GroupSnapshotsV319Test-1961941486 None] group_snapshot 3cde6f53-6890-40b3-a5a0-6c19154172f4: deleting {{(pid=94106) delete_group_snapshot /opt/stack/cinder/cinder/volume/manager.py:4350}}
Aug 19 17:26:38 devstack cinder-volume[94106]: DEBUG cinder.coordination [None req-c78adfa6-79dc-4b9c-96f3-93d3c72368ce tempest-GroupSnapshotsV319Test-1961941486 None] Acquiring lock "cinder-quobyte-477e0e71-ad2f-4d6a-a8fe-277c31d4c173" by "delete_snapshot" {{(pid=94106) __acquire /opt/stack/cinder/cinder/coordination.py:138}}
Aug 19 17:26:38 devstack cinder-volume[94106]: DEBUG cinder.coordination [None req-c78adfa6-79dc-4b9c-96f3-93d3c72368ce tempest-GroupSnapshotsV319Test-1961941486 None] Lock "cinder-quobyte-477e0e71-ad2f-4d6a-a8fe-277c31d4c173" acquired by "delete_snapshot" :: waited 0.022s {{(pid=94106) __acquire /opt/stack/cinder/cinder/coordination.py:141}}
Aug 19 17:26:38 devstack cinder-volume[94106]: DEBUG cinder.coordination [None req-c78adfa6-79dc-4b9c-96f3-93d3c72368ce tempest-GroupSnapshotsV319Test-1961941486 None] Acquiring lock "cinder-quobyte-255e303e-7585-4729-930e-115be7885325" by "_delete_snapshot" {{(pid=94106) __acquire /opt/stack/cinder/cinder/coordination.py:138}}
Aug 19 17:26:38 devstack cinder-volume[94106]: DEBUG cinder.coordination [None req-c78adfa6-79dc-4b9c-96f3-93d3c72368ce tempest-GroupSnapshotsV319Test-1961941486 None] Lock "cinder-quobyte-255e303e-7585-4729-930e-115be7885325" acquired by "_delete_snapshot" :: waited 0.015s {{(pid=94106) __acquire /opt/stack/cinder/cinder/coordination.py:141}}
Aug 19 17:26:38 devstack cinder-volume[94106]: DEBUG cinder.volume.drivers.remotefs [None req-c78adfa6-79dc-4b9c-96f3-93d3c72368ce tempest-GroupSnapshotsV319Test-1961941486 None] Deleting offline snapshot 255e303e-7585-4729-930e-115be7885325 of volume 477e0e71-ad2f-4d6a-a8fe-277c31d4c173 {{(pid=94106) _delete_snapshot /opt/stack/cinder/cinder/volume/drivers/remotefs.py:1288}}
Aug 19 17:26:38 devstack cinder-volume[94106]: DEBUG cinder.volume.drivers.remotefs [None req-c78adfa6-79dc-4b9c-96f3-93d3c72368ce tempest-GroupSnapshotsV319Test-1961941486 None] snapshot_file for this snap is: volume-477e0e71-ad2f-4d6a-a8fe-277c31d4c173.255e303e-7585-4729-930e-115be7885325 {{(pid=94106) _delete_snapshot /opt/stack/cinder/cinder/volume/drivers/remotefs.py:1317}}
Aug 19 17:26:38 devstack cinder-volume[94106]: DEBUG oslo.privsep.daemon [-] privsep: reply[b56a1a0f-ae1b-4117-b2c2-2420b5496e46]: (4, 'qcow2') {{(pid=95310) _call_back /opt/stack/data/venv/lib/python3.12/site-packages/oslo_privsep/daemon.py:580}}
Aug 19 17:26:38 devstack cinder-volume[94106]: DEBUG oslo_concurrency.processutils [None req-c78adfa6-79dc-4b9c-96f3-93d3c72368ce tempest-GroupSnapshotsV319Test-1961941486 None] Running cmd (subprocess): /opt/stack/data/venv/bin/python3.12 -m oslo_concurrency.prlimit --as=1073741824 --cpu=60 -- sudo cinder-rootwrap /etc/cinder/rootwrap.conf env LC_ALL=C qemu-img info -f qcow2 --output=json --force-share /opt/stack/data/cinder/mnt/221ce42a5b68c41a22f29c4600b5806f/volume-477e0e71-ad2f-4d6a-a8fe-277c31d4c173.255e303e-7585-4729-930e-115be7885325 {{(pid=94106) execute /opt/stack/data/venv/lib/python3.12/site-packages/oslo_concurrency/processutils.py:440}}
Aug 19 17:26:38 devstack sudo[102710]: quobyte : PWD=/ ; USER=root ; COMMAND=/opt/stack/data/venv/bin/cinder-rootwrap /etc/cinder/rootwrap.conf env LC_ALL=C qemu-img info -f qcow2 --output=json --force-share /opt/stack/data/cinder/mnt/221ce42a5b68c41a22f29c4600b5806f/volume-477e0e71-ad2f-4d6a-a8fe-277c31d4c173.255e303e-7585-4729-930e-115be7885325
Aug 19 17:26:38 devstack sudo[102710]: pam_unix(sudo:session): session opened for user root(uid=0) by (uid=1000)
Aug 19 17:26:38 devstack sudo[102703]: pam_unix(sudo:session): session closed for user root
Aug 19 17:26:38 devstack cinder-volume[94106]: DEBUG oslo_concurrency.processutils [None req-c2c0eae6-0265-4cef-8c15-c1d40e36088f tempest-VolumesNegativeTest-565999784 None] CMD "/opt/stack/data/venv/bin/python3.12 -m oslo_concurrency.prlimit --as=1073741824 --cpu=60 -- sudo cinder-rootwrap /etc/cinder/rootwrap.conf env LC_ALL=C qemu-img info -f qcow2 --output=json --force-share /opt/stack/data/cinder/mnt/221ce42a5b68c41a22f29c4600b5806f/volume-469fc583-dee4-473c-8cf7-7184182fc1b9" returned: 0 in 0.529s {{(pid=94106) execute /opt/stack/data/venv/lib/python3.12/site-packages/oslo_concurrency/processutils.py:468}}
Aug 19 17:26:38 devstack cinder-volume[94106]: DEBUG oslo_concurrency.processutils [None req-c2c0eae6-0265-4cef-8c15-c1d40e36088f tempest-VolumesNegativeTest-565999784 None] Running cmd (subprocess): sudo cinder-rootwrap /etc/cinder/rootwrap.conf rm -f /opt/stack/data/cinder/mnt/221ce42a5b68c41a22f29c4600b5806f/volume-469fc583-dee4-473c-8cf7-7184182fc1b9 {{(pid=94106) execute /opt/stack/data/venv/lib/python3.12/site-packages/oslo_concurrency/processutils.py:440}}
Aug 19 17:26:38 devstack sudo[102718]: quobyte : PWD=/ ; USER=root ; COMMAND=/opt/stack/data/venv/bin/cinder-rootwrap /etc/cinder/rootwrap.conf rm -f /opt/stack/data/cinder/mnt/221ce42a5b68c41a22f29c4600b5806f/volume-469fc583-dee4-473c-8cf7-7184182fc1b9
Aug 19 17:26:38 devstack sudo[102718]: pam_unix(sudo:session): session opened for user root(uid=0) by (uid=1000)
Aug 19 17:26:38 devstack sudo[102710]: pam_unix(sudo:session): session closed for user root
Aug 19 17:26:38 devstack cinder-volume[94106]: DEBUG oslo_concurrency.processutils [None req-c78adfa6-79dc-4b9c-96f3-93d3c72368ce tempest-GroupSnapshotsV319Test-1961941486 None] CMD "/opt/stack/data/venv/bin/python3.12 -m oslo_concurrency.prlimit --as=1073741824 --cpu=60 -- sudo cinder-rootwrap /etc/cinder/rootwrap.conf env LC_ALL=C qemu-img info -f qcow2 --output=json --force-share /opt/stack/data/cinder/mnt/221ce42a5b68c41a22f29c4600b5806f/volume-477e0e71-ad2f-4d6a-a8fe-277c31d4c173.255e303e-7585-4729-930e-115be7885325" returned: 0 in 0.540s {{(pid=94106) execute /opt/stack/data/venv/lib/python3.12/site-packages/oslo_concurrency/processutils.py:468}}
Aug 19 17:26:38 devstack cinder-volume[94106]: DEBUG cinder.volume.drivers.remotefs [None req-c78adfa6-79dc-4b9c-96f3-93d3c72368ce tempest-GroupSnapshotsV319Test-1961941486 None] Fetching qemu-img info with special backing_file_template: (/opt/stack/data/cinder/mnt/[0-9a-f]+/)?(volume-477e0e71-ad2f-4d6a-a8fe-277c31d4c173(.(tmp-snap-)?[0-9a-f-]+)?|volume_from_snapshot_cache/(tmp-snap-)?[0-9a-f-]+(.(child-|parent-)[0-9a-f-]+)?)$ {{(pid=94106) _qemu_img_info_base /opt/stack/cinder/cinder/volume/drivers/remotefs.py:896}}
Aug 19 17:26:38 devstack cinder-volume[94106]: DEBUG oslo.privsep.daemon [-] privsep: reply[ff361b52-c44a-47c8-840a-ec45ba11f83d]: (4, 'qcow2') {{(pid=95310) _call_back /opt/stack/data/venv/lib/python3.12/site-packages/oslo_privsep/daemon.py:580}}
Aug 19 17:26:38 devstack cinder-volume[94106]: DEBUG oslo_concurrency.processutils [None req-c78adfa6-79dc-4b9c-96f3-93d3c72368ce tempest-GroupSnapshotsV319Test-1961941486 None] Running cmd (subprocess): /opt/stack/data/venv/bin/python3.12 -m oslo_concurrency.prlimit --as=1073741824 --cpu=60 -- sudo cinder-rootwrap /etc/cinder/rootwrap.conf env LC_ALL=C qemu-img info -f qcow2 --output=json --force-share /opt/stack/data/cinder/mnt/221ce42a5b68c41a22f29c4600b5806f/volume-477e0e71-ad2f-4d6a-a8fe-277c31d4c173 {{(pid=94106) execute /opt/stack/data/venv/lib/python3.12/site-packages/oslo_concurrency/processutils.py:440}}
Aug 19 17:26:39 devstack sudo[102718]: pam_unix(sudo:session): session closed for user root
Aug 19 17:26:39 devstack cinder-volume[94106]: DEBUG oslo_concurrency.processutils [None req-c2c0eae6-0265-4cef-8c15-c1d40e36088f tempest-VolumesNegativeTest-565999784 None] CMD "sudo cinder-rootwrap /etc/cinder/rootwrap.conf rm -f /opt/stack/data/cinder/mnt/221ce42a5b68c41a22f29c4600b5806f/volume-469fc583-dee4-473c-8cf7-7184182fc1b9" returned: 0 in 0.461s {{(pid=94106) execute /opt/stack/data/venv/lib/python3.12/site-packages/oslo_concurrency/processutils.py:468}}
Aug 19 17:26:39 devstack cinder-volume[94106]: DEBUG cinder.coordination [None req-c2c0eae6-0265-4cef-8c15-c1d40e36088f tempest-VolumesNegativeTest-565999784 None] Lock "cinder-quobyte-469fc583-dee4-473c-8cf7-7184182fc1b9" released by "delete_volume" :: held 1.091s {{(pid=94106) __release /opt/stack/cinder/cinder/coordination.py:152}}
Aug 19 17:26:39 devstack sudo[103066]: quobyte : PWD=/ ; USER=root ; COMMAND=/opt/stack/data/venv/bin/cinder-rootwrap /etc/cinder/rootwrap.conf env LC_ALL=C qemu-img info -f qcow2 --output=json --force-share /opt/stack/data/cinder/mnt/221ce42a5b68c41a22f29c4600b5806f/volume-477e0e71-ad2f-4d6a-a8fe-277c31d4c173
Aug 19 17:26:39 devstack sudo[103066]: pam_unix(sudo:session): session opened for user root(uid=0) by (uid=1000)
Aug 19 17:26:39 devstack cinder-volume[94106]: DEBUG cinder.quota [None req-c2c0eae6-0265-4cef-8c15-c1d40e36088f tempest-VolumesNegativeTest-565999784 None] Created reservations ['d1c8244d-bb24-4e86-85cd-b51ce7ba91b0', 'f546ffec-3470-4078-b78e-f0329c32e667', '29a22174-a7a7-497d-b27c-38bbef483f66', '226edf64-8801-4974-ba88-b4da494939d0'] {{(pid=94106) reserve /opt/stack/cinder/cinder/quota.py:752}}
Aug 19 17:26:39 devstack cinder-volume[94106]: DEBUG oslo_concurrency.lockutils [None req-c2c0eae6-0265-4cef-8c15-c1d40e36088f tempest-VolumesNegativeTest-565999784 None] Acquiring lock "quobyte_ensure" by "cinder.volume.drivers.quobyte.QuobyteDriver._ensure_shares_mounted" {{(pid=94106) inner /opt/stack/data/venv/lib/python3.12/site-packages/oslo_concurrency/lockutils.py:512}}
Aug 19 17:26:39 devstack cinder-volume[94106]: DEBUG oslo_concurrency.lockutils [None req-c2c0eae6-0265-4cef-8c15-c1d40e36088f tempest-VolumesNegativeTest-565999784 None] Lock "quobyte_ensure" acquired by "cinder.volume.drivers.quobyte.QuobyteDriver._ensure_shares_mounted" :: waited 0.001s {{(pid=94106) inner /opt/stack/data/venv/lib/python3.12/site-packages/oslo_concurrency/lockutils.py:525}}
Aug 19 17:26:39 devstack cinder-volume[94106]: DEBUG cinder.volume.drivers.quobyte [None req-c2c0eae6-0265-4cef-8c15-c1d40e36088f tempest-VolumesNegativeTest-565999784 None] Quobyte Volume URL set to: {'osci02.corp.quobyte.com/cinder-vol-f2768593-d998-451c-ae46-8f751f2b4dc6': None} {{(pid=94106) _load_shares_config /opt/stack/cinder/cinder/volume/drivers/quobyte.py:665}}
Aug 19 17:26:39 devstack cinder-volume[94106]: DEBUG cinder.volume.drivers.quobyte [None req-c2c0eae6-0265-4cef-8c15-c1d40e36088f tempest-VolumesNegativeTest-565999784 None] Available shares ['osci02.corp.quobyte.com/cinder-vol-f2768593-d998-451c-ae46-8f751f2b4dc6'] {{(pid=94106) _ensure_shares_mounted /opt/stack/cinder/cinder/volume/drivers/quobyte.py:695}}
Aug 19 17:26:39 devstack cinder-volume[94106]: DEBUG oslo_concurrency.lockutils [None req-c2c0eae6-0265-4cef-8c15-c1d40e36088f tempest-VolumesNegativeTest-565999784 None] Lock "quobyte_ensure" "released" by "cinder.volume.drivers.quobyte.QuobyteDriver._ensure_shares_mounted" :: held 0.010s {{(pid=94106) inner /opt/stack/data/venv/lib/python3.12/site-packages/oslo_concurrency/lockutils.py:544}}
Aug 19 17:26:39 devstack cinder-volume[94106]: DEBUG oslo_concurrency.processutils [None req-c2c0eae6-0265-4cef-8c15-c1d40e36088f tempest-VolumesNegativeTest-565999784 None] Running cmd (subprocess): sudo cinder-rootwrap /etc/cinder/rootwrap.conf df --portability --block-size 1 /opt/stack/data/cinder/mnt/221ce42a5b68c41a22f29c4600b5806f {{(pid=94106) execute /opt/stack/data/venv/lib/python3.12/site-packages/oslo_concurrency/processutils.py:440}}
Aug 19 17:26:39 devstack sudo[103075]: quobyte : PWD=/ ; USER=root ; COMMAND=/opt/stack/data/venv/bin/cinder-rootwrap /etc/cinder/rootwrap.conf df --portability --block-size 1 /opt/stack/data/cinder/mnt/221ce42a5b68c41a22f29c4600b5806f
Aug 19 17:26:39 devstack sudo[103075]: pam_unix(sudo:session): session opened for user root(uid=0) by (uid=1000)
Aug 19 17:26:39 devstack sudo[103066]: pam_unix(sudo:session): session closed for user root
Aug 19 17:26:39 devstack cinder-volume[94106]: DEBUG oslo_concurrency.processutils [None req-c78adfa6-79dc-4b9c-96f3-93d3c72368ce tempest-GroupSnapshotsV319Test-1961941486 None] CMD "/opt/stack/data/venv/bin/python3.12 -m oslo_concurrency.prlimit --as=1073741824 --cpu=60 -- sudo cinder-rootwrap /etc/cinder/rootwrap.conf env LC_ALL=C qemu-img info -f qcow2 --output=json --force-share /opt/stack/data/cinder/mnt/221ce42a5b68c41a22f29c4600b5806f/volume-477e0e71-ad2f-4d6a-a8fe-277c31d4c173" returned: 0 in 0.723s {{(pid=94106) execute /opt/stack/data/venv/lib/python3.12/site-packages/oslo_concurrency/processutils.py:468}}
Aug 19 17:26:39 devstack cinder-volume[94106]: DEBUG oslo_concurrency.processutils [None req-c78adfa6-79dc-4b9c-96f3-93d3c72368ce tempest-GroupSnapshotsV319Test-1961941486 None] Running cmd (subprocess): sudo cinder-rootwrap /etc/cinder/rootwrap.conf qemu-img commit -d /opt/stack/data/cinder/mnt/221ce42a5b68c41a22f29c4600b5806f/volume-477e0e71-ad2f-4d6a-a8fe-277c31d4c173.255e303e-7585-4729-930e-115be7885325 {{(pid=94106) execute /opt/stack/data/venv/lib/python3.12/site-packages/oslo_concurrency/processutils.py:440}}
Aug 19 17:26:39 devstack sudo[103092]: quobyte : PWD=/ ; USER=root ; COMMAND=/opt/stack/data/venv/bin/cinder-rootwrap /etc/cinder/rootwrap.conf qemu-img commit -d /opt/stack/data/cinder/mnt/221ce42a5b68c41a22f29c4600b5806f/volume-477e0e71-ad2f-4d6a-a8fe-277c31d4c173.255e303e-7585-4729-930e-115be7885325
Aug 19 17:26:39 devstack sudo[103092]: pam_unix(sudo:session): session opened for user root(uid=0) by (uid=1000)
Aug 19 17:26:39 devstack sudo[103075]: pam_unix(sudo:session): session closed for user root
Aug 19 17:26:39 devstack cinder-volume[94106]: DEBUG oslo_concurrency.processutils [None req-c2c0eae6-0265-4cef-8c15-c1d40e36088f tempest-VolumesNegativeTest-565999784 None] CMD "sudo cinder-rootwrap /etc/cinder/rootwrap.conf df --portability --block-size 1 /opt/stack/data/cinder/mnt/221ce42a5b68c41a22f29c4600b5806f" returned: 0 in 0.561s {{(pid=94106) execute /opt/stack/data/venv/lib/python3.12/site-packages/oslo_concurrency/processutils.py:468}}
Aug 19 17:26:39 devstack cinder-volume[94106]: DEBUG cinder.manager [None req-c2c0eae6-0265-4cef-8c15-c1d40e36088f tempest-VolumesNegativeTest-565999784 None] Notifying Schedulers of capabilities ... {{(pid=94106) _publish_service_capabilities /opt/stack/cinder/cinder/manager.py:219}}
Aug 19 17:26:39 devstack cinder-volume[94106]: INFO cinder.volume.manager [None req-c2c0eae6-0265-4cef-8c15-c1d40e36088f tempest-VolumesNegativeTest-565999784 None] Deleted volume successfully.
Aug 19 17:26:39 devstack cinder-volume[94106]: DEBUG cinder.coordination [None req-c2c0eae6-0265-4cef-8c15-c1d40e36088f tempest-VolumesNegativeTest-565999784 None] Lock "cinder-469fc583-dee4-473c-8cf7-7184182fc1b9-delete_volume" released by "delete_volume" :: held 2.009s {{(pid=94106) __release /opt/stack/cinder/cinder/coordination.py:152}}
Aug 19 17:26:40 devstack sudo[103092]: pam_unix(sudo:session): session closed for user root
Aug 19 17:26:40 devstack cinder-volume[94106]: DEBUG oslo_concurrency.processutils [None req-c78adfa6-79dc-4b9c-96f3-93d3c72368ce tempest-GroupSnapshotsV319Test-1961941486 None] CMD "sudo cinder-rootwrap /etc/cinder/rootwrap.conf qemu-img commit -d /opt/stack/data/cinder/mnt/221ce42a5b68c41a22f29c4600b5806f/volume-477e0e71-ad2f-4d6a-a8fe-277c31d4c173.255e303e-7585-4729-930e-115be7885325" returned: 0 in 0.682s {{(pid=94106) execute /opt/stack/data/venv/lib/python3.12/site-packages/oslo_concurrency/processutils.py:468}}
Aug 19 17:26:40 devstack cinder-volume[94106]: DEBUG oslo_concurrency.processutils [None req-c78adfa6-79dc-4b9c-96f3-93d3c72368ce tempest-GroupSnapshotsV319Test-1961941486 None] Running cmd (subprocess): sudo cinder-rootwrap /etc/cinder/rootwrap.conf rm -f /opt/stack/data/cinder/mnt/221ce42a5b68c41a22f29c4600b5806f/volume-477e0e71-ad2f-4d6a-a8fe-277c31d4c173.255e303e-7585-4729-930e-115be7885325 {{(pid=94106) execute /opt/stack/data/venv/lib/python3.12/site-packages/oslo_concurrency/processutils.py:440}}
Aug 19 17:26:40 devstack sudo[103115]: quobyte : PWD=/ ; USER=root ; COMMAND=/opt/stack/data/venv/bin/cinder-rootwrap /etc/cinder/rootwrap.conf rm -f /opt/stack/data/cinder/mnt/221ce42a5b68c41a22f29c4600b5806f/volume-477e0e71-ad2f-4d6a-a8fe-277c31d4c173.255e303e-7585-4729-930e-115be7885325
Aug 19 17:26:40 devstack sudo[103115]: pam_unix(sudo:session): session opened for user root(uid=0) by (uid=1000)
Aug 19 17:26:40 devstack sudo[103115]: pam_unix(sudo:session): session closed for user root
Aug 19 17:26:40 devstack cinder-volume[94106]: DEBUG oslo_concurrency.processutils [None req-c78adfa6-79dc-4b9c-96f3-93d3c72368ce tempest-GroupSnapshotsV319Test-1961941486 None] CMD "sudo cinder-rootwrap /etc/cinder/rootwrap.conf rm -f /opt/stack/data/cinder/mnt/221ce42a5b68c41a22f29c4600b5806f/volume-477e0e71-ad2f-4d6a-a8fe-277c31d4c173.255e303e-7585-4729-930e-115be7885325" returned: 0 in 0.364s {{(pid=94106) execute /opt/stack/data/venv/lib/python3.12/site-packages/oslo_concurrency/processutils.py:468}}
Aug 19 17:26:40 devstack cinder-volume[94106]: DEBUG cinder.coordination [None req-c78adfa6-79dc-4b9c-96f3-93d3c72368ce tempest-GroupSnapshotsV319Test-1961941486 None] Lock "cinder-quobyte-255e303e-7585-4729-930e-115be7885325" released by "_delete_snapshot" :: held 2.492s {{(pid=94106) __release /opt/stack/cinder/cinder/coordination.py:152}}
Aug 19 17:26:40 devstack cinder-volume[94106]: DEBUG cinder.coordination [None req-c78adfa6-79dc-4b9c-96f3-93d3c72368ce tempest-GroupSnapshotsV319Test-1961941486 None] Lock "cinder-quobyte-477e0e71-ad2f-4d6a-a8fe-277c31d4c173" released by "delete_snapshot" :: held 2.518s {{(pid=94106) __release /opt/stack/cinder/cinder/coordination.py:152}}
Aug 19 17:26:40 devstack cinder-volume[94106]: WARNING cinder.quota [None req-c78adfa6-79dc-4b9c-96f3-93d3c72368ce tempest-GroupSnapshotsV319Test-1961941486 None] Deprecated: Default quota for resource: gigabytes_tempest-GroupSnapshotsV319Test-volume-type-1913219987 is set by the default quota flag: quota_gigabytes_tempest-GroupSnapshotsV319Test-volume-type-1913219987, it is now deprecated. Please use the default quota class for default quota.
Aug 19 17:26:40 devstack cinder-volume[94106]: WARNING cinder.quota [None req-c78adfa6-79dc-4b9c-96f3-93d3c72368ce tempest-GroupSnapshotsV319Test-1961941486 None] Deprecated: Default quota for resource: snapshots_tempest-GroupSnapshotsV319Test-volume-type-1913219987 is set by the default quota flag: quota_snapshots_tempest-GroupSnapshotsV319Test-volume-type-1913219987, it is now deprecated. Please use the default quota class for default quota.
Aug 19 17:26:40 devstack cinder-volume[94106]: DEBUG cinder.quota [None req-c78adfa6-79dc-4b9c-96f3-93d3c72368ce tempest-GroupSnapshotsV319Test-1961941486 None] Created reservations ['d32e52ab-6fc4-4644-840f-543e92d71c03', 'da123b70-a566-4fd0-9476-ff9a6a07b239', 'e9207e62-327d-4031-95b7-e2fd569d2da2', '48248f63-67d3-46d5-886d-7905a588269f'] {{(pid=94106) reserve /opt/stack/cinder/cinder/quota.py:752}}
Aug 19 17:26:41 devstack cinder-volume[94106]: INFO cinder.volume.manager [None req-c78adfa6-79dc-4b9c-96f3-93d3c72368ce tempest-GroupSnapshotsV319Test-1961941486 None] group_snapshot 3cde6f53-6890-40b3-a5a0-6c19154172f4: deleted successfully
Aug 19 17:26:42 devstack cinder-volume[94106]: DEBUG cinder.coordination [None req-144641b9-a9ca-470d-bbdb-3bf52c61ea25 tempest-GroupSnapshotsV319Test-1961941486 None] Acquiring lock "cinder-quobyte-477e0e71-ad2f-4d6a-a8fe-277c31d4c173" by "delete_volume" {{(pid=94106) __acquire /opt/stack/cinder/cinder/coordination.py:138}}
Aug 19 17:26:42 devstack cinder-volume[94106]: DEBUG cinder.coordination [None req-144641b9-a9ca-470d-bbdb-3bf52c61ea25 tempest-GroupSnapshotsV319Test-1961941486 None] Lock "cinder-quobyte-477e0e71-ad2f-4d6a-a8fe-277c31d4c173" acquired by "delete_volume" :: waited 0.064s {{(pid=94106) __acquire /opt/stack/cinder/cinder/coordination.py:141}}
Aug 19 17:26:42 devstack cinder-volume[94106]: DEBUG oslo.privsep.daemon [-] privsep: reply[9715d3b2-1d6c-46ef-9c1b-5228f09ba4a0]: (4, 'qcow2') {{(pid=95310) _call_back /opt/stack/data/venv/lib/python3.12/site-packages/oslo_privsep/daemon.py:580}}
Aug 19 17:26:42 devstack cinder-volume[94106]: DEBUG oslo_concurrency.processutils [None req-144641b9-a9ca-470d-bbdb-3bf52c61ea25 tempest-GroupSnapshotsV319Test-1961941486 None] Running cmd (subprocess): /opt/stack/data/venv/bin/python3.12 -m oslo_concurrency.prlimit --as=1073741824 --cpu=60 -- sudo cinder-rootwrap /etc/cinder/rootwrap.conf env LC_ALL=C qemu-img info -f qcow2 --output=json --force-share /opt/stack/data/cinder/mnt/221ce42a5b68c41a22f29c4600b5806f/volume-477e0e71-ad2f-4d6a-a8fe-277c31d4c173 {{(pid=94106) execute /opt/stack/data/venv/lib/python3.12/site-packages/oslo_concurrency/processutils.py:440}}
Aug 19 17:26:42 devstack sudo[103139]: quobyte : PWD=/ ; USER=root ; COMMAND=/opt/stack/data/venv/bin/cinder-rootwrap /etc/cinder/rootwrap.conf env LC_ALL=C qemu-img info -f qcow2 --output=json --force-share /opt/stack/data/cinder/mnt/221ce42a5b68c41a22f29c4600b5806f/volume-477e0e71-ad2f-4d6a-a8fe-277c31d4c173
Aug 19 17:26:42 devstack sudo[103139]: pam_unix(sudo:session): session opened for user root(uid=0) by (uid=1000)
Aug 19 17:26:42 devstack sudo[103139]: pam_unix(sudo:session): session closed for user root
Aug 19 17:26:42 devstack cinder-volume[94106]: DEBUG oslo_concurrency.processutils [None req-144641b9-a9ca-470d-bbdb-3bf52c61ea25 tempest-GroupSnapshotsV319Test-1961941486 None] CMD "/opt/stack/data/venv/bin/python3.12 -m oslo_concurrency.prlimit --as=1073741824 --cpu=60 -- sudo cinder-rootwrap /etc/cinder/rootwrap.conf env LC_ALL=C qemu-img info -f qcow2 --output=json --force-share /opt/stack/data/cinder/mnt/221ce42a5b68c41a22f29c4600b5806f/volume-477e0e71-ad2f-4d6a-a8fe-277c31d4c173" returned: 0 in 0.569s {{(pid=94106) execute /opt/stack/data/venv/lib/python3.12/site-packages/oslo_concurrency/processutils.py:468}}
Aug 19 17:26:42 devstack cinder-volume[94106]: DEBUG oslo_concurrency.processutils [None req-144641b9-a9ca-470d-bbdb-3bf52c61ea25 tempest-GroupSnapshotsV319Test-1961941486 None] Running cmd (subprocess): sudo cinder-rootwrap /etc/cinder/rootwrap.conf rm -f /opt/stack/data/cinder/mnt/221ce42a5b68c41a22f29c4600b5806f/volume-477e0e71-ad2f-4d6a-a8fe-277c31d4c173 {{(pid=94106) execute /opt/stack/data/venv/lib/python3.12/site-packages/oslo_concurrency/processutils.py:440}}
Aug 19 17:26:42 devstack sudo[103145]: quobyte : PWD=/ ; USER=root ; COMMAND=/opt/stack/data/venv/bin/cinder-rootwrap /etc/cinder/rootwrap.conf rm -f /opt/stack/data/cinder/mnt/221ce42a5b68c41a22f29c4600b5806f/volume-477e0e71-ad2f-4d6a-a8fe-277c31d4c173
Aug 19 17:26:42 devstack sudo[103145]: pam_unix(sudo:session): session opened for user root(uid=0) by (uid=1000)
Aug 19 17:26:43 devstack sudo[103145]: pam_unix(sudo:session): session closed for user root
Aug 19 17:26:43 devstack cinder-volume[94106]: DEBUG oslo_concurrency.processutils [None req-144641b9-a9ca-470d-bbdb-3bf52c61ea25 tempest-GroupSnapshotsV319Test-1961941486 None] CMD "sudo cinder-rootwrap /etc/cinder/rootwrap.conf rm -f /opt/stack/data/cinder/mnt/221ce42a5b68c41a22f29c4600b5806f/volume-477e0e71-ad2f-4d6a-a8fe-277c31d4c173" returned: 0 in 0.506s {{(pid=94106) execute /opt/stack/data/venv/lib/python3.12/site-packages/oslo_concurrency/processutils.py:468}}
Aug 19 17:26:43 devstack cinder-volume[94106]: DEBUG cinder.coordination [None req-144641b9-a9ca-470d-bbdb-3bf52c61ea25 tempest-GroupSnapshotsV319Test-1961941486 None] Lock "cinder-quobyte-477e0e71-ad2f-4d6a-a8fe-277c31d4c173" released by "delete_volume" :: held 1.186s {{(pid=94106) __release /opt/stack/cinder/cinder/coordination.py:152}}
Aug 19 17:26:43 devstack cinder-volume[94106]: DEBUG cinder.quota [None req-144641b9-a9ca-470d-bbdb-3bf52c61ea25 tempest-GroupSnapshotsV319Test-1961941486 None] Created reservations ['0c285a69-58e3-4fff-838d-3ada274801cd'] {{(pid=94106) reserve /opt/stack/cinder/cinder/quota.py:752}}
Aug 19 17:26:43 devstack cinder-volume[94106]: WARNING cinder.quota [None req-144641b9-a9ca-470d-bbdb-3bf52c61ea25 tempest-GroupSnapshotsV319Test-1961941486 None] Deprecated: Default quota for resource: volumes_tempest-GroupSnapshotsV319Test-volume-type-1913219987 is set by the default quota flag: quota_volumes_tempest-GroupSnapshotsV319Test-volume-type-1913219987, it is now deprecated. Please use the default quota class for default quota.
Aug 19 17:26:43 devstack cinder-volume[94106]: DEBUG cinder.quota [None req-144641b9-a9ca-470d-bbdb-3bf52c61ea25 tempest-GroupSnapshotsV319Test-1961941486 None] Created reservations ['430f7b2f-74f9-4fbe-a112-fbb689e12de1', 'b68a7c56-f324-4182-b845-ac463d65a68f', '558a2abb-4c22-4500-ab33-440dd4c9d437', 'c91eb40a-9ad3-43d3-b9b0-dd4ba4fd873b'] {{(pid=94106) reserve /opt/stack/cinder/cinder/quota.py:752}}
Aug 19 17:26:43 devstack cinder-volume[94106]: DEBUG oslo_concurrency.lockutils [None req-144641b9-a9ca-470d-bbdb-3bf52c61ea25 tempest-GroupSnapshotsV319Test-1961941486 None] Acquiring lock "quobyte_ensure" by "cinder.volume.drivers.quobyte.QuobyteDriver._ensure_shares_mounted" {{(pid=94106) inner /opt/stack/data/venv/lib/python3.12/site-packages/oslo_concurrency/lockutils.py:512}}
Aug 19 17:26:43 devstack cinder-volume[94106]: DEBUG oslo_concurrency.lockutils [None req-144641b9-a9ca-470d-bbdb-3bf52c61ea25 tempest-GroupSnapshotsV319Test-1961941486 None] Lock "quobyte_ensure" acquired by "cinder.volume.drivers.quobyte.QuobyteDriver._ensure_shares_mounted" :: waited 0.001s {{(pid=94106) inner /opt/stack/data/venv/lib/python3.12/site-packages/oslo_concurrency/lockutils.py:525}}
Aug 19 17:26:43 devstack cinder-volume[94106]: DEBUG cinder.volume.drivers.quobyte [None req-144641b9-a9ca-470d-bbdb-3bf52c61ea25 tempest-GroupSnapshotsV319Test-1961941486 None] Quobyte Volume URL set to: {'osci02.corp.quobyte.com/cinder-vol-f2768593-d998-451c-ae46-8f751f2b4dc6': None} {{(pid=94106) _load_shares_config /opt/stack/cinder/cinder/volume/drivers/quobyte.py:665}}
Aug 19 17:26:43 devstack cinder-volume[94106]: DEBUG cinder.volume.drivers.quobyte [None req-144641b9-a9ca-470d-bbdb-3bf52c61ea25 tempest-GroupSnapshotsV319Test-1961941486 None] Available shares ['osci02.corp.quobyte.com/cinder-vol-f2768593-d998-451c-ae46-8f751f2b4dc6'] {{(pid=94106) _ensure_shares_mounted /opt/stack/cinder/cinder/volume/drivers/quobyte.py:695}}
Aug 19 17:26:43 devstack cinder-volume[94106]: DEBUG oslo_concurrency.lockutils [None req-144641b9-a9ca-470d-bbdb-3bf52c61ea25 tempest-GroupSnapshotsV319Test-1961941486 None] Lock "quobyte_ensure" "released" by "cinder.volume.drivers.quobyte.QuobyteDriver._ensure_shares_mounted" :: held 0.007s {{(pid=94106) inner /opt/stack/data/venv/lib/python3.12/site-packages/oslo_concurrency/lockutils.py:544}}
Aug 19 17:26:43 devstack cinder-volume[94106]: DEBUG oslo_concurrency.processutils [None req-144641b9-a9ca-470d-bbdb-3bf52c61ea25 tempest-GroupSnapshotsV319Test-1961941486 None] Running cmd (subprocess): sudo cinder-rootwrap /etc/cinder/rootwrap.conf df --portability --block-size 1 /opt/stack/data/cinder/mnt/221ce42a5b68c41a22f29c4600b5806f {{(pid=94106) execute /opt/stack/data/venv/lib/python3.12/site-packages/oslo_concurrency/processutils.py:440}}
Aug 19 17:26:43 devstack sudo[103148]: quobyte : PWD=/ ; USER=root ; COMMAND=/opt/stack/data/venv/bin/cinder-rootwrap /etc/cinder/rootwrap.conf df --portability --block-size 1 /opt/stack/data/cinder/mnt/221ce42a5b68c41a22f29c4600b5806f
Aug 19 17:26:43 devstack sudo[103148]: pam_unix(sudo:session): session opened for user root(uid=0) by (uid=1000)
Aug 19 17:26:44 devstack sudo[103148]: pam_unix(sudo:session): session closed for user root
Aug 19 17:26:44 devstack cinder-volume[94106]: DEBUG oslo_concurrency.processutils [None req-144641b9-a9ca-470d-bbdb-3bf52c61ea25 tempest-GroupSnapshotsV319Test-1961941486 None] CMD "sudo cinder-rootwrap /etc/cinder/rootwrap.conf df --portability --block-size 1 /opt/stack/data/cinder/mnt/221ce42a5b68c41a22f29c4600b5806f" returned: 0 in 0.295s {{(pid=94106) execute /opt/stack/data/venv/lib/python3.12/site-packages/oslo_concurrency/processutils.py:468}}
Aug 19 17:26:44 devstack cinder-volume[94106]: DEBUG cinder.manager [None req-144641b9-a9ca-470d-bbdb-3bf52c61ea25 tempest-GroupSnapshotsV319Test-1961941486 None] Notifying Schedulers of capabilities ... {{(pid=94106) _publish_service_capabilities /opt/stack/cinder/cinder/manager.py:219}}
Aug 19 17:26:44 devstack cinder-volume[94106]: INFO cinder.volume.manager [None req-144641b9-a9ca-470d-bbdb-3bf52c61ea25 tempest-GroupSnapshotsV319Test-1961941486 None] Delete group completed successfully.
