Feb 26 22:39:28 devstack cinder-volume[82632]: DEBUG oslo_concurrency.processutils [None req-3e50b11c-09f3-49a9-b987-d996b5581258 tempest-GroupSnapshotsTest-1705095739 None] CMD "sudo cinder-rootwrap /etc/cinder/rootwrap.conf qemu-img create -f qcow2 -o backing_file=/opt/stack/data/cinder/mnt/56e5519327c966b02758e70460007387/volume-5744c87e-2ff2-4b6c-a672-8bbeca346486,backing_fmt=qcow2 /opt/stack/data/cinder/mnt/56e5519327c966b02758e70460007387/volume-5744c87e-2ff2-4b6c-a672-8bbeca346486.3e1909dc-2f55-48ee-9926-487df1b6c45c 1G" returned: 0 in 0.651s {{(pid=82632) execute /opt/stack/data/venv/lib/python3.10/site-packages/oslo_concurrency/processutils.py:468}}
Feb 26 22:39:28 devstack cinder-volume[82632]: DEBUG oslo_concurrency.processutils [None req-3e50b11c-09f3-49a9-b987-d996b5581258 tempest-GroupSnapshotsTest-1705095739 None] Running cmd (subprocess): sudo cinder-rootwrap /etc/cinder/rootwrap.conf qemu-img rebase -u -b volume-5744c87e-2ff2-4b6c-a672-8bbeca346486 -F qcow2 /opt/stack/data/cinder/mnt/56e5519327c966b02758e70460007387/volume-5744c87e-2ff2-4b6c-a672-8bbeca346486.3e1909dc-2f55-48ee-9926-487df1b6c45c {{(pid=82632) execute /opt/stack/data/venv/lib/python3.10/site-packages/oslo_concurrency/processutils.py:440}}
Feb 26 22:39:28 devstack sudo[86163]: quobyte : PWD=/ ; USER=root ; COMMAND=/opt/stack/data/venv/bin/cinder-rootwrap /etc/cinder/rootwrap.conf qemu-img rebase -u -b volume-5744c87e-2ff2-4b6c-a672-8bbeca346486 -F qcow2 /opt/stack/data/cinder/mnt/56e5519327c966b02758e70460007387/volume-5744c87e-2ff2-4b6c-a672-8bbeca346486.3e1909dc-2f55-48ee-9926-487df1b6c45c
Feb 26 22:39:28 devstack sudo[86163]: pam_unix(sudo:session): session opened for user root(uid=0) by (uid=1000)
Feb 26 22:39:28 devstack sudo[86157]: pam_unix(sudo:session): session closed for user root
Feb 26 22:39:28 devstack cinder-volume[82632]: DEBUG oslo_concurrency.processutils [None req-c36fbfde-af03-4509-af37-f22732430254 tempest-VolumesActionsTest-1380986184 None] CMD "sudo cinder-rootwrap /etc/cinder/rootwrap.conf rm -f /opt/stack/data/cinder/mnt/56e5519327c966b02758e70460007387/volume-134268d8-a3b6-4776-9067-54122bdd9c81" returned: 0 in 0.575s {{(pid=82632) execute /opt/stack/data/venv/lib/python3.10/site-packages/oslo_concurrency/processutils.py:468}}
Feb 26 22:39:28 devstack cinder-volume[82632]: DEBUG cinder.coordination [None req-c36fbfde-af03-4509-af37-f22732430254 tempest-VolumesActionsTest-1380986184 None] Lock "cinder-quobyte-134268d8-a3b6-4776-9067-54122bdd9c81" released by "delete_volume" :: held 1.164s {{(pid=82632) __release /opt/stack/cinder/cinder/coordination.py:152}}
Feb 26 22:39:28 devstack cinder-volume[82632]: DEBUG cinder.quota [None req-c36fbfde-af03-4509-af37-f22732430254 tempest-VolumesActionsTest-1380986184 None] Created reservations ['9ace0c93-ad81-4c47-9744-b7f131c700a1', '3e6e02f7-f059-40f1-b8d6-6247303a9da4', 'db1ab53a-1dd1-4425-9852-430907150755', '02886cef-91d9-4f6d-9730-36aa48e70172'] {{(pid=82632) reserve /opt/stack/cinder/cinder/quota.py:752}}
Feb 26 22:39:28 devstack cinder-volume[82632]: DEBUG oslo_concurrency.lockutils [None req-c36fbfde-af03-4509-af37-f22732430254 tempest-VolumesActionsTest-1380986184 None] Acquiring lock "quobyte_ensure" by "cinder.volume.drivers.quobyte.QuobyteDriver._ensure_shares_mounted" {{(pid=82632) inner /opt/stack/data/venv/lib/python3.10/site-packages/oslo_concurrency/lockutils.py:506}}
Feb 26 22:39:28 devstack cinder-volume[82632]: DEBUG oslo_concurrency.lockutils [None req-c36fbfde-af03-4509-af37-f22732430254 tempest-VolumesActionsTest-1380986184 None] Lock "quobyte_ensure" acquired by "cinder.volume.drivers.quobyte.QuobyteDriver._ensure_shares_mounted" :: waited 0.001s {{(pid=82632) inner /opt/stack/data/venv/lib/python3.10/site-packages/oslo_concurrency/lockutils.py:519}}
Feb 26 22:39:28 devstack cinder-volume[82632]: DEBUG cinder.volume.drivers.quobyte [None req-c36fbfde-af03-4509-af37-f22732430254 tempest-VolumesActionsTest-1380986184 None] Quobyte Volume URL set to: {'osci02.corp.quobyte.com/cinder-vol-9d4eaf74-7949-4a63-9dfe-7f706fde3a6b': None} {{(pid=82632) _load_shares_config /opt/stack/cinder/cinder/volume/drivers/quobyte.py:617}}
Feb 26 22:39:28 devstack cinder-volume[82632]: DEBUG cinder.volume.drivers.quobyte [None req-c36fbfde-af03-4509-af37-f22732430254 tempest-VolumesActionsTest-1380986184 None] Available shares ['osci02.corp.quobyte.com/cinder-vol-9d4eaf74-7949-4a63-9dfe-7f706fde3a6b'] {{(pid=82632) _ensure_shares_mounted /opt/stack/cinder/cinder/volume/drivers/quobyte.py:647}}
Feb 26 22:39:28 devstack cinder-volume[82632]: DEBUG oslo_concurrency.lockutils [None req-c36fbfde-af03-4509-af37-f22732430254 tempest-VolumesActionsTest-1380986184 None] Lock "quobyte_ensure" "released" by "cinder.volume.drivers.quobyte.QuobyteDriver._ensure_shares_mounted" :: held 0.004s {{(pid=82632) inner /opt/stack/data/venv/lib/python3.10/site-packages/oslo_concurrency/lockutils.py:538}}
Feb 26 22:39:28 devstack cinder-volume[82632]: DEBUG oslo_concurrency.processutils [None req-c36fbfde-af03-4509-af37-f22732430254 tempest-VolumesActionsTest-1380986184 None] Running cmd (subprocess): sudo cinder-rootwrap /etc/cinder/rootwrap.conf df --portability --block-size 1 /opt/stack/data/cinder/mnt/56e5519327c966b02758e70460007387 {{(pid=82632) execute /opt/stack/data/venv/lib/python3.10/site-packages/oslo_concurrency/processutils.py:440}}
Feb 26 22:39:28 devstack sudo[86167]: quobyte : PWD=/ ; USER=root ; COMMAND=/opt/stack/data/venv/bin/cinder-rootwrap /etc/cinder/rootwrap.conf df --portability --block-size 1 /opt/stack/data/cinder/mnt/56e5519327c966b02758e70460007387
Feb 26 22:39:28 devstack sudo[86167]: pam_unix(sudo:session): session opened for user root(uid=0) by (uid=1000)
Feb 26 22:39:28 devstack sudo[86163]: pam_unix(sudo:session): session closed for user root
Feb 26 22:39:28 devstack cinder-volume[82632]: DEBUG oslo_concurrency.processutils [None req-3e50b11c-09f3-49a9-b987-d996b5581258 tempest-GroupSnapshotsTest-1705095739 None] CMD "sudo cinder-rootwrap /etc/cinder/rootwrap.conf qemu-img rebase -u -b volume-5744c87e-2ff2-4b6c-a672-8bbeca346486 -F qcow2 /opt/stack/data/cinder/mnt/56e5519327c966b02758e70460007387/volume-5744c87e-2ff2-4b6c-a672-8bbeca346486.3e1909dc-2f55-48ee-9926-487df1b6c45c" returned: 0 in 0.560s {{(pid=82632) execute /opt/stack/data/venv/lib/python3.10/site-packages/oslo_concurrency/processutils.py:468}}
Feb 26 22:39:28 devstack cinder-volume[82632]: WARNING cinder.volume.drivers.remotefs [None req-3e50b11c-09f3-49a9-b987-d996b5581258 tempest-GroupSnapshotsTest-1705095739 None] /opt/stack/data/cinder/mnt/56e5519327c966b02758e70460007387/volume-5744c87e-2ff2-4b6c-a672-8bbeca346486.3e1909dc-2f55-48ee-9926-487df1b6c45c is being set with open permissions: ugo+rw: NotImplementedError
Feb 26 22:39:28 devstack cinder-volume[82632]: DEBUG oslo_concurrency.processutils [None req-3e50b11c-09f3-49a9-b987-d996b5581258 tempest-GroupSnapshotsTest-1705095739 None] Running cmd (subprocess): sudo cinder-rootwrap /etc/cinder/rootwrap.conf chmod ugo+rw /opt/stack/data/cinder/mnt/56e5519327c966b02758e70460007387/volume-5744c87e-2ff2-4b6c-a672-8bbeca346486.3e1909dc-2f55-48ee-9926-487df1b6c45c {{(pid=82632) execute /opt/stack/data/venv/lib/python3.10/site-packages/oslo_concurrency/processutils.py:440}}
Feb 26 22:39:28 devstack sudo[86173]: quobyte : PWD=/ ; USER=root ; COMMAND=/opt/stack/data/venv/bin/cinder-rootwrap /etc/cinder/rootwrap.conf chmod ugo+rw /opt/stack/data/cinder/mnt/56e5519327c966b02758e70460007387/volume-5744c87e-2ff2-4b6c-a672-8bbeca346486.3e1909dc-2f55-48ee-9926-487df1b6c45c
Feb 26 22:39:28 devstack sudo[86173]: pam_unix(sudo:session): session opened for user root(uid=0) by (uid=1000)
Feb 26 22:39:28 devstack sudo[86167]: pam_unix(sudo:session): session closed for user root
Feb 26 22:39:28 devstack cinder-volume[82632]: DEBUG oslo_concurrency.processutils [None req-c36fbfde-af03-4509-af37-f22732430254 tempest-VolumesActionsTest-1380986184 None] CMD "sudo cinder-rootwrap /etc/cinder/rootwrap.conf df --portability --block-size 1 /opt/stack/data/cinder/mnt/56e5519327c966b02758e70460007387" returned: 0 in 0.468s {{(pid=82632) execute /opt/stack/data/venv/lib/python3.10/site-packages/oslo_concurrency/processutils.py:468}}
Feb 26 22:39:28 devstack cinder-volume[82632]: DEBUG cinder.manager [None req-c36fbfde-af03-4509-af37-f22732430254 tempest-VolumesActionsTest-1380986184 None] Notifying Schedulers of capabilities ... {{(pid=82632) _publish_service_capabilities /opt/stack/cinder/cinder/manager.py:202}}
Feb 26 22:39:28 devstack cinder-volume[82632]: INFO cinder.volume.manager [None req-c36fbfde-af03-4509-af37-f22732430254 tempest-VolumesActionsTest-1380986184 None] Deleted volume successfully.
Feb 26 22:39:28 devstack cinder-volume[82632]: DEBUG cinder.coordination [None req-c36fbfde-af03-4509-af37-f22732430254 tempest-VolumesActionsTest-1380986184 None] Lock "cinder-134268d8-a3b6-4776-9067-54122bdd9c81-delete_volume" released by "delete_volume" :: held 1.763s {{(pid=82632) __release /opt/stack/cinder/cinder/coordination.py:152}}
Feb 26 22:39:29 devstack sudo[86173]: pam_unix(sudo:session): session closed for user root
Feb 26 22:39:29 devstack cinder-volume[82632]: DEBUG oslo_concurrency.processutils [None req-3e50b11c-09f3-49a9-b987-d996b5581258 tempest-GroupSnapshotsTest-1705095739 None] CMD "sudo cinder-rootwrap /etc/cinder/rootwrap.conf chmod ugo+rw /opt/stack/data/cinder/mnt/56e5519327c966b02758e70460007387/volume-5744c87e-2ff2-4b6c-a672-8bbeca346486.3e1909dc-2f55-48ee-9926-487df1b6c45c" returned: 0 in 0.428s {{(pid=82632) execute /opt/stack/data/venv/lib/python3.10/site-packages/oslo_concurrency/processutils.py:468}}
Feb 26 22:39:29 devstack cinder-volume[82632]: DEBUG oslo_concurrency.processutils [None req-3e50b11c-09f3-49a9-b987-d996b5581258 tempest-GroupSnapshotsTest-1705095739 None] Running cmd (subprocess): sudo cinder-rootwrap /etc/cinder/rootwrap.conf truncate -s0 /opt/stack/data/cinder/mnt/56e5519327c966b02758e70460007387/volume-5744c87e-2ff2-4b6c-a672-8bbeca346486.info {{(pid=82632) execute /opt/stack/data/venv/lib/python3.10/site-packages/oslo_concurrency/processutils.py:440}}
Feb 26 22:39:29 devstack sudo[86177]: quobyte : PWD=/ ; USER=root ; COMMAND=/opt/stack/data/venv/bin/cinder-rootwrap /etc/cinder/rootwrap.conf truncate -s0 /opt/stack/data/cinder/mnt/56e5519327c966b02758e70460007387/volume-5744c87e-2ff2-4b6c-a672-8bbeca346486.info
Feb 26 22:39:29 devstack sudo[86177]: pam_unix(sudo:session): session opened for user root(uid=0) by (uid=1000)
Feb 26 22:39:29 devstack sudo[86177]: pam_unix(sudo:session): session closed for user root
Feb 26 22:39:29 devstack cinder-volume[82632]: DEBUG oslo_concurrency.processutils [None req-3e50b11c-09f3-49a9-b987-d996b5581258 tempest-GroupSnapshotsTest-1705095739 None] CMD "sudo cinder-rootwrap /etc/cinder/rootwrap.conf truncate -s0 /opt/stack/data/cinder/mnt/56e5519327c966b02758e70460007387/volume-5744c87e-2ff2-4b6c-a672-8bbeca346486.info" returned: 0 in 0.469s {{(pid=82632) execute /opt/stack/data/venv/lib/python3.10/site-packages/oslo_concurrency/processutils.py:468}}
Feb 26 22:39:29 devstack cinder-volume[82632]: WARNING cinder.volume.drivers.remotefs [None req-3e50b11c-09f3-49a9-b987-d996b5581258 tempest-GroupSnapshotsTest-1705095739 None] /opt/stack/data/cinder/mnt/56e5519327c966b02758e70460007387/volume-5744c87e-2ff2-4b6c-a672-8bbeca346486.info is being set with open permissions: ugo+rw: NotImplementedError
Feb 26 22:39:29 devstack cinder-volume[82632]: DEBUG oslo_concurrency.processutils [None req-3e50b11c-09f3-49a9-b987-d996b5581258 tempest-GroupSnapshotsTest-1705095739 None] Running cmd (subprocess): sudo cinder-rootwrap /etc/cinder/rootwrap.conf chmod ugo+rw /opt/stack/data/cinder/mnt/56e5519327c966b02758e70460007387/volume-5744c87e-2ff2-4b6c-a672-8bbeca346486.info {{(pid=82632) execute /opt/stack/data/venv/lib/python3.10/site-packages/oslo_concurrency/processutils.py:440}}
Feb 26 22:39:29 devstack sudo[86180]: quobyte : PWD=/ ; USER=root ; COMMAND=/opt/stack/data/venv/bin/cinder-rootwrap /etc/cinder/rootwrap.conf chmod ugo+rw /opt/stack/data/cinder/mnt/56e5519327c966b02758e70460007387/volume-5744c87e-2ff2-4b6c-a672-8bbeca346486.info
Feb 26 22:39:29 devstack sudo[86180]: pam_unix(sudo:session): session opened for user root(uid=0) by (uid=1000)
Feb 26 22:39:29 devstack sudo[86180]: pam_unix(sudo:session): session closed for user root
Feb 26 22:39:29 devstack cinder-volume[82632]: DEBUG oslo_concurrency.processutils [None req-3e50b11c-09f3-49a9-b987-d996b5581258 tempest-GroupSnapshotsTest-1705095739 None] CMD "sudo cinder-rootwrap /etc/cinder/rootwrap.conf chmod ugo+rw /opt/stack/data/cinder/mnt/56e5519327c966b02758e70460007387/volume-5744c87e-2ff2-4b6c-a672-8bbeca346486.info" returned: 0 in 0.479s {{(pid=82632) execute /opt/stack/data/venv/lib/python3.10/site-packages/oslo_concurrency/processutils.py:468}}
Feb 26 22:39:29 devstack cinder-volume[82632]: DEBUG oslo_concurrency.lockutils [None req-3e50b11c-09f3-49a9-b987-d996b5581258 tempest-GroupSnapshotsTest-1705095739 None] Lock "quobyte" "released" by "cinder.volume.drivers.quobyte.QuobyteDriver.create_snapshot" :: held 3.323s {{(pid=82632) inner /opt/stack/data/venv/lib/python3.10/site-packages/oslo_concurrency/lockutils.py:538}}
Feb 26 22:39:29 devstack cinder-volume[82632]: DEBUG oslo_concurrency.lockutils [None req-3e50b11c-09f3-49a9-b987-d996b5581258 tempest-GroupSnapshotsTest-1705095739 None] Acquiring lock "quobyte" by "cinder.volume.drivers.quobyte.QuobyteDriver.create_snapshot" {{(pid=82632) inner /opt/stack/data/venv/lib/python3.10/site-packages/oslo_concurrency/lockutils.py:506}}
Feb 26 22:39:29 devstack cinder-volume[82632]: DEBUG oslo_concurrency.lockutils [None req-3e50b11c-09f3-49a9-b987-d996b5581258 tempest-GroupSnapshotsTest-1705095739 None] Lock "quobyte" acquired by "cinder.volume.drivers.quobyte.QuobyteDriver.create_snapshot" :: waited 0.000s {{(pid=82632) inner /opt/stack/data/venv/lib/python3.10/site-packages/oslo_concurrency/lockutils.py:519}}
Feb 26 22:39:30 devstack cinder-volume[82632]: DEBUG cinder.volume.drivers.remotefs [None req-3e50b11c-09f3-49a9-b987-d996b5581258 tempest-GroupSnapshotsTest-1705095739 None] Creating offline snapshot 9b56aeac-c4ca-478a-96f2-3a1ba9623b1d of volume 8a6c14f3-d9f8-4c63-9060-6c8edbdfe202 {{(pid=82632) _create_snapshot /opt/stack/cinder/cinder/volume/drivers/remotefs.py:1815}}
Feb 26 22:39:30 devstack cinder-volume[82632]: DEBUG oslo.privsep.daemon [-] privsep: reply[1dd5d3a2-c26f-4771-bd8e-b889658603a1]: (4, 'qcow2') {{(pid=83418) _call_back /opt/stack/data/venv/lib/python3.10/site-packages/oslo_privsep/daemon.py:573}}
Feb 26 22:39:30 devstack cinder-volume[82632]: DEBUG oslo_concurrency.processutils [None req-3e50b11c-09f3-49a9-b987-d996b5581258 tempest-GroupSnapshotsTest-1705095739 None] Running cmd (subprocess): /opt/stack/data/venv/bin/python3.10 -m oslo_concurrency.prlimit --as=1073741824 --cpu=60 -- sudo cinder-rootwrap /etc/cinder/rootwrap.conf env LC_ALL=C qemu-img info -f qcow2 --output=json --force-share /opt/stack/data/cinder/mnt/56e5519327c966b02758e70460007387/volume-8a6c14f3-d9f8-4c63-9060-6c8edbdfe202 {{(pid=82632) execute /opt/stack/data/venv/lib/python3.10/site-packages/oslo_concurrency/processutils.py:440}}
Feb 26 22:39:30 devstack sudo[86183]: quobyte : PWD=/ ; USER=root ; COMMAND=/opt/stack/data/venv/bin/cinder-rootwrap /etc/cinder/rootwrap.conf env LC_ALL=C qemu-img info -f qcow2 --output=json --force-share /opt/stack/data/cinder/mnt/56e5519327c966b02758e70460007387/volume-8a6c14f3-d9f8-4c63-9060-6c8edbdfe202
Feb 26 22:39:30 devstack sudo[86183]: pam_unix(sudo:session): session opened for user root(uid=0) by (uid=1000)
Feb 26 22:39:30 devstack sudo[86183]: pam_unix(sudo:session): session closed for user root
Feb 26 22:39:30 devstack cinder-volume[82632]: DEBUG oslo_concurrency.processutils [None req-3e50b11c-09f3-49a9-b987-d996b5581258 tempest-GroupSnapshotsTest-1705095739 None] CMD "/opt/stack/data/venv/bin/python3.10 -m oslo_concurrency.prlimit --as=1073741824 --cpu=60 -- sudo cinder-rootwrap /etc/cinder/rootwrap.conf env LC_ALL=C qemu-img info -f qcow2 --output=json --force-share /opt/stack/data/cinder/mnt/56e5519327c966b02758e70460007387/volume-8a6c14f3-d9f8-4c63-9060-6c8edbdfe202" returned: 0 in 0.548s {{(pid=82632) execute /opt/stack/data/venv/lib/python3.10/site-packages/oslo_concurrency/processutils.py:468}}
Feb 26 22:39:30 devstack cinder-volume[82632]: DEBUG oslo_concurrency.processutils [None req-3e50b11c-09f3-49a9-b987-d996b5581258 tempest-GroupSnapshotsTest-1705095739 None] Running cmd (subprocess): sudo cinder-rootwrap /etc/cinder/rootwrap.conf qemu-img create -f qcow2 -o backing_file=/opt/stack/data/cinder/mnt/56e5519327c966b02758e70460007387/volume-8a6c14f3-d9f8-4c63-9060-6c8edbdfe202,backing_fmt=qcow2 /opt/stack/data/cinder/mnt/56e5519327c966b02758e70460007387/volume-8a6c14f3-d9f8-4c63-9060-6c8edbdfe202.9b56aeac-c4ca-478a-96f2-3a1ba9623b1d 1G {{(pid=82632) execute /opt/stack/data/venv/lib/python3.10/site-packages/oslo_concurrency/processutils.py:440}}
Feb 26 22:39:30 devstack sudo[86189]: quobyte : PWD=/ ; USER=root ; COMMAND=/opt/stack/data/venv/bin/cinder-rootwrap /etc/cinder/rootwrap.conf qemu-img create -f qcow2 -o backing_file=/opt/stack/data/cinder/mnt/56e5519327c966b02758e70460007387/volume-8a6c14f3-d9f8-4c63-9060-6c8edbdfe202,backing_fmt=qcow2 /opt/stack/data/cinder/mnt/56e5519327c966b02758e70460007387/volume-8a6c14f3-d9f8-4c63-9060-6c8edbdfe202.9b56aeac-c4ca-478a-96f2-3a1ba9623b1d 1G
Feb 26 22:39:30 devstack sudo[86189]: pam_unix(sudo:session): session opened for user root(uid=0) by (uid=1000)
Feb 26 22:39:31 devstack sudo[86189]: pam_unix(sudo:session): session closed for user root
Feb 26 22:39:31 devstack cinder-volume[82632]: DEBUG oslo_concurrency.processutils [None req-3e50b11c-09f3-49a9-b987-d996b5581258 tempest-GroupSnapshotsTest-1705095739 None] CMD "sudo cinder-rootwrap /etc/cinder/rootwrap.conf qemu-img create -f qcow2 -o backing_file=/opt/stack/data/cinder/mnt/56e5519327c966b02758e70460007387/volume-8a6c14f3-d9f8-4c63-9060-6c8edbdfe202,backing_fmt=qcow2 /opt/stack/data/cinder/mnt/56e5519327c966b02758e70460007387/volume-8a6c14f3-d9f8-4c63-9060-6c8edbdfe202.9b56aeac-c4ca-478a-96f2-3a1ba9623b1d 1G" returned: 0 in 0.521s {{(pid=82632) execute /opt/stack/data/venv/lib/python3.10/site-packages/oslo_concurrency/processutils.py:468}}
Feb 26 22:39:31 devstack cinder-volume[82632]: DEBUG oslo_concurrency.processutils [None req-3e50b11c-09f3-49a9-b987-d996b5581258 tempest-GroupSnapshotsTest-1705095739 None] Running cmd (subprocess): sudo cinder-rootwrap /etc/cinder/rootwrap.conf qemu-img rebase -u -b volume-8a6c14f3-d9f8-4c63-9060-6c8edbdfe202 -F qcow2 /opt/stack/data/cinder/mnt/56e5519327c966b02758e70460007387/volume-8a6c14f3-d9f8-4c63-9060-6c8edbdfe202.9b56aeac-c4ca-478a-96f2-3a1ba9623b1d {{(pid=82632) execute /opt/stack/data/venv/lib/python3.10/site-packages/oslo_concurrency/processutils.py:440}}
Feb 26 22:39:31 devstack sudo[86194]: quobyte : PWD=/ ; USER=root ; COMMAND=/opt/stack/data/venv/bin/cinder-rootwrap /etc/cinder/rootwrap.conf qemu-img rebase -u -b volume-8a6c14f3-d9f8-4c63-9060-6c8edbdfe202 -F qcow2 /opt/stack/data/cinder/mnt/56e5519327c966b02758e70460007387/volume-8a6c14f3-d9f8-4c63-9060-6c8edbdfe202.9b56aeac-c4ca-478a-96f2-3a1ba9623b1d
Feb 26 22:39:31 devstack sudo[86194]: pam_unix(sudo:session): session opened for user root(uid=0) by (uid=1000)
Feb 26 22:39:31 devstack sudo[86194]: pam_unix(sudo:session): session closed for user root
Feb 26 22:39:31 devstack cinder-volume[82632]: DEBUG oslo_concurrency.processutils [None req-3e50b11c-09f3-49a9-b987-d996b5581258 tempest-GroupSnapshotsTest-1705095739 None] CMD "sudo cinder-rootwrap /etc/cinder/rootwrap.conf qemu-img rebase -u -b volume-8a6c14f3-d9f8-4c63-9060-6c8edbdfe202 -F qcow2 /opt/stack/data/cinder/mnt/56e5519327c966b02758e70460007387/volume-8a6c14f3-d9f8-4c63-9060-6c8edbdfe202.9b56aeac-c4ca-478a-96f2-3a1ba9623b1d" returned: 0 in 0.549s {{(pid=82632) execute /opt/stack/data/venv/lib/python3.10/site-packages/oslo_concurrency/processutils.py:468}}
Feb 26 22:39:31 devstack cinder-volume[82632]: WARNING cinder.volume.drivers.remotefs [None req-3e50b11c-09f3-49a9-b987-d996b5581258 tempest-GroupSnapshotsTest-1705095739 None] /opt/stack/data/cinder/mnt/56e5519327c966b02758e70460007387/volume-8a6c14f3-d9f8-4c63-9060-6c8edbdfe202.9b56aeac-c4ca-478a-96f2-3a1ba9623b1d is being set with open permissions: ugo+rw: NotImplementedError
Feb 26 22:39:31 devstack cinder-volume[82632]: DEBUG oslo_concurrency.processutils [None req-3e50b11c-09f3-49a9-b987-d996b5581258 tempest-GroupSnapshotsTest-1705095739 None] Running cmd (subprocess): sudo cinder-rootwrap /etc/cinder/rootwrap.conf chmod ugo+rw /opt/stack/data/cinder/mnt/56e5519327c966b02758e70460007387/volume-8a6c14f3-d9f8-4c63-9060-6c8edbdfe202.9b56aeac-c4ca-478a-96f2-3a1ba9623b1d {{(pid=82632) execute /opt/stack/data/venv/lib/python3.10/site-packages/oslo_concurrency/processutils.py:440}}
Feb 26 22:39:31 devstack sudo[86199]: quobyte : PWD=/ ; USER=root ; COMMAND=/opt/stack/data/venv/bin/cinder-rootwrap /etc/cinder/rootwrap.conf chmod ugo+rw /opt/stack/data/cinder/mnt/56e5519327c966b02758e70460007387/volume-8a6c14f3-d9f8-4c63-9060-6c8edbdfe202.9b56aeac-c4ca-478a-96f2-3a1ba9623b1d
Feb 26 22:39:31 devstack sudo[86199]: pam_unix(sudo:session): session opened for user root(uid=0) by (uid=1000)
Feb 26 22:39:32 devstack sudo[86199]: pam_unix(sudo:session): session closed for user root
Feb 26 22:39:32 devstack cinder-volume[82632]: DEBUG oslo_concurrency.processutils [None req-3e50b11c-09f3-49a9-b987-d996b5581258 tempest-GroupSnapshotsTest-1705095739 None] CMD "sudo cinder-rootwrap /etc/cinder/rootwrap.conf chmod ugo+rw /opt/stack/data/cinder/mnt/56e5519327c966b02758e70460007387/volume-8a6c14f3-d9f8-4c63-9060-6c8edbdfe202.9b56aeac-c4ca-478a-96f2-3a1ba9623b1d" returned: 0 in 0.477s {{(pid=82632) execute /opt/stack/data/venv/lib/python3.10/site-packages/oslo_concurrency/processutils.py:468}}
Feb 26 22:39:32 devstack cinder-volume[82632]: DEBUG oslo_concurrency.processutils [None req-3e50b11c-09f3-49a9-b987-d996b5581258 tempest-GroupSnapshotsTest-1705095739 None] Running cmd (subprocess): sudo cinder-rootwrap /etc/cinder/rootwrap.conf truncate -s0 /opt/stack/data/cinder/mnt/56e5519327c966b02758e70460007387/volume-8a6c14f3-d9f8-4c63-9060-6c8edbdfe202.info {{(pid=82632) execute /opt/stack/data/venv/lib/python3.10/site-packages/oslo_concurrency/processutils.py:440}}
Feb 26 22:39:32 devstack sudo[86202]: quobyte : PWD=/ ; USER=root ; COMMAND=/opt/stack/data/venv/bin/cinder-rootwrap /etc/cinder/rootwrap.conf truncate -s0 /opt/stack/data/cinder/mnt/56e5519327c966b02758e70460007387/volume-8a6c14f3-d9f8-4c63-9060-6c8edbdfe202.info
Feb 26 22:39:32 devstack sudo[86202]: pam_unix(sudo:session): session opened for user root(uid=0) by (uid=1000)
Feb 26 22:39:32 devstack sudo[86202]: pam_unix(sudo:session): session closed for user root
Feb 26 22:39:32 devstack cinder-volume[82632]: DEBUG oslo_concurrency.processutils [None req-3e50b11c-09f3-49a9-b987-d996b5581258 tempest-GroupSnapshotsTest-1705095739 None] CMD "sudo cinder-rootwrap /etc/cinder/rootwrap.conf truncate -s0 /opt/stack/data/cinder/mnt/56e5519327c966b02758e70460007387/volume-8a6c14f3-d9f8-4c63-9060-6c8edbdfe202.info" returned: 0 in 0.504s {{(pid=82632) execute /opt/stack/data/venv/lib/python3.10/site-packages/oslo_concurrency/processutils.py:468}}
Feb 26 22:39:32 devstack cinder-volume[82632]: WARNING cinder.volume.drivers.remotefs [None req-3e50b11c-09f3-49a9-b987-d996b5581258 tempest-GroupSnapshotsTest-1705095739 None] /opt/stack/data/cinder/mnt/56e5519327c966b02758e70460007387/volume-8a6c14f3-d9f8-4c63-9060-6c8edbdfe202.info is being set with open permissions: ugo+rw: NotImplementedError
Feb 26 22:39:32 devstack cinder-volume[82632]: DEBUG oslo_concurrency.processutils [None req-3e50b11c-09f3-49a9-b987-d996b5581258 tempest-GroupSnapshotsTest-1705095739 None] Running cmd (subprocess): sudo cinder-rootwrap /etc/cinder/rootwrap.conf chmod ugo+rw /opt/stack/data/cinder/mnt/56e5519327c966b02758e70460007387/volume-8a6c14f3-d9f8-4c63-9060-6c8edbdfe202.info {{(pid=82632) execute /opt/stack/data/venv/lib/python3.10/site-packages/oslo_concurrency/processutils.py:440}}
Feb 26 22:39:32 devstack sudo[86206]: quobyte : PWD=/ ; USER=root ; COMMAND=/opt/stack/data/venv/bin/cinder-rootwrap /etc/cinder/rootwrap.conf chmod ugo+rw /opt/stack/data/cinder/mnt/56e5519327c966b02758e70460007387/volume-8a6c14f3-d9f8-4c63-9060-6c8edbdfe202.info
Feb 26 22:39:32 devstack sudo[86206]: pam_unix(sudo:session): session opened for user root(uid=0) by (uid=1000)
Feb 26 22:39:33 devstack sudo[86206]: pam_unix(sudo:session): session closed for user root
Feb 26 22:39:33 devstack cinder-volume[82632]: DEBUG oslo_concurrency.processutils [None req-3e50b11c-09f3-49a9-b987-d996b5581258 tempest-GroupSnapshotsTest-1705095739 None] CMD "sudo cinder-rootwrap /etc/cinder/rootwrap.conf chmod ugo+rw /opt/stack/data/cinder/mnt/56e5519327c966b02758e70460007387/volume-8a6c14f3-d9f8-4c63-9060-6c8edbdfe202.info" returned: 0 in 0.509s {{(pid=82632) execute /opt/stack/data/venv/lib/python3.10/site-packages/oslo_concurrency/processutils.py:468}}
Feb 26 22:39:33 devstack cinder-volume[82632]: DEBUG oslo_concurrency.lockutils [None req-3e50b11c-09f3-49a9-b987-d996b5581258 tempest-GroupSnapshotsTest-1705095739 None] Lock "quobyte" "released" by "cinder.volume.drivers.quobyte.QuobyteDriver.create_snapshot" :: held 3.162s {{(pid=82632) inner /opt/stack/data/venv/lib/python3.10/site-packages/oslo_concurrency/lockutils.py:538}}
Feb 26 22:39:33 devstack cinder-volume[82632]: INFO cinder.volume.manager [None req-3e50b11c-09f3-49a9-b987-d996b5581258 tempest-GroupSnapshotsTest-1705095739 None] group_snapshot 535b7808-d38f-4c99-af4b-2c6625d72aec: created successfully
Feb 26 22:39:33 devstack cinder-volume[82632]: INFO cinder.volume.manager [None req-43f50f9d-3615-4592-b4c2-9499c5a1c56c tempest-GroupSnapshotsTest-1705095739 None] group_snapshot 535b7808-d38f-4c99-af4b-2c6625d72aec: deleting
Feb 26 22:39:33 devstack cinder-volume[82632]: DEBUG cinder.volume.manager [None req-43f50f9d-3615-4592-b4c2-9499c5a1c56c tempest-GroupSnapshotsTest-1705095739 None] group_snapshot 535b7808-d38f-4c99-af4b-2c6625d72aec: deleting {{(pid=82632) delete_group_snapshot /opt/stack/cinder/cinder/volume/manager.py:4350}}
Feb 26 22:39:33 devstack cinder-volume[82632]: DEBUG cinder.coordination [None req-43f50f9d-3615-4592-b4c2-9499c5a1c56c tempest-GroupSnapshotsTest-1705095739 None] Acquiring lock "cinder-quobyte-5744c87e-2ff2-4b6c-a672-8bbeca346486" by "delete_snapshot" {{(pid=82632) __acquire /opt/stack/cinder/cinder/coordination.py:138}}
Feb 26 22:39:33 devstack cinder-volume[82632]: DEBUG cinder.coordination [None req-43f50f9d-3615-4592-b4c2-9499c5a1c56c tempest-GroupSnapshotsTest-1705095739 None] Lock "cinder-quobyte-5744c87e-2ff2-4b6c-a672-8bbeca346486" acquired by "delete_snapshot" :: waited 0.019s {{(pid=82632) __acquire /opt/stack/cinder/cinder/coordination.py:141}}
Feb 26 22:39:33 devstack cinder-volume[82632]: DEBUG cinder.coordination [None req-43f50f9d-3615-4592-b4c2-9499c5a1c56c tempest-GroupSnapshotsTest-1705095739 None] Acquiring lock "cinder-quobyte-3e1909dc-2f55-48ee-9926-487df1b6c45c" by "_delete_snapshot" {{(pid=82632) __acquire /opt/stack/cinder/cinder/coordination.py:138}}
Feb 26 22:39:33 devstack cinder-volume[82632]: DEBUG cinder.coordination [None req-43f50f9d-3615-4592-b4c2-9499c5a1c56c tempest-GroupSnapshotsTest-1705095739 None] Lock "cinder-quobyte-3e1909dc-2f55-48ee-9926-487df1b6c45c" acquired by "_delete_snapshot" :: waited 0.011s {{(pid=82632) __acquire /opt/stack/cinder/cinder/coordination.py:141}}
Feb 26 22:39:33 devstack cinder-volume[82632]: DEBUG cinder.volume.drivers.remotefs [None req-43f50f9d-3615-4592-b4c2-9499c5a1c56c tempest-GroupSnapshotsTest-1705095739 None] Deleting offline snapshot 3e1909dc-2f55-48ee-9926-487df1b6c45c of volume 5744c87e-2ff2-4b6c-a672-8bbeca346486 {{(pid=82632) _delete_snapshot /opt/stack/cinder/cinder/volume/drivers/remotefs.py:1288}}
Feb 26 22:39:33 devstack cinder-volume[82632]: DEBUG cinder.volume.drivers.remotefs [None req-43f50f9d-3615-4592-b4c2-9499c5a1c56c tempest-GroupSnapshotsTest-1705095739 None] snapshot_file for this snap is: volume-5744c87e-2ff2-4b6c-a672-8bbeca346486.3e1909dc-2f55-48ee-9926-487df1b6c45c {{(pid=82632) _delete_snapshot /opt/stack/cinder/cinder/volume/drivers/remotefs.py:1317}}
Feb 26 22:39:33 devstack cinder-volume[82632]: DEBUG oslo.privsep.daemon [-] privsep: reply[e3dff60f-a5b4-491b-9d27-740cdfa49b82]: (4, 'qcow2') {{(pid=83418) _call_back /opt/stack/data/venv/lib/python3.10/site-packages/oslo_privsep/daemon.py:573}}
Feb 26 22:39:33 devstack cinder-volume[82632]: DEBUG oslo_concurrency.processutils [None req-43f50f9d-3615-4592-b4c2-9499c5a1c56c tempest-GroupSnapshotsTest-1705095739 None] Running cmd (subprocess): /opt/stack/data/venv/bin/python3.10 -m oslo_concurrency.prlimit --as=1073741824 --cpu=60 -- sudo cinder-rootwrap /etc/cinder/rootwrap.conf env LC_ALL=C qemu-img info -f qcow2 --output=json --force-share /opt/stack/data/cinder/mnt/56e5519327c966b02758e70460007387/volume-5744c87e-2ff2-4b6c-a672-8bbeca346486.3e1909dc-2f55-48ee-9926-487df1b6c45c {{(pid=82632) execute /opt/stack/data/venv/lib/python3.10/site-packages/oslo_concurrency/processutils.py:440}}
Feb 26 22:39:34 devstack sudo[86210]: quobyte : PWD=/ ; USER=root ; COMMAND=/opt/stack/data/venv/bin/cinder-rootwrap /etc/cinder/rootwrap.conf env LC_ALL=C qemu-img info -f qcow2 --output=json --force-share /opt/stack/data/cinder/mnt/56e5519327c966b02758e70460007387/volume-5744c87e-2ff2-4b6c-a672-8bbeca346486.3e1909dc-2f55-48ee-9926-487df1b6c45c
Feb 26 22:39:34 devstack sudo[86210]: pam_unix(sudo:session): session opened for user root(uid=0) by (uid=1000)
Feb 26 22:39:34 devstack cinder-volume[82632]: DEBUG oslo_service.periodic_task [None req-4e9d721f-fc28-4aa0-9c19-f90423128308 None None] Running periodic task VolumeManager.publish_service_capabilities {{(pid=82632) run_periodic_tasks /opt/stack/data/venv/lib/python3.10/site-packages/oslo_service/periodic_task.py:210}}
Feb 26 22:39:34 devstack cinder-volume[82632]: DEBUG oslo_concurrency.lockutils [None req-4e9d721f-fc28-4aa0-9c19-f90423128308 None None] Acquiring lock "quobyte_ensure" by "cinder.volume.drivers.quobyte.QuobyteDriver._ensure_shares_mounted" {{(pid=82632) inner /opt/stack/data/venv/lib/python3.10/site-packages/oslo_concurrency/lockutils.py:506}}
Feb 26 22:39:34 devstack cinder-volume[82632]: DEBUG oslo_concurrency.lockutils [None req-4e9d721f-fc28-4aa0-9c19-f90423128308 None None] Lock "quobyte_ensure" acquired by "cinder.volume.drivers.quobyte.QuobyteDriver._ensure_shares_mounted" :: waited 0.000s {{(pid=82632) inner /opt/stack/data/venv/lib/python3.10/site-packages/oslo_concurrency/lockutils.py:519}}
Feb 26 22:39:34 devstack cinder-volume[82632]: DEBUG cinder.volume.drivers.quobyte [None req-4e9d721f-fc28-4aa0-9c19-f90423128308 None None] Quobyte Volume URL set to: {'osci02.corp.quobyte.com/cinder-vol-9d4eaf74-7949-4a63-9dfe-7f706fde3a6b': None} {{(pid=82632) _load_shares_config /opt/stack/cinder/cinder/volume/drivers/quobyte.py:617}}
Feb 26 22:39:34 devstack cinder-volume[82632]: DEBUG cinder.volume.drivers.quobyte [None req-4e9d721f-fc28-4aa0-9c19-f90423128308 None None] Available shares ['osci02.corp.quobyte.com/cinder-vol-9d4eaf74-7949-4a63-9dfe-7f706fde3a6b'] {{(pid=82632) _ensure_shares_mounted /opt/stack/cinder/cinder/volume/drivers/quobyte.py:647}}
Feb 26 22:39:34 devstack cinder-volume[82632]: DEBUG oslo_concurrency.lockutils [None req-4e9d721f-fc28-4aa0-9c19-f90423128308 None None] Lock "quobyte_ensure" "released" by "cinder.volume.drivers.quobyte.QuobyteDriver._ensure_shares_mounted" :: held 0.004s {{(pid=82632) inner /opt/stack/data/venv/lib/python3.10/site-packages/oslo_concurrency/lockutils.py:538}}
Feb 26 22:39:34 devstack cinder-volume[82632]: DEBUG oslo_concurrency.processutils [None req-4e9d721f-fc28-4aa0-9c19-f90423128308 None None] Running cmd (subprocess): sudo cinder-rootwrap /etc/cinder/rootwrap.conf df --portability --block-size 1 /opt/stack/data/cinder/mnt/56e5519327c966b02758e70460007387 {{(pid=82632) execute /opt/stack/data/venv/lib/python3.10/site-packages/oslo_concurrency/processutils.py:440}}
Feb 26 22:39:34 devstack sudo[86225]: quobyte : PWD=/ ; USER=root ; COMMAND=/opt/stack/data/venv/bin/cinder-rootwrap /etc/cinder/rootwrap.conf df --portability --block-size 1 /opt/stack/data/cinder/mnt/56e5519327c966b02758e70460007387
Feb 26 22:39:34 devstack sudo[86225]: pam_unix(sudo:session): session opened for user root(uid=0) by (uid=1000)
Feb 26 22:39:34 devstack sudo[86210]: pam_unix(sudo:session): session closed for user root
Feb 26 22:39:34 devstack cinder-volume[82632]: DEBUG oslo_concurrency.processutils [None req-43f50f9d-3615-4592-b4c2-9499c5a1c56c tempest-GroupSnapshotsTest-1705095739 None] CMD "/opt/stack/data/venv/bin/python3.10 -m oslo_concurrency.prlimit --as=1073741824 --cpu=60 -- sudo cinder-rootwrap /etc/cinder/rootwrap.conf env LC_ALL=C qemu-img info -f qcow2 --output=json --force-share /opt/stack/data/cinder/mnt/56e5519327c966b02758e70460007387/volume-5744c87e-2ff2-4b6c-a672-8bbeca346486.3e1909dc-2f55-48ee-9926-487df1b6c45c" returned: 0 in 0.609s {{(pid=82632) execute /opt/stack/data/venv/lib/python3.10/site-packages/oslo_concurrency/processutils.py:468}}
Feb 26 22:39:34 devstack cinder-volume[82632]: DEBUG cinder.volume.drivers.remotefs [None req-43f50f9d-3615-4592-b4c2-9499c5a1c56c tempest-GroupSnapshotsTest-1705095739 None] Fetching qemu-img info with special backing_file_template: (/opt/stack/data/cinder/mnt/[0-9a-f]+/)?(volume-5744c87e-2ff2-4b6c-a672-8bbeca346486(.(tmp-snap-)?[0-9a-f-]+)?|volume_from_snapshot_cache/(tmp-snap-)?[0-9a-f-]+(.(child-|parent-)[0-9a-f-]+)?)$ {{(pid=82632) _qemu_img_info_base /opt/stack/cinder/cinder/volume/drivers/remotefs.py:896}}
Feb 26 22:39:34 devstack cinder-volume[82632]: DEBUG oslo.privsep.daemon [-] privsep: reply[b6bc1cbd-9d1d-45f0-94bb-4de8b76fc83c]: (4, 'qcow2') {{(pid=83418) _call_back /opt/stack/data/venv/lib/python3.10/site-packages/oslo_privsep/daemon.py:573}}
Feb 26 22:39:34 devstack cinder-volume[82632]: DEBUG oslo_concurrency.processutils [None req-43f50f9d-3615-4592-b4c2-9499c5a1c56c tempest-GroupSnapshotsTest-1705095739 None] Running cmd (subprocess): /opt/stack/data/venv/bin/python3.10 -m oslo_concurrency.prlimit --as=1073741824 --cpu=60 -- sudo cinder-rootwrap /etc/cinder/rootwrap.conf env LC_ALL=C qemu-img info -f qcow2 --output=json --force-share /opt/stack/data/cinder/mnt/56e5519327c966b02758e70460007387/volume-5744c87e-2ff2-4b6c-a672-8bbeca346486 {{(pid=82632) execute /opt/stack/data/venv/lib/python3.10/site-packages/oslo_concurrency/processutils.py:440}}
Feb 26 22:39:34 devstack sudo[86228]: quobyte : PWD=/ ; USER=root ; COMMAND=/opt/stack/data/venv/bin/cinder-rootwrap /etc/cinder/rootwrap.conf env LC_ALL=C qemu-img info -f qcow2 --output=json --force-share /opt/stack/data/cinder/mnt/56e5519327c966b02758e70460007387/volume-5744c87e-2ff2-4b6c-a672-8bbeca346486
Feb 26 22:39:34 devstack sudo[86228]: pam_unix(sudo:session): session opened for user root(uid=0) by (uid=1000)
Feb 26 22:39:34 devstack sudo[86225]: pam_unix(sudo:session): session closed for user root
Feb 26 22:39:34 devstack cinder-volume[82632]: DEBUG oslo_concurrency.processutils [None req-4e9d721f-fc28-4aa0-9c19-f90423128308 None None] CMD "sudo cinder-rootwrap /etc/cinder/rootwrap.conf df --portability --block-size 1 /opt/stack/data/cinder/mnt/56e5519327c966b02758e70460007387" returned: 0 in 0.530s {{(pid=82632) execute /opt/stack/data/venv/lib/python3.10/site-packages/oslo_concurrency/processutils.py:468}}
Feb 26 22:39:34 devstack cinder-volume[82632]: DEBUG cinder.manager [None req-4e9d721f-fc28-4aa0-9c19-f90423128308 None None] Notifying Schedulers of capabilities ... {{(pid=82632) _publish_service_capabilities /opt/stack/cinder/cinder/manager.py:202}}
Feb 26 22:39:35 devstack sudo[86228]: pam_unix(sudo:session): session closed for user root
Feb 26 22:39:35 devstack cinder-volume[82632]: DEBUG oslo_concurrency.processutils [None req-43f50f9d-3615-4592-b4c2-9499c5a1c56c tempest-GroupSnapshotsTest-1705095739 None] CMD "/opt/stack/data/venv/bin/python3.10 -m oslo_concurrency.prlimit --as=1073741824 --cpu=60 -- sudo cinder-rootwrap /etc/cinder/rootwrap.conf env LC_ALL=C qemu-img info -f qcow2 --output=json --force-share /opt/stack/data/cinder/mnt/56e5519327c966b02758e70460007387/volume-5744c87e-2ff2-4b6c-a672-8bbeca346486" returned: 0 in 0.659s {{(pid=82632) execute /opt/stack/data/venv/lib/python3.10/site-packages/oslo_concurrency/processutils.py:468}}
Feb 26 22:39:35 devstack cinder-volume[82632]: DEBUG oslo_concurrency.processutils [None req-43f50f9d-3615-4592-b4c2-9499c5a1c56c tempest-GroupSnapshotsTest-1705095739 None] Running cmd (subprocess): sudo cinder-rootwrap /etc/cinder/rootwrap.conf qemu-img commit -d /opt/stack/data/cinder/mnt/56e5519327c966b02758e70460007387/volume-5744c87e-2ff2-4b6c-a672-8bbeca346486.3e1909dc-2f55-48ee-9926-487df1b6c45c {{(pid=82632) execute /opt/stack/data/venv/lib/python3.10/site-packages/oslo_concurrency/processutils.py:440}}
Feb 26 22:39:35 devstack sudo[86239]: quobyte : PWD=/ ; USER=root ; COMMAND=/opt/stack/data/venv/bin/cinder-rootwrap /etc/cinder/rootwrap.conf qemu-img commit -d /opt/stack/data/cinder/mnt/56e5519327c966b02758e70460007387/volume-5744c87e-2ff2-4b6c-a672-8bbeca346486.3e1909dc-2f55-48ee-9926-487df1b6c45c
Feb 26 22:39:35 devstack sudo[86239]: pam_unix(sudo:session): session opened for user root(uid=0) by (uid=1000)
Feb 26 22:39:35 devstack sudo[86239]: pam_unix(sudo:session): session closed for user root
Feb 26 22:39:35 devstack cinder-volume[82632]: DEBUG oslo_concurrency.processutils [None req-43f50f9d-3615-4592-b4c2-9499c5a1c56c tempest-GroupSnapshotsTest-1705095739 None] CMD "sudo cinder-rootwrap /etc/cinder/rootwrap.conf qemu-img commit -d /opt/stack/data/cinder/mnt/56e5519327c966b02758e70460007387/volume-5744c87e-2ff2-4b6c-a672-8bbeca346486.3e1909dc-2f55-48ee-9926-487df1b6c45c" returned: 0 in 0.519s {{(pid=82632) execute /opt/stack/data/venv/lib/python3.10/site-packages/oslo_concurrency/processutils.py:468}}
Feb 26 22:39:35 devstack cinder-volume[82632]: DEBUG oslo_concurrency.processutils [None req-43f50f9d-3615-4592-b4c2-9499c5a1c56c tempest-GroupSnapshotsTest-1705095739 None] Running cmd (subprocess): sudo cinder-rootwrap /etc/cinder/rootwrap.conf rm -f /opt/stack/data/cinder/mnt/56e5519327c966b02758e70460007387/volume-5744c87e-2ff2-4b6c-a672-8bbeca346486.3e1909dc-2f55-48ee-9926-487df1b6c45c {{(pid=82632) execute /opt/stack/data/venv/lib/python3.10/site-packages/oslo_concurrency/processutils.py:440}}
Feb 26 22:39:35 devstack sudo[86245]: quobyte : PWD=/ ; USER=root ; COMMAND=/opt/stack/data/venv/bin/cinder-rootwrap /etc/cinder/rootwrap.conf rm -f /opt/stack/data/cinder/mnt/56e5519327c966b02758e70460007387/volume-5744c87e-2ff2-4b6c-a672-8bbeca346486.3e1909dc-2f55-48ee-9926-487df1b6c45c
Feb 26 22:39:35 devstack sudo[86245]: pam_unix(sudo:session): session opened for user root(uid=0) by (uid=1000)
Feb 26 22:39:36 devstack sudo[86245]: pam_unix(sudo:session): session closed for user root
Feb 26 22:39:36 devstack cinder-volume[82632]: DEBUG oslo_concurrency.processutils [None req-43f50f9d-3615-4592-b4c2-9499c5a1c56c tempest-GroupSnapshotsTest-1705095739 None] CMD "sudo cinder-rootwrap /etc/cinder/rootwrap.conf rm -f /opt/stack/data/cinder/mnt/56e5519327c966b02758e70460007387/volume-5744c87e-2ff2-4b6c-a672-8bbeca346486.3e1909dc-2f55-48ee-9926-487df1b6c45c" returned: 0 in 0.522s {{(pid=82632) execute /opt/stack/data/venv/lib/python3.10/site-packages/oslo_concurrency/processutils.py:468}}
Feb 26 22:39:36 devstack cinder-volume[82632]: DEBUG cinder.coordination [None req-43f50f9d-3615-4592-b4c2-9499c5a1c56c tempest-GroupSnapshotsTest-1705095739 None] Lock "cinder-quobyte-3e1909dc-2f55-48ee-9926-487df1b6c45c" released by "_delete_snapshot" :: held 2.367s {{(pid=82632) __release /opt/stack/cinder/cinder/coordination.py:152}}
Feb 26 22:39:36 devstack cinder-volume[82632]: DEBUG cinder.coordination [None req-43f50f9d-3615-4592-b4c2-9499c5a1c56c tempest-GroupSnapshotsTest-1705095739 None] Lock "cinder-quobyte-5744c87e-2ff2-4b6c-a672-8bbeca346486" released by "delete_snapshot" :: held 2.384s {{(pid=82632) __release /opt/stack/cinder/cinder/coordination.py:152}}
Feb 26 22:39:36 devstack cinder-volume[82632]: DEBUG cinder.coordination [None req-43f50f9d-3615-4592-b4c2-9499c5a1c56c tempest-GroupSnapshotsTest-1705095739 None] Acquiring lock "cinder-quobyte-8a6c14f3-d9f8-4c63-9060-6c8edbdfe202" by "delete_snapshot" {{(pid=82632) __acquire /opt/stack/cinder/cinder/coordination.py:138}}
Feb 26 22:39:36 devstack cinder-volume[82632]: DEBUG cinder.coordination [None req-43f50f9d-3615-4592-b4c2-9499c5a1c56c tempest-GroupSnapshotsTest-1705095739 None] Lock "cinder-quobyte-8a6c14f3-d9f8-4c63-9060-6c8edbdfe202" acquired by "delete_snapshot" :: waited 0.007s {{(pid=82632) __acquire /opt/stack/cinder/cinder/coordination.py:141}}
Feb 26 22:39:36 devstack cinder-volume[82632]: DEBUG cinder.coordination [None req-43f50f9d-3615-4592-b4c2-9499c5a1c56c tempest-GroupSnapshotsTest-1705095739 None] Acquiring lock "cinder-quobyte-9b56aeac-c4ca-478a-96f2-3a1ba9623b1d" by "_delete_snapshot" {{(pid=82632) __acquire /opt/stack/cinder/cinder/coordination.py:138}}
Feb 26 22:39:36 devstack cinder-volume[82632]: DEBUG cinder.coordination [None req-43f50f9d-3615-4592-b4c2-9499c5a1c56c tempest-GroupSnapshotsTest-1705095739 None] Lock "cinder-quobyte-9b56aeac-c4ca-478a-96f2-3a1ba9623b1d" acquired by "_delete_snapshot" :: waited 0.007s {{(pid=82632) __acquire /opt/stack/cinder/cinder/coordination.py:141}}
Feb 26 22:39:36 devstack cinder-volume[82632]: DEBUG cinder.volume.drivers.remotefs [None req-43f50f9d-3615-4592-b4c2-9499c5a1c56c tempest-GroupSnapshotsTest-1705095739 None] Deleting offline snapshot 9b56aeac-c4ca-478a-96f2-3a1ba9623b1d of volume 8a6c14f3-d9f8-4c63-9060-6c8edbdfe202 {{(pid=82632) _delete_snapshot /opt/stack/cinder/cinder/volume/drivers/remotefs.py:1288}}
Feb 26 22:39:36 devstack cinder-volume[82632]: DEBUG cinder.volume.drivers.remotefs [None req-43f50f9d-3615-4592-b4c2-9499c5a1c56c tempest-GroupSnapshotsTest-1705095739 None] snapshot_file for this snap is: volume-8a6c14f3-d9f8-4c63-9060-6c8edbdfe202.9b56aeac-c4ca-478a-96f2-3a1ba9623b1d {{(pid=82632) _delete_snapshot /opt/stack/cinder/cinder/volume/drivers/remotefs.py:1317}}
Feb 26 22:39:36 devstack cinder-volume[82632]: DEBUG oslo.privsep.daemon [-] privsep: reply[6f66f684-9c14-44b2-8220-827cc9c70784]: (4, 'qcow2') {{(pid=83418) _call_back /opt/stack/data/venv/lib/python3.10/site-packages/oslo_privsep/daemon.py:573}}
Feb 26 22:39:36 devstack cinder-volume[82632]: DEBUG oslo_concurrency.processutils [None req-43f50f9d-3615-4592-b4c2-9499c5a1c56c tempest-GroupSnapshotsTest-1705095739 None] Running cmd (subprocess): /opt/stack/data/venv/bin/python3.10 -m oslo_concurrency.prlimit --as=1073741824 --cpu=60 -- sudo cinder-rootwrap /etc/cinder/rootwrap.conf env LC_ALL=C qemu-img info -f qcow2 --output=json --force-share /opt/stack/data/cinder/mnt/56e5519327c966b02758e70460007387/volume-8a6c14f3-d9f8-4c63-9060-6c8edbdfe202.9b56aeac-c4ca-478a-96f2-3a1ba9623b1d {{(pid=82632) execute /opt/stack/data/venv/lib/python3.10/site-packages/oslo_concurrency/processutils.py:440}}
Feb 26 22:39:36 devstack sudo[86249]: quobyte : PWD=/ ; USER=root ; COMMAND=/opt/stack/data/venv/bin/cinder-rootwrap /etc/cinder/rootwrap.conf env LC_ALL=C qemu-img info -f qcow2 --output=json --force-share /opt/stack/data/cinder/mnt/56e5519327c966b02758e70460007387/volume-8a6c14f3-d9f8-4c63-9060-6c8edbdfe202.9b56aeac-c4ca-478a-96f2-3a1ba9623b1d
Feb 26 22:39:36 devstack sudo[86249]: pam_unix(sudo:session): session opened for user root(uid=0) by (uid=1000)
Feb 26 22:39:36 devstack sudo[86249]: pam_unix(sudo:session): session closed for user root
Feb 26 22:39:36 devstack cinder-volume[82632]: DEBUG oslo_concurrency.processutils [None req-43f50f9d-3615-4592-b4c2-9499c5a1c56c tempest-GroupSnapshotsTest-1705095739 None] CMD "/opt/stack/data/venv/bin/python3.10 -m oslo_concurrency.prlimit --as=1073741824 --cpu=60 -- sudo cinder-rootwrap /etc/cinder/rootwrap.conf env LC_ALL=C qemu-img info -f qcow2 --output=json --force-share /opt/stack/data/cinder/mnt/56e5519327c966b02758e70460007387/volume-8a6c14f3-d9f8-4c63-9060-6c8edbdfe202.9b56aeac-c4ca-478a-96f2-3a1ba9623b1d" returned: 0 in 0.595s {{(pid=82632) execute /opt/stack/data/venv/lib/python3.10/site-packages/oslo_concurrency/processutils.py:468}}
Feb 26 22:39:36 devstack cinder-volume[82632]: DEBUG cinder.volume.drivers.remotefs [None req-43f50f9d-3615-4592-b4c2-9499c5a1c56c tempest-GroupSnapshotsTest-1705095739 None] Fetching qemu-img info with special backing_file_template: (/opt/stack/data/cinder/mnt/[0-9a-f]+/)?(volume-8a6c14f3-d9f8-4c63-9060-6c8edbdfe202(.(tmp-snap-)?[0-9a-f-]+)?|volume_from_snapshot_cache/(tmp-snap-)?[0-9a-f-]+(.(child-|parent-)[0-9a-f-]+)?)$ {{(pid=82632) _qemu_img_info_base /opt/stack/cinder/cinder/volume/drivers/remotefs.py:896}}
Feb 26 22:39:36 devstack cinder-volume[82632]: DEBUG oslo.privsep.daemon [-] privsep: reply[8b90d0ec-7db7-48c0-9c05-c07201d103f2]: (4, 'qcow2') {{(pid=83418) _call_back /opt/stack/data/venv/lib/python3.10/site-packages/oslo_privsep/daemon.py:573}}
Feb 26 22:39:36 devstack cinder-volume[82632]: DEBUG oslo_concurrency.processutils [None req-43f50f9d-3615-4592-b4c2-9499c5a1c56c tempest-GroupSnapshotsTest-1705095739 None] Running cmd (subprocess): /opt/stack/data/venv/bin/python3.10 -m oslo_concurrency.prlimit --as=1073741824 --cpu=60 -- sudo cinder-rootwrap /etc/cinder/rootwrap.conf env LC_ALL=C qemu-img info -f qcow2 --output=json --force-share /opt/stack/data/cinder/mnt/56e5519327c966b02758e70460007387/volume-8a6c14f3-d9f8-4c63-9060-6c8edbdfe202 {{(pid=82632) execute /opt/stack/data/venv/lib/python3.10/site-packages/oslo_concurrency/processutils.py:440}}
Feb 26 22:39:37 devstack sudo[86254]: quobyte : PWD=/ ; USER=root ; COMMAND=/opt/stack/data/venv/bin/cinder-rootwrap /etc/cinder/rootwrap.conf env LC_ALL=C qemu-img info -f qcow2 --output=json --force-share /opt/stack/data/cinder/mnt/56e5519327c966b02758e70460007387/volume-8a6c14f3-d9f8-4c63-9060-6c8edbdfe202
Feb 26 22:39:37 devstack sudo[86254]: pam_unix(sudo:session): session opened for user root(uid=0) by (uid=1000)
Feb 26 22:39:37 devstack sudo[86254]: pam_unix(sudo:session): session closed for user root
Feb 26 22:39:37 devstack cinder-volume[82632]: DEBUG oslo_concurrency.processutils [None req-43f50f9d-3615-4592-b4c2-9499c5a1c56c tempest-GroupSnapshotsTest-1705095739 None] CMD "/opt/stack/data/venv/bin/python3.10 -m oslo_concurrency.prlimit --as=1073741824 --cpu=60 -- sudo cinder-rootwrap /etc/cinder/rootwrap.conf env LC_ALL=C qemu-img info -f qcow2 --output=json --force-share /opt/stack/data/cinder/mnt/56e5519327c966b02758e70460007387/volume-8a6c14f3-d9f8-4c63-9060-6c8edbdfe202" returned: 0 in 0.612s {{(pid=82632) execute /opt/stack/data/venv/lib/python3.10/site-packages/oslo_concurrency/processutils.py:468}}
Feb 26 22:39:37 devstack cinder-volume[82632]: DEBUG oslo_concurrency.processutils [None req-43f50f9d-3615-4592-b4c2-9499c5a1c56c tempest-GroupSnapshotsTest-1705095739 None] Running cmd (subprocess): sudo cinder-rootwrap /etc/cinder/rootwrap.conf qemu-img commit -d /opt/stack/data/cinder/mnt/56e5519327c966b02758e70460007387/volume-8a6c14f3-d9f8-4c63-9060-6c8edbdfe202.9b56aeac-c4ca-478a-96f2-3a1ba9623b1d {{(pid=82632) execute /opt/stack/data/venv/lib/python3.10/site-packages/oslo_concurrency/processutils.py:440}}
Feb 26 22:39:37 devstack sudo[86260]: quobyte : PWD=/ ; USER=root ; COMMAND=/opt/stack/data/venv/bin/cinder-rootwrap /etc/cinder/rootwrap.conf qemu-img commit -d /opt/stack/data/cinder/mnt/56e5519327c966b02758e70460007387/volume-8a6c14f3-d9f8-4c63-9060-6c8edbdfe202.9b56aeac-c4ca-478a-96f2-3a1ba9623b1d
Feb 26 22:39:37 devstack sudo[86260]: pam_unix(sudo:session): session opened for user root(uid=0) by (uid=1000)
Feb 26 22:39:38 devstack sudo[86260]: pam_unix(sudo:session): session closed for user root
Feb 26 22:39:38 devstack cinder-volume[82632]: DEBUG oslo_concurrency.processutils [None req-43f50f9d-3615-4592-b4c2-9499c5a1c56c tempest-GroupSnapshotsTest-1705095739 None] CMD "sudo cinder-rootwrap /etc/cinder/rootwrap.conf qemu-img commit -d /opt/stack/data/cinder/mnt/56e5519327c966b02758e70460007387/volume-8a6c14f3-d9f8-4c63-9060-6c8edbdfe202.9b56aeac-c4ca-478a-96f2-3a1ba9623b1d" returned: 0 in 0.551s {{(pid=82632) execute /opt/stack/data/venv/lib/python3.10/site-packages/oslo_concurrency/processutils.py:468}}
Feb 26 22:39:38 devstack cinder-volume[82632]: DEBUG oslo_concurrency.processutils [None req-43f50f9d-3615-4592-b4c2-9499c5a1c56c tempest-GroupSnapshotsTest-1705095739 None] Running cmd (subprocess): sudo cinder-rootwrap /etc/cinder/rootwrap.conf rm -f /opt/stack/data/cinder/mnt/56e5519327c966b02758e70460007387/volume-8a6c14f3-d9f8-4c63-9060-6c8edbdfe202.9b56aeac-c4ca-478a-96f2-3a1ba9623b1d {{(pid=82632) execute /opt/stack/data/venv/lib/python3.10/site-packages/oslo_concurrency/processutils.py:440}}
Feb 26 22:39:38 devstack sudo[86265]: quobyte : PWD=/ ; USER=root ; COMMAND=/opt/stack/data/venv/bin/cinder-rootwrap /etc/cinder/rootwrap.conf rm -f /opt/stack/data/cinder/mnt/56e5519327c966b02758e70460007387/volume-8a6c14f3-d9f8-4c63-9060-6c8edbdfe202.9b56aeac-c4ca-478a-96f2-3a1ba9623b1d
Feb 26 22:39:38 devstack sudo[86265]: pam_unix(sudo:session): session opened for user root(uid=0) by (uid=1000)
Feb 26 22:39:38 devstack sudo[86265]: pam_unix(sudo:session): session closed for user root
