Jun 23 13:58:30 devstack devstack@c-api.service[93383]: [pid: 93383|app: 0|req: 142/291] 192.168.122.110 () {60 vars in 1273 bytes} [Tue Jun 23 13:58:30 2026] GET /volume/v3/volumes/335247de-bf48-4f28-b00b-cf7d3ecab157 => generated 109 bytes in 26 msecs (HTTP/1.1 404) 7 headers in 293 bytes (1 switches on core 0)
Jun 23 13:58:31 devstack devstack@c-api.service[93383]: DEBUG cinder.api.middleware.request_id [None req-a089b2b1-2e01-4525-bfb6-e35f33cec34e None None] RequestId filter calling following filter/app {{(pid=93383) _context_setter /opt/stack/cinder/cinder/api/middleware/request_id.py:62}}
Jun 23 13:58:31 devstack devstack@c-api.service[93383]: INFO cinder.api.openstack.wsgi [None req-a089b2b1-2e01-4525-bfb6-e35f33cec34e tempest-GroupsV314Test-271417820 tempest-GroupsV314Test-271417820-project-member] GET http://192.168.122.110/volume/v3/groups/6acdd94f-2d77-46d0-bd0a-d45169083c00
Jun 23 13:58:31 devstack devstack@c-api.service[93383]: DEBUG cinder.api.openstack.wsgi [None req-a089b2b1-2e01-4525-bfb6-e35f33cec34e tempest-GroupsV314Test-271417820 tempest-GroupsV314Test-271417820-project-member] Empty body provided in request {{(pid=93383) get_body /opt/stack/cinder/cinder/api/openstack/wsgi.py:725}}
Jun 23 13:58:31 devstack devstack@c-api.service[93383]: DEBUG cinder.api.openstack.wsgi [None req-a089b2b1-2e01-4525-bfb6-e35f33cec34e tempest-GroupsV314Test-271417820 tempest-GroupsV314Test-271417820-project-member] Calling method 'version_select' {{(pid=93383) _process_stack /opt/stack/cinder/cinder/api/openstack/wsgi.py:878}}
Jun 23 13:58:31 devstack devstack@c-api.service[93383]: DEBUG cinder.api.v3.groups [None req-a089b2b1-2e01-4525-bfb6-e35f33cec34e tempest-GroupsV314Test-271417820 tempest-GroupsV314Test-271417820-project-member] show called for member 6acdd94f-2d77-46d0-bd0a-d45169083c00 {{(pid=93383) show /opt/stack/cinder/cinder/api/v3/groups.py:58}}
Jun 23 13:58:31 devstack devstack@c-api.service[93383]: INFO cinder.api.openstack.wsgi [None req-a089b2b1-2e01-4525-bfb6-e35f33cec34e tempest-GroupsV314Test-271417820 tempest-GroupsV314Test-271417820-project-member] http://192.168.122.110/volume/v3/groups/6acdd94f-2d77-46d0-bd0a-d45169083c00 returned with HTTP 404
Jun 23 13:58:31 devstack devstack@c-api.service[93383]: [pid: 93383|app: 0|req: 143/292] 192.168.122.110 () {60 vars in 1270 bytes} [Tue Jun 23 13:58:31 2026] GET /volume/v3/groups/6acdd94f-2d77-46d0-bd0a-d45169083c00 => generated 108 bytes in 17 msecs (HTTP/1.1 404) 7 headers in 293 bytes (1 switches on core 0)
Jun 23 13:58:31 devstack devstack@c-api.service[93383]: DEBUG cinder.api.middleware.request_id [None req-3034140b-f333-4b17-b85e-a581df60fbe6 None None] RequestId filter calling following filter/app {{(pid=93383) _context_setter /opt/stack/cinder/cinder/api/middleware/request_id.py:62}}
Jun 23 13:58:31 devstack devstack@c-api.service[93383]: INFO cinder.api.openstack.wsgi [None req-3034140b-f333-4b17-b85e-a581df60fbe6 tempest-GroupsV314Test-271417820 tempest-GroupsV314Test-271417820-project-member] GET http://192.168.122.110/volume/v3/volumes/detail
Jun 23 13:58:31 devstack devstack@c-api.service[93383]: DEBUG cinder.api.openstack.wsgi [None req-3034140b-f333-4b17-b85e-a581df60fbe6 tempest-GroupsV314Test-271417820 tempest-GroupsV314Test-271417820-project-member] Empty body provided in request {{(pid=93383) get_body /opt/stack/cinder/cinder/api/openstack/wsgi.py:725}}
Jun 23 13:58:31 devstack devstack@c-api.service[93383]: DEBUG cinder.api.openstack.wsgi [None req-3034140b-f333-4b17-b85e-a581df60fbe6 tempest-GroupsV314Test-271417820 tempest-GroupsV314Test-271417820-project-member] Calling method 'detail' {{(pid=93383) _process_stack /opt/stack/cinder/cinder/api/openstack/wsgi.py:878}}
Jun 23 13:58:31 devstack devstack@c-api.service[93383]: DEBUG cinder.api.api_utils [None req-3034140b-f333-4b17-b85e-a581df60fbe6 tempest-GroupsV314Test-271417820 tempest-GroupsV314Test-271417820-project-member] Removing options '' from query. {{(pid=93383) remove_invalid_filter_options /opt/stack/cinder/cinder/api/api_utils.py:82}}
Jun 23 13:58:31 devstack devstack@c-api.service[93383]: DEBUG cinder.volume.api [None req-3034140b-f333-4b17-b85e-a581df60fbe6 tempest-GroupsV314Test-271417820 tempest-GroupsV314Test-271417820-project-member] Searching by: MultiDict([('no_migration_targets', True)]). {{(pid=93383) get_all /opt/stack/cinder/cinder/volume/api.py:664}}
Jun 23 13:58:31 devstack devstack@c-api.service[93383]: INFO cinder.volume.api [None req-3034140b-f333-4b17-b85e-a581df60fbe6 tempest-GroupsV314Test-271417820 tempest-GroupsV314Test-271417820-project-member] Get all volumes completed successfully.
Jun 23 13:58:31 devstack devstack@c-api.service[93383]: WARNING stevedore.named [None req-3034140b-f333-4b17-b85e-a581df60fbe6 tempest-GroupsV314Test-271417820 tempest-GroupsV314Test-271417820-project-member] Could not load cinder.keymgr.conf_key_mgr.ConfKeyManager
Jun 23 13:58:31 devstack devstack@c-api.service[93383]: WARNING castellan.key_manager [None req-3034140b-f333-4b17-b85e-a581df60fbe6 tempest-GroupsV314Test-271417820 tempest-GroupsV314Test-271417820-project-member] Deprecation Warning : cinder.keymgr.conf_key_mgr.ConfKeyManager is not a stevedore based driver, trying to load it as a class: stevedore.exception.NoMatches: No 'castellan.drivers' driver found, looking for 'cinder.keymgr.conf_key_mgr.ConfKeyManager'
Jun 23 13:58:31 devstack devstack@c-api.service[93382]: DEBUG cinder.quota [None req-33f52798-3ee6-4df1-aa51-257cebe0859b tempest-AttachVolumeShelveTestJSON-803588905 tempest-AttachVolumeShelveTestJSON-803588905-project-member] Created reservations ['69ac7e75-4c06-4027-a779-ebe357de214b', '1880a55d-fbd2-4bb5-8af7-e80f7f655ee9', '26cedb6c-dc97-4fcb-9edc-8316698e9219', '9002783d-3eec-45d8-8600-1512a627c02c'] {{(pid=93382) reserve /opt/stack/cinder/cinder/quota.py:752}}
Jun 23 13:58:31 devstack devstack@c-api.service[93382]: DEBUG cinder.volume.api [None req-33f52798-3ee6-4df1-aa51-257cebe0859b tempest-AttachVolumeShelveTestJSON-803588905 tempest-AttachVolumeShelveTestJSON-803588905-project-member] Task 'cinder.volume.flows.api.create_volume.QuotaReserveTask;volume:create' (bf263bb9-e4da-4e34-82b0-3ecf144c5cdd) transitioned into state 'SUCCESS' from state 'RUNNING' with result '{'reservations': ['69ac7e75-4c06-4027-a779-ebe357de214b', '1880a55d-fbd2-4bb5-8af7-e80f7f655ee9', '26cedb6c-dc97-4fcb-9edc-8316698e9219', '9002783d-3eec-45d8-8600-1512a627c02c']}' {{(pid=93382) _task_receiver /opt/stack/data/venv/lib/python3.12/site-packages/taskflow/listeners/logging.py:218}}
Jun 23 13:58:31 devstack devstack@c-api.service[93383]: DEBUG oslo_db.sqlalchemy.engines [None req-3034140b-f333-4b17-b85e-a581df60fbe6 tempest-GroupsV314Test-271417820 tempest-GroupsV314Test-271417820-project-member] MySQL server mode set to STRICT_TRANS_TABLES,STRICT_ALL_TABLES,NO_ZERO_IN_DATE,NO_ZERO_DATE,ERROR_FOR_DIVISION_BY_ZERO,TRADITIONAL,NO_ENGINE_SUBSTITUTION {{(pid=93383) _check_effective_sql_mode /opt/stack/data/venv/lib/python3.12/site-packages/oslo_db/sqlalchemy/engines.py:325}}
Jun 23 13:58:31 devstack devstack@c-api.service[93382]: DEBUG cinder.volume.api [None req-33f52798-3ee6-4df1-aa51-257cebe0859b tempest-AttachVolumeShelveTestJSON-803588905 tempest-AttachVolumeShelveTestJSON-803588905-project-member] Task 'cinder.volume.flows.api.create_volume.EntryCreateTask;volume:create' (81944abd-8698-4a59-88bc-0d2d2afefee4) transitioned into state 'RUNNING' from state 'PENDING' {{(pid=93382) _task_receiver /opt/stack/data/venv/lib/python3.12/site-packages/taskflow/listeners/logging.py:242}}
Jun 23 13:58:31 devstack devstack@c-api.service[93383]: /opt/stack/data/venv/lib/python3.12/site-packages/oslo_context/context.py:102: DeprecationWarning: Policy enforcement is depending on the value of is_admin. This key is deprecated. Please update your policy file to use the standard policy values.
Jun 23 13:58:31 devstack devstack@c-api.service[93383]: warnings.warn(
Jun 23 13:58:31 devstack devstack@c-api.service[93383]: INFO cinder.api.openstack.wsgi [None req-3034140b-f333-4b17-b85e-a581df60fbe6 tempest-GroupsV314Test-271417820 tempest-GroupsV314Test-271417820-project-member] http://192.168.122.110/volume/v3/volumes/detail returned with HTTP 200
Jun 23 13:58:31 devstack devstack@c-api.service[93383]: [pid: 93383|app: 0|req: 144/293] 192.168.122.110 () {60 vars in 1183 bytes} [Tue Jun 23 13:58:31 2026] GET /volume/v3/volumes/detail => generated 922 bytes in 175 msecs (HTTP/1.1 200) 7 headers in 286 bytes (1 switches on core 0)
Jun 23 13:58:31 devstack devstack@c-api.service[93383]: DEBUG cinder.api.middleware.request_id [None req-ff889108-a4e6-4c8a-8a20-a8360fd388d9 None None] RequestId filter calling following filter/app {{(pid=93383) _context_setter /opt/stack/cinder/cinder/api/middleware/request_id.py:62}}
Jun 23 13:58:31 devstack devstack@c-api.service[93382]: DEBUG cinder.volume.api [None req-33f52798-3ee6-4df1-aa51-257cebe0859b tempest-AttachVolumeShelveTestJSON-803588905 tempest-AttachVolumeShelveTestJSON-803588905-project-member] Task 'cinder.volume.flows.api.create_volume.EntryCreateTask;volume:create' (81944abd-8698-4a59-88bc-0d2d2afefee4) transitioned into state 'SUCCESS' from state 'RUNNING' with result '{'volume_id': 'edd36834-4360-41f2-816c-d430f435dd4d', 'volume_properties': VolumeProperties(attach_status='detached',availability_zone='nova',cgsnapshot_id=None,consistencygroup_id=None,display_description=None,display_name='tempest-AttachVolumeShelveTestJSON-volume-763781164',encryption_key_id=None,group_id=None,group_type_id=,metadata={},multiattach=False,project_id='37d7c1576081463d9f82328884069e62',qos_specs=None,replication_status=,reservations=['69ac7e75-4c06-4027-a779-ebe357de214b','1880a55d-fbd2-4bb5-8af7-e80f7f655ee9','26cedb6c-dc97-4fcb-9edc-8316698e9219','9002783d-3eec-45d8-8600-1512a627c02c'],size=1,snapshot_id=None,source_replicaid=,source_volid=None,status='creating',user_id='ba3c829ed8be4fe285683f2e4c8e9149',volume_type_id=94585d86-e8df-41b7-b03e-4866b5ca540e), 'volume': Volume(_name_id=None,admin_metadata=,attach_status='detached',availability_zone='nova',bootable=False,cluster=,cluster_name=None,consistencygroup=,consistencygroup_id=None,created_at=2026-06-23T11:58:31Z,deleted=False,deleted_at=None,display_description=None,display_name='tempest-AttachVolumeShelveTestJSON-volume-763781164',ec2_id=None,encryption_key_id=None,glance_metadata=,group=,group_id=None,host=None,id=edd36834-4360-41f2-816c-d430f435dd4d,launched_at=None,metadata={},migration_status=None,multiattach=False,previous_status=None,project_id='37d7c1576081463d9f82328884069e62',provider_auth=None,provider_geometry=None,provider_id=None,provider_location=None,replication_driver_data=None,replication_extended_status=None,replication_status=None,scheduled_at=None,service_uuid=None,shared_targets=True,size=1,snapshot_id=None,snapshots=,source_volid=None,status='creating',terminated_at=None,updated_at=None,use_quota=True,user_id='ba3c829ed8be4fe285683f2e4c8e9149',volume_attachment=VolumeAttachmentList,volume_type=VolumeType(94585d86-e8df-41b7-b03e-4866b5ca540e),volume_type_id=94585d86-e8df-41b7-b03e-4866b5ca540e)}' {{(pid=93382) _task_receiver /opt/stack/data/venv/lib/python3.12/site-packages/taskflow/listeners/logging.py:218}}
Jun 23 13:58:31 devstack devstack@c-api.service[93382]: DEBUG cinder.volume.api [None req-33f52798-3ee6-4df1-aa51-257cebe0859b tempest-AttachVolumeShelveTestJSON-803588905 tempest-AttachVolumeShelveTestJSON-803588905-project-member] Task 'cinder.volume.flows.api.create_volume.QuotaCommitTask;volume:create' (79966df3-1207-4f0e-aa74-979cbbd1eaec) transitioned into state 'RUNNING' from state 'PENDING' {{(pid=93382) _task_receiver /opt/stack/data/venv/lib/python3.12/site-packages/taskflow/listeners/logging.py:242}}
Jun 23 13:58:31 devstack devstack@c-api.service[93383]: INFO cinder.api.openstack.wsgi [None req-ff889108-a4e6-4c8a-8a20-a8360fd388d9 tempest-GroupsV314Test-271417820 tempest-GroupsV314Test-271417820-project-member] POST http://192.168.122.110/volume/v3/groups/e93448a2-ea06-4196-89c1-bd3f9806709c/action
Jun 23 13:58:31 devstack devstack@c-api.service[93383]: DEBUG cinder.api.openstack.wsgi [None req-ff889108-a4e6-4c8a-8a20-a8360fd388d9 tempest-GroupsV314Test-271417820 tempest-GroupsV314Test-271417820-project-member] Action body: b'{"delete": {"delete-volumes": true}}' {{(pid=93383) get_method /opt/stack/cinder/cinder/api/openstack/wsgi.py:993}}
Jun 23 13:58:31 devstack devstack@c-api.service[93383]: DEBUG cinder.api.openstack.wsgi [None req-ff889108-a4e6-4c8a-8a20-a8360fd388d9 tempest-GroupsV314Test-271417820 tempest-GroupsV314Test-271417820-project-member] Action: 'action', calling method: delete_group, body: {"delete": {"delete-volumes": true}} {{(pid=93383) _process_stack /opt/stack/cinder/cinder/api/openstack/wsgi.py:876}}
Jun 23 13:58:31 devstack devstack@c-api.service[93383]: DEBUG cinder.api.v3.groups [None req-ff889108-a4e6-4c8a-8a20-a8360fd388d9 tempest-GroupsV314Test-271417820 tempest-GroupsV314Test-271417820-project-member] delete called for group e93448a2-ea06-4196-89c1-bd3f9806709c {{(pid=93383) _delete /opt/stack/cinder/cinder/api/v3/groups.py:117}}
Jun 23 13:58:31 devstack devstack@c-api.service[93383]: INFO cinder.api.v3.groups [None req-ff889108-a4e6-4c8a-8a20-a8360fd388d9 tempest-GroupsV314Test-271417820 tempest-GroupsV314Test-271417820-project-member] Delete group with id: e93448a2-ea06-4196-89c1-bd3f9806709c
Jun 23 13:58:31 devstack devstack@c-api.service[93383]: /opt/stack/data/venv/lib/python3.12/site-packages/oslo_context/context.py:102: DeprecationWarning: Policy enforcement is depending on the value of is_admin. This key is deprecated. Please update your policy file to use the standard policy values.
Jun 23 13:58:31 devstack devstack@c-api.service[93383]: warnings.warn(
Jun 23 13:58:31 devstack devstack@c-api.service[93382]: DEBUG cinder.volume.api [None req-33f52798-3ee6-4df1-aa51-257cebe0859b tempest-AttachVolumeShelveTestJSON-803588905 tempest-AttachVolumeShelveTestJSON-803588905-project-member] Task 'cinder.volume.flows.api.create_volume.QuotaCommitTask;volume:create' (79966df3-1207-4f0e-aa74-979cbbd1eaec) transitioned into state 'SUCCESS' from state 'RUNNING' with result '{'volume_properties': VolumeProperties(attach_status='detached',availability_zone='nova',cgsnapshot_id=None,consistencygroup_id=None,display_description=None,display_name='tempest-AttachVolumeShelveTestJSON-volume-763781164',encryption_key_id=None,group_id=None,group_type_id=,metadata={},multiattach=False,project_id='37d7c1576081463d9f82328884069e62',qos_specs=None,replication_status=,reservations=['69ac7e75-4c06-4027-a779-ebe357de214b','1880a55d-fbd2-4bb5-8af7-e80f7f655ee9','26cedb6c-dc97-4fcb-9edc-8316698e9219','9002783d-3eec-45d8-8600-1512a627c02c'],size=1,snapshot_id=None,source_replicaid=,source_volid=None,status='creating',user_id='ba3c829ed8be4fe285683f2e4c8e9149',volume_type_id=94585d86-e8df-41b7-b03e-4866b5ca540e)}' {{(pid=93382) _task_receiver /opt/stack/data/venv/lib/python3.12/site-packages/taskflow/listeners/logging.py:218}}
Jun 23 13:58:31 devstack devstack@c-api.service[93382]: DEBUG cinder.volume.api [None req-33f52798-3ee6-4df1-aa51-257cebe0859b tempest-AttachVolumeShelveTestJSON-803588905 tempest-AttachVolumeShelveTestJSON-803588905-project-member] Task 'cinder.volume.flows.api.create_volume.VolumeCastTask;volume:create' (fa499505-bc31-4a40-a9ef-8d96a6672928) transitioned into state 'RUNNING' from state 'PENDING' {{(pid=93382) _task_receiver /opt/stack/data/venv/lib/python3.12/site-packages/taskflow/listeners/logging.py:242}}
Jun 23 13:58:31 devstack devstack@c-api.service[93382]: DEBUG cinder.volume.api [None req-33f52798-3ee6-4df1-aa51-257cebe0859b tempest-AttachVolumeShelveTestJSON-803588905 tempest-AttachVolumeShelveTestJSON-803588905-project-member] Task 'cinder.volume.flows.api.create_volume.VolumeCastTask;volume:create' (fa499505-bc31-4a40-a9ef-8d96a6672928) transitioned into state 'SUCCESS' from state 'RUNNING' with result 'None' {{(pid=93382) _task_receiver /opt/stack/data/venv/lib/python3.12/site-packages/taskflow/listeners/logging.py:218}}
Jun 23 13:58:31 devstack devstack@c-api.service[93382]: DEBUG cinder.volume.api [None req-33f52798-3ee6-4df1-aa51-257cebe0859b tempest-AttachVolumeShelveTestJSON-803588905 tempest-AttachVolumeShelveTestJSON-803588905-project-member] Flow 'volume_create_api' (2523d9bc-92aa-4d99-93a7-320fc1b9078d) transitioned into state 'SUCCESS' from state 'RUNNING' {{(pid=93382) _flow_receiver /opt/stack/data/venv/lib/python3.12/site-packages/taskflow/listeners/logging.py:160}}
Jun 23 13:58:31 devstack devstack@c-api.service[93382]: INFO cinder.volume.api [None req-33f52798-3ee6-4df1-aa51-257cebe0859b tempest-AttachVolumeShelveTestJSON-803588905 tempest-AttachVolumeShelveTestJSON-803588905-project-member] Create volume request issued successfully.
Jun 23 13:58:31 devstack devstack@c-api.service[93382]: INFO cinder.api.openstack.wsgi [None req-33f52798-3ee6-4df1-aa51-257cebe0859b tempest-AttachVolumeShelveTestJSON-803588905 tempest-AttachVolumeShelveTestJSON-803588905-project-member] http://192.168.122.110/volume/v3/volumes returned with HTTP 202
Jun 23 13:58:31 devstack devstack@c-api.service[93382]: [pid: 93382|app: 0|req: 150/294] 192.168.122.110 () {60 vars in 1142 bytes} [Tue Jun 23 13:58:30 2026] POST /volume/v3/volumes => generated 765 bytes in 464 msecs (HTTP/1.1 202) 7 headers in 291 bytes (1 switches on core 0)
Jun 23 13:58:31 devstack devstack@c-api.service[93382]: DEBUG cinder.api.middleware.request_id [None req-f781ec1a-4079-47d7-91fc-61202df9b12e None None] RequestId filter calling following filter/app {{(pid=93382) _context_setter /opt/stack/cinder/cinder/api/middleware/request_id.py:62}}
Jun 23 13:58:31 devstack devstack@c-api.service[93382]: INFO cinder.api.openstack.wsgi [None req-f781ec1a-4079-47d7-91fc-61202df9b12e tempest-AttachVolumeShelveTestJSON-803588905 tempest-AttachVolumeShelveTestJSON-803588905-project-member] GET http://192.168.122.110/volume/v3/volumes/edd36834-4360-41f2-816c-d430f435dd4d
Jun 23 13:58:31 devstack devstack@c-api.service[93382]: DEBUG cinder.api.openstack.wsgi [None req-f781ec1a-4079-47d7-91fc-61202df9b12e tempest-AttachVolumeShelveTestJSON-803588905 tempest-AttachVolumeShelveTestJSON-803588905-project-member] Empty body provided in request {{(pid=93382) get_body /opt/stack/cinder/cinder/api/openstack/wsgi.py:725}}
Jun 23 13:58:31 devstack devstack@c-api.service[93382]: DEBUG cinder.api.openstack.wsgi [None req-f781ec1a-4079-47d7-91fc-61202df9b12e tempest-AttachVolumeShelveTestJSON-803588905 tempest-AttachVolumeShelveTestJSON-803588905-project-member] Calling method 'show' {{(pid=93382) _process_stack /opt/stack/cinder/cinder/api/openstack/wsgi.py:878}}
Jun 23 13:58:31 devstack devstack@c-api.service[93383]: INFO cinder.api.openstack.wsgi [None req-ff889108-a4e6-4c8a-8a20-a8360fd388d9 tempest-GroupsV314Test-271417820 tempest-GroupsV314Test-271417820-project-member] http://192.168.122.110/volume/v3/groups/e93448a2-ea06-4196-89c1-bd3f9806709c/action returned with HTTP 202
Jun 23 13:58:31 devstack devstack@c-api.service[93383]: [pid: 93383|app: 0|req: 145/295] 192.168.122.110 () {62 vars in 1312 bytes} [Tue Jun 23 13:58:31 2026] POST /volume/v3/groups/e93448a2-ea06-4196-89c1-bd3f9806709c/action => generated 0 bytes in 172 msecs (HTTP/1.1 202) 6 headers in 234 bytes (1 switches on core 0)
Jun 23 13:58:31 devstack devstack@c-api.service[93382]: /opt/stack/data/venv/lib/python3.12/site-packages/oslo_context/context.py:102: DeprecationWarning: Policy enforcement is depending on the value of is_admin. This key is deprecated. Please update your policy file to use the standard policy values.
Jun 23 13:58:31 devstack devstack@c-api.service[93382]: warnings.warn(
Jun 23 13:58:31 devstack devstack@c-api.service[93383]: DEBUG cinder.api.middleware.request_id [None req-50cf0c2e-e628-4c70-96ff-6c6a7eed329f None None] RequestId filter calling following filter/app {{(pid=93383) _context_setter /opt/stack/cinder/cinder/api/middleware/request_id.py:62}}
Jun 23 13:58:31 devstack devstack@c-api.service[93383]: INFO cinder.api.openstack.wsgi [None req-50cf0c2e-e628-4c70-96ff-6c6a7eed329f tempest-GroupsV314Test-271417820 tempest-GroupsV314Test-271417820-project-member] GET http://192.168.122.110/volume/v3/volumes/83380559-9820-44fe-8dbd-069867dd4e65
Jun 23 13:58:31 devstack devstack@c-api.service[93383]: DEBUG cinder.api.openstack.wsgi [None req-50cf0c2e-e628-4c70-96ff-6c6a7eed329f tempest-GroupsV314Test-271417820 tempest-GroupsV314Test-271417820-project-member] Empty body provided in request {{(pid=93383) get_body /opt/stack/cinder/cinder/api/openstack/wsgi.py:725}}
Jun 23 13:58:31 devstack devstack@c-api.service[93383]: DEBUG cinder.api.openstack.wsgi [None req-50cf0c2e-e628-4c70-96ff-6c6a7eed329f tempest-GroupsV314Test-271417820 tempest-GroupsV314Test-271417820-project-member] Calling method 'show' {{(pid=93383) _process_stack /opt/stack/cinder/cinder/api/openstack/wsgi.py:878}}
Jun 23 13:58:31 devstack devstack@c-api.service[93382]: INFO cinder.volume.api [None req-f781ec1a-4079-47d7-91fc-61202df9b12e tempest-AttachVolumeShelveTestJSON-803588905 tempest-AttachVolumeShelveTestJSON-803588905-project-member] Volume info retrieved successfully.
Jun 23 13:58:31 devstack devstack@c-api.service[93383]: /opt/stack/data/venv/lib/python3.12/site-packages/oslo_context/context.py:102: DeprecationWarning: Policy enforcement is depending on the value of is_admin. This key is deprecated. Please update your policy file to use the standard policy values.
Jun 23 13:58:31 devstack devstack@c-api.service[93383]: warnings.warn(
Jun 23 13:58:31 devstack devstack@c-api.service[93383]: INFO cinder.volume.api [None req-50cf0c2e-e628-4c70-96ff-6c6a7eed329f tempest-GroupsV314Test-271417820 tempest-GroupsV314Test-271417820-project-member] Volume info retrieved successfully.
Jun 23 13:58:31 devstack devstack@c-api.service[93383]: WARNING stevedore.named [None req-50cf0c2e-e628-4c70-96ff-6c6a7eed329f tempest-GroupsV314Test-271417820 tempest-GroupsV314Test-271417820-project-member] Could not load cinder.keymgr.conf_key_mgr.ConfKeyManager
Jun 23 13:58:31 devstack devstack@c-api.service[93383]: WARNING castellan.key_manager [None req-50cf0c2e-e628-4c70-96ff-6c6a7eed329f tempest-GroupsV314Test-271417820 tempest-GroupsV314Test-271417820-project-member] Deprecation Warning : cinder.keymgr.conf_key_mgr.ConfKeyManager is not a stevedore based driver, trying to load it as a class: stevedore.exception.NoMatches: No 'castellan.drivers' driver found, looking for 'cinder.keymgr.conf_key_mgr.ConfKeyManager'
Jun 23 13:58:31 devstack devstack@c-api.service[93382]: INFO cinder.api.openstack.wsgi [None req-f781ec1a-4079-47d7-91fc-61202df9b12e tempest-AttachVolumeShelveTestJSON-803588905 tempest-AttachVolumeShelveTestJSON-803588905-project-member] http://192.168.122.110/volume/v3/volumes/edd36834-4360-41f2-816c-d430f435dd4d returned with HTTP 200
Jun 23 13:58:31 devstack devstack@c-api.service[93382]: [pid: 93382|app: 0|req: 151/296] 192.168.122.110 () {58 vars in 1232 bytes} [Tue Jun 23 13:58:31 2026] GET /volume/v3/volumes/edd36834-4360-41f2-816c-d430f435dd4d => generated 833 bytes in 98 msecs (HTTP/1.1 200) 7 headers in 285 bytes (1 switches on core 0)
Jun 23 13:58:31 devstack devstack@c-api.service[93383]: DEBUG oslo_db.sqlalchemy.engines [None req-50cf0c2e-e628-4c70-96ff-6c6a7eed329f tempest-GroupsV314Test-271417820 tempest-GroupsV314Test-271417820-project-member] MySQL server mode set to STRICT_TRANS_TABLES,STRICT_ALL_TABLES,NO_ZERO_IN_DATE,NO_ZERO_DATE,ERROR_FOR_DIVISION_BY_ZERO,TRADITIONAL,NO_ENGINE_SUBSTITUTION {{(pid=93383) _check_effective_sql_mode /opt/stack/data/venv/lib/python3.12/site-packages/oslo_db/sqlalchemy/engines.py:325}}
Jun 23 13:58:31 devstack devstack@c-api.service[93383]: /opt/stack/data/venv/lib/python3.12/site-packages/oslo_context/context.py:102: DeprecationWarning: Policy enforcement is depending on the value of is_admin. This key is deprecated. Please update your policy file to use the standard policy values.
Jun 23 13:58:31 devstack devstack@c-api.service[93383]: warnings.warn(
Jun 23 13:58:31 devstack devstack@c-api.service[93383]: INFO cinder.api.openstack.wsgi [None req-50cf0c2e-e628-4c70-96ff-6c6a7eed329f tempest-GroupsV314Test-271417820 tempest-GroupsV314Test-271417820-project-member] http://192.168.122.110/volume/v3/volumes/83380559-9820-44fe-8dbd-069867dd4e65 returned with HTTP 200
Jun 23 13:58:31 devstack devstack@c-api.service[93383]: [pid: 93383|app: 0|req: 146/297] 192.168.122.110 () {60 vars in 1273 bytes} [Tue Jun 23 13:58:31 2026] GET /volume/v3/volumes/83380559-9820-44fe-8dbd-069867dd4e65 => generated 918 bytes in 212 msecs (HTTP/1.1 200) 7 headers in 286 bytes (1 switches on core 0)
Jun 23 13:58:31 devstack devstack@c-api.service[93382]: DEBUG cinder.api.middleware.request_id [None req-bb052503-b11b-4c52-992e-e7e26418311a None None] RequestId filter calling following filter/app {{(pid=93382) _context_setter /opt/stack/cinder/cinder/api/middleware/request_id.py:62}}
Jun 23 13:58:31 devstack devstack@c-api.service[93382]: INFO cinder.api.openstack.wsgi [None req-bb052503-b11b-4c52-992e-e7e26418311a tempest-AttachVolumeTestJSON-1522754590 tempest-AttachVolumeTestJSON-1522754590-project-member] GET http://192.168.122.110/volume/v3/volumes/843709a8-a710-424b-87be-44e830cbced1
Jun 23 13:58:31 devstack devstack@c-api.service[93382]: DEBUG cinder.api.openstack.wsgi [None req-bb052503-b11b-4c52-992e-e7e26418311a tempest-AttachVolumeTestJSON-1522754590 tempest-AttachVolumeTestJSON-1522754590-project-member] Empty body provided in request {{(pid=93382) get_body /opt/stack/cinder/cinder/api/openstack/wsgi.py:725}}
Jun 23 13:58:31 devstack devstack@c-api.service[93382]: DEBUG cinder.api.openstack.wsgi [None req-bb052503-b11b-4c52-992e-e7e26418311a tempest-AttachVolumeTestJSON-1522754590 tempest-AttachVolumeTestJSON-1522754590-project-member] Calling method 'show' {{(pid=93382) _process_stack /opt/stack/cinder/cinder/api/openstack/wsgi.py:878}}
Jun 23 13:58:31 devstack devstack@c-api.service[93382]: /opt/stack/data/venv/lib/python3.12/site-packages/oslo_context/context.py:102: DeprecationWarning: Policy enforcement is depending on the value of is_admin. This key is deprecated. Please update your policy file to use the standard policy values.
Jun 23 13:58:31 devstack devstack@c-api.service[93382]: warnings.warn(
Jun 23 13:58:31 devstack devstack@c-api.service[93382]: INFO cinder.volume.api [None req-bb052503-b11b-4c52-992e-e7e26418311a tempest-AttachVolumeTestJSON-1522754590 tempest-AttachVolumeTestJSON-1522754590-project-member] Volume info retrieved successfully.
Jun 23 13:58:31 devstack devstack@c-api.service[93382]: INFO cinder.api.openstack.wsgi [None req-bb052503-b11b-4c52-992e-e7e26418311a tempest-AttachVolumeTestJSON-1522754590 tempest-AttachVolumeTestJSON-1522754590-project-member] http://192.168.122.110/volume/v3/volumes/843709a8-a710-424b-87be-44e830cbced1 returned with HTTP 200
Jun 23 13:58:31 devstack devstack@c-api.service[93382]: [pid: 93382|app: 0|req: 152/298] 192.168.122.110 () {58 vars in 1232 bytes} [Tue Jun 23 13:58:31 2026] GET /volume/v3/volumes/843709a8-a710-424b-87be-44e830cbced1 => generated 853 bytes in 57 msecs (HTTP/1.1 200) 7 headers in 285 bytes (1 switches on core 0)
Jun 23 13:58:31 devstack devstack@c-api.service[93383]: DEBUG cinder.api.middleware.request_id [None req-4adf2c91-76c7-49b2-bb14-ded68b6193f0 None None] RequestId filter calling following filter/app {{(pid=93383) _context_setter /opt/stack/cinder/cinder/api/middleware/request_id.py:62}}
Jun 23 13:58:31 devstack devstack@c-api.service[93383]: INFO cinder.api.openstack.wsgi [None req-4adf2c91-76c7-49b2-bb14-ded68b6193f0 None None] GET http://192.168.122.110/volume//
Jun 23 13:58:31 devstack devstack@c-api.service[93383]: DEBUG cinder.api.openstack.wsgi [None req-4adf2c91-76c7-49b2-bb14-ded68b6193f0 None None] Empty body provided in request {{(pid=93383) get_body /opt/stack/cinder/cinder/api/openstack/wsgi.py:725}}
Jun 23 13:58:31 devstack devstack@c-api.service[93383]: DEBUG cinder.api.openstack.wsgi [None req-4adf2c91-76c7-49b2-bb14-ded68b6193f0 None None] Calling method 'all' {{(pid=93383) _process_stack /opt/stack/cinder/cinder/api/openstack/wsgi.py:878}}
Jun 23 13:58:31 devstack devstack@c-api.service[93383]: INFO cinder.api.openstack.wsgi [None req-4adf2c91-76c7-49b2-bb14-ded68b6193f0 None None] http://192.168.122.110/volume// returned with HTTP 300
Jun 23 13:58:31 devstack devstack@c-api.service[93383]: [pid: 93383|app: 0|req: 147/299] 192.168.122.110 () {58 vars in 1317 bytes} [Tue Jun 23 13:58:31 2026] GET /volume/ => generated 390 bytes in 9 msecs (HTTP/1.1 300) 7 headers in 299 bytes (1 switches on core 0)
Jun 23 13:58:31 devstack devstack@c-api.service[93382]: DEBUG cinder.api.middleware.request_id [req-a57a2ec7-9d17-4a12-af18-a62e202ba820 req-3654a399-feba-4d89-8e93-c0e475eb8581 None None] RequestId filter calling following filter/app {{(pid=93382) _context_setter /opt/stack/cinder/cinder/api/middleware/request_id.py:62}}
Jun 23 13:58:31 devstack devstack@c-api.service[93383]: DEBUG cinder.api.middleware.request_id [req-e6e2c23b-7893-4f9e-8374-73d7cc561c1f req-51a4c67d-5aea-48bd-b8ad-06c364dd3a56 None None] RequestId filter calling following filter/app {{(pid=93383) _context_setter /opt/stack/cinder/cinder/api/middleware/request_id.py:62}}
Jun 23 13:58:31 devstack devstack@c-api.service[93382]: INFO cinder.api.openstack.wsgi [req-a57a2ec7-9d17-4a12-af18-a62e202ba820 req-3654a399-feba-4d89-8e93-c0e475eb8581 tempest-AttachVolumeTestJSON-1522754590 tempest-AttachVolumeTestJSON-1522754590-project-member] GET http://192.168.122.110/volume/v3/volumes/843709a8-a710-424b-87be-44e830cbced1
Jun 23 13:58:31 devstack devstack@c-api.service[93383]: INFO cinder.api.openstack.wsgi [req-e6e2c23b-7893-4f9e-8374-73d7cc561c1f req-51a4c67d-5aea-48bd-b8ad-06c364dd3a56 tempest-AttachVolumeNegativeTest-1318192135 tempest-AttachVolumeNegativeTest-1318192135-project-member] POST http://192.168.122.110/volume/v3/attachments
Jun 23 13:58:31 devstack devstack@c-api.service[93382]: DEBUG cinder.api.openstack.wsgi [req-a57a2ec7-9d17-4a12-af18-a62e202ba820 req-3654a399-feba-4d89-8e93-c0e475eb8581 tempest-AttachVolumeTestJSON-1522754590 tempest-AttachVolumeTestJSON-1522754590-project-member] Empty body provided in request {{(pid=93382) get_body /opt/stack/cinder/cinder/api/openstack/wsgi.py:725}}
Jun 23 13:58:31 devstack devstack@c-api.service[93382]: DEBUG cinder.api.openstack.wsgi [req-a57a2ec7-9d17-4a12-af18-a62e202ba820 req-3654a399-feba-4d89-8e93-c0e475eb8581 tempest-AttachVolumeTestJSON-1522754590 tempest-AttachVolumeTestJSON-1522754590-project-member] Calling method 'show' {{(pid=93382) _process_stack /opt/stack/cinder/cinder/api/openstack/wsgi.py:878}}
Jun 23 13:58:31 devstack devstack@c-api.service[93383]: DEBUG cinder.api.openstack.wsgi [req-e6e2c23b-7893-4f9e-8374-73d7cc561c1f req-51a4c67d-5aea-48bd-b8ad-06c364dd3a56 tempest-AttachVolumeNegativeTest-1318192135 tempest-AttachVolumeNegativeTest-1318192135-project-member] Action: 'create', calling method: version_select, body: {"attachment": {"volume_uuid": "5e2bc1d2-f7e9-4bd4-8531-5a777ae0be46", "connector": null, "instance_uuid": "63737145-85a7-428a-8e5a-e7d005ac2045"}} {{(pid=93383) _process_stack /opt/stack/cinder/cinder/api/openstack/wsgi.py:876}}
Jun 23 13:58:31 devstack devstack@c-api.service[93382]: /opt/stack/data/venv/lib/python3.12/site-packages/oslo_context/context.py:102: DeprecationWarning: Policy enforcement is depending on the value of is_admin. This key is deprecated. Please update your policy file to use the standard policy values.
Jun 23 13:58:31 devstack devstack@c-api.service[93382]: warnings.warn(
Jun 23 13:58:31 devstack devstack@c-api.service[93383]: /opt/stack/data/venv/lib/python3.12/site-packages/oslo_context/context.py:102: DeprecationWarning: Policy enforcement is depending on the value of is_admin. This key is deprecated. Please update your policy file to use the standard policy values.
Jun 23 13:58:31 devstack devstack@c-api.service[93383]: warnings.warn(
Jun 23 13:58:31 devstack devstack@c-api.service[93382]: INFO cinder.volume.api [req-a57a2ec7-9d17-4a12-af18-a62e202ba820 req-3654a399-feba-4d89-8e93-c0e475eb8581 tempest-AttachVolumeTestJSON-1522754590 tempest-AttachVolumeTestJSON-1522754590-project-member] Volume info retrieved successfully.
Jun 23 13:58:31 devstack devstack@c-api.service[93382]: INFO cinder.api.openstack.wsgi [req-a57a2ec7-9d17-4a12-af18-a62e202ba820 req-3654a399-feba-4d89-8e93-c0e475eb8581 tempest-AttachVolumeTestJSON-1522754590 tempest-AttachVolumeTestJSON-1522754590-project-member] http://192.168.122.110/volume/v3/volumes/843709a8-a710-424b-87be-44e830cbced1 returned with HTTP 200
Jun 23 13:58:31 devstack devstack@c-api.service[93382]: [pid: 93382|app: 0|req: 153/300] 192.168.122.110 () {60 vars in 1487 bytes} [Tue Jun 23 13:58:31 2026] GET /volume/v3/volumes/843709a8-a710-424b-87be-44e830cbced1 => generated 853 bytes in 56 msecs (HTTP/1.1 200) 7 headers in 285 bytes (1 switches on core 0)
Jun 23 13:58:32 devstack devstack@c-api.service[93383]: INFO cinder.api.openstack.wsgi [req-e6e2c23b-7893-4f9e-8374-73d7cc561c1f req-51a4c67d-5aea-48bd-b8ad-06c364dd3a56 tempest-AttachVolumeNegativeTest-1318192135 tempest-AttachVolumeNegativeTest-1318192135-project-member] http://192.168.122.110/volume/v3/attachments returned with HTTP 200
Jun 23 13:58:32 devstack devstack@c-api.service[93383]: [pid: 93383|app: 0|req: 148/301] 192.168.122.110 () {66 vars in 1483 bytes} [Tue Jun 23 13:58:31 2026] POST /volume/v3/attachments => generated 273 bytes in 107 msecs (HTTP/1.1 200) 7 headers in 286 bytes (1 switches on core 0)
Jun 23 13:58:32 devstack devstack@c-api.service[93382]: DEBUG cinder.api.middleware.request_id [None req-5e73296f-f92b-42f3-983d-9aa91331f423 None None] RequestId filter calling following filter/app {{(pid=93382) _context_setter /opt/stack/cinder/cinder/api/middleware/request_id.py:62}}
Jun 23 13:58:32 devstack devstack@c-api.service[93382]: INFO cinder.api.openstack.wsgi [None req-5e73296f-f92b-42f3-983d-9aa91331f423 tempest-AttachVolumeNegativeTest-1318192135 tempest-AttachVolumeNegativeTest-1318192135-project-member] GET http://192.168.122.110/volume/v3/volumes/5e2bc1d2-f7e9-4bd4-8531-5a777ae0be46
Jun 23 13:58:32 devstack devstack@c-api.service[93382]: DEBUG cinder.api.openstack.wsgi [None req-5e73296f-f92b-42f3-983d-9aa91331f423 tempest-AttachVolumeNegativeTest-1318192135 tempest-AttachVolumeNegativeTest-1318192135-project-member] Empty body provided in request {{(pid=93382) get_body /opt/stack/cinder/cinder/api/openstack/wsgi.py:725}}
Jun 23 13:58:32 devstack devstack@c-api.service[93382]: DEBUG cinder.api.openstack.wsgi [None req-5e73296f-f92b-42f3-983d-9aa91331f423 tempest-AttachVolumeNegativeTest-1318192135 tempest-AttachVolumeNegativeTest-1318192135-project-member] Calling method 'show' {{(pid=93382) _process_stack /opt/stack/cinder/cinder/api/openstack/wsgi.py:878}}
Jun 23 13:58:32 devstack devstack@c-api.service[93382]: /opt/stack/data/venv/lib/python3.12/site-packages/oslo_context/context.py:102: DeprecationWarning: Policy enforcement is depending on the value of is_admin. This key is deprecated. Please update your policy file to use the standard policy values.
Jun 23 13:58:32 devstack devstack@c-api.service[93382]: warnings.warn(
Jun 23 13:58:32 devstack devstack@c-api.service[93382]: INFO cinder.volume.api [None req-5e73296f-f92b-42f3-983d-9aa91331f423 tempest-AttachVolumeNegativeTest-1318192135 tempest-AttachVolumeNegativeTest-1318192135-project-member] Volume info retrieved successfully.
Jun 23 13:58:32 devstack devstack@c-api.service[93382]: INFO cinder.api.openstack.wsgi [None req-5e73296f-f92b-42f3-983d-9aa91331f423 tempest-AttachVolumeNegativeTest-1318192135 tempest-AttachVolumeNegativeTest-1318192135-project-member] http://192.168.122.110/volume/v3/volumes/5e2bc1d2-f7e9-4bd4-8531-5a777ae0be46 returned with HTTP 200
Jun 23 13:58:32 devstack devstack@c-api.service[93382]: [pid: 93382|app: 0|req: 154/302] 192.168.122.110 () {58 vars in 1232 bytes} [Tue Jun 23 13:58:32 2026] GET /volume/v3/volumes/5e2bc1d2-f7e9-4bd4-8531-5a777ae0be46 => generated 855 bytes in 60 msecs (HTTP/1.1 200) 7 headers in 285 bytes (1 switches on core 0)
Jun 23 13:58:32 devstack devstack@c-api.service[93383]: DEBUG cinder.api.middleware.request_id [None req-570bba67-2f39-458c-b36d-d1e87bd153b4 None None] RequestId filter calling following filter/app {{(pid=93383) _context_setter /opt/stack/cinder/cinder/api/middleware/request_id.py:62}}
Jun 23 13:58:32 devstack devstack@c-api.service[93383]: INFO cinder.api.openstack.wsgi [None req-570bba67-2f39-458c-b36d-d1e87bd153b4 tempest-AttachVolumeShelveTestJSON-803588905 tempest-AttachVolumeShelveTestJSON-803588905-project-member] GET http://192.168.122.110/volume/v3/volumes/edd36834-4360-41f2-816c-d430f435dd4d
Jun 23 13:58:32 devstack devstack@c-api.service[93383]: DEBUG cinder.api.openstack.wsgi [None req-570bba67-2f39-458c-b36d-d1e87bd153b4 tempest-AttachVolumeShelveTestJSON-803588905 tempest-AttachVolumeShelveTestJSON-803588905-project-member] Empty body provided in request {{(pid=93383) get_body /opt/stack/cinder/cinder/api/openstack/wsgi.py:725}}
Jun 23 13:58:32 devstack devstack@c-api.service[93383]: DEBUG cinder.api.openstack.wsgi [None req-570bba67-2f39-458c-b36d-d1e87bd153b4 tempest-AttachVolumeShelveTestJSON-803588905 tempest-AttachVolumeShelveTestJSON-803588905-project-member] Calling method 'show' {{(pid=93383) _process_stack /opt/stack/cinder/cinder/api/openstack/wsgi.py:878}}
Jun 23 13:58:32 devstack devstack@c-api.service[93383]: /opt/stack/data/venv/lib/python3.12/site-packages/oslo_context/context.py:102: DeprecationWarning: Policy enforcement is depending on the value of is_admin. This key is deprecated. Please update your policy file to use the standard policy values.
Jun 23 13:58:32 devstack devstack@c-api.service[93383]: warnings.warn(
Jun 23 13:58:32 devstack devstack@c-api.service[93383]: INFO cinder.volume.api [None req-570bba67-2f39-458c-b36d-d1e87bd153b4 tempest-AttachVolumeShelveTestJSON-803588905 tempest-AttachVolumeShelveTestJSON-803588905-project-member] Volume info retrieved successfully.
Jun 23 13:58:32 devstack devstack@c-api.service[93383]: INFO cinder.api.openstack.wsgi [None req-570bba67-2f39-458c-b36d-d1e87bd153b4 tempest-AttachVolumeShelveTestJSON-803588905 tempest-AttachVolumeShelveTestJSON-803588905-project-member] http://192.168.122.110/volume/v3/volumes/edd36834-4360-41f2-816c-d430f435dd4d returned with HTTP 200
Jun 23 13:58:32 devstack devstack@c-api.service[93383]: [pid: 93383|app: 0|req: 149/303] 192.168.122.110 () {58 vars in 1232 bytes} [Tue Jun 23 13:58:32 2026] GET /volume/v3/volumes/edd36834-4360-41f2-816c-d430f435dd4d => generated 857 bytes in 56 msecs (HTTP/1.1 200) 7 headers in 285 bytes (1 switches on core 0)
Jun 23 13:58:32 devstack devstack@c-api.service[93382]: DEBUG cinder.api.middleware.request_id [None req-ece13c4b-bc46-4b1a-843b-5cffe365d9e6 None None] RequestId filter calling following filter/app {{(pid=93382) _context_setter /opt/stack/cinder/cinder/api/middleware/request_id.py:62}}
Jun 23 13:58:32 devstack devstack@c-api.service[93382]: INFO cinder.api.openstack.wsgi [None req-ece13c4b-bc46-4b1a-843b-5cffe365d9e6 None None] GET http://192.168.122.110/volume//
Jun 23 13:58:32 devstack devstack@c-api.service[93382]: DEBUG cinder.api.openstack.wsgi [None req-ece13c4b-bc46-4b1a-843b-5cffe365d9e6 None None] Empty body provided in request {{(pid=93382) get_body /opt/stack/cinder/cinder/api/openstack/wsgi.py:725}}
Jun 23 13:58:32 devstack devstack@c-api.service[93382]: DEBUG cinder.api.openstack.wsgi [None req-ece13c4b-bc46-4b1a-843b-5cffe365d9e6 None None] Calling method 'all' {{(pid=93382) _process_stack /opt/stack/cinder/cinder/api/openstack/wsgi.py:878}}
Jun 23 13:58:32 devstack devstack@c-api.service[93382]: INFO cinder.api.openstack.wsgi [None req-ece13c4b-bc46-4b1a-843b-5cffe365d9e6 None None] http://192.168.122.110/volume// returned with HTTP 300
Jun 23 13:58:32 devstack devstack@c-api.service[93382]: [pid: 93382|app: 0|req: 155/304] 192.168.122.110 () {58 vars in 1315 bytes} [Tue Jun 23 13:58:32 2026] GET /volume/ => generated 390 bytes in 9 msecs (HTTP/1.1 300) 7 headers in 299 bytes (1 switches on core 0)
Jun 23 13:58:32 devstack devstack@c-api.service[93383]: DEBUG cinder.api.middleware.request_id [req-e6e2c23b-7893-4f9e-8374-73d7cc561c1f req-1cdd1cba-956f-4dba-8031-d7fde9c3f3d0 None None] RequestId filter calling following filter/app {{(pid=93383) _context_setter /opt/stack/cinder/cinder/api/middleware/request_id.py:62}}
Jun 23 13:58:32 devstack devstack@c-api.service[93383]: INFO cinder.api.openstack.wsgi [req-e6e2c23b-7893-4f9e-8374-73d7cc561c1f req-1cdd1cba-956f-4dba-8031-d7fde9c3f3d0 tempest-AttachVolumeNegativeTest-1318192135 tempest-AttachVolumeNegativeTest-1318192135-project-member] GET http://192.168.122.110/volume/v3/volumes/5e2bc1d2-f7e9-4bd4-8531-5a777ae0be46
Jun 23 13:58:32 devstack devstack@c-api.service[93383]: DEBUG cinder.api.openstack.wsgi [req-e6e2c23b-7893-4f9e-8374-73d7cc561c1f req-1cdd1cba-956f-4dba-8031-d7fde9c3f3d0 tempest-AttachVolumeNegativeTest-1318192135 tempest-AttachVolumeNegativeTest-1318192135-project-member] Empty body provided in request {{(pid=93383) get_body /opt/stack/cinder/cinder/api/openstack/wsgi.py:725}}
Jun 23 13:58:32 devstack devstack@c-api.service[93383]: DEBUG cinder.api.openstack.wsgi [req-e6e2c23b-7893-4f9e-8374-73d7cc561c1f req-1cdd1cba-956f-4dba-8031-d7fde9c3f3d0 tempest-AttachVolumeNegativeTest-1318192135 tempest-AttachVolumeNegativeTest-1318192135-project-member] Calling method 'show' {{(pid=93383) _process_stack /opt/stack/cinder/cinder/api/openstack/wsgi.py:878}}
Jun 23 13:58:32 devstack devstack@c-api.service[93382]: DEBUG cinder.api.middleware.request_id [None req-dfb42595-de4e-4bd8-8d36-da97cac7d733 None None] RequestId filter calling following filter/app {{(pid=93382) _context_setter /opt/stack/cinder/cinder/api/middleware/request_id.py:62}}
Jun 23 13:58:32 devstack devstack@c-api.service[93383]: /opt/stack/data/venv/lib/python3.12/site-packages/oslo_context/context.py:102: DeprecationWarning: Policy enforcement is depending on the value of is_admin. This key is deprecated. Please update your policy file to use the standard policy values.
Jun 23 13:58:32 devstack devstack@c-api.service[93383]: warnings.warn(
Jun 23 13:58:32 devstack devstack@c-api.service[93382]: INFO cinder.api.openstack.wsgi [None req-dfb42595-de4e-4bd8-8d36-da97cac7d733 tempest-GroupsV314Test-271417820 tempest-GroupsV314Test-271417820-project-member] GET http://192.168.122.110/volume/v3/volumes/83380559-9820-44fe-8dbd-069867dd4e65
Jun 23 13:58:32 devstack devstack@c-api.service[93382]: DEBUG cinder.api.openstack.wsgi [None req-dfb42595-de4e-4bd8-8d36-da97cac7d733 tempest-GroupsV314Test-271417820 tempest-GroupsV314Test-271417820-project-member] Empty body provided in request {{(pid=93382) get_body /opt/stack/cinder/cinder/api/openstack/wsgi.py:725}}
Jun 23 13:58:32 devstack devstack@c-api.service[93382]: DEBUG cinder.api.openstack.wsgi [None req-dfb42595-de4e-4bd8-8d36-da97cac7d733 tempest-GroupsV314Test-271417820 tempest-GroupsV314Test-271417820-project-member] Calling method 'show' {{(pid=93382) _process_stack /opt/stack/cinder/cinder/api/openstack/wsgi.py:878}}
Jun 23 13:58:32 devstack devstack@c-api.service[93383]: INFO cinder.volume.api [req-e6e2c23b-7893-4f9e-8374-73d7cc561c1f req-1cdd1cba-956f-4dba-8031-d7fde9c3f3d0 tempest-AttachVolumeNegativeTest-1318192135 tempest-AttachVolumeNegativeTest-1318192135-project-member] Volume info retrieved successfully.
Jun 23 13:58:32 devstack devstack@c-api.service[93383]: INFO cinder.api.openstack.wsgi [req-e6e2c23b-7893-4f9e-8374-73d7cc561c1f req-1cdd1cba-956f-4dba-8031-d7fde9c3f3d0 tempest-AttachVolumeNegativeTest-1318192135 tempest-AttachVolumeNegativeTest-1318192135-project-member] http://192.168.122.110/volume/v3/volumes/5e2bc1d2-f7e9-4bd4-8531-5a777ae0be46 returned with HTTP 200
Jun 23 13:58:32 devstack devstack@c-api.service[93383]: [pid: 93383|app: 0|req: 150/305] 192.168.122.110 () {62 vars in 1528 bytes} [Tue Jun 23 13:58:32 2026] GET /volume/v3/volumes/5e2bc1d2-f7e9-4bd4-8531-5a777ae0be46 => generated 1036 bytes in 55 msecs (HTTP/1.1 200) 7 headers in 287 bytes (1 switches on core 0)
Jun 23 13:58:32 devstack devstack@c-api.service[93382]: /opt/stack/data/venv/lib/python3.12/site-packages/oslo_context/context.py:102: DeprecationWarning: Policy enforcement is depending on the value of is_admin. This key is deprecated. Please update your policy file to use the standard policy values.
Jun 23 13:58:32 devstack devstack@c-api.service[93382]: warnings.warn(
Jun 23 13:58:32 devstack devstack@c-api.service[93382]: INFO cinder.volume.api [None req-dfb42595-de4e-4bd8-8d36-da97cac7d733 tempest-GroupsV314Test-271417820 tempest-GroupsV314Test-271417820-project-member] Volume info retrieved successfully.
Jun 23 13:58:32 devstack devstack@c-api.service[93382]: WARNING stevedore.named [None req-dfb42595-de4e-4bd8-8d36-da97cac7d733 tempest-GroupsV314Test-271417820 tempest-GroupsV314Test-271417820-project-member] Could not load cinder.keymgr.conf_key_mgr.ConfKeyManager
Jun 23 13:58:32 devstack devstack@c-api.service[93382]: WARNING castellan.key_manager [None req-dfb42595-de4e-4bd8-8d36-da97cac7d733 tempest-GroupsV314Test-271417820 tempest-GroupsV314Test-271417820-project-member] Deprecation Warning : cinder.keymgr.conf_key_mgr.ConfKeyManager is not a stevedore based driver, trying to load it as a class: stevedore.exception.NoMatches: No 'castellan.drivers' driver found, looking for 'cinder.keymgr.conf_key_mgr.ConfKeyManager'
Jun 23 13:58:32 devstack devstack@c-api.service[93382]: DEBUG oslo_db.sqlalchemy.engines [None req-dfb42595-de4e-4bd8-8d36-da97cac7d733 tempest-GroupsV314Test-271417820 tempest-GroupsV314Test-271417820-project-member] MySQL server mode set to STRICT_TRANS_TABLES,STRICT_ALL_TABLES,NO_ZERO_IN_DATE,NO_ZERO_DATE,ERROR_FOR_DIVISION_BY_ZERO,TRADITIONAL,NO_ENGINE_SUBSTITUTION {{(pid=93382) _check_effective_sql_mode /opt/stack/data/venv/lib/python3.12/site-packages/oslo_db/sqlalchemy/engines.py:325}}
Jun 23 13:58:32 devstack devstack@c-api.service[93383]: DEBUG cinder.api.middleware.request_id [req-e6e2c23b-7893-4f9e-8374-73d7cc561c1f req-e0ba11d2-0fcb-43df-a8b2-75ca28b91f18 None None] RequestId filter calling following filter/app {{(pid=93383) _context_setter /opt/stack/cinder/cinder/api/middleware/request_id.py:62}}
Jun 23 13:58:32 devstack devstack@c-api.service[93382]: /opt/stack/data/venv/lib/python3.12/site-packages/oslo_context/context.py:102: DeprecationWarning: Policy enforcement is depending on the value of is_admin. This key is deprecated. Please update your policy file to use the standard policy values.
Jun 23 13:58:32 devstack devstack@c-api.service[93382]: warnings.warn(
Jun 23 13:58:32 devstack devstack@c-api.service[93383]: INFO cinder.api.openstack.wsgi [req-e6e2c23b-7893-4f9e-8374-73d7cc561c1f req-e0ba11d2-0fcb-43df-a8b2-75ca28b91f18 tempest-AttachVolumeNegativeTest-1318192135 tempest-AttachVolumeNegativeTest-1318192135-project-member] PUT http://192.168.122.110/volume/v3/attachments/a8d90989-d20b-470a-b39c-72fd305ae888
Jun 23 13:58:32 devstack devstack@c-api.service[93383]: DEBUG cinder.api.openstack.wsgi [req-e6e2c23b-7893-4f9e-8374-73d7cc561c1f req-e0ba11d2-0fcb-43df-a8b2-75ca28b91f18 tempest-AttachVolumeNegativeTest-1318192135 tempest-AttachVolumeNegativeTest-1318192135-project-member] Action: 'update', calling method: version_select, body: {"attachment": {"connector": {"platform": "x86_64", "os_type": "linux", "ip": "192.168.122.110", "host": "devstack", "multipath": false, "enforce_multipath": true, "initiator": "iqn.2016-04.com.open-iscsi:f1ac63b19e6", "do_local_attach": false, "uuid": "e51d0ed5-0776-4376-a81f-1e084ffcb1c6", "system uuid": "757ccb7a-478b-4ab4-95c7-c854ce5242de", "nvme_native_multipath": false, "mountpoint": "/dev/vdb"}}} {{(pid=93383) _process_stack /opt/stack/cinder/cinder/api/openstack/wsgi.py:876}}
Jun 23 13:58:32 devstack devstack@c-api.service[93382]: INFO cinder.api.openstack.wsgi [None req-dfb42595-de4e-4bd8-8d36-da97cac7d733 tempest-GroupsV314Test-271417820 tempest-GroupsV314Test-271417820-project-member] http://192.168.122.110/volume/v3/volumes/83380559-9820-44fe-8dbd-069867dd4e65 returned with HTTP 200
Jun 23 13:58:32 devstack devstack@c-api.service[93382]: [pid: 93382|app: 0|req: 156/306] 192.168.122.110 () {60 vars in 1273 bytes} [Tue Jun 23 13:58:32 2026] GET /volume/v3/volumes/83380559-9820-44fe-8dbd-069867dd4e65 => generated 918 bytes in 188 msecs (HTTP/1.1 200) 7 headers in 286 bytes (1 switches on core 0)
Jun 23 13:58:32 devstack devstack@c-api.service[93383]: DEBUG cinder.coordination [req-e6e2c23b-7893-4f9e-8374-73d7cc561c1f req-e0ba11d2-0fcb-43df-a8b2-75ca28b91f18 tempest-AttachVolumeNegativeTest-1318192135 tempest-AttachVolumeNegativeTest-1318192135-project-member] Acquiring lock "cinder-attachment_update-5e2bc1d2-f7e9-4bd4-8531-5a777ae0be46-devstack" by "attachment_update" {{(pid=93383) __acquire /opt/stack/cinder/cinder/coordination.py:138}}
Jun 23 13:58:32 devstack devstack@c-api.service[93383]: DEBUG cinder.coordination [req-e6e2c23b-7893-4f9e-8374-73d7cc561c1f req-e0ba11d2-0fcb-43df-a8b2-75ca28b91f18 tempest-AttachVolumeNegativeTest-1318192135 tempest-AttachVolumeNegativeTest-1318192135-project-member] Lock "cinder-attachment_update-5e2bc1d2-f7e9-4bd4-8531-5a777ae0be46-devstack" acquired by "attachment_update" :: waited 0.016s {{(pid=93383) __acquire /opt/stack/cinder/cinder/coordination.py:141}}
Jun 23 13:58:32 devstack devstack@c-api.service[93383]: /opt/stack/data/venv/lib/python3.12/site-packages/oslo_context/context.py:102: DeprecationWarning: Policy enforcement is depending on the value of is_admin. This key is deprecated. Please update your policy file to use the standard policy values.
