Jan 29 09:31:43 devstack devstack@g-api.service[75620]: [uWSGI] getting INI configuration from /etc/glance/glance-uwsgi.ini
Jan 29 09:31:43 devstack devstack@g-api.service[75620]: *** Starting uWSGI 2.0.20-debian (64bit) on [Thu Jan 29 09:31:43 2026] ***
Jan 29 09:31:43 devstack devstack@g-api.service[75620]: compiled with version: 11.2.0 on 21 March 2022 11:00:44
Jan 29 09:31:43 devstack devstack@g-api.service[75620]: os: Linux-5.15.0-164-generic #174-Ubuntu SMP Fri Nov 14 20:25:16 UTC 2025
Jan 29 09:31:43 devstack devstack@g-api.service[75620]: nodename: devstack
Jan 29 09:31:43 devstack devstack@g-api.service[75620]: machine: x86_64
Jan 29 09:31:43 devstack devstack@g-api.service[75620]: clock source: unix
Jan 29 09:31:43 devstack devstack@g-api.service[75620]: pcre jit disabled
Jan 29 09:31:43 devstack devstack@g-api.service[75620]: detected number of CPU cores: 4
Jan 29 09:31:43 devstack devstack@g-api.service[75620]: current working directory: /
Jan 29 09:31:43 devstack devstack@g-api.service[75620]: detected binary path: /usr/bin/uwsgi-core
Jan 29 09:31:43 devstack devstack@g-api.service[75620]: your processes number limit is 47368
Jan 29 09:31:43 devstack devstack@g-api.service[75620]: your memory page size is 4096 bytes
Jan 29 09:31:43 devstack devstack@g-api.service[75620]: detected max file descriptor number: 2048
Jan 29 09:31:43 devstack devstack@g-api.service[75620]: lock engine: pthread robust mutexes
Jan 29 09:31:43 devstack devstack@g-api.service[75620]: thunder lock: enabled
Jan 29 09:31:43 devstack devstack@g-api.service[75620]: uwsgi socket 0 bound to TCP address 127.0.0.1:60999 fd 4
Jan 29 09:31:43 devstack devstack@g-api.service[75620]: Python version: 3.10.12 (main, Jan 8 2026, 06:52:19) [GCC 11.4.0]
Jan 29 09:31:43 devstack devstack@g-api.service[75620]: PEP 405 virtualenv detected: /opt/stack/data/venv
Jan 29 09:31:43 devstack devstack@g-api.service[75620]: Set PythonHome to /opt/stack/data/venv
Jan 29 09:31:43 devstack devstack@g-api.service[75620]: Python main interpreter initialized at 0x559813b4e6a0
Jan 29 09:31:43 devstack devstack@g-api.service[75620]: python threads support enabled
Jan 29 09:31:43 devstack devstack@g-api.service[75620]: your server socket listen backlog is limited to 100 connections
Jan 29 09:31:43 devstack devstack@g-api.service[75620]: your mercy for graceful operations on workers is 80 seconds
Jan 29 09:31:43 devstack devstack@g-api.service[75620]: mapped 403077 bytes (393 KB) for 2 cores
Jan 29 09:31:43 devstack devstack@g-api.service[75620]: *** Operational MODE: preforking ***
Jan 29 09:31:43 devstack devstack@g-api.service[75620]: *** uWSGI is running in multiple interpreter mode ***
Jan 29 09:31:43 devstack devstack@g-api.service[75620]: spawned uWSGI master process (pid: 75620)
Jan 29 09:31:43 devstack devstack@g-api.service[75620]: spawned uWSGI worker 1 (pid: 75639, cores: 1)
Jan 29 09:31:43 devstack devstack@g-api.service[75620]: spawned uWSGI worker 2 (pid: 75640, cores: 1)
Jan 29 09:31:43 devstack devstack@g-api.service[75620]: running "unix_signal:15 gracefully_kill_them_all" (master-start)...
Jan 29 09:31:44 devstack devstack@g-api.service[75640]: INFO glance.async_ [-] Threadpool model set to 'NativeThreadPoolModel'
Jan 29 09:31:44 devstack devstack@g-api.service[75639]: INFO glance.async_ [-] Threadpool model set to 'NativeThreadPoolModel'
Jan 29 09:31:44 devstack devstack@g-api.service[75640]: DEBUG oslo_concurrency.processutils [-] Running cmd (subprocess): grep -F node.session.scan /sbin/iscsiadm {{(pid=75640) execute /opt/stack/data/venv/lib/python3.10/site-packages/oslo_concurrency/processutils.py:349}}
Jan 29 09:31:44 devstack devstack@g-api.service[75640]: DEBUG oslo_concurrency.processutils [-] CMD "grep -F node.session.scan /sbin/iscsiadm" returned: 0 in 0.013s {{(pid=75640) execute /opt/stack/data/venv/lib/python3.10/site-packages/oslo_concurrency/processutils.py:372}}
Jan 29 09:31:44 devstack devstack@g-api.service[75639]: DEBUG oslo_concurrency.processutils [-] Running cmd (subprocess): grep -F node.session.scan /sbin/iscsiadm {{(pid=75639) execute /opt/stack/data/venv/lib/python3.10/site-packages/oslo_concurrency/processutils.py:349}}
Jan 29 09:31:44 devstack devstack@g-api.service[75639]: DEBUG oslo_concurrency.processutils [-] CMD "grep -F node.session.scan /sbin/iscsiadm" returned: 0 in 0.017s {{(pid=75639) execute /opt/stack/data/venv/lib/python3.10/site-packages/oslo_concurrency/processutils.py:372}}
Jan 29 09:31:45 devstack devstack@g-api.service[75640]: DEBUG glance_store.backend [-] Attempting to import store cinder {{(pid=75640) _load_store /opt/stack/data/venv/lib/python3.10/site-packages/glance_store/backend.py:215}}
Jan 29 09:31:45 devstack devstack@g-api.service[75640]: DEBUG glance_store.backend [-] Attempting to import store file {{(pid=75640) _load_store /opt/stack/data/venv/lib/python3.10/site-packages/glance_store/backend.py:215}}
Jan 29 09:31:45 devstack devstack@g-api.service[75640]: DEBUG glance_store.backend [-] Attempting to import store glance.store.cinder.Store {{(pid=75640) _load_store /opt/stack/data/venv/lib/python3.10/site-packages/glance_store/backend.py:215}}
Jan 29 09:31:45 devstack devstack@g-api.service[75639]: DEBUG glance_store.backend [-] Attempting to import store cinder {{(pid=75639) _load_store /opt/stack/data/venv/lib/python3.10/site-packages/glance_store/backend.py:215}}
Jan 29 09:31:45 devstack devstack@g-api.service[75639]: DEBUG glance_store.backend [-] Attempting to import store file {{(pid=75639) _load_store /opt/stack/data/venv/lib/python3.10/site-packages/glance_store/backend.py:215}}
Jan 29 09:31:45 devstack devstack@g-api.service[75639]: DEBUG glance_store.backend [-] Attempting to import store glance.store.cinder.Store {{(pid=75639) _load_store /opt/stack/data/venv/lib/python3.10/site-packages/glance_store/backend.py:215}}
Jan 29 09:31:45 devstack devstack@g-api.service[75639]: DEBUG glance_store.backend [-] Attempting to import store glance.store.filesystem.Store {{(pid=75639) _load_store /opt/stack/data/venv/lib/python3.10/site-packages/glance_store/backend.py:215}}
Jan 29 09:31:45 devstack devstack@g-api.service[75639]: DEBUG glance_store.backend [-] Attempting to import store glance.store.http.Store {{(pid=75639) _load_store /opt/stack/data/venv/lib/python3.10/site-packages/glance_store/backend.py:215}}
Jan 29 09:31:45 devstack devstack@g-api.service[75640]: DEBUG glance_store.backend [-] Attempting to import store glance.store.filesystem.Store {{(pid=75640) _load_store /opt/stack/data/venv/lib/python3.10/site-packages/glance_store/backend.py:215}}
Jan 29 09:31:45 devstack devstack@g-api.service[75639]: DEBUG glance_store.backend [-] Attempting to import store glance.store.rbd.Store {{(pid=75639) _load_store /opt/stack/data/venv/lib/python3.10/site-packages/glance_store/backend.py:215}}
Jan 29 09:31:45 devstack devstack@g-api.service[75639]: DEBUG glance_store.backend [-] Attempting to import store glance.store.s3.Store {{(pid=75639) _load_store /opt/stack/data/venv/lib/python3.10/site-packages/glance_store/backend.py:215}}
Jan 29 09:31:45 devstack devstack@g-api.service[75640]: DEBUG glance_store.backend [-] Attempting to import store glance.store.http.Store {{(pid=75640) _load_store /opt/stack/data/venv/lib/python3.10/site-packages/glance_store/backend.py:215}}
Jan 29 09:31:45 devstack devstack@g-api.service[75639]: DEBUG glance_store.backend [-] Attempting to import store glance.store.swift.Store {{(pid=75639) _load_store /opt/stack/data/venv/lib/python3.10/site-packages/glance_store/backend.py:215}}
Jan 29 09:31:45 devstack devstack@g-api.service[75639]: DEBUG glance_store.backend [-] Attempting to import store glance.store.vmware_datastore.Store {{(pid=75639) _load_store /opt/stack/data/venv/lib/python3.10/site-packages/glance_store/backend.py:215}}
Jan 29 09:31:45 devstack devstack@g-api.service[75639]: DEBUG glance_store.backend [-] Attempting to import store http {{(pid=75639) _load_store /opt/stack/data/venv/lib/python3.10/site-packages/glance_store/backend.py:215}}
Jan 29 09:31:45 devstack devstack@g-api.service[75640]: DEBUG glance_store.backend [-] Attempting to import store glance.store.rbd.Store {{(pid=75640) _load_store /opt/stack/data/venv/lib/python3.10/site-packages/glance_store/backend.py:215}}
Jan 29 09:31:45 devstack devstack@g-api.service[75639]: DEBUG glance_store.backend [-] Attempting to import store no_conf {{(pid=75639) _load_store /opt/stack/data/venv/lib/python3.10/site-packages/glance_store/backend.py:215}}
Jan 29 09:31:45 devstack devstack@g-api.service[75640]: DEBUG glance_store.backend [-] Attempting to import store glance.store.s3.Store {{(pid=75640) _load_store /opt/stack/data/venv/lib/python3.10/site-packages/glance_store/backend.py:215}}
Jan 29 09:31:45 devstack devstack@g-api.service[75639]: DEBUG glance_store.backend [-] Attempting to import store rbd {{(pid=75639) _load_store /opt/stack/data/venv/lib/python3.10/site-packages/glance_store/backend.py:215}}
Jan 29 09:31:45 devstack devstack@g-api.service[75639]: DEBUG glance_store.backend [-] Attempting to import store s3 {{(pid=75639) _load_store /opt/stack/data/venv/lib/python3.10/site-packages/glance_store/backend.py:215}}
Jan 29 09:31:45 devstack devstack@g-api.service[75640]: DEBUG glance_store.backend [-] Attempting to import store glance.store.swift.Store {{(pid=75640) _load_store /opt/stack/data/venv/lib/python3.10/site-packages/glance_store/backend.py:215}}
Jan 29 09:31:45 devstack devstack@g-api.service[75639]: DEBUG glance_store.backend [-] Attempting to import store swift {{(pid=75639) _load_store /opt/stack/data/venv/lib/python3.10/site-packages/glance_store/backend.py:215}}
Jan 29 09:31:45 devstack devstack@g-api.service[75639]: DEBUG glance_store.backend [-] Attempting to import store vmware {{(pid=75639) _load_store /opt/stack/data/venv/lib/python3.10/site-packages/glance_store/backend.py:215}}
Jan 29 09:31:45 devstack devstack@g-api.service[75640]: DEBUG glance_store.backend [-] Attempting to import store glance.store.vmware_datastore.Store {{(pid=75640) _load_store /opt/stack/data/venv/lib/python3.10/site-packages/glance_store/backend.py:215}}
Jan 29 09:31:45 devstack devstack@g-api.service[75639]: DEBUG glance_store.backend [-] Registering options for group glance_store {{(pid=75639) register_opts /opt/stack/data/venv/lib/python3.10/site-packages/glance_store/backend.py:144}}
Jan 29 09:31:45 devstack devstack@g-api.service[75640]: DEBUG glance_store.backend [-] Attempting to import store http {{(pid=75640) _load_store /opt/stack/data/venv/lib/python3.10/site-packages/glance_store/backend.py:215}}
Jan 29 09:31:45 devstack devstack@g-api.service[75639]: DEBUG glance_store.backend [-] Registering options for group glance_store {{(pid=75639) register_opts /opt/stack/data/venv/lib/python3.10/site-packages/glance_store/backend.py:144}}
Jan 29 09:31:45 devstack devstack@g-api.service[75640]: DEBUG glance_store.backend [-] Attempting to import store no_conf {{(pid=75640) _load_store /opt/stack/data/venv/lib/python3.10/site-packages/glance_store/backend.py:215}}
Jan 29 09:31:45 devstack devstack@g-api.service[75640]: DEBUG glance_store.backend [-] Attempting to import store rbd {{(pid=75640) _load_store /opt/stack/data/venv/lib/python3.10/site-packages/glance_store/backend.py:215}}
Jan 29 09:31:45 devstack devstack@g-api.service[75640]: DEBUG glance_store.backend [-] Attempting to import store s3 {{(pid=75640) _load_store /opt/stack/data/venv/lib/python3.10/site-packages/glance_store/backend.py:215}}
Jan 29 09:31:45 devstack devstack@g-api.service[75640]: DEBUG glance_store.backend [-] Attempting to import store swift {{(pid=75640) _load_store /opt/stack/data/venv/lib/python3.10/site-packages/glance_store/backend.py:215}}
Jan 29 09:31:45 devstack devstack@g-api.service[75639]: DEBUG glance_store.backend [-] Attempting to import store file {{(pid=75639) _load_store /opt/stack/data/venv/lib/python3.10/site-packages/glance_store/backend.py:215}}
Jan 29 09:31:45 devstack devstack@g-api.service[75639]: DEBUG glance_store.capabilities [-] Store glance_store._drivers.filesystem.Store doesn't support updating dynamic storage capabilities. Please overwrite 'update_capabilities' method of the store to implement updating logics if needed. {{(pid=75639) update_capabilities /opt/stack/data/venv/lib/python3.10/site-packages/glance_store/capabilities.py:91}}
Jan 29 09:31:45 devstack devstack@g-api.service[75640]: DEBUG glance_store.backend [-] Attempting to import store vmware {{(pid=75640) _load_store /opt/stack/data/venv/lib/python3.10/site-packages/glance_store/backend.py:215}}
Jan 29 09:31:45 devstack devstack@g-api.service[75639]: DEBUG glance_store.backend [-] Registering store file with schemes ('file', 'filesystem') {{(pid=75639) create_stores /opt/stack/data/venv/lib/python3.10/site-packages/glance_store/backend.py:261}}
Jan 29 09:31:45 devstack devstack@g-api.service[75639]: DEBUG glance_store.driver [-] Late loading location class glance_store._drivers.filesystem.StoreLocation {{(pid=75639) get_store_location_class /opt/stack/data/venv/lib/python3.10/site-packages/glance_store/driver.py:134}}
Jan 29 09:31:45 devstack devstack@g-api.service[75639]: DEBUG glance_store.location [-] Registering scheme file with {'store': , 'location_class': , 'store_entry': 'file'} {{(pid=75639) register_scheme_map /opt/stack/data/venv/lib/python3.10/site-packages/glance_store/location.py:146}}
Jan 29 09:31:45 devstack devstack@g-api.service[75639]: DEBUG glance_store.location [-] Registering scheme filesystem with {'store': , 'location_class': , 'store_entry': 'file'} {{(pid=75639) register_scheme_map /opt/stack/data/venv/lib/python3.10/site-packages/glance_store/location.py:146}}
Jan 29 09:31:45 devstack devstack@g-api.service[75640]: DEBUG glance_store.backend [-] Registering options for group glance_store {{(pid=75640) register_opts /opt/stack/data/venv/lib/python3.10/site-packages/glance_store/backend.py:144}}
Jan 29 09:31:45 devstack devstack@g-api.service[75639]: DEBUG glance_store.backend [-] Attempting to import store http {{(pid=75639) _load_store /opt/stack/data/venv/lib/python3.10/site-packages/glance_store/backend.py:215}}
Jan 29 09:31:45 devstack devstack@g-api.service[75639]: DEBUG glance_store.capabilities [-] Store glance_store._drivers.http.Store doesn't support updating dynamic storage capabilities. Please overwrite 'update_capabilities' method of the store to implement updating logics if needed. {{(pid=75639) update_capabilities /opt/stack/data/venv/lib/python3.10/site-packages/glance_store/capabilities.py:91}}
Jan 29 09:31:45 devstack devstack@g-api.service[75639]: DEBUG glance_store.backend [-] Registering store http with schemes ('http', 'https') {{(pid=75639) create_stores /opt/stack/data/venv/lib/python3.10/site-packages/glance_store/backend.py:261}}
Jan 29 09:31:45 devstack devstack@g-api.service[75640]: DEBUG glance_store.backend [-] Registering options for group glance_store {{(pid=75640) register_opts /opt/stack/data/venv/lib/python3.10/site-packages/glance_store/backend.py:144}}
Jan 29 09:31:45 devstack devstack@g-api.service[75639]: DEBUG glance_store.driver [-] Late loading location class glance_store._drivers.http.StoreLocation {{(pid=75639) get_store_location_class /opt/stack/data/venv/lib/python3.10/site-packages/glance_store/driver.py:134}}
Jan 29 09:31:45 devstack devstack@g-api.service[75639]: DEBUG glance_store.location [-] Registering scheme http with {'store': , 'location_class': , 'store_entry': 'http'} {{(pid=75639) register_scheme_map /opt/stack/data/venv/lib/python3.10/site-packages/glance_store/location.py:146}}
Jan 29 09:31:45 devstack devstack@g-api.service[75639]: DEBUG glance_store.location [-] Registering scheme https with {'store': , 'location_class': , 'store_entry': 'http'} {{(pid=75639) register_scheme_map /opt/stack/data/venv/lib/python3.10/site-packages/glance_store/location.py:146}}
Jan 29 09:31:45 devstack devstack@g-api.service[75639]: DEBUG glance.sqlite_migration [-] SQLite caching database not located, skipping migration {{(pid=75639) get_db_path /opt/stack/glance/glance/sqlite_migration.py:68}}
Jan 29 09:31:45 devstack devstack@g-api.service[75639]: WARNING glance.common.wsgi_app [-] Import methods are enabled but staging directory /tmp/staging/ does not exist; Imports will fail!
Jan 29 09:31:45 devstack devstack@g-api.service[75640]: DEBUG glance_store.backend [-] Attempting to import store file {{(pid=75640) _load_store /opt/stack/data/venv/lib/python3.10/site-packages/glance_store/backend.py:215}}
Jan 29 09:31:45 devstack devstack@g-api.service[75640]: DEBUG glance_store.capabilities [-] Store glance_store._drivers.filesystem.Store doesn't support updating dynamic storage capabilities. Please overwrite 'update_capabilities' method of the store to implement updating logics if needed. {{(pid=75640) update_capabilities /opt/stack/data/venv/lib/python3.10/site-packages/glance_store/capabilities.py:91}}
Jan 29 09:31:45 devstack devstack@g-api.service[75640]: DEBUG glance_store.backend [-] Registering store file with schemes ('file', 'filesystem') {{(pid=75640) create_stores /opt/stack/data/venv/lib/python3.10/site-packages/glance_store/backend.py:261}}
Jan 29 09:31:45 devstack devstack@g-api.service[75640]: DEBUG glance_store.driver [-] Late loading location class glance_store._drivers.filesystem.StoreLocation {{(pid=75640) get_store_location_class /opt/stack/data/venv/lib/python3.10/site-packages/glance_store/driver.py:134}}
Jan 29 09:31:45 devstack devstack@g-api.service[75640]: DEBUG glance_store.location [-] Registering scheme file with {'store': , 'location_class': , 'store_entry': 'file'} {{(pid=75640) register_scheme_map /opt/stack/data/venv/lib/python3.10/site-packages/glance_store/location.py:146}}
Jan 29 09:31:45 devstack devstack@g-api.service[75640]: DEBUG glance_store.location [-] Registering scheme filesystem with {'store': , 'location_class': , 'store_entry': 'file'} {{(pid=75640) register_scheme_map /opt/stack/data/venv/lib/python3.10/site-packages/glance_store/location.py:146}}
Jan 29 09:31:45 devstack devstack@g-api.service[75640]: DEBUG glance_store.backend [-] Attempting to import store http {{(pid=75640) _load_store /opt/stack/data/venv/lib/python3.10/site-packages/glance_store/backend.py:215}}
Jan 29 09:31:45 devstack devstack@g-api.service[75640]: DEBUG glance_store.capabilities [-] Store glance_store._drivers.http.Store doesn't support updating dynamic storage capabilities. Please overwrite 'update_capabilities' method of the store to implement updating logics if needed. {{(pid=75640) update_capabilities /opt/stack/data/venv/lib/python3.10/site-packages/glance_store/capabilities.py:91}}
Jan 29 09:31:45 devstack devstack@g-api.service[75640]: DEBUG glance_store.backend [-] Registering store http with schemes ('http', 'https') {{(pid=75640) create_stores /opt/stack/data/venv/lib/python3.10/site-packages/glance_store/backend.py:261}}
Jan 29 09:31:45 devstack devstack@g-api.service[75640]: DEBUG glance_store.driver [-] Late loading location class glance_store._drivers.http.StoreLocation {{(pid=75640) get_store_location_class /opt/stack/data/venv/lib/python3.10/site-packages/glance_store/driver.py:134}}
Jan 29 09:31:45 devstack devstack@g-api.service[75640]: DEBUG glance_store.location [-] Registering scheme http with {'store': , 'location_class': , 'store_entry': 'http'} {{(pid=75640) register_scheme_map /opt/stack/data/venv/lib/python3.10/site-packages/glance_store/location.py:146}}
Jan 29 09:31:45 devstack devstack@g-api.service[75640]: DEBUG glance_store.location [-] Registering scheme https with {'store': , 'location_class': , 'store_entry': 'http'} {{(pid=75640) register_scheme_map /opt/stack/data/venv/lib/python3.10/site-packages/glance_store/location.py:146}}
Jan 29 09:31:45 devstack devstack@g-api.service[75640]: DEBUG glance.sqlite_migration [-] SQLite caching database not located, skipping migration {{(pid=75640) get_db_path /opt/stack/glance/glance/sqlite_migration.py:68}}
Jan 29 09:31:45 devstack devstack@g-api.service[75640]: WARNING glance.common.wsgi_app [-] Import methods are enabled but staging directory /tmp/staging/ does not exist; Imports will fail!
Jan 29 09:31:45 devstack devstack@g-api.service[75640]: DEBUG glance.common.config [None req-a70c47f0-1ae1-4bab-bc4e-0c7360d8ef1d None None] Loading glance-api-keystone+cachemanagement from /etc/glance/glance-api-paste.ini {{(pid=75640) load_paste_app /opt/stack/glance/glance/common/config.py:750}}
Jan 29 09:31:45 devstack devstack@g-api.service[75639]: DEBUG glance.common.config [None req-f92afe63-9497-4f1d-805b-64d95969aae7 None None] Loading glance-api-keystone+cachemanagement from /etc/glance/glance-api-paste.ini {{(pid=75639) load_paste_app /opt/stack/glance/glance/common/config.py:750}}
Jan 29 09:31:46 devstack devstack@g-api.service[75639]: INFO glance.image_cache [None req-f92afe63-9497-4f1d-805b-64d95969aae7 None None] Image cache loaded driver 'centralized_db'.
Jan 29 09:31:46 devstack devstack@g-api.service[75640]: INFO glance.image_cache [None req-a70c47f0-1ae1-4bab-bc4e-0c7360d8ef1d None None] Image cache loaded driver 'centralized_db'.
Jan 29 09:31:46 devstack devstack@g-api.service[75639]: INFO dbcounter [None req-f92afe63-9497-4f1d-805b-64d95969aae7 None None] Registered counter for database glance
Jan 29 09:31:46 devstack devstack@g-api.service[75640]: INFO dbcounter [None req-a70c47f0-1ae1-4bab-bc4e-0c7360d8ef1d None None] Registered counter for database glance
Jan 29 09:31:46 devstack devstack@g-api.service[75639]: DEBUG oslo_db.sqlalchemy.engines [None req-f92afe63-9497-4f1d-805b-64d95969aae7 None None] MySQL server mode set to STRICT_TRANS_TABLES,STRICT_ALL_TABLES,NO_ZERO_IN_DATE,NO_ZERO_DATE,ERROR_FOR_DIVISION_BY_ZERO,TRADITIONAL,NO_ENGINE_SUBSTITUTION {{(pid=75639) _check_effective_sql_mode /opt/stack/data/venv/lib/python3.10/site-packages/oslo_db/sqlalchemy/engines.py:325}}
Jan 29 09:31:46 devstack devstack@g-api.service[75640]: DEBUG oslo_db.sqlalchemy.engines [None req-a70c47f0-1ae1-4bab-bc4e-0c7360d8ef1d None None] MySQL server mode set to STRICT_TRANS_TABLES,STRICT_ALL_TABLES,NO_ZERO_IN_DATE,NO_ZERO_DATE,ERROR_FOR_DIVISION_BY_ZERO,TRADITIONAL,NO_ENGINE_SUBSTITUTION {{(pid=75640) _check_effective_sql_mode /opt/stack/data/venv/lib/python3.10/site-packages/oslo_db/sqlalchemy/engines.py:325}}
Jan 29 09:31:46 devstack devstack@g-api.service[75639]: DEBUG dbcounter [-] [75639] Writer thread running {{(pid=75639) stat_writer /opt/stack/data/venv/lib/python3.10/site-packages/dbcounter.py:102}}
Jan 29 09:31:46 devstack devstack@g-api.service[75640]: DEBUG dbcounter [-] [75640] Writer thread running {{(pid=75640) stat_writer /opt/stack/data/venv/lib/python3.10/site-packages/dbcounter.py:102}}
Jan 29 09:31:46 devstack devstack@g-api.service[75640]: DEBUG glance.image_cache.drivers.centralized_db [None req-a70c47f0-1ae1-4bab-bc4e-0c7360d8ef1d None None] Node reference is already recorded, ignoring it {{(pid=75640) configure /opt/stack/glance/glance/image_cache/drivers/centralized_db.py:71}}
Jan 29 09:31:46 devstack devstack@g-api.service[75639]: INFO glance.image_cache [None req-f92afe63-9497-4f1d-805b-64d95969aae7 None None] Image cache loaded driver 'centralized_db'.
Jan 29 09:31:46 devstack devstack@g-api.service[75640]: INFO glance.image_cache [None req-a70c47f0-1ae1-4bab-bc4e-0c7360d8ef1d None None] Image cache loaded driver 'centralized_db'.
Jan 29 09:31:46 devstack devstack@g-api.service[75639]: DEBUG glance.image_cache.drivers.centralized_db [None req-f92afe63-9497-4f1d-805b-64d95969aae7 None None] Node reference is already recorded, ignoring it {{(pid=75639) configure /opt/stack/glance/glance/image_cache/drivers/centralized_db.py:71}}
Jan 29 09:31:46 devstack devstack@g-api.service[75640]: DEBUG glance.image_cache.drivers.centralized_db [None req-a70c47f0-1ae1-4bab-bc4e-0c7360d8ef1d None None] Node reference is already recorded, ignoring it {{(pid=75640) configure /opt/stack/glance/glance/image_cache/drivers/centralized_db.py:71}}
Jan 29 09:31:46 devstack devstack@g-api.service[75640]: DEBUG glance.api.v2.cached_images [None req-a70c47f0-1ae1-4bab-bc4e-0c7360d8ef1d None None] Started cache worker thread {{(pid=75640) __init__ /opt/stack/glance/glance/api/v2/cached_images.py:69}}
Jan 29 09:31:46 devstack devstack@g-api.service[75639]: DEBUG glance.api.v2.cached_images [None req-f92afe63-9497-4f1d-805b-64d95969aae7 None None] Started cache worker thread {{(pid=75639) __init__ /opt/stack/glance/glance/api/v2/cached_images.py:69}}
Jan 29 09:31:46 devstack devstack@g-api.service[75640]: INFO glance.image_cache [None req-a70c47f0-1ae1-4bab-bc4e-0c7360d8ef1d None None] Image cache loaded driver 'centralized_db'.
Jan 29 09:31:46 devstack devstack@g-api.service[75639]: INFO glance.image_cache [None req-f92afe63-9497-4f1d-805b-64d95969aae7 None None] Image cache loaded driver 'centralized_db'.
Jan 29 09:31:46 devstack devstack@g-api.service[75639]: DEBUG glance.image_cache.drivers.centralized_db [None req-f92afe63-9497-4f1d-805b-64d95969aae7 None None] Node reference is already recorded, ignoring it {{(pid=75639) configure /opt/stack/glance/glance/image_cache/drivers/centralized_db.py:71}}
Jan 29 09:31:46 devstack devstack@g-api.service[75640]: DEBUG glance.image_cache.drivers.centralized_db [None req-a70c47f0-1ae1-4bab-bc4e-0c7360d8ef1d None None] Node reference is already recorded, ignoring it {{(pid=75640) configure /opt/stack/glance/glance/image_cache/drivers/centralized_db.py:71}}
Jan 29 09:31:46 devstack devstack@g-api.service[75639]: INFO glance.api.middleware.cache_manage [None req-f92afe63-9497-4f1d-805b-64d95969aae7 None None] Initialized image cache management middleware
Jan 29 09:31:46 devstack devstack@g-api.service[75639]: INFO glance.image_cache [None req-f92afe63-9497-4f1d-805b-64d95969aae7 None None] Image cache loaded driver 'centralized_db'.
Jan 29 09:31:46 devstack devstack@g-api.service[75640]: INFO glance.api.middleware.cache_manage [None req-a70c47f0-1ae1-4bab-bc4e-0c7360d8ef1d None None] Initialized image cache management middleware
Jan 29 09:31:46 devstack devstack@g-api.service[75640]: INFO glance.image_cache [None req-a70c47f0-1ae1-4bab-bc4e-0c7360d8ef1d None None] Image cache loaded driver 'centralized_db'.
Jan 29 09:31:46 devstack devstack@g-api.service[75640]: DEBUG glance.image_cache.drivers.centralized_db [None req-a70c47f0-1ae1-4bab-bc4e-0c7360d8ef1d None None] Node reference is already recorded, ignoring it {{(pid=75640) configure /opt/stack/glance/glance/image_cache/drivers/centralized_db.py:71}}
Jan 29 09:31:46 devstack devstack@g-api.service[75640]: INFO glance.api.middleware.cache [None req-a70c47f0-1ae1-4bab-bc4e-0c7360d8ef1d None None] Initialized image cache middleware
Jan 29 09:31:46 devstack devstack@g-api.service[75640]: WARNING keystonemiddleware.auth_token [None req-a70c47f0-1ae1-4bab-bc4e-0c7360d8ef1d None None] AuthToken middleware is set with keystone_authtoken.service_token_roles_required set to False. This is backwards compatible but deprecated behaviour. Please set this to True.
Jan 29 09:31:46 devstack devstack@g-api.service[75640]: WARNING keystonemiddleware.auth_token [None req-a70c47f0-1ae1-4bab-bc4e-0c7360d8ef1d None None] Configuring www_authenticate_uri to point to the public identity endpoint is required; clients may not be able to authenticate against an admin endpoint
Jan 29 09:31:46 devstack devstack@g-api.service[75640]: DEBUG glance.common.config [None req-a70c47f0-1ae1-4bab-bc4e-0c7360d8ef1d None None] ******************************************************************************** {{(pid=75640) log_opt_values /opt/stack/data/venv/lib/python3.10/site-packages/oslo_config/cfg.py:2804}}
Jan 29 09:31:46 devstack devstack@g-api.service[75640]: DEBUG glance.common.config [None req-a70c47f0-1ae1-4bab-bc4e-0c7360d8ef1d None None] Configuration options gathered from: {{(pid=75640) log_opt_values /opt/stack/data/venv/lib/python3.10/site-packages/oslo_config/cfg.py:2805}}
Jan 29 09:31:46 devstack devstack@g-api.service[75640]: DEBUG glance.common.config [None req-a70c47f0-1ae1-4bab-bc4e-0c7360d8ef1d None None] command line args: [] {{(pid=75640) log_opt_values /opt/stack/data/venv/lib/python3.10/site-packages/oslo_config/cfg.py:2806}}
Jan 29 09:31:46 devstack devstack@g-api.service[75640]: DEBUG glance.common.config [None req-a70c47f0-1ae1-4bab-bc4e-0c7360d8ef1d None None] config files: ['/etc/glance/glance-image-import.conf', '/etc/glance/glance-api.conf'] {{(pid=75640) log_opt_values /opt/stack/data/venv/lib/python3.10/site-packages/oslo_config/cfg.py:2807}}
Jan 29 09:31:46 devstack devstack@g-api.service[75640]: DEBUG glance.common.config [None req-a70c47f0-1ae1-4bab-bc4e-0c7360d8ef1d None None] ================================================================================ {{(pid=75640) log_opt_values /opt/stack/data/venv/lib/python3.10/site-packages/oslo_config/cfg.py:2809}}
Jan 29 09:31:46 devstack devstack@g-api.service[75640]: DEBUG glance.common.config [None req-a70c47f0-1ae1-4bab-bc4e-0c7360d8ef1d None None] allow_anonymous_access = False {{(pid=75640) log_opt_values /opt/stack/data/venv/lib/python3.10/site-packages/oslo_config/cfg.py:2817}}
Jan 29 09:31:46 devstack devstack@g-api.service[75640]: DEBUG glance.common.config [None req-a70c47f0-1ae1-4bab-bc4e-0c7360d8ef1d None None] api_limit_max = 1000 {{(pid=75640) log_opt_values /opt/stack/data/venv/lib/python3.10/site-packages/oslo_config/cfg.py:2817}}
Jan 29 09:31:46 devstack devstack@g-api.service[75640]: DEBUG glance.common.config [None req-a70c47f0-1ae1-4bab-bc4e-0c7360d8ef1d None None] backlog = 4096 {{(pid=75640) log_opt_values /opt/stack/data/venv/lib/python3.10/site-packages/oslo_config/cfg.py:2817}}
Jan 29 09:31:46 devstack devstack@g-api.service[75640]: DEBUG glance.common.config [None req-a70c47f0-1ae1-4bab-bc4e-0c7360d8ef1d None None] bind_host = 0.0.0.0 {{(pid=75640) log_opt_values /opt/stack/data/venv/lib/python3.10/site-packages/oslo_config/cfg.py:2817}}
Jan 29 09:31:46 devstack devstack@g-api.service[75640]: DEBUG glance.common.config [None req-a70c47f0-1ae1-4bab-bc4e-0c7360d8ef1d None None] bind_port = None {{(pid=75640) log_opt_values /opt/stack/data/venv/lib/python3.10/site-packages/oslo_config/cfg.py:2817}}
Jan 29 09:31:46 devstack devstack@g-api.service[75640]: DEBUG glance.common.config [None req-a70c47f0-1ae1-4bab-bc4e-0c7360d8ef1d None None] client_socket_timeout = 900 {{(pid=75640) log_opt_values /opt/stack/data/venv/lib/python3.10/site-packages/oslo_config/cfg.py:2817}}
Jan 29 09:31:46 devstack devstack@g-api.service[75640]: DEBUG glance.common.config [None req-a70c47f0-1ae1-4bab-bc4e-0c7360d8ef1d None None] config_dir = [] {{(pid=75640) log_opt_values /opt/stack/data/venv/lib/python3.10/site-packages/oslo_config/cfg.py:2817}}
Jan 29 09:31:46 devstack devstack@g-api.service[75640]: DEBUG glance.common.config [None req-a70c47f0-1ae1-4bab-bc4e-0c7360d8ef1d None None] config_file = ['/etc/glance/glance-image-import.conf', '/etc/glance/glance-api.conf'] {{(pid=75640) log_opt_values /opt/stack/data/venv/lib/python3.10/site-packages/oslo_config/cfg.py:2817}}
Jan 29 09:31:46 devstack devstack@g-api.service[75640]: DEBUG glance.common.config [None req-a70c47f0-1ae1-4bab-bc4e-0c7360d8ef1d None None] config_source = [] {{(pid=75640) log_opt_values /opt/stack/data/venv/lib/python3.10/site-packages/oslo_config/cfg.py:2817}}
Jan 29 09:31:46 devstack devstack@g-api.service[75640]: DEBUG glance.common.config [None req-a70c47f0-1ae1-4bab-bc4e-0c7360d8ef1d None None] control_exchange = glance {{(pid=75640) log_opt_values /opt/stack/data/venv/lib/python3.10/site-packages/oslo_config/cfg.py:2817}}
Jan 29 09:31:46 devstack devstack@g-api.service[75640]: DEBUG glance.common.config [None req-a70c47f0-1ae1-4bab-bc4e-0c7360d8ef1d None None] debug = True {{(pid=75640) log_opt_values /opt/stack/data/venv/lib/python3.10/site-packages/oslo_config/cfg.py:2817}}
Jan 29 09:31:46 devstack devstack@g-api.service[75640]: DEBUG glance.common.config [None req-a70c47f0-1ae1-4bab-bc4e-0c7360d8ef1d None None] default_log_levels = ['amqp=WARN', 'boto=WARN', 'sqlalchemy=WARN', 'suds=INFO', 'oslo.messaging=INFO', 'oslo_messaging=INFO', 'iso8601=WARN', 'requests.packages.urllib3.connectionpool=WARN', 'urllib3.connectionpool=WARN', 'websocket=WARN', 'requests.packages.urllib3.util.retry=WARN', 'urllib3.util.retry=WARN', 'keystonemiddleware=WARN', 'routes.middleware=WARN', 'stevedore=WARN', 'taskflow=WARN', 'keystoneauth=WARN', 'oslo.cache=INFO', 'oslo_policy=INFO', 'dogpile.core.dogpile=INFO'] {{(pid=75640) log_opt_values /opt/stack/data/venv/lib/python3.10/site-packages/oslo_config/cfg.py:2817}}
Jan 29 09:31:46 devstack devstack@g-api.service[75640]: DEBUG glance.common.config [None req-a70c47f0-1ae1-4bab-bc4e-0c7360d8ef1d None None] default_publisher_id = image.localhost {{(pid=75640) log_opt_values /opt/stack/data/venv/lib/python3.10/site-packages/oslo_config/cfg.py:2817}}
Jan 29 09:31:46 devstack devstack@g-api.service[75640]: DEBUG glance.common.config [None req-a70c47f0-1ae1-4bab-bc4e-0c7360d8ef1d None None] delayed_delete = False {{(pid=75640) log_opt_values /opt/stack/data/venv/lib/python3.10/site-packages/oslo_config/cfg.py:2817}}
Jan 29 09:31:46 devstack devstack@g-api.service[75640]: DEBUG glance.common.config [None req-a70c47f0-1ae1-4bab-bc4e-0c7360d8ef1d None None] digest_algorithm = sha256 {{(pid=75640) log_opt_values /opt/stack/data/venv/lib/python3.10/site-packages/oslo_config/cfg.py:2817}}
Jan 29 09:31:46 devstack devstack@g-api.service[75640]: DEBUG glance.common.config [None req-a70c47f0-1ae1-4bab-bc4e-0c7360d8ef1d None None] disabled_notifications = [] {{(pid=75640) log_opt_values /opt/stack/data/venv/lib/python3.10/site-packages/oslo_config/cfg.py:2817}}
Jan 29 09:31:46 devstack devstack@g-api.service[75640]: DEBUG glance.common.config [None req-a70c47f0-1ae1-4bab-bc4e-0c7360d8ef1d None None] do_secure_hash = True {{(pid=75640) log_opt_values /opt/stack/data/venv/lib/python3.10/site-packages/oslo_config/cfg.py:2817}}
Jan 29 09:31:46 devstack devstack@g-api.service[75640]: DEBUG glance.common.config [None req-a70c47f0-1ae1-4bab-bc4e-0c7360d8ef1d None None] enabled_backends = None {{(pid=75640) log_opt_values /opt/stack/data/venv/lib/python3.10/site-packages/oslo_config/cfg.py:2817}}
Jan 29 09:31:46 devstack devstack@g-api.service[75640]: DEBUG glance.common.config [None req-a70c47f0-1ae1-4bab-bc4e-0c7360d8ef1d None None] enabled_import_methods = ['glance-direct', 'web-download', 'copy-image'] {{(pid=75640) log_opt_values /opt/stack/data/venv/lib/python3.10/site-packages/oslo_config/cfg.py:2817}}
Jan 29 09:31:46 devstack devstack@g-api.service[75640]: DEBUG glance.common.config [None req-a70c47f0-1ae1-4bab-bc4e-0c7360d8ef1d None None] hashing_algorithm = sha512 {{(pid=75640) log_opt_values /opt/stack/data/venv/lib/python3.10/site-packages/oslo_config/cfg.py:2817}}
Jan 29 09:31:46 devstack devstack@g-api.service[75640]: DEBUG glance.common.config [None req-a70c47f0-1ae1-4bab-bc4e-0c7360d8ef1d None None] http_keepalive = True {{(pid=75640) log_opt_values /opt/stack/data/venv/lib/python3.10/site-packages/oslo_config/cfg.py:2817}}
Jan 29 09:31:46 devstack devstack@g-api.service[75640]: DEBUG glance.common.config [None req-a70c47f0-1ae1-4bab-bc4e-0c7360d8ef1d None None] http_retries = 3 {{(pid=75640) log_opt_values /opt/stack/data/venv/lib/python3.10/site-packages/oslo_config/cfg.py:2817}}
Jan 29 09:31:46 devstack devstack@g-api.service[75640]: DEBUG glance.common.config [None req-a70c47f0-1ae1-4bab-bc4e-0c7360d8ef1d None None] image_cache_dir = /opt/stack/data/glance/cache/ {{(pid=75640) log_opt_values /opt/stack/data/venv/lib/python3.10/site-packages/oslo_config/cfg.py:2817}}
Jan 29 09:31:46 devstack devstack@g-api.service[75640]: DEBUG glance.common.config [None req-a70c47f0-1ae1-4bab-bc4e-0c7360d8ef1d None None] image_cache_driver = centralized_db {{(pid=75640) log_opt_values /opt/stack/data/venv/lib/python3.10/site-packages/oslo_config/cfg.py:2817}}
Jan 29 09:31:46 devstack devstack@g-api.service[75640]: DEBUG glance.common.config [None req-a70c47f0-1ae1-4bab-bc4e-0c7360d8ef1d None None] image_cache_max_size = 10737418240 {{(pid=75640) log_opt_values /opt/stack/data/venv/lib/python3.10/site-packages/oslo_config/cfg.py:2817}}
Jan 29 09:31:46 devstack devstack@g-api.service[75640]: DEBUG glance.common.config [None req-a70c47f0-1ae1-4bab-bc4e-0c7360d8ef1d None None] image_cache_sqlite_db = cache.db {{(pid=75640) log_opt_values /opt/stack/data/venv/lib/python3.10/site-packages/oslo_config/cfg.py:2817}}
Jan 29 09:31:46 devstack devstack@g-api.service[75640]: DEBUG glance.common.config [None req-a70c47f0-1ae1-4bab-bc4e-0c7360d8ef1d None None] image_cache_stall_time = 86400 {{(pid=75640) log_opt_values /opt/stack/data/venv/lib/python3.10/site-packages/oslo_config/cfg.py:2817}}
Jan 29 09:31:46 devstack devstack@g-api.service[75640]: DEBUG glance.common.config [None req-a70c47f0-1ae1-4bab-bc4e-0c7360d8ef1d None None] image_location_quota = 10 {{(pid=75640) log_opt_values /opt/stack/data/venv/lib/python3.10/site-packages/oslo_config/cfg.py:2817}}
Jan 29 09:31:46 devstack devstack@g-api.service[75640]: DEBUG glance.common.config [None req-a70c47f0-1ae1-4bab-bc4e-0c7360d8ef1d None None] image_member_quota = 128 {{(pid=75640) log_opt_values /opt/stack/data/venv/lib/python3.10/site-packages/oslo_config/cfg.py:2817}}
Jan 29 09:31:46 devstack devstack@g-api.service[75640]: DEBUG glance.common.config [None req-a70c47f0-1ae1-4bab-bc4e-0c7360d8ef1d None None] image_property_quota = 128 {{(pid=75640) log_opt_values /opt/stack/data/venv/lib/python3.10/site-packages/oslo_config/cfg.py:2817}}
Jan 29 09:31:46 devstack devstack@g-api.service[75640]: DEBUG glance.common.config [None req-a70c47f0-1ae1-4bab-bc4e-0c7360d8ef1d None None] image_size_cap = 1099511627776 {{(pid=75640) log_opt_values /opt/stack/data/venv/lib/python3.10/site-packages/oslo_config/cfg.py:2817}}
Jan 29 09:31:46 devstack devstack@g-api.service[75640]: DEBUG glance.common.config [None req-a70c47f0-1ae1-4bab-bc4e-0c7360d8ef1d None None] image_tag_quota = 128 {{(pid=75640) log_opt_values /opt/stack/data/venv/lib/python3.10/site-packages/oslo_config/cfg.py:2817}}
Jan 29 09:31:46 devstack devstack@g-api.service[75640]: DEBUG glance.common.config [None req-a70c47f0-1ae1-4bab-bc4e-0c7360d8ef1d None None] instance_format = [instance: %(uuid)s] {{(pid=75640) log_opt_values /opt/stack/data/venv/lib/python3.10/site-packages/oslo_config/cfg.py:2817}}
Jan 29 09:31:46 devstack devstack@g-api.service[75640]: DEBUG glance.common.config [None req-a70c47f0-1ae1-4bab-bc4e-0c7360d8ef1d None None] instance_uuid_format = [instance: %(uuid)s] {{(pid=75640) log_opt_values /opt/stack/data/venv/lib/python3.10/site-packages/oslo_config/cfg.py:2817}}
Jan 29 09:31:46 devstack devstack@g-api.service[75640]: DEBUG glance.common.config [None req-a70c47f0-1ae1-4bab-bc4e-0c7360d8ef1d None None] limit_param_default = 25 {{(pid=75640) log_opt_values /opt/stack/data/venv/lib/python3.10/site-packages/oslo_config/cfg.py:2817}}
Jan 29 09:31:46 devstack devstack@g-api.service[75640]: DEBUG glance.common.config [None req-a70c47f0-1ae1-4bab-bc4e-0c7360d8ef1d None None] log_color = False {{(pid=75640) log_opt_values /opt/stack/data/venv/lib/python3.10/site-packages/oslo_config/cfg.py:2817}}
Jan 29 09:31:46 devstack devstack@g-api.service[75640]: DEBUG glance.common.config [None req-a70c47f0-1ae1-4bab-bc4e-0c7360d8ef1d None None] log_config_append = None {{(pid=75640) log_opt_values /opt/stack/data/venv/lib/python3.10/site-packages/oslo_config/cfg.py:2817}}
Jan 29 09:31:46 devstack devstack@g-api.service[75640]: DEBUG glance.common.config [None req-a70c47f0-1ae1-4bab-bc4e-0c7360d8ef1d None None] log_date_format = %Y-%m-%d %H:%M:%S {{(pid=75640) log_opt_values /opt/stack/data/venv/lib/python3.10/site-packages/oslo_config/cfg.py:2817}}
Jan 29 09:31:46 devstack devstack@g-api.service[75640]: DEBUG glance.common.config [None req-a70c47f0-1ae1-4bab-bc4e-0c7360d8ef1d None None] log_dir = None {{(pid=75640) log_opt_values /opt/stack/data/venv/lib/python3.10/site-packages/oslo_config/cfg.py:2817}}
Jan 29 09:31:46 devstack devstack@g-api.service[75640]: DEBUG glance.common.config [None req-a70c47f0-1ae1-4bab-bc4e-0c7360d8ef1d None None] log_file = None {{(pid=75640) log_opt_values /opt/stack/data/venv/lib/python3.10/site-packages/oslo_config/cfg.py:2817}}
Jan 29 09:31:46 devstack devstack@g-api.service[75640]: DEBUG glance.common.config [None req-a70c47f0-1ae1-4bab-bc4e-0c7360d8ef1d None None] log_rotate_interval = 1 {{(pid=75640) log_opt_values /opt/stack/data/venv/lib/python3.10/site-packages/oslo_config/cfg.py:2817}}
Jan 29 09:31:46 devstack devstack@g-api.service[75640]: DEBUG glance.common.config [None req-a70c47f0-1ae1-4bab-bc4e-0c7360d8ef1d None None] log_rotate_interval_type = days {{(pid=75640) log_opt_values /opt/stack/data/venv/lib/python3.10/site-packages/oslo_config/cfg.py:2817}}
Jan 29 09:31:46 devstack devstack@g-api.service[75640]: DEBUG glance.common.config [None req-a70c47f0-1ae1-4bab-bc4e-0c7360d8ef1d None None] log_rotation_type = none {{(pid=75640) log_opt_values /opt/stack/data/venv/lib/python3.10/site-packages/oslo_config/cfg.py:2817}}
Jan 29 09:31:46 devstack devstack@g-api.service[75640]: DEBUG glance.common.config [None req-a70c47f0-1ae1-4bab-bc4e-0c7360d8ef1d None None] logging_context_format_string = %(color)s%(levelname)s %(name)s [%(global_request_id)s %(request_id)s %(project_name)s %(user_name)s%(color)s] %(instance)s%(color)s%(message)s {{(pid=75640) log_opt_values /opt/stack/data/venv/lib/python3.10/site-packages/oslo_config/cfg.py:2817}}
Jan 29 09:31:46 devstack devstack@g-api.service[75640]: DEBUG glance.common.config [None req-a70c47f0-1ae1-4bab-bc4e-0c7360d8ef1d None None] logging_debug_format_suffix = {{(pid=%(process)d) %(funcName)s %(pathname)s:%(lineno)d}} {{(pid=75640) log_opt_values /opt/stack/data/venv/lib/python3.10/site-packages/oslo_config/cfg.py:2817}}
Jan 29 09:31:46 devstack devstack@g-api.service[75640]: DEBUG glance.common.config [None req-a70c47f0-1ae1-4bab-bc4e-0c7360d8ef1d None None] logging_default_format_string = %(color)s%(levelname)s %(name)s [-%(color)s] %(instance)s%(color)s%(message)s {{(pid=75640) log_opt_values /opt/stack/data/venv/lib/python3.10/site-packages/oslo_config/cfg.py:2817}}
Jan 29 09:31:46 devstack devstack@g-api.service[75640]: DEBUG glance.common.config [None req-a70c47f0-1ae1-4bab-bc4e-0c7360d8ef1d None None] logging_exception_prefix = ERROR %(name)s %(instance)s {{(pid=75640) log_opt_values /opt/stack/data/venv/lib/python3.10/site-packages/oslo_config/cfg.py:2817}}
Jan 29 09:31:46 devstack devstack@g-api.service[75640]: DEBUG glance.common.config [None req-a70c47f0-1ae1-4bab-bc4e-0c7360d8ef1d None None] logging_user_identity_format = %(user)s %(project)s %(domain)s %(system_scope)s %(user_domain)s %(project_domain)s {{(pid=75640) log_opt_values /opt/stack/data/venv/lib/python3.10/site-packages/oslo_config/cfg.py:2817}}
Jan 29 09:31:46 devstack devstack@g-api.service[75640]: DEBUG glance.common.config [None req-a70c47f0-1ae1-4bab-bc4e-0c7360d8ef1d None None] max_header_line = 16384 {{(pid=75640) log_opt_values /opt/stack/data/venv/lib/python3.10/site-packages/oslo_config/cfg.py:2817}}
Jan 29 09:31:46 devstack devstack@g-api.service[75640]: DEBUG glance.common.config [None req-a70c47f0-1ae1-4bab-bc4e-0c7360d8ef1d None None] max_logfile_count = 30 {{(pid=75640) log_opt_values /opt/stack/data/venv/lib/python3.10/site-packages/oslo_config/cfg.py:2817}}
Jan 29 09:31:46 devstack devstack@g-api.service[75640]: DEBUG glance.common.config [None req-a70c47f0-1ae1-4bab-bc4e-0c7360d8ef1d None None] max_logfile_size_mb = 200 {{(pid=75640) log_opt_values /opt/stack/data/venv/lib/python3.10/site-packages/oslo_config/cfg.py:2817}}
Jan 29 09:31:46 devstack devstack@g-api.service[75640]: DEBUG glance.common.config [None req-a70c47f0-1ae1-4bab-bc4e-0c7360d8ef1d None None] max_request_id_length = 64 {{(pid=75640) log_opt_values /opt/stack/data/venv/lib/python3.10/site-packages/oslo_config/cfg.py:2817}}
Jan 29 09:31:46 devstack devstack@g-api.service[75640]: DEBUG glance.common.config [None req-a70c47f0-1ae1-4bab-bc4e-0c7360d8ef1d None None] metadata_encryption_key = **** {{(pid=75640) log_opt_values /opt/stack/data/venv/lib/python3.10/site-packages/oslo_config/cfg.py:2817}}
Jan 29 09:31:46 devstack devstack@g-api.service[75640]: DEBUG glance.common.config [None req-a70c47f0-1ae1-4bab-bc4e-0c7360d8ef1d None None] node_staging_uri = file:///tmp/staging/ {{(pid=75640) log_opt_values /opt/stack/data/venv/lib/python3.10/site-packages/oslo_config/cfg.py:2817}}
Jan 29 09:31:46 devstack devstack@g-api.service[75640]: DEBUG glance.common.config [None req-a70c47f0-1ae1-4bab-bc4e-0c7360d8ef1d None None] property_protection_file = None {{(pid=75640) log_opt_values /opt/stack/data/venv/lib/python3.10/site-packages/oslo_config/cfg.py:2817}}
Jan 29 09:31:46 devstack devstack@g-api.service[75640]: DEBUG glance.common.config [None req-a70c47f0-1ae1-4bab-bc4e-0c7360d8ef1d None None] property_protection_rule_format = roles {{(pid=75640) log_opt_values /opt/stack/data/venv/lib/python3.10/site-packages/oslo_config/cfg.py:2817}}
Jan 29 09:31:46 devstack devstack@g-api.service[75640]: DEBUG glance.common.config [None req-a70c47f0-1ae1-4bab-bc4e-0c7360d8ef1d None None] public_endpoint = http://192.168.122.145/image {{(pid=75640) log_opt_values /opt/stack/data/venv/lib/python3.10/site-packages/oslo_config/cfg.py:2817}}
Jan 29 09:31:46 devstack devstack@g-api.service[75640]: DEBUG glance.common.config [None req-a70c47f0-1ae1-4bab-bc4e-0c7360d8ef1d None None] publish_errors = False {{(pid=75640) log_opt_values /opt/stack/data/venv/lib/python3.10/site-packages/oslo_config/cfg.py:2817}}
Jan 29 09:31:46 devstack devstack@g-api.service[75640]: DEBUG glance.common.config [None req-a70c47f0-1ae1-4bab-bc4e-0c7360d8ef1d None None] pydev_worker_debug_host = None {{(pid=75640) log_opt_values /opt/stack/data/venv/lib/python3.10/site-packages/oslo_config/cfg.py:2817}}
Jan 29 09:31:46 devstack devstack@g-api.service[75640]: DEBUG glance.common.config [None req-a70c47f0-1ae1-4bab-bc4e-0c7360d8ef1d None None] pydev_worker_debug_port = 5678 {{(pid=75640) log_opt_values /opt/stack/data/venv/lib/python3.10/site-packages/oslo_config/cfg.py:2817}}
Jan 29 09:31:46 devstack devstack@g-api.service[75640]: DEBUG glance.common.config [None req-a70c47f0-1ae1-4bab-bc4e-0c7360d8ef1d None None] rate_limit_burst = 0 {{(pid=75640) log_opt_values /opt/stack/data/venv/lib/python3.10/site-packages/oslo_config/cfg.py:2817}}
Jan 29 09:31:46 devstack devstack@g-api.service[75640]: DEBUG glance.common.config [None req-a70c47f0-1ae1-4bab-bc4e-0c7360d8ef1d None None] rate_limit_except_level = CRITICAL {{(pid=75640) log_opt_values /opt/stack/data/venv/lib/python3.10/site-packages/oslo_config/cfg.py:2817}}
Jan 29 09:31:46 devstack devstack@g-api.service[75640]: DEBUG glance.common.config [None req-a70c47f0-1ae1-4bab-bc4e-0c7360d8ef1d None None] rate_limit_interval = 0 {{(pid=75640) log_opt_values /opt/stack/data/venv/lib/python3.10/site-packages/oslo_config/cfg.py:2817}}
Jan 29 09:31:46 devstack devstack@g-api.service[75640]: DEBUG glance.common.config [None req-a70c47f0-1ae1-4bab-bc4e-0c7360d8ef1d None None] scrub_pool_size = 1 {{(pid=75640) log_opt_values /opt/stack/data/venv/lib/python3.10/site-packages/oslo_config/cfg.py:2817}}
Jan 29 09:31:46 devstack devstack@g-api.service[75640]: DEBUG glance.common.config [None req-a70c47f0-1ae1-4bab-bc4e-0c7360d8ef1d None None] scrub_time = 0 {{(pid=75640) log_opt_values /opt/stack/data/venv/lib/python3.10/site-packages/oslo_config/cfg.py:2817}}
Jan 29 09:31:46 devstack devstack@g-api.service[75640]: DEBUG glance.common.config [None req-a70c47f0-1ae1-4bab-bc4e-0c7360d8ef1d None None] shell_completion = None {{(pid=75640) log_opt_values /opt/stack/data/venv/lib/python3.10/site-packages/oslo_config/cfg.py:2817}}
Jan 29 09:31:46 devstack devstack@g-api.service[75640]: DEBUG glance.common.config [None req-a70c47f0-1ae1-4bab-bc4e-0c7360d8ef1d None None] show_image_direct_url = False {{(pid=75640) log_opt_values /opt/stack/data/venv/lib/python3.10/site-packages/oslo_config/cfg.py:2817}}
Jan 29 09:31:46 devstack devstack@g-api.service[75640]: WARNING oslo_config.cfg [None req-a70c47f0-1ae1-4bab-bc4e-0c7360d8ef1d None None] Deprecated: Option "show_multiple_locations" from group "DEFAULT" is deprecated for removal (Use of this option, deprecated since Newton, is a security risk and will be removed once we figure out a way to satisfy those use cases that currently require it. An earlier announcement that the same functionality can be achieved with greater granularity by using policies is incorrect. You cannot work around this option via policy configuration at the present time, though that is the direction we believe the fix will take. Please keep an eye on the Glance release notes to stay up to date on progress in addressing this issue.). Its value may be silently ignored in the future.
Jan 29 09:31:46 devstack devstack@g-api.service[75640]: DEBUG glance.common.config [None req-a70c47f0-1ae1-4bab-bc4e-0c7360d8ef1d None None] show_multiple_locations = False {{(pid=75640) log_opt_values /opt/stack/data/venv/lib/python3.10/site-packages/oslo_config/cfg.py:2817}}
Jan 29 09:31:46 devstack devstack@g-api.service[75640]: DEBUG glance.common.config [None req-a70c47f0-1ae1-4bab-bc4e-0c7360d8ef1d None None] syslog_log_facility = LOG_USER {{(pid=75640) log_opt_values /opt/stack/data/venv/lib/python3.10/site-packages/oslo_config/cfg.py:2817}}
Jan 29 09:31:46 devstack devstack@g-api.service[75640]: DEBUG glance.common.config [None req-a70c47f0-1ae1-4bab-bc4e-0c7360d8ef1d None None] tcp_keepidle = 600 {{(pid=75640) log_opt_values /opt/stack/data/venv/lib/python3.10/site-packages/oslo_config/cfg.py:2817}}
