Jan 20 15:43:50 devstack cinder-volume[81490]: DEBUG cinder.volume.manager [None req-c208bebb-63ef-4ff6-8c82-4bec3ba932c9 tempest-AttachVolumeNegativeTest-700044582 None] Task 'cinder.volume.flows.manager.create_volume.NotifyVolumeActionTask;volume:create, create.start' (abccd42e-3c36-4c71-a0b6-5e1343ab6adb) transitioned into state 'SUCCESS' from state 'RUNNING' with result 'None' {{(pid=81490) _task_receiver /opt/stack/data/venv/lib/python3.10/site-packages/taskflow/listeners/logging.py:182}}
Jan 20 15:43:50 devstack cinder-volume[81490]: DEBUG cinder.volume.manager [None req-c208bebb-63ef-4ff6-8c82-4bec3ba932c9 tempest-AttachVolumeNegativeTest-700044582 None] Task 'cinder.volume.flows.manager.create_volume.CreateVolumeFromSpecTask;volume:create' (d25a7ec2-d6c1-49c7-9410-08c451de01d9) transitioned into state 'RUNNING' from state 'PENDING' {{(pid=81490) _task_receiver /opt/stack/data/venv/lib/python3.10/site-packages/taskflow/listeners/logging.py:194}}
Jan 20 15:43:50 devstack cinder-volume[81490]: INFO cinder.volume.flows.manager.create_volume [None req-c208bebb-63ef-4ff6-8c82-4bec3ba932c9 tempest-AttachVolumeNegativeTest-700044582 None] Volume 914119fa-3a46-4ee1-894f-2bb45e458f8e: being created as raw with specification: {'status': 'creating', 'volume_name': 'volume-914119fa-3a46-4ee1-894f-2bb45e458f8e', 'volume_size': 1}
Jan 20 15:43:50 devstack cinder-volume[81490]: DEBUG oslo_concurrency.lockutils [None req-c208bebb-63ef-4ff6-8c82-4bec3ba932c9 tempest-AttachVolumeNegativeTest-700044582 None] Acquiring lock "quobyte" by "cinder.volume.drivers.quobyte.QuobyteDriver.create_volume" {{(pid=81490) inner /opt/stack/data/venv/lib/python3.10/site-packages/oslo_concurrency/lockutils.py:405}}
Jan 20 15:43:51 devstack sudo[93194]: pam_unix(sudo:session): session closed for user root
Jan 20 15:43:51 devstack cinder-volume[81490]: DEBUG oslo_concurrency.processutils [None req-a1857c3d-7faf-42f8-b2fa-043fbd0e0f27 tempest-SnapshotsActionsTest-567217628 None] CMD "/opt/stack/data/venv/bin/python3.10 -m oslo_concurrency.prlimit --as=1073741824 --cpu=60 -- sudo cinder-rootwrap /etc/cinder/rootwrap.conf env LC_ALL=C qemu-img info -f qcow2 --output=json --force-share /opt/stack/data/cinder/mnt/41ddbbb41330863e53875c1c87d2af0f/volume-b0665a85-f0bf-4521-a9e8-76d5c520f188" returned: 0 in 0.923s {{(pid=81490) execute /opt/stack/data/venv/lib/python3.10/site-packages/oslo_concurrency/processutils.py:372}}
Jan 20 15:43:51 devstack cinder-volume[81490]: DEBUG oslo_concurrency.processutils [None req-a1857c3d-7faf-42f8-b2fa-043fbd0e0f27 tempest-SnapshotsActionsTest-567217628 None] Running cmd (subprocess): sudo cinder-rootwrap /etc/cinder/rootwrap.conf qemu-img create -f qcow2 -o backing_file=/opt/stack/data/cinder/mnt/41ddbbb41330863e53875c1c87d2af0f/volume-b0665a85-f0bf-4521-a9e8-76d5c520f188,backing_fmt=qcow2 /opt/stack/data/cinder/mnt/41ddbbb41330863e53875c1c87d2af0f/volume-b0665a85-f0bf-4521-a9e8-76d5c520f188.a81670b2-f938-4e5e-8158-7721da8b0c0e 1G {{(pid=81490) execute /opt/stack/data/venv/lib/python3.10/site-packages/oslo_concurrency/processutils.py:349}}
Jan 20 15:43:51 devstack sudo[93225]: quobyte : PWD=/ ; USER=root ; COMMAND=/opt/stack/data/venv/bin/cinder-rootwrap /etc/cinder/rootwrap.conf qemu-img create -f qcow2 -o backing_file=/opt/stack/data/cinder/mnt/41ddbbb41330863e53875c1c87d2af0f/volume-b0665a85-f0bf-4521-a9e8-76d5c520f188,backing_fmt=qcow2 /opt/stack/data/cinder/mnt/41ddbbb41330863e53875c1c87d2af0f/volume-b0665a85-f0bf-4521-a9e8-76d5c520f188.a81670b2-f938-4e5e-8158-7721da8b0c0e 1G
Jan 20 15:43:51 devstack sudo[93225]: pam_unix(sudo:session): session opened for user root(uid=0) by (uid=1000)
Jan 20 15:43:52 devstack sudo[93225]: pam_unix(sudo:session): session closed for user root
Jan 20 15:43:52 devstack cinder-volume[81490]: DEBUG oslo_concurrency.processutils [None req-a1857c3d-7faf-42f8-b2fa-043fbd0e0f27 tempest-SnapshotsActionsTest-567217628 None] CMD "sudo cinder-rootwrap /etc/cinder/rootwrap.conf qemu-img create -f qcow2 -o backing_file=/opt/stack/data/cinder/mnt/41ddbbb41330863e53875c1c87d2af0f/volume-b0665a85-f0bf-4521-a9e8-76d5c520f188,backing_fmt=qcow2 /opt/stack/data/cinder/mnt/41ddbbb41330863e53875c1c87d2af0f/volume-b0665a85-f0bf-4521-a9e8-76d5c520f188.a81670b2-f938-4e5e-8158-7721da8b0c0e 1G" returned: 0 in 0.620s {{(pid=81490) execute /opt/stack/data/venv/lib/python3.10/site-packages/oslo_concurrency/processutils.py:372}}
Jan 20 15:43:52 devstack cinder-volume[81490]: DEBUG oslo_concurrency.processutils [None req-a1857c3d-7faf-42f8-b2fa-043fbd0e0f27 tempest-SnapshotsActionsTest-567217628 None] Running cmd (subprocess): sudo cinder-rootwrap /etc/cinder/rootwrap.conf qemu-img rebase -u -b volume-b0665a85-f0bf-4521-a9e8-76d5c520f188 -F qcow2 /opt/stack/data/cinder/mnt/41ddbbb41330863e53875c1c87d2af0f/volume-b0665a85-f0bf-4521-a9e8-76d5c520f188.a81670b2-f938-4e5e-8158-7721da8b0c0e {{(pid=81490) execute /opt/stack/data/venv/lib/python3.10/site-packages/oslo_concurrency/processutils.py:349}}
Jan 20 15:43:52 devstack sudo[93230]: quobyte : PWD=/ ; USER=root ; COMMAND=/opt/stack/data/venv/bin/cinder-rootwrap /etc/cinder/rootwrap.conf qemu-img rebase -u -b volume-b0665a85-f0bf-4521-a9e8-76d5c520f188 -F qcow2 /opt/stack/data/cinder/mnt/41ddbbb41330863e53875c1c87d2af0f/volume-b0665a85-f0bf-4521-a9e8-76d5c520f188.a81670b2-f938-4e5e-8158-7721da8b0c0e
Jan 20 15:43:52 devstack sudo[93230]: pam_unix(sudo:session): session opened for user root(uid=0) by (uid=1000)
Jan 20 15:43:52 devstack sudo[93230]: pam_unix(sudo:session): session closed for user root
Jan 20 15:43:52 devstack cinder-volume[81490]: DEBUG oslo_concurrency.processutils [None req-a1857c3d-7faf-42f8-b2fa-043fbd0e0f27 tempest-SnapshotsActionsTest-567217628 None] CMD "sudo cinder-rootwrap /etc/cinder/rootwrap.conf qemu-img rebase -u -b volume-b0665a85-f0bf-4521-a9e8-76d5c520f188 -F qcow2 /opt/stack/data/cinder/mnt/41ddbbb41330863e53875c1c87d2af0f/volume-b0665a85-f0bf-4521-a9e8-76d5c520f188.a81670b2-f938-4e5e-8158-7721da8b0c0e" returned: 0 in 0.460s {{(pid=81490) execute /opt/stack/data/venv/lib/python3.10/site-packages/oslo_concurrency/processutils.py:372}}
Jan 20 15:43:52 devstack cinder-volume[81490]: WARNING cinder.volume.drivers.remotefs [None req-a1857c3d-7faf-42f8-b2fa-043fbd0e0f27 tempest-SnapshotsActionsTest-567217628 None] /opt/stack/data/cinder/mnt/41ddbbb41330863e53875c1c87d2af0f/volume-b0665a85-f0bf-4521-a9e8-76d5c520f188.a81670b2-f938-4e5e-8158-7721da8b0c0e is being set with open permissions: ugo+rw
Jan 20 15:43:52 devstack cinder-volume[81490]: DEBUG oslo_concurrency.processutils [None req-a1857c3d-7faf-42f8-b2fa-043fbd0e0f27 tempest-SnapshotsActionsTest-567217628 None] Running cmd (subprocess): sudo cinder-rootwrap /etc/cinder/rootwrap.conf chmod ugo+rw /opt/stack/data/cinder/mnt/41ddbbb41330863e53875c1c87d2af0f/volume-b0665a85-f0bf-4521-a9e8-76d5c520f188.a81670b2-f938-4e5e-8158-7721da8b0c0e {{(pid=81490) execute /opt/stack/data/venv/lib/python3.10/site-packages/oslo_concurrency/processutils.py:349}}
Jan 20 15:43:52 devstack sudo[93235]: quobyte : PWD=/ ; USER=root ; COMMAND=/opt/stack/data/venv/bin/cinder-rootwrap /etc/cinder/rootwrap.conf chmod ugo+rw /opt/stack/data/cinder/mnt/41ddbbb41330863e53875c1c87d2af0f/volume-b0665a85-f0bf-4521-a9e8-76d5c520f188.a81670b2-f938-4e5e-8158-7721da8b0c0e
Jan 20 15:43:52 devstack sudo[93235]: pam_unix(sudo:session): session opened for user root(uid=0) by (uid=1000)
Jan 20 15:43:52 devstack sudo[93235]: pam_unix(sudo:session): session closed for user root
Jan 20 15:43:52 devstack cinder-volume[81490]: DEBUG oslo_concurrency.processutils [None req-a1857c3d-7faf-42f8-b2fa-043fbd0e0f27 tempest-SnapshotsActionsTest-567217628 None] CMD "sudo cinder-rootwrap /etc/cinder/rootwrap.conf chmod ugo+rw /opt/stack/data/cinder/mnt/41ddbbb41330863e53875c1c87d2af0f/volume-b0665a85-f0bf-4521-a9e8-76d5c520f188.a81670b2-f938-4e5e-8158-7721da8b0c0e" returned: 0 in 0.460s {{(pid=81490) execute /opt/stack/data/venv/lib/python3.10/site-packages/oslo_concurrency/processutils.py:372}}
Jan 20 15:43:52 devstack cinder-volume[81490]: DEBUG oslo_concurrency.processutils [None req-a1857c3d-7faf-42f8-b2fa-043fbd0e0f27 tempest-SnapshotsActionsTest-567217628 None] Running cmd (subprocess): sudo cinder-rootwrap /etc/cinder/rootwrap.conf truncate -s0 /opt/stack/data/cinder/mnt/41ddbbb41330863e53875c1c87d2af0f/volume-b0665a85-f0bf-4521-a9e8-76d5c520f188.info {{(pid=81490) execute /opt/stack/data/venv/lib/python3.10/site-packages/oslo_concurrency/processutils.py:349}}
Jan 20 15:43:53 devstack sudo[93238]: quobyte : PWD=/ ; USER=root ; COMMAND=/opt/stack/data/venv/bin/cinder-rootwrap /etc/cinder/rootwrap.conf truncate -s0 /opt/stack/data/cinder/mnt/41ddbbb41330863e53875c1c87d2af0f/volume-b0665a85-f0bf-4521-a9e8-76d5c520f188.info
Jan 20 15:43:53 devstack sudo[93238]: pam_unix(sudo:session): session opened for user root(uid=0) by (uid=1000)
Jan 20 15:43:53 devstack sudo[93238]: pam_unix(sudo:session): session closed for user root
Jan 20 15:43:53 devstack cinder-volume[81490]: DEBUG oslo_concurrency.processutils [None req-a1857c3d-7faf-42f8-b2fa-043fbd0e0f27 tempest-SnapshotsActionsTest-567217628 None] CMD "sudo cinder-rootwrap /etc/cinder/rootwrap.conf truncate -s0 /opt/stack/data/cinder/mnt/41ddbbb41330863e53875c1c87d2af0f/volume-b0665a85-f0bf-4521-a9e8-76d5c520f188.info" returned: 0 in 0.577s {{(pid=81490) execute /opt/stack/data/venv/lib/python3.10/site-packages/oslo_concurrency/processutils.py:372}}
Jan 20 15:43:53 devstack cinder-volume[81490]: WARNING cinder.volume.drivers.remotefs [None req-a1857c3d-7faf-42f8-b2fa-043fbd0e0f27 tempest-SnapshotsActionsTest-567217628 None] /opt/stack/data/cinder/mnt/41ddbbb41330863e53875c1c87d2af0f/volume-b0665a85-f0bf-4521-a9e8-76d5c520f188.info is being set with open permissions: ugo+rw
Jan 20 15:43:53 devstack cinder-volume[81490]: DEBUG oslo_concurrency.processutils [None req-a1857c3d-7faf-42f8-b2fa-043fbd0e0f27 tempest-SnapshotsActionsTest-567217628 None] Running cmd (subprocess): sudo cinder-rootwrap /etc/cinder/rootwrap.conf chmod ugo+rw /opt/stack/data/cinder/mnt/41ddbbb41330863e53875c1c87d2af0f/volume-b0665a85-f0bf-4521-a9e8-76d5c520f188.info {{(pid=81490) execute /opt/stack/data/venv/lib/python3.10/site-packages/oslo_concurrency/processutils.py:349}}
Jan 20 15:43:53 devstack sudo[93241]: quobyte : PWD=/ ; USER=root ; COMMAND=/opt/stack/data/venv/bin/cinder-rootwrap /etc/cinder/rootwrap.conf chmod ugo+rw /opt/stack/data/cinder/mnt/41ddbbb41330863e53875c1c87d2af0f/volume-b0665a85-f0bf-4521-a9e8-76d5c520f188.info
Jan 20 15:43:53 devstack sudo[93241]: pam_unix(sudo:session): session opened for user root(uid=0) by (uid=1000)
Jan 20 15:43:54 devstack sudo[93241]: pam_unix(sudo:session): session closed for user root
Jan 20 15:43:54 devstack cinder-volume[81490]: DEBUG oslo_concurrency.processutils [None req-a1857c3d-7faf-42f8-b2fa-043fbd0e0f27 tempest-SnapshotsActionsTest-567217628 None] CMD "sudo cinder-rootwrap /etc/cinder/rootwrap.conf chmod ugo+rw /opt/stack/data/cinder/mnt/41ddbbb41330863e53875c1c87d2af0f/volume-b0665a85-f0bf-4521-a9e8-76d5c520f188.info" returned: 0 in 0.485s {{(pid=81490) execute /opt/stack/data/venv/lib/python3.10/site-packages/oslo_concurrency/processutils.py:372}}
Jan 20 15:43:54 devstack cinder-volume[81490]: DEBUG oslo_concurrency.lockutils [None req-a1857c3d-7faf-42f8-b2fa-043fbd0e0f27 tempest-SnapshotsActionsTest-567217628 None] Lock "quobyte" "released" by "cinder.volume.drivers.quobyte.QuobyteDriver.create_snapshot" :: held 3.602s {{(pid=81490) inner /opt/stack/data/venv/lib/python3.10/site-packages/oslo_concurrency/lockutils.py:424}}
Jan 20 15:43:54 devstack cinder-volume[81490]: DEBUG oslo_concurrency.lockutils [None req-c208bebb-63ef-4ff6-8c82-4bec3ba932c9 tempest-AttachVolumeNegativeTest-700044582 None] Lock "quobyte" acquired by "cinder.volume.drivers.quobyte.QuobyteDriver.create_volume" :: waited 3.132s {{(pid=81490) inner /opt/stack/data/venv/lib/python3.10/site-packages/oslo_concurrency/lockutils.py:410}}
Jan 20 15:43:54 devstack cinder-volume[81490]: DEBUG cinder.volume.drivers.quobyte [None req-c208bebb-63ef-4ff6-8c82-4bec3ba932c9 tempest-AttachVolumeNegativeTest-700044582 None] ==> create_volume: call "{'self': , 'volume': Volume(_name_id=None,admin_metadata=,attach_status='detached',availability_zone='nova',bootable=False,cluster=,cluster_name=None,consistencygroup=,consistencygroup_id=None,created_at=2026-01-20T14:43:50Z,deleted=False,deleted_at=None,display_description=None,display_name='tempest-AttachVolumeNegativeTest-volume-1533199425',ec2_id=None,encryption_key_id=None,glance_metadata=,group=,group_id=None,host='devstack@QuobyteHD#QuobyteHD',id=914119fa-3a46-4ee1-894f-2bb45e458f8e,launched_at=None,metadata={},migration_status=None,multiattach=False,previous_status=None,project_id='b35c1241906a4881a6bcf203f72ede95',provider_auth=None,provider_geometry=None,provider_id=None,provider_location=None,replication_driver_data=None,replication_extended_status=None,replication_status=None,scheduled_at=2026-01-20T14:43:51Z,service_uuid=None,shared_targets=True,size=1,snapshot_id=None,snapshots=,source_volid=None,status='creating',terminated_at=None,updated_at=2026-01-20T14:43:51Z,use_quota=True,user_id='1685d64f9af84ad59b0f74ee9c5b1005',volume_attachment=VolumeAttachmentList,volume_type=VolumeType(61c0c760-24b1-48c5-88b7-f0100d039107),volume_type_id=61c0c760-24b1-48c5-88b7-f0100d039107)}" {{(pid=81490) trace_logging_wrapper /opt/stack/cinder/cinder/volume/volume_utils.py:1498}}
Jan 20 15:43:54 devstack cinder-volume[81490]: DEBUG cinder.volume.drivers.remotefs [None req-c208bebb-63ef-4ff6-8c82-4bec3ba932c9 tempest-AttachVolumeNegativeTest-700044582 None] Creating volume 914119fa-3a46-4ee1-894f-2bb45e458f8e {{(pid=81490) create_volume /opt/stack/cinder/cinder/volume/drivers/remotefs.py:292}}
Jan 20 15:43:54 devstack cinder-volume[81490]: DEBUG oslo_concurrency.lockutils [None req-c208bebb-63ef-4ff6-8c82-4bec3ba932c9 tempest-AttachVolumeNegativeTest-700044582 None] Acquiring lock "quobyte_ensure" by "cinder.volume.drivers.quobyte.QuobyteDriver._ensure_shares_mounted" {{(pid=81490) inner /opt/stack/data/venv/lib/python3.10/site-packages/oslo_concurrency/lockutils.py:405}}
Jan 20 15:43:54 devstack cinder-volume[81490]: DEBUG oslo_concurrency.lockutils [None req-c208bebb-63ef-4ff6-8c82-4bec3ba932c9 tempest-AttachVolumeNegativeTest-700044582 None] Lock "quobyte_ensure" acquired by "cinder.volume.drivers.quobyte.QuobyteDriver._ensure_shares_mounted" :: waited 0.001s {{(pid=81490) inner /opt/stack/data/venv/lib/python3.10/site-packages/oslo_concurrency/lockutils.py:410}}
Jan 20 15:43:54 devstack cinder-volume[81490]: DEBUG cinder.volume.drivers.quobyte [None req-c208bebb-63ef-4ff6-8c82-4bec3ba932c9 tempest-AttachVolumeNegativeTest-700044582 None] Quobyte Volume URL set to: {'osci02.corp.quobyte.com/cinder-vol-91ec2c87-b49a-4a74-93ad-8be0b8c46fc5': None} {{(pid=81490) _load_shares_config /opt/stack/cinder/cinder/volume/drivers/quobyte.py:611}}
Jan 20 15:43:54 devstack cinder-volume[81490]: DEBUG cinder.volume.drivers.quobyte [None req-c208bebb-63ef-4ff6-8c82-4bec3ba932c9 tempest-AttachVolumeNegativeTest-700044582 None] Available shares ['osci02.corp.quobyte.com/cinder-vol-91ec2c87-b49a-4a74-93ad-8be0b8c46fc5'] {{(pid=81490) _ensure_shares_mounted /opt/stack/cinder/cinder/volume/drivers/quobyte.py:641}}
Jan 20 15:43:54 devstack cinder-volume[81490]: DEBUG oslo_concurrency.lockutils [None req-c208bebb-63ef-4ff6-8c82-4bec3ba932c9 tempest-AttachVolumeNegativeTest-700044582 None] Lock "quobyte_ensure" "released" by "cinder.volume.drivers.quobyte.QuobyteDriver._ensure_shares_mounted" :: held 0.010s {{(pid=81490) inner /opt/stack/data/venv/lib/python3.10/site-packages/oslo_concurrency/lockutils.py:424}}
Jan 20 15:43:54 devstack cinder-volume[81490]: DEBUG cinder.volume.drivers.quobyte [None req-c208bebb-63ef-4ff6-8c82-4bec3ba932c9 tempest-AttachVolumeNegativeTest-700044582 None] Selected osci02.corp.quobyte.com/cinder-vol-91ec2c87-b49a-4a74-93ad-8be0b8c46fc5 as target Quobyte volume. {{(pid=81490) _find_share /opt/stack/cinder/cinder/volume/drivers/quobyte.py:662}}
Jan 20 15:43:54 devstack cinder-volume[81490]: INFO cinder.volume.drivers.remotefs [None req-c208bebb-63ef-4ff6-8c82-4bec3ba932c9 tempest-AttachVolumeNegativeTest-700044582 None] casted to osci02.corp.quobyte.com/cinder-vol-91ec2c87-b49a-4a74-93ad-8be0b8c46fc5
Jan 20 15:43:54 devstack cinder-volume[81490]: DEBUG oslo_concurrency.processutils [None req-c208bebb-63ef-4ff6-8c82-4bec3ba932c9 tempest-AttachVolumeNegativeTest-700044582 None] Running cmd (subprocess): sudo cinder-rootwrap /etc/cinder/rootwrap.conf qemu-img create -f qcow2 -o preallocation=metadata /opt/stack/data/cinder/mnt/41ddbbb41330863e53875c1c87d2af0f/volume-914119fa-3a46-4ee1-894f-2bb45e458f8e 1073741824 {{(pid=81490) execute /opt/stack/data/venv/lib/python3.10/site-packages/oslo_concurrency/processutils.py:349}}
Jan 20 15:43:54 devstack cinder-volume[81490]: INFO cinder.volume.manager [None req-a1857c3d-7faf-42f8-b2fa-043fbd0e0f27 tempest-SnapshotsActionsTest-567217628 None] Create snapshot completed successfully
Jan 20 15:43:54 devstack sudo[93245]: quobyte : PWD=/ ; USER=root ; COMMAND=/opt/stack/data/venv/bin/cinder-rootwrap /etc/cinder/rootwrap.conf qemu-img create -f qcow2 -o preallocation=metadata /opt/stack/data/cinder/mnt/41ddbbb41330863e53875c1c87d2af0f/volume-914119fa-3a46-4ee1-894f-2bb45e458f8e 1073741824
Jan 20 15:43:54 devstack sudo[93245]: pam_unix(sudo:session): session opened for user root(uid=0) by (uid=1000)
Jan 20 15:43:54 devstack cinder-volume[81490]: WARNING cinder.volume.volume_utils [None req-2d9f5290-1551-4d37-b84e-0bdbeafb68cf tempest-SnapshotsActionsTest-567217628 None] Volume driver (QuobyteDriver 1.1.13) is currently unsupported and may be removed in the next release of OpenStack. Use at your own risk.
Jan 20 15:43:54 devstack cinder-volume[81490]: DEBUG oslo_concurrency.lockutils [None req-2d9f5290-1551-4d37-b84e-0bdbeafb68cf tempest-SnapshotsActionsTest-567217628 None] Acquiring lock "quobyte" by "cinder.volume.drivers.quobyte.QuobyteDriver.create_snapshot" {{(pid=81490) inner /opt/stack/data/venv/lib/python3.10/site-packages/oslo_concurrency/lockutils.py:405}}
Jan 20 15:43:54 devstack sudo[93245]: pam_unix(sudo:session): session closed for user root
Jan 20 15:43:54 devstack cinder-volume[81490]: DEBUG oslo_concurrency.processutils [None req-c208bebb-63ef-4ff6-8c82-4bec3ba932c9 tempest-AttachVolumeNegativeTest-700044582 None] CMD "sudo cinder-rootwrap /etc/cinder/rootwrap.conf qemu-img create -f qcow2 -o preallocation=metadata /opt/stack/data/cinder/mnt/41ddbbb41330863e53875c1c87d2af0f/volume-914119fa-3a46-4ee1-894f-2bb45e458f8e 1073741824" returned: 0 in 0.856s {{(pid=81490) execute /opt/stack/data/venv/lib/python3.10/site-packages/oslo_concurrency/processutils.py:372}}
Jan 20 15:43:54 devstack cinder-volume[81490]: DEBUG oslo_concurrency.processutils [None req-c208bebb-63ef-4ff6-8c82-4bec3ba932c9 tempest-AttachVolumeNegativeTest-700044582 None] Running cmd (subprocess): sudo cinder-rootwrap /etc/cinder/rootwrap.conf chmod ugo+rw /opt/stack/data/cinder/mnt/41ddbbb41330863e53875c1c87d2af0f/volume-914119fa-3a46-4ee1-894f-2bb45e458f8e {{(pid=81490) execute /opt/stack/data/venv/lib/python3.10/site-packages/oslo_concurrency/processutils.py:349}}
Jan 20 15:43:55 devstack sudo[93251]: quobyte : PWD=/ ; USER=root ; COMMAND=/opt/stack/data/venv/bin/cinder-rootwrap /etc/cinder/rootwrap.conf chmod ugo+rw /opt/stack/data/cinder/mnt/41ddbbb41330863e53875c1c87d2af0f/volume-914119fa-3a46-4ee1-894f-2bb45e458f8e
Jan 20 15:43:55 devstack sudo[93251]: pam_unix(sudo:session): session opened for user root(uid=0) by (uid=1000)
Jan 20 15:43:55 devstack sudo[93251]: pam_unix(sudo:session): session closed for user root
Jan 20 15:43:55 devstack cinder-volume[81490]: DEBUG oslo_concurrency.processutils [None req-c208bebb-63ef-4ff6-8c82-4bec3ba932c9 tempest-AttachVolumeNegativeTest-700044582 None] CMD "sudo cinder-rootwrap /etc/cinder/rootwrap.conf chmod ugo+rw /opt/stack/data/cinder/mnt/41ddbbb41330863e53875c1c87d2af0f/volume-914119fa-3a46-4ee1-894f-2bb45e458f8e" returned: 0 in 0.540s {{(pid=81490) execute /opt/stack/data/venv/lib/python3.10/site-packages/oslo_concurrency/processutils.py:372}}
Jan 20 15:43:55 devstack cinder-volume[81490]: DEBUG cinder.volume.drivers.quobyte [None req-c208bebb-63ef-4ff6-8c82-4bec3ba932c9 tempest-AttachVolumeNegativeTest-700044582 None] <== create_volume: return (1432ms) {'provider_location': 'osci02.corp.quobyte.com/cinder-vol-91ec2c87-b49a-4a74-93ad-8be0b8c46fc5'} {{(pid=81490) trace_logging_wrapper /opt/stack/cinder/cinder/volume/volume_utils.py:1523}}
Jan 20 15:43:55 devstack cinder-volume[81490]: DEBUG oslo_concurrency.lockutils [None req-c208bebb-63ef-4ff6-8c82-4bec3ba932c9 tempest-AttachVolumeNegativeTest-700044582 None] Lock "quobyte" "released" by "cinder.volume.drivers.quobyte.QuobyteDriver.create_volume" :: held 1.436s {{(pid=81490) inner /opt/stack/data/venv/lib/python3.10/site-packages/oslo_concurrency/lockutils.py:424}}
Jan 20 15:43:55 devstack cinder-volume[81490]: DEBUG oslo_concurrency.lockutils [None req-2d9f5290-1551-4d37-b84e-0bdbeafb68cf tempest-SnapshotsActionsTest-567217628 None] Lock "quobyte" acquired by "cinder.volume.drivers.quobyte.QuobyteDriver.create_snapshot" :: waited 0.621s {{(pid=81490) inner /opt/stack/data/venv/lib/python3.10/site-packages/oslo_concurrency/lockutils.py:410}}
Jan 20 15:43:55 devstack cinder-volume[81490]: DEBUG cinder.volume.manager [None req-c208bebb-63ef-4ff6-8c82-4bec3ba932c9 tempest-AttachVolumeNegativeTest-700044582 None] Task 'cinder.volume.flows.manager.create_volume.CreateVolumeFromSpecTask;volume:create' (d25a7ec2-d6c1-49c7-9410-08c451de01d9) transitioned into state 'SUCCESS' from state 'RUNNING' with result '{'status': 'creating', 'volume_name': 'volume-914119fa-3a46-4ee1-894f-2bb45e458f8e', 'volume_size': 1}' {{(pid=81490) _task_receiver /opt/stack/data/venv/lib/python3.10/site-packages/taskflow/listeners/logging.py:182}}
Jan 20 15:43:55 devstack cinder-volume[81490]: DEBUG cinder.volume.manager [None req-c208bebb-63ef-4ff6-8c82-4bec3ba932c9 tempest-AttachVolumeNegativeTest-700044582 None] Task 'cinder.volume.flows.manager.create_volume.CreateVolumeOnFinishTask;volume:create, create.end' (9a9e48af-9d25-45c1-b5e3-5802e2d7cc2e) transitioned into state 'RUNNING' from state 'PENDING' {{(pid=81490) _task_receiver /opt/stack/data/venv/lib/python3.10/site-packages/taskflow/listeners/logging.py:194}}
Jan 20 15:43:55 devstack cinder-volume[81490]: DEBUG cinder.volume.drivers.remotefs [None req-2d9f5290-1551-4d37-b84e-0bdbeafb68cf tempest-SnapshotsActionsTest-567217628 None] Creating offline snapshot 05319011-fa9d-4903-8fdf-9f5ef2d277da of volume b0665a85-f0bf-4521-a9e8-76d5c520f188 {{(pid=81490) _create_snapshot /opt/stack/cinder/cinder/volume/drivers/remotefs.py:1817}}
Jan 20 15:43:55 devstack cinder-volume[81490]: INFO cinder.volume.flows.manager.create_volume [None req-c208bebb-63ef-4ff6-8c82-4bec3ba932c9 tempest-AttachVolumeNegativeTest-700044582 None] Volume volume-914119fa-3a46-4ee1-894f-2bb45e458f8e (914119fa-3a46-4ee1-894f-2bb45e458f8e): created successfully
Jan 20 15:43:55 devstack cinder-volume[81490]: DEBUG cinder.volume.manager [None req-c208bebb-63ef-4ff6-8c82-4bec3ba932c9 tempest-AttachVolumeNegativeTest-700044582 None] Task 'cinder.volume.flows.manager.create_volume.CreateVolumeOnFinishTask;volume:create, create.end' (9a9e48af-9d25-45c1-b5e3-5802e2d7cc2e) transitioned into state 'SUCCESS' from state 'RUNNING' with result 'None' {{(pid=81490) _task_receiver /opt/stack/data/venv/lib/python3.10/site-packages/taskflow/listeners/logging.py:182}}
Jan 20 15:43:55 devstack cinder-volume[81490]: DEBUG cinder.volume.manager [None req-c208bebb-63ef-4ff6-8c82-4bec3ba932c9 tempest-AttachVolumeNegativeTest-700044582 None] Flow 'volume_create_manager' (10cf950e-8bb6-439a-9c50-844b7e71e80d) transitioned into state 'SUCCESS' from state 'RUNNING' {{(pid=81490) _flow_receiver /opt/stack/data/venv/lib/python3.10/site-packages/taskflow/listeners/logging.py:145}}
Jan 20 15:43:55 devstack cinder-volume[81490]: DEBUG oslo.privsep.daemon [-] privsep: reply[4f3ffa94-94f1-463f-834a-0d7f19d5cde6]: (4, 'qcow2') {{(pid=82050) _call_back /opt/stack/data/venv/lib/python3.10/site-packages/oslo_privsep/daemon.py:515}}
Jan 20 15:43:55 devstack cinder-volume[81490]: DEBUG oslo_concurrency.processutils [None req-2d9f5290-1551-4d37-b84e-0bdbeafb68cf tempest-SnapshotsActionsTest-567217628 None] Running cmd (subprocess): /opt/stack/data/venv/bin/python3.10 -m oslo_concurrency.prlimit --as=1073741824 --cpu=60 -- sudo cinder-rootwrap /etc/cinder/rootwrap.conf env LC_ALL=C qemu-img info -f qcow2 --output=json --force-share /opt/stack/data/cinder/mnt/41ddbbb41330863e53875c1c87d2af0f/volume-b0665a85-f0bf-4521-a9e8-76d5c520f188.a81670b2-f938-4e5e-8158-7721da8b0c0e {{(pid=81490) execute /opt/stack/data/venv/lib/python3.10/site-packages/oslo_concurrency/processutils.py:349}}
Jan 20 15:43:55 devstack cinder-volume[81490]: INFO cinder.volume.manager [None req-c208bebb-63ef-4ff6-8c82-4bec3ba932c9 tempest-AttachVolumeNegativeTest-700044582 None] Created volume successfully.
Jan 20 15:43:55 devstack sudo[93254]: quobyte : PWD=/ ; USER=root ; COMMAND=/opt/stack/data/venv/bin/cinder-rootwrap /etc/cinder/rootwrap.conf env LC_ALL=C qemu-img info -f qcow2 --output=json --force-share /opt/stack/data/cinder/mnt/41ddbbb41330863e53875c1c87d2af0f/volume-b0665a85-f0bf-4521-a9e8-76d5c520f188.a81670b2-f938-4e5e-8158-7721da8b0c0e
Jan 20 15:43:55 devstack sudo[93254]: pam_unix(sudo:session): session opened for user root(uid=0) by (uid=1000)
Jan 20 15:43:56 devstack sudo[93254]: pam_unix(sudo:session): session closed for user root
Jan 20 15:43:56 devstack cinder-volume[81490]: DEBUG oslo_concurrency.processutils [None req-2d9f5290-1551-4d37-b84e-0bdbeafb68cf tempest-SnapshotsActionsTest-567217628 None] CMD "/opt/stack/data/venv/bin/python3.10 -m oslo_concurrency.prlimit --as=1073741824 --cpu=60 -- sudo cinder-rootwrap /etc/cinder/rootwrap.conf env LC_ALL=C qemu-img info -f qcow2 --output=json --force-share /opt/stack/data/cinder/mnt/41ddbbb41330863e53875c1c87d2af0f/volume-b0665a85-f0bf-4521-a9e8-76d5c520f188.a81670b2-f938-4e5e-8158-7721da8b0c0e" returned: 0 in 0.622s {{(pid=81490) execute /opt/stack/data/venv/lib/python3.10/site-packages/oslo_concurrency/processutils.py:372}}
Jan 20 15:43:56 devstack cinder-volume[81490]: DEBUG cinder.volume.drivers.remotefs [None req-2d9f5290-1551-4d37-b84e-0bdbeafb68cf tempest-SnapshotsActionsTest-567217628 None] Fetching qemu-img info with special backing_file_template: (/opt/stack/data/cinder/mnt/[0-9a-f]+/)?(volume-b0665a85-f0bf-4521-a9e8-76d5c520f188(.(tmp-snap-)?[0-9a-f-]+)?|volume_from_snapshot_cache/(tmp-snap-)?[0-9a-f-]+(.(child-|parent-)[0-9a-f-]+)?)$ {{(pid=81490) _qemu_img_info_base /opt/stack/cinder/cinder/volume/drivers/remotefs.py:898}}
Jan 20 15:43:56 devstack cinder-volume[81490]: DEBUG oslo_concurrency.processutils [None req-2d9f5290-1551-4d37-b84e-0bdbeafb68cf tempest-SnapshotsActionsTest-567217628 None] Running cmd (subprocess): sudo cinder-rootwrap /etc/cinder/rootwrap.conf qemu-img create -f qcow2 -o backing_file=/opt/stack/data/cinder/mnt/41ddbbb41330863e53875c1c87d2af0f/volume-b0665a85-f0bf-4521-a9e8-76d5c520f188.a81670b2-f938-4e5e-8158-7721da8b0c0e,backing_fmt=qcow2 /opt/stack/data/cinder/mnt/41ddbbb41330863e53875c1c87d2af0f/volume-b0665a85-f0bf-4521-a9e8-76d5c520f188.05319011-fa9d-4903-8fdf-9f5ef2d277da 1G {{(pid=81490) execute /opt/stack/data/venv/lib/python3.10/site-packages/oslo_concurrency/processutils.py:349}}
Jan 20 15:43:56 devstack sudo[93259]: quobyte : PWD=/ ; USER=root ; COMMAND=/opt/stack/data/venv/bin/cinder-rootwrap /etc/cinder/rootwrap.conf qemu-img create -f qcow2 -o backing_file=/opt/stack/data/cinder/mnt/41ddbbb41330863e53875c1c87d2af0f/volume-b0665a85-f0bf-4521-a9e8-76d5c520f188.a81670b2-f938-4e5e-8158-7721da8b0c0e,backing_fmt=qcow2 /opt/stack/data/cinder/mnt/41ddbbb41330863e53875c1c87d2af0f/volume-b0665a85-f0bf-4521-a9e8-76d5c520f188.05319011-fa9d-4903-8fdf-9f5ef2d277da 1G
Jan 20 15:43:56 devstack sudo[93259]: pam_unix(sudo:session): session opened for user root(uid=0) by (uid=1000)
Jan 20 15:43:56 devstack sudo[93259]: pam_unix(sudo:session): session closed for user root
Jan 20 15:43:56 devstack cinder-volume[81490]: DEBUG oslo_concurrency.processutils [None req-2d9f5290-1551-4d37-b84e-0bdbeafb68cf tempest-SnapshotsActionsTest-567217628 None] CMD "sudo cinder-rootwrap /etc/cinder/rootwrap.conf qemu-img create -f qcow2 -o backing_file=/opt/stack/data/cinder/mnt/41ddbbb41330863e53875c1c87d2af0f/volume-b0665a85-f0bf-4521-a9e8-76d5c520f188.a81670b2-f938-4e5e-8158-7721da8b0c0e,backing_fmt=qcow2 /opt/stack/data/cinder/mnt/41ddbbb41330863e53875c1c87d2af0f/volume-b0665a85-f0bf-4521-a9e8-76d5c520f188.05319011-fa9d-4903-8fdf-9f5ef2d277da 1G" returned: 0 in 0.544s {{(pid=81490) execute /opt/stack/data/venv/lib/python3.10/site-packages/oslo_concurrency/processutils.py:372}}
Jan 20 15:43:56 devstack cinder-volume[81490]: DEBUG oslo_concurrency.processutils [None req-2d9f5290-1551-4d37-b84e-0bdbeafb68cf tempest-SnapshotsActionsTest-567217628 None] Running cmd (subprocess): sudo cinder-rootwrap /etc/cinder/rootwrap.conf qemu-img rebase -u -b volume-b0665a85-f0bf-4521-a9e8-76d5c520f188.a81670b2-f938-4e5e-8158-7721da8b0c0e -F qcow2 /opt/stack/data/cinder/mnt/41ddbbb41330863e53875c1c87d2af0f/volume-b0665a85-f0bf-4521-a9e8-76d5c520f188.05319011-fa9d-4903-8fdf-9f5ef2d277da {{(pid=81490) execute /opt/stack/data/venv/lib/python3.10/site-packages/oslo_concurrency/processutils.py:349}}
Jan 20 15:43:56 devstack sudo[93264]: quobyte : PWD=/ ; USER=root ; COMMAND=/opt/stack/data/venv/bin/cinder-rootwrap /etc/cinder/rootwrap.conf qemu-img rebase -u -b volume-b0665a85-f0bf-4521-a9e8-76d5c520f188.a81670b2-f938-4e5e-8158-7721da8b0c0e -F qcow2 /opt/stack/data/cinder/mnt/41ddbbb41330863e53875c1c87d2af0f/volume-b0665a85-f0bf-4521-a9e8-76d5c520f188.05319011-fa9d-4903-8fdf-9f5ef2d277da
Jan 20 15:43:56 devstack sudo[93264]: pam_unix(sudo:session): session opened for user root(uid=0) by (uid=1000)
Jan 20 15:43:57 devstack sudo[93264]: pam_unix(sudo:session): session closed for user root
Jan 20 15:43:57 devstack cinder-volume[81490]: DEBUG oslo_concurrency.processutils [None req-2d9f5290-1551-4d37-b84e-0bdbeafb68cf tempest-SnapshotsActionsTest-567217628 None] CMD "sudo cinder-rootwrap /etc/cinder/rootwrap.conf qemu-img rebase -u -b volume-b0665a85-f0bf-4521-a9e8-76d5c520f188.a81670b2-f938-4e5e-8158-7721da8b0c0e -F qcow2 /opt/stack/data/cinder/mnt/41ddbbb41330863e53875c1c87d2af0f/volume-b0665a85-f0bf-4521-a9e8-76d5c520f188.05319011-fa9d-4903-8fdf-9f5ef2d277da" returned: 0 in 0.468s {{(pid=81490) execute /opt/stack/data/venv/lib/python3.10/site-packages/oslo_concurrency/processutils.py:372}}
Jan 20 15:43:57 devstack cinder-volume[81490]: WARNING cinder.volume.drivers.remotefs [None req-2d9f5290-1551-4d37-b84e-0bdbeafb68cf tempest-SnapshotsActionsTest-567217628 None] /opt/stack/data/cinder/mnt/41ddbbb41330863e53875c1c87d2af0f/volume-b0665a85-f0bf-4521-a9e8-76d5c520f188.05319011-fa9d-4903-8fdf-9f5ef2d277da is being set with open permissions: ugo+rw
Jan 20 15:43:57 devstack cinder-volume[81490]: DEBUG oslo_concurrency.processutils [None req-2d9f5290-1551-4d37-b84e-0bdbeafb68cf tempest-SnapshotsActionsTest-567217628 None] Running cmd (subprocess): sudo cinder-rootwrap /etc/cinder/rootwrap.conf chmod ugo+rw /opt/stack/data/cinder/mnt/41ddbbb41330863e53875c1c87d2af0f/volume-b0665a85-f0bf-4521-a9e8-76d5c520f188.05319011-fa9d-4903-8fdf-9f5ef2d277da {{(pid=81490) execute /opt/stack/data/venv/lib/python3.10/site-packages/oslo_concurrency/processutils.py:349}}
Jan 20 15:43:57 devstack sudo[93269]: quobyte : PWD=/ ; USER=root ; COMMAND=/opt/stack/data/venv/bin/cinder-rootwrap /etc/cinder/rootwrap.conf chmod ugo+rw /opt/stack/data/cinder/mnt/41ddbbb41330863e53875c1c87d2af0f/volume-b0665a85-f0bf-4521-a9e8-76d5c520f188.05319011-fa9d-4903-8fdf-9f5ef2d277da
Jan 20 15:43:57 devstack sudo[93269]: pam_unix(sudo:session): session opened for user root(uid=0) by (uid=1000)
Jan 20 15:43:57 devstack sudo[93269]: pam_unix(sudo:session): session closed for user root
Jan 20 15:43:57 devstack cinder-volume[81490]: DEBUG oslo_concurrency.processutils [None req-2d9f5290-1551-4d37-b84e-0bdbeafb68cf tempest-SnapshotsActionsTest-567217628 None] CMD "sudo cinder-rootwrap /etc/cinder/rootwrap.conf chmod ugo+rw /opt/stack/data/cinder/mnt/41ddbbb41330863e53875c1c87d2af0f/volume-b0665a85-f0bf-4521-a9e8-76d5c520f188.05319011-fa9d-4903-8fdf-9f5ef2d277da" returned: 0 in 0.460s {{(pid=81490) execute /opt/stack/data/venv/lib/python3.10/site-packages/oslo_concurrency/processutils.py:372}}
Jan 20 15:43:57 devstack cinder-volume[81490]: DEBUG oslo_concurrency.lockutils [None req-2d9f5290-1551-4d37-b84e-0bdbeafb68cf tempest-SnapshotsActionsTest-567217628 None] Lock "quobyte" "released" by "cinder.volume.drivers.quobyte.QuobyteDriver.create_snapshot" :: held 2.175s {{(pid=81490) inner /opt/stack/data/venv/lib/python3.10/site-packages/oslo_concurrency/lockutils.py:424}}
Jan 20 15:43:57 devstack cinder-volume[81490]: INFO cinder.volume.manager [None req-2d9f5290-1551-4d37-b84e-0bdbeafb68cf tempest-SnapshotsActionsTest-567217628 None] Create snapshot completed successfully
Jan 20 15:43:58 devstack cinder-volume[81490]: DEBUG cinder.coordination [None req-1ddb1fea-e127-4f9c-b5c5-ecc3da37f14a tempest-SnapshotsActionsTest-414964557 None] Acquiring lock "cinder-05319011-fa9d-4903-8fdf-9f5ef2d277da-delete_snapshot" by "delete_snapshot" {{(pid=81490) __acquire /opt/stack/cinder/cinder/coordination.py:143}}
Jan 20 15:43:58 devstack cinder-volume[81490]: DEBUG cinder.coordination [None req-1ddb1fea-e127-4f9c-b5c5-ecc3da37f14a tempest-SnapshotsActionsTest-414964557 None] Lock "cinder-05319011-fa9d-4903-8fdf-9f5ef2d277da-delete_snapshot" acquired by "delete_snapshot" :: waited 0.014s {{(pid=81490) __acquire /opt/stack/cinder/cinder/coordination.py:146}}
Jan 20 15:43:58 devstack cinder-volume[81490]: WARNING cinder.volume.volume_utils [None req-1ddb1fea-e127-4f9c-b5c5-ecc3da37f14a tempest-SnapshotsActionsTest-414964557 None] Volume driver (QuobyteDriver 1.1.13) is currently unsupported and may be removed in the next release of OpenStack. Use at your own risk.
Jan 20 15:43:58 devstack cinder-volume[81490]: DEBUG cinder.coordination [None req-1ddb1fea-e127-4f9c-b5c5-ecc3da37f14a tempest-SnapshotsActionsTest-414964557 None] Acquiring lock "cinder-quobyte-b0665a85-f0bf-4521-a9e8-76d5c520f188" by "delete_snapshot" {{(pid=81490) __acquire /opt/stack/cinder/cinder/coordination.py:143}}
Jan 20 15:43:58 devstack cinder-volume[81490]: DEBUG cinder.coordination [None req-1ddb1fea-e127-4f9c-b5c5-ecc3da37f14a tempest-SnapshotsActionsTest-414964557 None] Lock "cinder-quobyte-b0665a85-f0bf-4521-a9e8-76d5c520f188" acquired by "delete_snapshot" :: waited 0.016s {{(pid=81490) __acquire /opt/stack/cinder/cinder/coordination.py:146}}
Jan 20 15:43:58 devstack cinder-volume[81490]: DEBUG cinder.coordination [None req-1ddb1fea-e127-4f9c-b5c5-ecc3da37f14a tempest-SnapshotsActionsTest-414964557 None] Acquiring lock "cinder-quobyte-05319011-fa9d-4903-8fdf-9f5ef2d277da" by "_delete_snapshot" {{(pid=81490) __acquire /opt/stack/cinder/cinder/coordination.py:143}}
Jan 20 15:43:58 devstack cinder-volume[81490]: DEBUG cinder.coordination [None req-1ddb1fea-e127-4f9c-b5c5-ecc3da37f14a tempest-SnapshotsActionsTest-414964557 None] Lock "cinder-quobyte-05319011-fa9d-4903-8fdf-9f5ef2d277da" acquired by "_delete_snapshot" :: waited 0.016s {{(pid=81490) __acquire /opt/stack/cinder/cinder/coordination.py:146}}
Jan 20 15:43:58 devstack cinder-volume[81490]: DEBUG cinder.volume.drivers.remotefs [None req-1ddb1fea-e127-4f9c-b5c5-ecc3da37f14a tempest-SnapshotsActionsTest-414964557 None] Deleting offline snapshot 05319011-fa9d-4903-8fdf-9f5ef2d277da of volume b0665a85-f0bf-4521-a9e8-76d5c520f188 {{(pid=81490) _delete_snapshot /opt/stack/cinder/cinder/volume/drivers/remotefs.py:1290}}
Jan 20 15:43:58 devstack cinder-volume[81490]: DEBUG cinder.volume.drivers.remotefs [None req-1ddb1fea-e127-4f9c-b5c5-ecc3da37f14a tempest-SnapshotsActionsTest-414964557 None] snapshot_file for this snap is: volume-b0665a85-f0bf-4521-a9e8-76d5c520f188.05319011-fa9d-4903-8fdf-9f5ef2d277da {{(pid=81490) _delete_snapshot /opt/stack/cinder/cinder/volume/drivers/remotefs.py:1319}}
Jan 20 15:43:58 devstack cinder-volume[81490]: DEBUG oslo.privsep.daemon [-] privsep: reply[8185ff48-f560-483f-b429-e6c6d8c02693]: (4, 'qcow2') {{(pid=82050) _call_back /opt/stack/data/venv/lib/python3.10/site-packages/oslo_privsep/daemon.py:515}}
Jan 20 15:43:58 devstack cinder-volume[81490]: DEBUG oslo_concurrency.processutils [None req-1ddb1fea-e127-4f9c-b5c5-ecc3da37f14a tempest-SnapshotsActionsTest-414964557 None] Running cmd (subprocess): /opt/stack/data/venv/bin/python3.10 -m oslo_concurrency.prlimit --as=1073741824 --cpu=60 -- sudo cinder-rootwrap /etc/cinder/rootwrap.conf env LC_ALL=C qemu-img info -f qcow2 --output=json --force-share /opt/stack/data/cinder/mnt/41ddbbb41330863e53875c1c87d2af0f/volume-b0665a85-f0bf-4521-a9e8-76d5c520f188.05319011-fa9d-4903-8fdf-9f5ef2d277da {{(pid=81490) execute /opt/stack/data/venv/lib/python3.10/site-packages/oslo_concurrency/processutils.py:349}}
Jan 20 15:43:58 devstack sudo[93273]: quobyte : PWD=/ ; USER=root ; COMMAND=/opt/stack/data/venv/bin/cinder-rootwrap /etc/cinder/rootwrap.conf env LC_ALL=C qemu-img info -f qcow2 --output=json --force-share /opt/stack/data/cinder/mnt/41ddbbb41330863e53875c1c87d2af0f/volume-b0665a85-f0bf-4521-a9e8-76d5c520f188.05319011-fa9d-4903-8fdf-9f5ef2d277da
Jan 20 15:43:58 devstack sudo[93273]: pam_unix(sudo:session): session opened for user root(uid=0) by (uid=1000)
Jan 20 15:43:58 devstack sudo[93273]: pam_unix(sudo:session): session closed for user root
Jan 20 15:43:58 devstack cinder-volume[81490]: DEBUG oslo_concurrency.processutils [None req-1ddb1fea-e127-4f9c-b5c5-ecc3da37f14a tempest-SnapshotsActionsTest-414964557 None] CMD "/opt/stack/data/venv/bin/python3.10 -m oslo_concurrency.prlimit --as=1073741824 --cpu=60 -- sudo cinder-rootwrap /etc/cinder/rootwrap.conf env LC_ALL=C qemu-img info -f qcow2 --output=json --force-share /opt/stack/data/cinder/mnt/41ddbbb41330863e53875c1c87d2af0f/volume-b0665a85-f0bf-4521-a9e8-76d5c520f188.05319011-fa9d-4903-8fdf-9f5ef2d277da" returned: 0 in 0.647s {{(pid=81490) execute /opt/stack/data/venv/lib/python3.10/site-packages/oslo_concurrency/processutils.py:372}}
Jan 20 15:43:58 devstack cinder-volume[81490]: DEBUG cinder.volume.drivers.remotefs [None req-1ddb1fea-e127-4f9c-b5c5-ecc3da37f14a tempest-SnapshotsActionsTest-414964557 None] Fetching qemu-img info with special backing_file_template: (/opt/stack/data/cinder/mnt/[0-9a-f]+/)?(volume-b0665a85-f0bf-4521-a9e8-76d5c520f188(.(tmp-snap-)?[0-9a-f-]+)?|volume_from_snapshot_cache/(tmp-snap-)?[0-9a-f-]+(.(child-|parent-)[0-9a-f-]+)?)$ {{(pid=81490) _qemu_img_info_base /opt/stack/cinder/cinder/volume/drivers/remotefs.py:898}}
Jan 20 15:43:58 devstack cinder-volume[81490]: DEBUG oslo.privsep.daemon [-] privsep: reply[a506c897-d6fc-46f4-b402-af07997c2a72]: (4, 'qcow2') {{(pid=82050) _call_back /opt/stack/data/venv/lib/python3.10/site-packages/oslo_privsep/daemon.py:515}}
Jan 20 15:43:58 devstack cinder-volume[81490]: DEBUG oslo_concurrency.processutils [None req-1ddb1fea-e127-4f9c-b5c5-ecc3da37f14a tempest-SnapshotsActionsTest-414964557 None] Running cmd (subprocess): /opt/stack/data/venv/bin/python3.10 -m oslo_concurrency.prlimit --as=1073741824 --cpu=60 -- sudo cinder-rootwrap /etc/cinder/rootwrap.conf env LC_ALL=C qemu-img info -f qcow2 --output=json --force-share /opt/stack/data/cinder/mnt/41ddbbb41330863e53875c1c87d2af0f/volume-b0665a85-f0bf-4521-a9e8-76d5c520f188.a81670b2-f938-4e5e-8158-7721da8b0c0e {{(pid=81490) execute /opt/stack/data/venv/lib/python3.10/site-packages/oslo_concurrency/processutils.py:349}}
Jan 20 15:43:58 devstack cinder-volume[81490]: DEBUG oslo_concurrency.lockutils [req-5651d000-4bd9-46b8-a35a-b931908e26d3 req-650092ec-fe6d-4723-9da8-acc91232a2e0 tempest-AttachVolumeNegativeTest-700044582 None] Acquiring lock "quobyte" by "cinder.volume.drivers.quobyte.QuobyteDriver.initialize_connection" {{(pid=81490) inner /opt/stack/data/venv/lib/python3.10/site-packages/oslo_concurrency/lockutils.py:405}}
Jan 20 15:43:58 devstack cinder-volume[81490]: DEBUG oslo_concurrency.lockutils [req-5651d000-4bd9-46b8-a35a-b931908e26d3 req-650092ec-fe6d-4723-9da8-acc91232a2e0 tempest-AttachVolumeNegativeTest-700044582 None] Lock "quobyte" acquired by "cinder.volume.drivers.quobyte.QuobyteDriver.initialize_connection" :: waited 0.001s {{(pid=81490) inner /opt/stack/data/venv/lib/python3.10/site-packages/oslo_concurrency/lockutils.py:410}}
Jan 20 15:43:58 devstack cinder-volume[81490]: DEBUG oslo.privsep.daemon [-] privsep: reply[65461a15-bee7-4375-b572-9300ef71420b]: (4, 'qcow2') {{(pid=82050) _call_back /opt/stack/data/venv/lib/python3.10/site-packages/oslo_privsep/daemon.py:515}}
Jan 20 15:43:58 devstack cinder-volume[81490]: DEBUG oslo_concurrency.processutils [req-5651d000-4bd9-46b8-a35a-b931908e26d3 req-650092ec-fe6d-4723-9da8-acc91232a2e0 tempest-AttachVolumeNegativeTest-700044582 None] Running cmd (subprocess): /opt/stack/data/venv/bin/python3.10 -m oslo_concurrency.prlimit --as=1073741824 --cpu=60 -- sudo cinder-rootwrap /etc/cinder/rootwrap.conf env LC_ALL=C qemu-img info -f qcow2 --output=json --force-share /opt/stack/data/cinder/mnt/41ddbbb41330863e53875c1c87d2af0f/volume-914119fa-3a46-4ee1-894f-2bb45e458f8e {{(pid=81490) execute /opt/stack/data/venv/lib/python3.10/site-packages/oslo_concurrency/processutils.py:349}}
Jan 20 15:43:58 devstack sudo[93286]: quobyte : PWD=/ ; USER=root ; COMMAND=/opt/stack/data/venv/bin/cinder-rootwrap /etc/cinder/rootwrap.conf env LC_ALL=C qemu-img info -f qcow2 --output=json --force-share /opt/stack/data/cinder/mnt/41ddbbb41330863e53875c1c87d2af0f/volume-b0665a85-f0bf-4521-a9e8-76d5c520f188.a81670b2-f938-4e5e-8158-7721da8b0c0e
Jan 20 15:43:58 devstack sudo[93286]: pam_unix(sudo:session): session opened for user root(uid=0) by (uid=1000)
Jan 20 15:43:59 devstack sudo[93287]: quobyte : PWD=/ ; USER=root ; COMMAND=/opt/stack/data/venv/bin/cinder-rootwrap /etc/cinder/rootwrap.conf env LC_ALL=C qemu-img info -f qcow2 --output=json --force-share /opt/stack/data/cinder/mnt/41ddbbb41330863e53875c1c87d2af0f/volume-914119fa-3a46-4ee1-894f-2bb45e458f8e
Jan 20 15:43:59 devstack sudo[93287]: pam_unix(sudo:session): session opened for user root(uid=0) by (uid=1000)
Jan 20 15:43:59 devstack sudo[93286]: pam_unix(sudo:session): session closed for user root
Jan 20 15:43:59 devstack cinder-volume[81490]: DEBUG oslo_concurrency.processutils [None req-1ddb1fea-e127-4f9c-b5c5-ecc3da37f14a tempest-SnapshotsActionsTest-414964557 None] CMD "/opt/stack/data/venv/bin/python3.10 -m oslo_concurrency.prlimit --as=1073741824 --cpu=60 -- sudo cinder-rootwrap /etc/cinder/rootwrap.conf env LC_ALL=C qemu-img info -f qcow2 --output=json --force-share /opt/stack/data/cinder/mnt/41ddbbb41330863e53875c1c87d2af0f/volume-b0665a85-f0bf-4521-a9e8-76d5c520f188.a81670b2-f938-4e5e-8158-7721da8b0c0e" returned: 0 in 0.647s {{(pid=81490) execute /opt/stack/data/venv/lib/python3.10/site-packages/oslo_concurrency/processutils.py:372}}
Jan 20 15:43:59 devstack cinder-volume[81490]: DEBUG cinder.volume.drivers.remotefs [None req-1ddb1fea-e127-4f9c-b5c5-ecc3da37f14a tempest-SnapshotsActionsTest-414964557 None] Fetching qemu-img info with special backing_file_template: (/opt/stack/data/cinder/mnt/[0-9a-f]+/)?(volume-b0665a85-f0bf-4521-a9e8-76d5c520f188(.(tmp-snap-)?[0-9a-f-]+)?|volume_from_snapshot_cache/(tmp-snap-)?[0-9a-f-]+(.(child-|parent-)[0-9a-f-]+)?)$ {{(pid=81490) _qemu_img_info_base /opt/stack/cinder/cinder/volume/drivers/remotefs.py:898}}
Jan 20 15:43:59 devstack cinder-volume[81490]: DEBUG oslo_concurrency.processutils [None req-1ddb1fea-e127-4f9c-b5c5-ecc3da37f14a tempest-SnapshotsActionsTest-414964557 None] Running cmd (subprocess): sudo cinder-rootwrap /etc/cinder/rootwrap.conf qemu-img commit -d /opt/stack/data/cinder/mnt/41ddbbb41330863e53875c1c87d2af0f/volume-b0665a85-f0bf-4521-a9e8-76d5c520f188.05319011-fa9d-4903-8fdf-9f5ef2d277da {{(pid=81490) execute /opt/stack/data/venv/lib/python3.10/site-packages/oslo_concurrency/processutils.py:349}}
Jan 20 15:43:59 devstack sudo[93295]: quobyte : PWD=/ ; USER=root ; COMMAND=/opt/stack/data/venv/bin/cinder-rootwrap /etc/cinder/rootwrap.conf qemu-img commit -d /opt/stack/data/cinder/mnt/41ddbbb41330863e53875c1c87d2af0f/volume-b0665a85-f0bf-4521-a9e8-76d5c520f188.05319011-fa9d-4903-8fdf-9f5ef2d277da
Jan 20 15:43:59 devstack sudo[93295]: pam_unix(sudo:session): session opened for user root(uid=0) by (uid=1000)
Jan 20 15:43:59 devstack sudo[93287]: pam_unix(sudo:session): session closed for user root
Jan 20 15:43:59 devstack cinder-volume[81490]: DEBUG oslo_concurrency.processutils [req-5651d000-4bd9-46b8-a35a-b931908e26d3 req-650092ec-fe6d-4723-9da8-acc91232a2e0 tempest-AttachVolumeNegativeTest-700044582 None] CMD "/opt/stack/data/venv/bin/python3.10 -m oslo_concurrency.prlimit --as=1073741824 --cpu=60 -- sudo cinder-rootwrap /etc/cinder/rootwrap.conf env LC_ALL=C qemu-img info -f qcow2 --output=json --force-share /opt/stack/data/cinder/mnt/41ddbbb41330863e53875c1c87d2af0f/volume-914119fa-3a46-4ee1-894f-2bb45e458f8e" returned: 0 in 0.641s {{(pid=81490) execute /opt/stack/data/venv/lib/python3.10/site-packages/oslo_concurrency/processutils.py:372}}
Jan 20 15:43:59 devstack cinder-volume[81490]: DEBUG oslo_concurrency.lockutils [req-5651d000-4bd9-46b8-a35a-b931908e26d3 req-650092ec-fe6d-4723-9da8-acc91232a2e0 tempest-AttachVolumeNegativeTest-700044582 None] Lock "quobyte" "released" by "cinder.volume.drivers.quobyte.QuobyteDriver.initialize_connection" :: held 0.661s {{(pid=81490) inner /opt/stack/data/venv/lib/python3.10/site-packages/oslo_concurrency/lockutils.py:424}}
Jan 20 15:43:59 devstack cinder-volume[81490]: DEBUG cinder.volume.manager [req-5651d000-4bd9-46b8-a35a-b931908e26d3 req-650092ec-fe6d-4723-9da8-acc91232a2e0 tempest-AttachVolumeNegativeTest-700044582 None] Connection info returned from driver {'export': 'osci02.corp.quobyte.com/cinder-vol-91ec2c87-b49a-4a74-93ad-8be0b8c46fc5', 'name': 'volume-914119fa-3a46-4ee1-894f-2bb45e458f8e', 'options': None, 'format': 'qcow2', 'qos_specs': None, 'access_mode': 'rw', 'encrypted': False, 'cacheable': False, 'driver_volume_type': 'quobyte', 'mount_point_base': '/opt/stack/data/cinder/mnt', 'attachment_id': 'af60b7dd-127a-4012-842d-217d13560d11', 'enforce_multipath': True} {{(pid=81490) _connection_create /opt/stack/cinder/cinder/volume/manager.py:4893}}
Jan 20 15:43:59 devstack cinder-volume[81490]: WARNING cinder.volume.volume_utils [req-5651d000-4bd9-46b8-a35a-b931908e26d3 req-650092ec-fe6d-4723-9da8-acc91232a2e0 tempest-AttachVolumeNegativeTest-700044582 None] Volume driver (QuobyteDriver 1.1.13) is currently unsupported and may be removed in the next release of OpenStack. Use at your own risk.
Jan 20 15:43:59 devstack cinder-volume[81490]: INFO cinder.volume.manager [req-5651d000-4bd9-46b8-a35a-b931908e26d3 req-650092ec-fe6d-4723-9da8-acc91232a2e0 tempest-AttachVolumeNegativeTest-700044582 None] attachment_update completed successfully.
Jan 20 15:44:00 devstack sudo[93295]: pam_unix(sudo:session): session closed for user root
Jan 20 15:44:00 devstack cinder-volume[81490]: DEBUG oslo_concurrency.processutils [None req-1ddb1fea-e127-4f9c-b5c5-ecc3da37f14a tempest-SnapshotsActionsTest-414964557 None] CMD "sudo cinder-rootwrap /etc/cinder/rootwrap.conf qemu-img commit -d /opt/stack/data/cinder/mnt/41ddbbb41330863e53875c1c87d2af0f/volume-b0665a85-f0bf-4521-a9e8-76d5c520f188.05319011-fa9d-4903-8fdf-9f5ef2d277da" returned: 0 in 0.564s {{(pid=81490) execute /opt/stack/data/venv/lib/python3.10/site-packages/oslo_concurrency/processutils.py:372}}
Jan 20 15:44:00 devstack cinder-volume[81490]: DEBUG oslo_concurrency.processutils [None req-1ddb1fea-e127-4f9c-b5c5-ecc3da37f14a tempest-SnapshotsActionsTest-414964557 None] Running cmd (subprocess): sudo cinder-rootwrap /etc/cinder/rootwrap.conf rm -f /opt/stack/data/cinder/mnt/41ddbbb41330863e53875c1c87d2af0f/volume-b0665a85-f0bf-4521-a9e8-76d5c520f188.05319011-fa9d-4903-8fdf-9f5ef2d277da {{(pid=81490) execute /opt/stack/data/venv/lib/python3.10/site-packages/oslo_concurrency/processutils.py:349}}
Jan 20 15:44:00 devstack sudo[93301]: quobyte : PWD=/ ; USER=root ; COMMAND=/opt/stack/data/venv/bin/cinder-rootwrap /etc/cinder/rootwrap.conf rm -f /opt/stack/data/cinder/mnt/41ddbbb41330863e53875c1c87d2af0f/volume-b0665a85-f0bf-4521-a9e8-76d5c520f188.05319011-fa9d-4903-8fdf-9f5ef2d277da
Jan 20 15:44:00 devstack sudo[93301]: pam_unix(sudo:session): session opened for user root(uid=0) by (uid=1000)
Jan 20 15:44:00 devstack sudo[93301]: pam_unix(sudo:session): session closed for user root
Jan 20 15:44:00 devstack cinder-volume[81490]: DEBUG oslo_concurrency.processutils [None req-1ddb1fea-e127-4f9c-b5c5-ecc3da37f14a tempest-SnapshotsActionsTest-414964557 None] CMD "sudo cinder-rootwrap /etc/cinder/rootwrap.conf rm -f /opt/stack/data/cinder/mnt/41ddbbb41330863e53875c1c87d2af0f/volume-b0665a85-f0bf-4521-a9e8-76d5c520f188.05319011-fa9d-4903-8fdf-9f5ef2d277da" returned: 0 in 0.487s {{(pid=81490) execute /opt/stack/data/venv/lib/python3.10/site-packages/oslo_concurrency/processutils.py:372}}
Jan 20 15:44:00 devstack cinder-volume[81490]: DEBUG cinder.coordination [None req-1ddb1fea-e127-4f9c-b5c5-ecc3da37f14a tempest-SnapshotsActionsTest-414964557 None] Lock "cinder-quobyte-05319011-fa9d-4903-8fdf-9f5ef2d277da" released by "_delete_snapshot" :: held 2.422s {{(pid=81490) __release /opt/stack/cinder/cinder/coordination.py:157}}
