Feb 16 17:00:02 devstack cinder-volume[79433]: DEBUG cinder.volume.drivers.quobyte [None req-5f6cc99d-73f8-404a-9473-d59e5d5a8424 tempest-VolumesSnapshotTestJSON-1123629616 None] ==> create_volume: call "{'self': , 'volume': Volume(_name_id=None,admin_metadata=,attach_status='detached',availability_zone='nova',bootable=False,cluster=,cluster_name=None,consistencygroup=,consistencygroup_id=None,created_at=2026-02-16T15:59:47Z,deleted=False,deleted_at=None,display_description=None,display_name='tempest-VolumesSnapshotTestJSON-Volume-1500773961',ec2_id=None,encryption_key_id=None,glance_metadata=,group=,group_id=None,host='devstack@QuobyteHD#QuobyteHD',id=a56ca33a-1662-42a8-9ee6-1c5863d68eac,launched_at=None,metadata={},migration_status=None,multiattach=False,previous_status=None,project_id='8e1570d2c4d548feb18e13fcbd16413e',provider_auth=None,provider_geometry=None,provider_id=None,provider_location=None,replication_driver_data=None,replication_extended_status=None,replication_status=None,scheduled_at=2026-02-16T15:59:47Z,service_uuid=None,shared_targets=True,size=1,snapshot_id=None,snapshots=,source_volid=None,status='creating',terminated_at=None,updated_at=2026-02-16T15:59:47Z,use_quota=True,user_id='ee87ff30b196427391515e5770b30594',volume_attachment=VolumeAttachmentList,volume_type=VolumeType(632657ca-5fe4-42e7-a604-b3be76256f34),volume_type_id=632657ca-5fe4-42e7-a604-b3be76256f34)}" {{(pid=79433) trace_logging_wrapper /opt/stack/cinder/cinder/volume/volume_utils.py:1498}}
Feb 16 17:00:02 devstack cinder-volume[79433]: DEBUG cinder.volume.drivers.remotefs [None req-5f6cc99d-73f8-404a-9473-d59e5d5a8424 tempest-VolumesSnapshotTestJSON-1123629616 None] Creating volume a56ca33a-1662-42a8-9ee6-1c5863d68eac {{(pid=79433) create_volume /opt/stack/cinder/cinder/volume/drivers/remotefs.py:292}}
Feb 16 17:00:02 devstack cinder-volume[79433]: DEBUG oslo_concurrency.lockutils [None req-5f6cc99d-73f8-404a-9473-d59e5d5a8424 tempest-VolumesSnapshotTestJSON-1123629616 None] Acquiring lock "quobyte_ensure" by "cinder.volume.drivers.quobyte.QuobyteDriver._ensure_shares_mounted" {{(pid=79433) inner /opt/stack/data/venv/lib/python3.10/site-packages/oslo_concurrency/lockutils.py:506}}
Feb 16 17:00:02 devstack cinder-volume[79433]: DEBUG oslo_concurrency.lockutils [None req-5f6cc99d-73f8-404a-9473-d59e5d5a8424 tempest-VolumesSnapshotTestJSON-1123629616 None] Lock "quobyte_ensure" acquired by "cinder.volume.drivers.quobyte.QuobyteDriver._ensure_shares_mounted" :: waited 0.000s {{(pid=79433) inner /opt/stack/data/venv/lib/python3.10/site-packages/oslo_concurrency/lockutils.py:519}}
Feb 16 17:00:02 devstack cinder-volume[79433]: DEBUG cinder.volume.drivers.quobyte [None req-5f6cc99d-73f8-404a-9473-d59e5d5a8424 tempest-VolumesSnapshotTestJSON-1123629616 None] Quobyte Volume URL set to: {'osci02.corp.quobyte.com/cinder-vol-5866c12d-79de-44e7-9c78-54074bfbd832': None} {{(pid=79433) _load_shares_config /opt/stack/cinder/cinder/volume/drivers/quobyte.py:620}}
Feb 16 17:00:02 devstack cinder-volume[79433]: DEBUG cinder.volume.drivers.quobyte [None req-5f6cc99d-73f8-404a-9473-d59e5d5a8424 tempest-VolumesSnapshotTestJSON-1123629616 None] Available shares ['osci02.corp.quobyte.com/cinder-vol-5866c12d-79de-44e7-9c78-54074bfbd832'] {{(pid=79433) _ensure_shares_mounted /opt/stack/cinder/cinder/volume/drivers/quobyte.py:650}}
Feb 16 17:00:02 devstack cinder-volume[79433]: DEBUG oslo_concurrency.lockutils [None req-5f6cc99d-73f8-404a-9473-d59e5d5a8424 tempest-VolumesSnapshotTestJSON-1123629616 None] Lock "quobyte_ensure" "released" by "cinder.volume.drivers.quobyte.QuobyteDriver._ensure_shares_mounted" :: held 0.006s {{(pid=79433) inner /opt/stack/data/venv/lib/python3.10/site-packages/oslo_concurrency/lockutils.py:538}}
Feb 16 17:00:02 devstack cinder-volume[79433]: DEBUG cinder.volume.drivers.quobyte [None req-5f6cc99d-73f8-404a-9473-d59e5d5a8424 tempest-VolumesSnapshotTestJSON-1123629616 None] Selected osci02.corp.quobyte.com/cinder-vol-5866c12d-79de-44e7-9c78-54074bfbd832 as target Quobyte volume. {{(pid=79433) _find_share /opt/stack/cinder/cinder/volume/drivers/quobyte.py:671}}
Feb 16 17:00:02 devstack cinder-volume[79433]: INFO cinder.volume.drivers.remotefs [None req-5f6cc99d-73f8-404a-9473-d59e5d5a8424 tempest-VolumesSnapshotTestJSON-1123629616 None] casted to osci02.corp.quobyte.com/cinder-vol-5866c12d-79de-44e7-9c78-54074bfbd832
Feb 16 17:00:02 devstack cinder-volume[79433]: DEBUG oslo_concurrency.processutils [None req-5f6cc99d-73f8-404a-9473-d59e5d5a8424 tempest-VolumesSnapshotTestJSON-1123629616 None] Running cmd (subprocess): sudo cinder-rootwrap /etc/cinder/rootwrap.conf qemu-img create -f qcow2 -o preallocation=metadata /opt/stack/data/cinder/mnt/2a18651605a6e8b9cb76625c068d1744/volume-a56ca33a-1662-42a8-9ee6-1c5863d68eac 1073741824 {{(pid=79433) execute /opt/stack/data/venv/lib/python3.10/site-packages/oslo_concurrency/processutils.py:368}}
Feb 16 17:00:02 devstack sudo[82448]: quobyte : PWD=/ ; USER=root ; COMMAND=/opt/stack/data/venv/bin/cinder-rootwrap /etc/cinder/rootwrap.conf qemu-img create -f qcow2 -o preallocation=metadata /opt/stack/data/cinder/mnt/2a18651605a6e8b9cb76625c068d1744/volume-a56ca33a-1662-42a8-9ee6-1c5863d68eac 1073741824
Feb 16 17:00:02 devstack sudo[82448]: pam_unix(sudo:session): session opened for user root(uid=0) by (uid=1000)
Feb 16 17:00:02 devstack cinder-volume[79433]: INFO cinder.volume.manager [None req-60535297-b555-4ef3-a68e-e3a493f30fdc tempest-VolumesActionsTest-1118122103 None] Copy volume to image completed successfully.
Feb 16 17:00:03 devstack sudo[82448]: pam_unix(sudo:session): session closed for user root
Feb 16 17:00:03 devstack cinder-volume[79433]: DEBUG oslo_concurrency.processutils [None req-5f6cc99d-73f8-404a-9473-d59e5d5a8424 tempest-VolumesSnapshotTestJSON-1123629616 None] CMD "sudo cinder-rootwrap /etc/cinder/rootwrap.conf qemu-img create -f qcow2 -o preallocation=metadata /opt/stack/data/cinder/mnt/2a18651605a6e8b9cb76625c068d1744/volume-a56ca33a-1662-42a8-9ee6-1c5863d68eac 1073741824" returned: 0 in 0.515s {{(pid=79433) execute /opt/stack/data/venv/lib/python3.10/site-packages/oslo_concurrency/processutils.py:396}}
Feb 16 17:00:03 devstack cinder-volume[79433]: DEBUG oslo_concurrency.processutils [None req-5f6cc99d-73f8-404a-9473-d59e5d5a8424 tempest-VolumesSnapshotTestJSON-1123629616 None] Running cmd (subprocess): sudo cinder-rootwrap /etc/cinder/rootwrap.conf chmod ugo+rw /opt/stack/data/cinder/mnt/2a18651605a6e8b9cb76625c068d1744/volume-a56ca33a-1662-42a8-9ee6-1c5863d68eac {{(pid=79433) execute /opt/stack/data/venv/lib/python3.10/site-packages/oslo_concurrency/processutils.py:368}}
Feb 16 17:00:03 devstack sudo[82454]: quobyte : PWD=/ ; USER=root ; COMMAND=/opt/stack/data/venv/bin/cinder-rootwrap /etc/cinder/rootwrap.conf chmod ugo+rw /opt/stack/data/cinder/mnt/2a18651605a6e8b9cb76625c068d1744/volume-a56ca33a-1662-42a8-9ee6-1c5863d68eac
Feb 16 17:00:03 devstack sudo[82454]: pam_unix(sudo:session): session opened for user root(uid=0) by (uid=1000)
Feb 16 17:00:03 devstack sudo[82454]: pam_unix(sudo:session): session closed for user root
Feb 16 17:00:03 devstack cinder-volume[79433]: DEBUG oslo_concurrency.processutils [None req-5f6cc99d-73f8-404a-9473-d59e5d5a8424 tempest-VolumesSnapshotTestJSON-1123629616 None] CMD "sudo cinder-rootwrap /etc/cinder/rootwrap.conf chmod ugo+rw /opt/stack/data/cinder/mnt/2a18651605a6e8b9cb76625c068d1744/volume-a56ca33a-1662-42a8-9ee6-1c5863d68eac" returned: 0 in 0.441s {{(pid=79433) execute /opt/stack/data/venv/lib/python3.10/site-packages/oslo_concurrency/processutils.py:396}}
Feb 16 17:00:03 devstack cinder-volume[79433]: DEBUG cinder.volume.drivers.quobyte [None req-5f6cc99d-73f8-404a-9473-d59e5d5a8424 tempest-VolumesSnapshotTestJSON-1123629616 None] <== create_volume: return (983ms) {'provider_location': 'osci02.corp.quobyte.com/cinder-vol-5866c12d-79de-44e7-9c78-54074bfbd832'} {{(pid=79433) trace_logging_wrapper /opt/stack/cinder/cinder/volume/volume_utils.py:1523}}
Feb 16 17:00:03 devstack cinder-volume[79433]: DEBUG oslo_concurrency.lockutils [None req-5f6cc99d-73f8-404a-9473-d59e5d5a8424 tempest-VolumesSnapshotTestJSON-1123629616 None] Lock "quobyte" "released" by "cinder.volume.drivers.quobyte.QuobyteDriver.create_volume" :: held 0.986s {{(pid=79433) inner /opt/stack/data/venv/lib/python3.10/site-packages/oslo_concurrency/lockutils.py:538}}
Feb 16 17:00:03 devstack cinder-volume[79433]: DEBUG oslo_concurrency.lockutils [None req-6ed85e5a-19c6-439a-8ae5-30c93722a6a4 tempest-SnapshotsActionsTest-888428377 None] Lock "quobyte" acquired by "cinder.volume.drivers.quobyte.QuobyteDriver.create_snapshot" :: waited 13.900s {{(pid=79433) inner /opt/stack/data/venv/lib/python3.10/site-packages/oslo_concurrency/lockutils.py:519}}
Feb 16 17:00:03 devstack cinder-volume[79433]: DEBUG cinder.volume.manager [None req-5f6cc99d-73f8-404a-9473-d59e5d5a8424 tempest-VolumesSnapshotTestJSON-1123629616 None] Task 'cinder.volume.flows.manager.create_volume.CreateVolumeFromSpecTask;volume:create' (a2e54990-e9ac-4197-9ff6-bb68389f387e) transitioned into state 'SUCCESS' from state 'RUNNING' with result '{'status': 'creating', 'volume_name': 'volume-a56ca33a-1662-42a8-9ee6-1c5863d68eac', 'volume_size': 1}' {{(pid=79433) _task_receiver /opt/stack/data/venv/lib/python3.10/site-packages/taskflow/listeners/logging.py:182}}
Feb 16 17:00:03 devstack cinder-volume[79433]: DEBUG cinder.volume.manager [None req-5f6cc99d-73f8-404a-9473-d59e5d5a8424 tempest-VolumesSnapshotTestJSON-1123629616 None] Task 'cinder.volume.flows.manager.create_volume.CreateVolumeOnFinishTask;volume:create, create.end' (1369d653-5a46-4fab-90c6-691a2a7bf422) transitioned into state 'RUNNING' from state 'PENDING' {{(pid=79433) _task_receiver /opt/stack/data/venv/lib/python3.10/site-packages/taskflow/listeners/logging.py:194}}
Feb 16 17:00:03 devstack cinder-volume[79433]: DEBUG cinder.volume.drivers.remotefs [None req-6ed85e5a-19c6-439a-8ae5-30c93722a6a4 tempest-SnapshotsActionsTest-888428377 None] Creating offline snapshot 3d5cf455-573f-4db5-af2a-f27da82bcf77 of volume 89a9bec2-36af-4de6-ae58-3e0b028a3441 {{(pid=79433) _create_snapshot /opt/stack/cinder/cinder/volume/drivers/remotefs.py:1817}}
Feb 16 17:00:03 devstack cinder-volume[79433]: INFO cinder.volume.flows.manager.create_volume [None req-5f6cc99d-73f8-404a-9473-d59e5d5a8424 tempest-VolumesSnapshotTestJSON-1123629616 None] Volume volume-a56ca33a-1662-42a8-9ee6-1c5863d68eac (a56ca33a-1662-42a8-9ee6-1c5863d68eac): created successfully
Feb 16 17:00:03 devstack cinder-volume[79433]: DEBUG cinder.volume.manager [None req-5f6cc99d-73f8-404a-9473-d59e5d5a8424 tempest-VolumesSnapshotTestJSON-1123629616 None] Task 'cinder.volume.flows.manager.create_volume.CreateVolumeOnFinishTask;volume:create, create.end' (1369d653-5a46-4fab-90c6-691a2a7bf422) transitioned into state 'SUCCESS' from state 'RUNNING' with result 'None' {{(pid=79433) _task_receiver /opt/stack/data/venv/lib/python3.10/site-packages/taskflow/listeners/logging.py:182}}
Feb 16 17:00:03 devstack cinder-volume[79433]: DEBUG cinder.volume.manager [None req-5f6cc99d-73f8-404a-9473-d59e5d5a8424 tempest-VolumesSnapshotTestJSON-1123629616 None] Flow 'volume_create_manager' (245cbbdd-25e1-4aef-ac56-23645b0fd08c) transitioned into state 'SUCCESS' from state 'RUNNING' {{(pid=79433) _flow_receiver /opt/stack/data/venv/lib/python3.10/site-packages/taskflow/listeners/logging.py:145}}
Feb 16 17:00:03 devstack cinder-volume[79433]: DEBUG oslo.privsep.daemon [-] privsep: reply[b8ff4055-408a-4e0a-9b3c-d7cfc2e5f579]: (4, 'qcow2') {{(pid=80133) _call_back /opt/stack/data/venv/lib/python3.10/site-packages/oslo_privsep/daemon.py:515}}
Feb 16 17:00:03 devstack cinder-volume[79433]: DEBUG oslo_concurrency.processutils [None req-6ed85e5a-19c6-439a-8ae5-30c93722a6a4 tempest-SnapshotsActionsTest-888428377 None] Running cmd (subprocess): /opt/stack/data/venv/bin/python3.10 -m oslo_concurrency.prlimit --as=1073741824 --cpu=60 -- sudo cinder-rootwrap /etc/cinder/rootwrap.conf env LC_ALL=C qemu-img info -f qcow2 --output=json --force-share /opt/stack/data/cinder/mnt/2a18651605a6e8b9cb76625c068d1744/volume-89a9bec2-36af-4de6-ae58-3e0b028a3441 {{(pid=79433) execute /opt/stack/data/venv/lib/python3.10/site-packages/oslo_concurrency/processutils.py:368}}
Feb 16 17:00:03 devstack cinder-volume[79433]: INFO cinder.volume.manager [None req-5f6cc99d-73f8-404a-9473-d59e5d5a8424 tempest-VolumesSnapshotTestJSON-1123629616 None] Created volume successfully.
Feb 16 17:00:03 devstack sudo[82457]: quobyte : PWD=/ ; USER=root ; COMMAND=/opt/stack/data/venv/bin/cinder-rootwrap /etc/cinder/rootwrap.conf env LC_ALL=C qemu-img info -f qcow2 --output=json --force-share /opt/stack/data/cinder/mnt/2a18651605a6e8b9cb76625c068d1744/volume-89a9bec2-36af-4de6-ae58-3e0b028a3441
Feb 16 17:00:03 devstack sudo[82457]: pam_unix(sudo:session): session opened for user root(uid=0) by (uid=1000)
Feb 16 17:00:03 devstack cinder-volume[79433]: WARNING cinder.volume.volume_utils [None req-55b35860-f1b0-4dbb-b6dd-b2993355ae48 tempest-VolumesActionsTest-1118122103 None] Volume driver (QuobyteDriver 1.1.14) is currently unsupported and may be removed in the next release of OpenStack. Use at your own risk.
Feb 16 17:00:03 devstack cinder-volume[79433]: DEBUG oslo_concurrency.lockutils [None req-55b35860-f1b0-4dbb-b6dd-b2993355ae48 tempest-VolumesActionsTest-1118122103 None] Acquiring lock "quobyte" by "cinder.volume.drivers.quobyte.QuobyteDriver.copy_volume_to_image" {{(pid=79433) inner /opt/stack/data/venv/lib/python3.10/site-packages/oslo_concurrency/lockutils.py:506}}
Feb 16 17:00:04 devstack sudo[82457]: pam_unix(sudo:session): session closed for user root
Feb 16 17:00:04 devstack cinder-volume[79433]: DEBUG oslo_concurrency.processutils [None req-6ed85e5a-19c6-439a-8ae5-30c93722a6a4 tempest-SnapshotsActionsTest-888428377 None] CMD "/opt/stack/data/venv/bin/python3.10 -m oslo_concurrency.prlimit --as=1073741824 --cpu=60 -- sudo cinder-rootwrap /etc/cinder/rootwrap.conf env LC_ALL=C qemu-img info -f qcow2 --output=json --force-share /opt/stack/data/cinder/mnt/2a18651605a6e8b9cb76625c068d1744/volume-89a9bec2-36af-4de6-ae58-3e0b028a3441" returned: 0 in 0.505s {{(pid=79433) execute /opt/stack/data/venv/lib/python3.10/site-packages/oslo_concurrency/processutils.py:396}}
Feb 16 17:00:04 devstack cinder-volume[79433]: DEBUG oslo_concurrency.processutils [None req-6ed85e5a-19c6-439a-8ae5-30c93722a6a4 tempest-SnapshotsActionsTest-888428377 None] Running cmd (subprocess): sudo cinder-rootwrap /etc/cinder/rootwrap.conf qemu-img create -f qcow2 -o backing_file=/opt/stack/data/cinder/mnt/2a18651605a6e8b9cb76625c068d1744/volume-89a9bec2-36af-4de6-ae58-3e0b028a3441,backing_fmt=qcow2 /opt/stack/data/cinder/mnt/2a18651605a6e8b9cb76625c068d1744/volume-89a9bec2-36af-4de6-ae58-3e0b028a3441.3d5cf455-573f-4db5-af2a-f27da82bcf77 1G {{(pid=79433) execute /opt/stack/data/venv/lib/python3.10/site-packages/oslo_concurrency/processutils.py:368}}
Feb 16 17:00:04 devstack sudo[82462]: quobyte : PWD=/ ; USER=root ; COMMAND=/opt/stack/data/venv/bin/cinder-rootwrap /etc/cinder/rootwrap.conf qemu-img create -f qcow2 -o backing_file=/opt/stack/data/cinder/mnt/2a18651605a6e8b9cb76625c068d1744/volume-89a9bec2-36af-4de6-ae58-3e0b028a3441,backing_fmt=qcow2 /opt/stack/data/cinder/mnt/2a18651605a6e8b9cb76625c068d1744/volume-89a9bec2-36af-4de6-ae58-3e0b028a3441.3d5cf455-573f-4db5-af2a-f27da82bcf77 1G
Feb 16 17:00:04 devstack sudo[82462]: pam_unix(sudo:session): session opened for user root(uid=0) by (uid=1000)
Feb 16 17:00:04 devstack cinder-volume[79433]: WARNING cinder.volume.volume_utils [None req-0cd63d17-0741-4de5-bce9-bd9e842aba10 tempest-VolumesSnapshotTestJSON-1123629616 None] Volume driver (QuobyteDriver 1.1.14) is currently unsupported and may be removed in the next release of OpenStack. Use at your own risk.
Feb 16 17:00:04 devstack cinder-volume[79433]: DEBUG oslo_concurrency.lockutils [None req-0cd63d17-0741-4de5-bce9-bd9e842aba10 tempest-VolumesSnapshotTestJSON-1123629616 None] Acquiring lock "quobyte" by "cinder.volume.drivers.quobyte.QuobyteDriver.create_snapshot" {{(pid=79433) inner /opt/stack/data/venv/lib/python3.10/site-packages/oslo_concurrency/lockutils.py:506}}
Feb 16 17:00:04 devstack sudo[82462]: pam_unix(sudo:session): session closed for user root
Feb 16 17:00:04 devstack cinder-volume[79433]: DEBUG oslo_concurrency.processutils [None req-6ed85e5a-19c6-439a-8ae5-30c93722a6a4 tempest-SnapshotsActionsTest-888428377 None] CMD "sudo cinder-rootwrap /etc/cinder/rootwrap.conf qemu-img create -f qcow2 -o backing_file=/opt/stack/data/cinder/mnt/2a18651605a6e8b9cb76625c068d1744/volume-89a9bec2-36af-4de6-ae58-3e0b028a3441,backing_fmt=qcow2 /opt/stack/data/cinder/mnt/2a18651605a6e8b9cb76625c068d1744/volume-89a9bec2-36af-4de6-ae58-3e0b028a3441.3d5cf455-573f-4db5-af2a-f27da82bcf77 1G" returned: 0 in 0.498s {{(pid=79433) execute /opt/stack/data/venv/lib/python3.10/site-packages/oslo_concurrency/processutils.py:396}}
Feb 16 17:00:04 devstack cinder-volume[79433]: DEBUG oslo_concurrency.processutils [None req-6ed85e5a-19c6-439a-8ae5-30c93722a6a4 tempest-SnapshotsActionsTest-888428377 None] Running cmd (subprocess): sudo cinder-rootwrap /etc/cinder/rootwrap.conf qemu-img rebase -u -b volume-89a9bec2-36af-4de6-ae58-3e0b028a3441 -F qcow2 /opt/stack/data/cinder/mnt/2a18651605a6e8b9cb76625c068d1744/volume-89a9bec2-36af-4de6-ae58-3e0b028a3441.3d5cf455-573f-4db5-af2a-f27da82bcf77 {{(pid=79433) execute /opt/stack/data/venv/lib/python3.10/site-packages/oslo_concurrency/processutils.py:368}}
Feb 16 17:00:04 devstack sudo[82467]: quobyte : PWD=/ ; USER=root ; COMMAND=/opt/stack/data/venv/bin/cinder-rootwrap /etc/cinder/rootwrap.conf qemu-img rebase -u -b volume-89a9bec2-36af-4de6-ae58-3e0b028a3441 -F qcow2 /opt/stack/data/cinder/mnt/2a18651605a6e8b9cb76625c068d1744/volume-89a9bec2-36af-4de6-ae58-3e0b028a3441.3d5cf455-573f-4db5-af2a-f27da82bcf77
Feb 16 17:00:04 devstack sudo[82467]: pam_unix(sudo:session): session opened for user root(uid=0) by (uid=1000)
Feb 16 17:00:04 devstack sudo[82467]: pam_unix(sudo:session): session closed for user root
Feb 16 17:00:04 devstack cinder-volume[79433]: DEBUG oslo_concurrency.processutils [None req-6ed85e5a-19c6-439a-8ae5-30c93722a6a4 tempest-SnapshotsActionsTest-888428377 None] CMD "sudo cinder-rootwrap /etc/cinder/rootwrap.conf qemu-img rebase -u -b volume-89a9bec2-36af-4de6-ae58-3e0b028a3441 -F qcow2 /opt/stack/data/cinder/mnt/2a18651605a6e8b9cb76625c068d1744/volume-89a9bec2-36af-4de6-ae58-3e0b028a3441.3d5cf455-573f-4db5-af2a-f27da82bcf77" returned: 0 in 0.414s {{(pid=79433) execute /opt/stack/data/venv/lib/python3.10/site-packages/oslo_concurrency/processutils.py:396}}
Feb 16 17:00:04 devstack cinder-volume[79433]: WARNING cinder.volume.drivers.remotefs [None req-6ed85e5a-19c6-439a-8ae5-30c93722a6a4 tempest-SnapshotsActionsTest-888428377 None] /opt/stack/data/cinder/mnt/2a18651605a6e8b9cb76625c068d1744/volume-89a9bec2-36af-4de6-ae58-3e0b028a3441.3d5cf455-573f-4db5-af2a-f27da82bcf77 is being set with open permissions: ugo+rw
Feb 16 17:00:04 devstack cinder-volume[79433]: DEBUG oslo_concurrency.processutils [None req-6ed85e5a-19c6-439a-8ae5-30c93722a6a4 tempest-SnapshotsActionsTest-888428377 None] Running cmd (subprocess): sudo cinder-rootwrap /etc/cinder/rootwrap.conf chmod ugo+rw /opt/stack/data/cinder/mnt/2a18651605a6e8b9cb76625c068d1744/volume-89a9bec2-36af-4de6-ae58-3e0b028a3441.3d5cf455-573f-4db5-af2a-f27da82bcf77 {{(pid=79433) execute /opt/stack/data/venv/lib/python3.10/site-packages/oslo_concurrency/processutils.py:368}}
Feb 16 17:00:04 devstack sudo[82472]: quobyte : PWD=/ ; USER=root ; COMMAND=/opt/stack/data/venv/bin/cinder-rootwrap /etc/cinder/rootwrap.conf chmod ugo+rw /opt/stack/data/cinder/mnt/2a18651605a6e8b9cb76625c068d1744/volume-89a9bec2-36af-4de6-ae58-3e0b028a3441.3d5cf455-573f-4db5-af2a-f27da82bcf77
Feb 16 17:00:04 devstack sudo[82472]: pam_unix(sudo:session): session opened for user root(uid=0) by (uid=1000)
Feb 16 17:00:05 devstack sudo[82472]: pam_unix(sudo:session): session closed for user root
Feb 16 17:00:05 devstack cinder-volume[79433]: DEBUG oslo_concurrency.processutils [None req-6ed85e5a-19c6-439a-8ae5-30c93722a6a4 tempest-SnapshotsActionsTest-888428377 None] CMD "sudo cinder-rootwrap /etc/cinder/rootwrap.conf chmod ugo+rw /opt/stack/data/cinder/mnt/2a18651605a6e8b9cb76625c068d1744/volume-89a9bec2-36af-4de6-ae58-3e0b028a3441.3d5cf455-573f-4db5-af2a-f27da82bcf77" returned: 0 in 0.391s {{(pid=79433) execute /opt/stack/data/venv/lib/python3.10/site-packages/oslo_concurrency/processutils.py:396}}
Feb 16 17:00:05 devstack cinder-volume[79433]: DEBUG oslo_concurrency.processutils [None req-6ed85e5a-19c6-439a-8ae5-30c93722a6a4 tempest-SnapshotsActionsTest-888428377 None] Running cmd (subprocess): sudo cinder-rootwrap /etc/cinder/rootwrap.conf truncate -s0 /opt/stack/data/cinder/mnt/2a18651605a6e8b9cb76625c068d1744/volume-89a9bec2-36af-4de6-ae58-3e0b028a3441.info {{(pid=79433) execute /opt/stack/data/venv/lib/python3.10/site-packages/oslo_concurrency/processutils.py:368}}
Feb 16 17:00:05 devstack sudo[82475]: quobyte : PWD=/ ; USER=root ; COMMAND=/opt/stack/data/venv/bin/cinder-rootwrap /etc/cinder/rootwrap.conf truncate -s0 /opt/stack/data/cinder/mnt/2a18651605a6e8b9cb76625c068d1744/volume-89a9bec2-36af-4de6-ae58-3e0b028a3441.info
Feb 16 17:00:05 devstack sudo[82475]: pam_unix(sudo:session): session opened for user root(uid=0) by (uid=1000)
Feb 16 17:00:05 devstack sudo[82475]: pam_unix(sudo:session): session closed for user root
Feb 16 17:00:05 devstack cinder-volume[79433]: DEBUG oslo_concurrency.processutils [None req-6ed85e5a-19c6-439a-8ae5-30c93722a6a4 tempest-SnapshotsActionsTest-888428377 None] CMD "sudo cinder-rootwrap /etc/cinder/rootwrap.conf truncate -s0 /opt/stack/data/cinder/mnt/2a18651605a6e8b9cb76625c068d1744/volume-89a9bec2-36af-4de6-ae58-3e0b028a3441.info" returned: 0 in 0.408s {{(pid=79433) execute /opt/stack/data/venv/lib/python3.10/site-packages/oslo_concurrency/processutils.py:396}}
Feb 16 17:00:05 devstack cinder-volume[79433]: WARNING cinder.volume.drivers.remotefs [None req-6ed85e5a-19c6-439a-8ae5-30c93722a6a4 tempest-SnapshotsActionsTest-888428377 None] /opt/stack/data/cinder/mnt/2a18651605a6e8b9cb76625c068d1744/volume-89a9bec2-36af-4de6-ae58-3e0b028a3441.info is being set with open permissions: ugo+rw
Feb 16 17:00:05 devstack cinder-volume[79433]: DEBUG oslo_concurrency.processutils [None req-6ed85e5a-19c6-439a-8ae5-30c93722a6a4 tempest-SnapshotsActionsTest-888428377 None] Running cmd (subprocess): sudo cinder-rootwrap /etc/cinder/rootwrap.conf chmod ugo+rw /opt/stack/data/cinder/mnt/2a18651605a6e8b9cb76625c068d1744/volume-89a9bec2-36af-4de6-ae58-3e0b028a3441.info {{(pid=79433) execute /opt/stack/data/venv/lib/python3.10/site-packages/oslo_concurrency/processutils.py:368}}
Feb 16 17:00:05 devstack sudo[82478]: quobyte : PWD=/ ; USER=root ; COMMAND=/opt/stack/data/venv/bin/cinder-rootwrap /etc/cinder/rootwrap.conf chmod ugo+rw /opt/stack/data/cinder/mnt/2a18651605a6e8b9cb76625c068d1744/volume-89a9bec2-36af-4de6-ae58-3e0b028a3441.info
Feb 16 17:00:05 devstack sudo[82478]: pam_unix(sudo:session): session opened for user root(uid=0) by (uid=1000)
Feb 16 17:00:06 devstack sudo[82478]: pam_unix(sudo:session): session closed for user root
Feb 16 17:00:06 devstack cinder-volume[79433]: DEBUG oslo_concurrency.processutils [None req-6ed85e5a-19c6-439a-8ae5-30c93722a6a4 tempest-SnapshotsActionsTest-888428377 None] CMD "sudo cinder-rootwrap /etc/cinder/rootwrap.conf chmod ugo+rw /opt/stack/data/cinder/mnt/2a18651605a6e8b9cb76625c068d1744/volume-89a9bec2-36af-4de6-ae58-3e0b028a3441.info" returned: 0 in 0.393s {{(pid=79433) execute /opt/stack/data/venv/lib/python3.10/site-packages/oslo_concurrency/processutils.py:396}}
Feb 16 17:00:06 devstack cinder-volume[79433]: DEBUG oslo_concurrency.lockutils [None req-6ed85e5a-19c6-439a-8ae5-30c93722a6a4 tempest-SnapshotsActionsTest-888428377 None] Lock "quobyte" "released" by "cinder.volume.drivers.quobyte.QuobyteDriver.create_snapshot" :: held 2.684s {{(pid=79433) inner /opt/stack/data/venv/lib/python3.10/site-packages/oslo_concurrency/lockutils.py:538}}
Feb 16 17:00:06 devstack cinder-volume[79433]: DEBUG oslo_concurrency.lockutils [None req-bd67ab02-d457-4def-b32f-9b38f9c2fc8a tempest-GroupSnapshotsTest-1970570783 None] Lock "quobyte" acquired by "cinder.volume.drivers.quobyte.QuobyteDriver.create_volume" :: waited 7.462s {{(pid=79433) inner /opt/stack/data/venv/lib/python3.10/site-packages/oslo_concurrency/lockutils.py:519}}
Feb 16 17:00:06 devstack cinder-volume[79433]: DEBUG cinder.volume.drivers.quobyte [None req-bd67ab02-d457-4def-b32f-9b38f9c2fc8a tempest-GroupSnapshotsTest-1970570783 None] ==> create_volume: call "{'self': , 'volume': Volume(_name_id=None,admin_metadata=,attach_status='detached',availability_zone='nova',bootable=False,cluster=,cluster_name=None,consistencygroup=,consistencygroup_id=79ce9266-d9fe-4a6d-91ee-ea7e70cdcbe5,created_at=2026-02-16T15:59:58Z,deleted=False,deleted_at=None,display_description=None,display_name='tempest-volume-179585398',ec2_id=None,encryption_key_id=None,glance_metadata=,group=,group_id=79ce9266-d9fe-4a6d-91ee-ea7e70cdcbe5,host='devstack@QuobyteHD#QuobyteHD',id=9a76a806-0bbc-440f-8f73-a5dc278695a6,launched_at=None,metadata={},migration_status=None,multiattach=False,previous_status=None,project_id='56221b68b92948ae817a5b11e3f61a83',provider_auth=None,provider_geometry=None,provider_id=None,provider_location=None,replication_driver_data=None,replication_extended_status=None,replication_status=None,scheduled_at=2026-02-16T15:59:59Z,service_uuid=None,shared_targets=True,size=1,snapshot_id=None,snapshots=,source_volid=None,status='creating',terminated_at=None,updated_at=2026-02-16T15:59:59Z,use_quota=True,user_id='9c5a341b19ba4413a85a7739e4e2b68c',volume_attachment=VolumeAttachmentList,volume_type=VolumeType(dda72e1c-cd78-474e-b722-b250f81b9d40),volume_type_id=dda72e1c-cd78-474e-b722-b250f81b9d40)}" {{(pid=79433) trace_logging_wrapper /opt/stack/cinder/cinder/volume/volume_utils.py:1498}}
Feb 16 17:00:06 devstack cinder-volume[79433]: DEBUG cinder.volume.drivers.remotefs [None req-bd67ab02-d457-4def-b32f-9b38f9c2fc8a tempest-GroupSnapshotsTest-1970570783 None] Creating volume 9a76a806-0bbc-440f-8f73-a5dc278695a6 {{(pid=79433) create_volume /opt/stack/cinder/cinder/volume/drivers/remotefs.py:292}}
Feb 16 17:00:06 devstack cinder-volume[79433]: DEBUG oslo_concurrency.lockutils [None req-bd67ab02-d457-4def-b32f-9b38f9c2fc8a tempest-GroupSnapshotsTest-1970570783 None] Acquiring lock "quobyte_ensure" by "cinder.volume.drivers.quobyte.QuobyteDriver._ensure_shares_mounted" {{(pid=79433) inner /opt/stack/data/venv/lib/python3.10/site-packages/oslo_concurrency/lockutils.py:506}}
Feb 16 17:00:06 devstack cinder-volume[79433]: DEBUG oslo_concurrency.lockutils [None req-bd67ab02-d457-4def-b32f-9b38f9c2fc8a tempest-GroupSnapshotsTest-1970570783 None] Lock "quobyte_ensure" acquired by "cinder.volume.drivers.quobyte.QuobyteDriver._ensure_shares_mounted" :: waited 0.000s {{(pid=79433) inner /opt/stack/data/venv/lib/python3.10/site-packages/oslo_concurrency/lockutils.py:519}}
Feb 16 17:00:06 devstack cinder-volume[79433]: DEBUG cinder.volume.drivers.quobyte [None req-bd67ab02-d457-4def-b32f-9b38f9c2fc8a tempest-GroupSnapshotsTest-1970570783 None] Quobyte Volume URL set to: {'osci02.corp.quobyte.com/cinder-vol-5866c12d-79de-44e7-9c78-54074bfbd832': None} {{(pid=79433) _load_shares_config /opt/stack/cinder/cinder/volume/drivers/quobyte.py:620}}
Feb 16 17:00:06 devstack cinder-volume[79433]: DEBUG cinder.volume.drivers.quobyte [None req-bd67ab02-d457-4def-b32f-9b38f9c2fc8a tempest-GroupSnapshotsTest-1970570783 None] Available shares ['osci02.corp.quobyte.com/cinder-vol-5866c12d-79de-44e7-9c78-54074bfbd832'] {{(pid=79433) _ensure_shares_mounted /opt/stack/cinder/cinder/volume/drivers/quobyte.py:650}}
Feb 16 17:00:06 devstack cinder-volume[79433]: DEBUG oslo_concurrency.lockutils [None req-bd67ab02-d457-4def-b32f-9b38f9c2fc8a tempest-GroupSnapshotsTest-1970570783 None] Lock "quobyte_ensure" "released" by "cinder.volume.drivers.quobyte.QuobyteDriver._ensure_shares_mounted" :: held 0.003s {{(pid=79433) inner /opt/stack/data/venv/lib/python3.10/site-packages/oslo_concurrency/lockutils.py:538}}
Feb 16 17:00:06 devstack cinder-volume[79433]: DEBUG cinder.volume.drivers.quobyte [None req-bd67ab02-d457-4def-b32f-9b38f9c2fc8a tempest-GroupSnapshotsTest-1970570783 None] Selected osci02.corp.quobyte.com/cinder-vol-5866c12d-79de-44e7-9c78-54074bfbd832 as target Quobyte volume. {{(pid=79433) _find_share /opt/stack/cinder/cinder/volume/drivers/quobyte.py:671}}
Feb 16 17:00:06 devstack cinder-volume[79433]: INFO cinder.volume.drivers.remotefs [None req-bd67ab02-d457-4def-b32f-9b38f9c2fc8a tempest-GroupSnapshotsTest-1970570783 None] casted to osci02.corp.quobyte.com/cinder-vol-5866c12d-79de-44e7-9c78-54074bfbd832
Feb 16 17:00:06 devstack cinder-volume[79433]: DEBUG oslo_concurrency.processutils [None req-bd67ab02-d457-4def-b32f-9b38f9c2fc8a tempest-GroupSnapshotsTest-1970570783 None] Running cmd (subprocess): sudo cinder-rootwrap /etc/cinder/rootwrap.conf qemu-img create -f qcow2 -o preallocation=metadata /opt/stack/data/cinder/mnt/2a18651605a6e8b9cb76625c068d1744/volume-9a76a806-0bbc-440f-8f73-a5dc278695a6 1073741824 {{(pid=79433) execute /opt/stack/data/venv/lib/python3.10/site-packages/oslo_concurrency/processutils.py:368}}
Feb 16 17:00:06 devstack sudo[82481]: quobyte : PWD=/ ; USER=root ; COMMAND=/opt/stack/data/venv/bin/cinder-rootwrap /etc/cinder/rootwrap.conf qemu-img create -f qcow2 -o preallocation=metadata /opt/stack/data/cinder/mnt/2a18651605a6e8b9cb76625c068d1744/volume-9a76a806-0bbc-440f-8f73-a5dc278695a6 1073741824
Feb 16 17:00:06 devstack sudo[82481]: pam_unix(sudo:session): session opened for user root(uid=0) by (uid=1000)
Feb 16 17:00:06 devstack cinder-volume[79433]: INFO cinder.volume.manager [None req-6ed85e5a-19c6-439a-8ae5-30c93722a6a4 tempest-SnapshotsActionsTest-888428377 None] Create snapshot completed successfully
Feb 16 17:00:06 devstack sudo[82481]: pam_unix(sudo:session): session closed for user root
Feb 16 17:00:06 devstack cinder-volume[79433]: DEBUG oslo_concurrency.processutils [None req-bd67ab02-d457-4def-b32f-9b38f9c2fc8a tempest-GroupSnapshotsTest-1970570783 None] CMD "sudo cinder-rootwrap /etc/cinder/rootwrap.conf qemu-img create -f qcow2 -o preallocation=metadata /opt/stack/data/cinder/mnt/2a18651605a6e8b9cb76625c068d1744/volume-9a76a806-0bbc-440f-8f73-a5dc278695a6 1073741824" returned: 0 in 0.448s {{(pid=79433) execute /opt/stack/data/venv/lib/python3.10/site-packages/oslo_concurrency/processutils.py:396}}
Feb 16 17:00:06 devstack cinder-volume[79433]: DEBUG oslo_concurrency.processutils [None req-bd67ab02-d457-4def-b32f-9b38f9c2fc8a tempest-GroupSnapshotsTest-1970570783 None] Running cmd (subprocess): sudo cinder-rootwrap /etc/cinder/rootwrap.conf chmod ugo+rw /opt/stack/data/cinder/mnt/2a18651605a6e8b9cb76625c068d1744/volume-9a76a806-0bbc-440f-8f73-a5dc278695a6 {{(pid=79433) execute /opt/stack/data/venv/lib/python3.10/site-packages/oslo_concurrency/processutils.py:368}}
Feb 16 17:00:06 devstack sudo[82486]: quobyte : PWD=/ ; USER=root ; COMMAND=/opt/stack/data/venv/bin/cinder-rootwrap /etc/cinder/rootwrap.conf chmod ugo+rw /opt/stack/data/cinder/mnt/2a18651605a6e8b9cb76625c068d1744/volume-9a76a806-0bbc-440f-8f73-a5dc278695a6
Feb 16 17:00:06 devstack sudo[82486]: pam_unix(sudo:session): session opened for user root(uid=0) by (uid=1000)
Feb 16 17:00:07 devstack sudo[82486]: pam_unix(sudo:session): session closed for user root
Feb 16 17:00:07 devstack cinder-volume[79433]: DEBUG oslo_concurrency.processutils [None req-bd67ab02-d457-4def-b32f-9b38f9c2fc8a tempest-GroupSnapshotsTest-1970570783 None] CMD "sudo cinder-rootwrap /etc/cinder/rootwrap.conf chmod ugo+rw /opt/stack/data/cinder/mnt/2a18651605a6e8b9cb76625c068d1744/volume-9a76a806-0bbc-440f-8f73-a5dc278695a6" returned: 0 in 0.391s {{(pid=79433) execute /opt/stack/data/venv/lib/python3.10/site-packages/oslo_concurrency/processutils.py:396}}
Feb 16 17:00:07 devstack cinder-volume[79433]: DEBUG cinder.volume.drivers.quobyte [None req-bd67ab02-d457-4def-b32f-9b38f9c2fc8a tempest-GroupSnapshotsTest-1970570783 None] <== create_volume: return (861ms) {'provider_location': 'osci02.corp.quobyte.com/cinder-vol-5866c12d-79de-44e7-9c78-54074bfbd832'} {{(pid=79433) trace_logging_wrapper /opt/stack/cinder/cinder/volume/volume_utils.py:1523}}
Feb 16 17:00:07 devstack cinder-volume[79433]: DEBUG oslo_concurrency.lockutils [None req-bd67ab02-d457-4def-b32f-9b38f9c2fc8a tempest-GroupSnapshotsTest-1970570783 None] Lock "quobyte" "released" by "cinder.volume.drivers.quobyte.QuobyteDriver.create_volume" :: held 0.864s {{(pid=79433) inner /opt/stack/data/venv/lib/python3.10/site-packages/oslo_concurrency/lockutils.py:538}}
Feb 16 17:00:07 devstack cinder-volume[79433]: DEBUG oslo_concurrency.lockutils [None req-55b35860-f1b0-4dbb-b6dd-b2993355ae48 tempest-VolumesActionsTest-1118122103 None] Lock "quobyte" acquired by "cinder.volume.drivers.quobyte.QuobyteDriver.copy_volume_to_image" :: waited 3.283s {{(pid=79433) inner /opt/stack/data/venv/lib/python3.10/site-packages/oslo_concurrency/lockutils.py:519}}
Feb 16 17:00:07 devstack cinder-volume[79433]: DEBUG cinder.volume.manager [None req-bd67ab02-d457-4def-b32f-9b38f9c2fc8a tempest-GroupSnapshotsTest-1970570783 None] Task 'cinder.volume.flows.manager.create_volume.CreateVolumeFromSpecTask;volume:create' (94856cf3-ebb7-4c74-8269-980ba066b81f) transitioned into state 'SUCCESS' from state 'RUNNING' with result '{'status': 'creating', 'volume_name': 'volume-9a76a806-0bbc-440f-8f73-a5dc278695a6', 'volume_size': 1}' {{(pid=79433) _task_receiver /opt/stack/data/venv/lib/python3.10/site-packages/taskflow/listeners/logging.py:182}}
Feb 16 17:00:07 devstack cinder-volume[79433]: DEBUG cinder.volume.manager [None req-bd67ab02-d457-4def-b32f-9b38f9c2fc8a tempest-GroupSnapshotsTest-1970570783 None] Task 'cinder.volume.flows.manager.create_volume.CreateVolumeOnFinishTask;volume:create, create.end' (427c3fe1-ee84-438a-b246-460b36e21565) transitioned into state 'RUNNING' from state 'PENDING' {{(pid=79433) _task_receiver /opt/stack/data/venv/lib/python3.10/site-packages/taskflow/listeners/logging.py:194}}
Feb 16 17:00:07 devstack cinder-volume[79433]: DEBUG oslo.privsep.daemon [-] privsep: reply[7f16aaf9-6833-4229-89a9-1b95bfd64bf1]: (4, 'qcow2') {{(pid=80133) _call_back /opt/stack/data/venv/lib/python3.10/site-packages/oslo_privsep/daemon.py:515}}
Feb 16 17:00:07 devstack cinder-volume[79433]: DEBUG oslo_concurrency.processutils [None req-55b35860-f1b0-4dbb-b6dd-b2993355ae48 tempest-VolumesActionsTest-1118122103 None] Running cmd (subprocess): /opt/stack/data/venv/bin/python3.10 -m oslo_concurrency.prlimit --as=1073741824 --cpu=60 -- sudo cinder-rootwrap /etc/cinder/rootwrap.conf env LC_ALL=C qemu-img info -f qcow2 --output=json --force-share /opt/stack/data/cinder/mnt/2a18651605a6e8b9cb76625c068d1744/volume-11b4e17f-59ed-4807-b46b-cbf93d636f38 {{(pid=79433) execute /opt/stack/data/venv/lib/python3.10/site-packages/oslo_concurrency/processutils.py:368}}
Feb 16 17:00:07 devstack cinder-volume[79433]: INFO cinder.volume.flows.manager.create_volume [None req-bd67ab02-d457-4def-b32f-9b38f9c2fc8a tempest-GroupSnapshotsTest-1970570783 None] Volume volume-9a76a806-0bbc-440f-8f73-a5dc278695a6 (9a76a806-0bbc-440f-8f73-a5dc278695a6): created successfully
Feb 16 17:00:07 devstack cinder-volume[79433]: DEBUG cinder.volume.manager [None req-bd67ab02-d457-4def-b32f-9b38f9c2fc8a tempest-GroupSnapshotsTest-1970570783 None] Task 'cinder.volume.flows.manager.create_volume.CreateVolumeOnFinishTask;volume:create, create.end' (427c3fe1-ee84-438a-b246-460b36e21565) transitioned into state 'SUCCESS' from state 'RUNNING' with result 'None' {{(pid=79433) _task_receiver /opt/stack/data/venv/lib/python3.10/site-packages/taskflow/listeners/logging.py:182}}
Feb 16 17:00:07 devstack cinder-volume[79433]: DEBUG cinder.volume.manager [None req-bd67ab02-d457-4def-b32f-9b38f9c2fc8a tempest-GroupSnapshotsTest-1970570783 None] Flow 'volume_create_manager' (8e35b96f-da93-4069-b6e0-6705b7b2188a) transitioned into state 'SUCCESS' from state 'RUNNING' {{(pid=79433) _flow_receiver /opt/stack/data/venv/lib/python3.10/site-packages/taskflow/listeners/logging.py:145}}
Feb 16 17:00:07 devstack cinder-volume[79433]: INFO cinder.volume.manager [None req-bd67ab02-d457-4def-b32f-9b38f9c2fc8a tempest-GroupSnapshotsTest-1970570783 None] Created volume successfully.
Feb 16 17:00:07 devstack sudo[82489]: quobyte : PWD=/ ; USER=root ; COMMAND=/opt/stack/data/venv/bin/cinder-rootwrap /etc/cinder/rootwrap.conf env LC_ALL=C qemu-img info -f qcow2 --output=json --force-share /opt/stack/data/cinder/mnt/2a18651605a6e8b9cb76625c068d1744/volume-11b4e17f-59ed-4807-b46b-cbf93d636f38
Feb 16 17:00:07 devstack sudo[82489]: pam_unix(sudo:session): session opened for user root(uid=0) by (uid=1000)
Feb 16 17:00:07 devstack cinder-volume[79433]: INFO cinder.volume.manager [None req-b48fb3d9-e9bd-43aa-bba1-546989c1e900 tempest-GroupSnapshotsTest-1970570783 None] GroupSnapshot 87c904e2-8e42-4077-ac81-5f5d12f3bb52: creating.
Feb 16 17:00:07 devstack cinder-volume[79433]: WARNING cinder.volume.volume_utils [None req-b48fb3d9-e9bd-43aa-bba1-546989c1e900 tempest-GroupSnapshotsTest-1970570783 None] Volume driver (QuobyteDriver 1.1.14) is currently unsupported and may be removed in the next release of OpenStack. Use at your own risk.
Feb 16 17:00:07 devstack cinder-volume[79433]: DEBUG cinder.volume.manager [None req-b48fb3d9-e9bd-43aa-bba1-546989c1e900 tempest-GroupSnapshotsTest-1970570783 None] Group snapshot 87c904e2-8e42-4077-ac81-5f5d12f3bb52: creating. {{(pid=79433) create_group_snapshot /opt/stack/cinder/cinder/volume/manager.py:4175}}
Feb 16 17:00:07 devstack cinder-volume[79433]: DEBUG oslo_concurrency.lockutils [None req-b48fb3d9-e9bd-43aa-bba1-546989c1e900 tempest-GroupSnapshotsTest-1970570783 None] Acquiring lock "quobyte" by "cinder.volume.drivers.quobyte.QuobyteDriver.create_snapshot" {{(pid=79433) inner /opt/stack/data/venv/lib/python3.10/site-packages/oslo_concurrency/lockutils.py:506}}
Feb 16 17:00:07 devstack cinder-volume[79433]: WARNING cinder.volume.volume_utils [None req-0b5ac501-a7cc-4c19-a13d-51082d6cafd5 tempest-SnapshotsActionsTest-888428377 None] Volume driver (QuobyteDriver 1.1.14) is currently unsupported and may be removed in the next release of OpenStack. Use at your own risk.
Feb 16 17:00:07 devstack cinder-volume[79433]: DEBUG oslo_concurrency.lockutils [None req-0b5ac501-a7cc-4c19-a13d-51082d6cafd5 tempest-SnapshotsActionsTest-888428377 None] Acquiring lock "quobyte" by "cinder.volume.drivers.quobyte.QuobyteDriver.create_snapshot" {{(pid=79433) inner /opt/stack/data/venv/lib/python3.10/site-packages/oslo_concurrency/lockutils.py:506}}
Feb 16 17:00:07 devstack sudo[82489]: pam_unix(sudo:session): session closed for user root
Feb 16 17:00:07 devstack cinder-volume[79433]: DEBUG oslo_concurrency.processutils [None req-55b35860-f1b0-4dbb-b6dd-b2993355ae48 tempest-VolumesActionsTest-1118122103 None] CMD "/opt/stack/data/venv/bin/python3.10 -m oslo_concurrency.prlimit --as=1073741824 --cpu=60 -- sudo cinder-rootwrap /etc/cinder/rootwrap.conf env LC_ALL=C qemu-img info -f qcow2 --output=json --force-share /opt/stack/data/cinder/mnt/2a18651605a6e8b9cb76625c068d1744/volume-11b4e17f-59ed-4807-b46b-cbf93d636f38" returned: 0 in 0.516s {{(pid=79433) execute /opt/stack/data/venv/lib/python3.10/site-packages/oslo_concurrency/processutils.py:396}}
Feb 16 17:00:07 devstack cinder-volume[79433]: DEBUG oslo.privsep.daemon [-] privsep: reply[eea2f3d3-43d1-4190-a88d-02912e1141b0]: (4, 'qcow2') {{(pid=80133) _call_back /opt/stack/data/venv/lib/python3.10/site-packages/oslo_privsep/daemon.py:515}}
Feb 16 17:00:07 devstack cinder-volume[79433]: DEBUG oslo_concurrency.processutils [None req-55b35860-f1b0-4dbb-b6dd-b2993355ae48 tempest-VolumesActionsTest-1118122103 None] Running cmd (subprocess): /opt/stack/data/venv/bin/python3.10 -m oslo_concurrency.prlimit --as=1073741824 --cpu=60 -- sudo cinder-rootwrap /etc/cinder/rootwrap.conf env LC_ALL=C qemu-img info -f qcow2 --output=json /opt/stack/data/cinder/mnt/2a18651605a6e8b9cb76625c068d1744/volume-11b4e17f-59ed-4807-b46b-cbf93d636f38 {{(pid=79433) execute /opt/stack/data/venv/lib/python3.10/site-packages/oslo_concurrency/processutils.py:368}}
Feb 16 17:00:07 devstack sudo[82494]: quobyte : PWD=/ ; USER=root ; COMMAND=/opt/stack/data/venv/bin/cinder-rootwrap /etc/cinder/rootwrap.conf env LC_ALL=C qemu-img info -f qcow2 --output=json /opt/stack/data/cinder/mnt/2a18651605a6e8b9cb76625c068d1744/volume-11b4e17f-59ed-4807-b46b-cbf93d636f38
Feb 16 17:00:07 devstack sudo[82494]: pam_unix(sudo:session): session opened for user root(uid=0) by (uid=1000)
Feb 16 17:00:08 devstack sudo[82494]: pam_unix(sudo:session): session closed for user root
Feb 16 17:00:08 devstack cinder-volume[79433]: DEBUG oslo_concurrency.processutils [None req-55b35860-f1b0-4dbb-b6dd-b2993355ae48 tempest-VolumesActionsTest-1118122103 None] CMD "/opt/stack/data/venv/bin/python3.10 -m oslo_concurrency.prlimit --as=1073741824 --cpu=60 -- sudo cinder-rootwrap /etc/cinder/rootwrap.conf env LC_ALL=C qemu-img info -f qcow2 --output=json /opt/stack/data/cinder/mnt/2a18651605a6e8b9cb76625c068d1744/volume-11b4e17f-59ed-4807-b46b-cbf93d636f38" returned: 0 in 0.456s {{(pid=79433) execute /opt/stack/data/venv/lib/python3.10/site-packages/oslo_concurrency/processutils.py:396}}
Feb 16 17:00:08 devstack cinder-volume[79433]: DEBUG oslo_concurrency.processutils [None req-55b35860-f1b0-4dbb-b6dd-b2993355ae48 tempest-VolumesActionsTest-1118122103 None] Running cmd (subprocess): sudo cinder-rootwrap /etc/cinder/rootwrap.conf qemu-img convert -O raw /opt/stack/data/cinder/mnt/2a18651605a6e8b9cb76625c068d1744/volume-11b4e17f-59ed-4807-b46b-cbf93d636f38 /opt/stack/data/cinder/conversion/11b4e17f-59ed-4807-b46b-cbf93d636f38.temp_image.3cee68fd-4be0-4178-a377-d3fabdc81062778tbziy.img {{(pid=79433) execute /opt/stack/data/venv/lib/python3.10/site-packages/oslo_concurrency/processutils.py:368}}
Feb 16 17:00:08 devstack sudo[82499]: quobyte : PWD=/ ; USER=root ; COMMAND=/opt/stack/data/venv/bin/cinder-rootwrap /etc/cinder/rootwrap.conf qemu-img convert -O raw /opt/stack/data/cinder/mnt/2a18651605a6e8b9cb76625c068d1744/volume-11b4e17f-59ed-4807-b46b-cbf93d636f38 /opt/stack/data/cinder/conversion/11b4e17f-59ed-4807-b46b-cbf93d636f38.temp_image.3cee68fd-4be0-4178-a377-d3fabdc81062778tbziy.img
Feb 16 17:00:08 devstack sudo[82499]: pam_unix(sudo:session): session opened for user root(uid=0) by (uid=1000)
Feb 16 17:00:09 devstack sudo[82499]: pam_unix(sudo:session): session closed for user root
Feb 16 17:00:09 devstack cinder-volume[79433]: DEBUG oslo_concurrency.processutils [None req-55b35860-f1b0-4dbb-b6dd-b2993355ae48 tempest-VolumesActionsTest-1118122103 None] CMD "sudo cinder-rootwrap /etc/cinder/rootwrap.conf qemu-img convert -O raw /opt/stack/data/cinder/mnt/2a18651605a6e8b9cb76625c068d1744/volume-11b4e17f-59ed-4807-b46b-cbf93d636f38 /opt/stack/data/cinder/conversion/11b4e17f-59ed-4807-b46b-cbf93d636f38.temp_image.3cee68fd-4be0-4178-a377-d3fabdc81062778tbziy.img" returned: 0 in 1.873s {{(pid=79433) execute /opt/stack/data/venv/lib/python3.10/site-packages/oslo_concurrency/processutils.py:396}}
Feb 16 17:00:09 devstack cinder-volume[79433]: DEBUG oslo.privsep.daemon [-] privsep: reply[4bbaf430-facb-4ab8-9e4c-c440fea45557]: (4, 'qcow2') {{(pid=80133) _call_back /opt/stack/data/venv/lib/python3.10/site-packages/oslo_privsep/daemon.py:515}}
Feb 16 17:00:09 devstack cinder-volume[79433]: DEBUG oslo_concurrency.processutils [None req-55b35860-f1b0-4dbb-b6dd-b2993355ae48 tempest-VolumesActionsTest-1118122103 None] Running cmd (subprocess): /opt/stack/data/venv/bin/python3.10 -m oslo_concurrency.prlimit --as=1073741824 --cpu=60 -- sudo cinder-rootwrap /etc/cinder/rootwrap.conf env LC_ALL=C qemu-img info -f qcow2 --output=json /opt/stack/data/cinder/mnt/2a18651605a6e8b9cb76625c068d1744/volume-11b4e17f-59ed-4807-b46b-cbf93d636f38 {{(pid=79433) execute /opt/stack/data/venv/lib/python3.10/site-packages/oslo_concurrency/processutils.py:368}}
Feb 16 17:00:09 devstack sudo[82511]: quobyte : PWD=/ ; USER=root ; COMMAND=/opt/stack/data/venv/bin/cinder-rootwrap /etc/cinder/rootwrap.conf env LC_ALL=C qemu-img info -f qcow2 --output=json /opt/stack/data/cinder/mnt/2a18651605a6e8b9cb76625c068d1744/volume-11b4e17f-59ed-4807-b46b-cbf93d636f38
Feb 16 17:00:09 devstack sudo[82511]: pam_unix(sudo:session): session opened for user root(uid=0) by (uid=1000)
Feb 16 17:00:10 devstack sudo[82511]: pam_unix(sudo:session): session closed for user root
Feb 16 17:00:10 devstack cinder-volume[79433]: DEBUG oslo_concurrency.processutils [None req-55b35860-f1b0-4dbb-b6dd-b2993355ae48 tempest-VolumesActionsTest-1118122103 None] CMD "/opt/stack/data/venv/bin/python3.10 -m oslo_concurrency.prlimit --as=1073741824 --cpu=60 -- sudo cinder-rootwrap /etc/cinder/rootwrap.conf env LC_ALL=C qemu-img info -f qcow2 --output=json /opt/stack/data/cinder/mnt/2a18651605a6e8b9cb76625c068d1744/volume-11b4e17f-59ed-4807-b46b-cbf93d636f38" returned: 0 in 0.606s {{(pid=79433) execute /opt/stack/data/venv/lib/python3.10/site-packages/oslo_concurrency/processutils.py:396}}
Feb 16 17:00:10 devstack cinder-volume[79433]: DEBUG cinder.image.image_utils [None req-55b35860-f1b0-4dbb-b6dd-b2993355ae48 tempest-VolumesActionsTest-1118122103 None] Image conversion details: src /opt/stack/data/cinder/mnt/2a18651605a6e8b9cb76625c068d1744/volume-11b4e17f-59ed-4807-b46b-cbf93d636f38, size 1024.00 MB, duration 1.87 sec, destination /opt/stack/data/cinder/conversion/11b4e17f-59ed-4807-b46b-cbf93d636f38.temp_image.3cee68fd-4be0-4178-a377-d3fabdc81062778tbziy.img {{(pid=79433) _convert_image /opt/stack/cinder/cinder/image/image_utils.py:537}}
Feb 16 17:00:10 devstack cinder-volume[79433]: INFO cinder.image.image_utils [None req-55b35860-f1b0-4dbb-b6dd-b2993355ae48 tempest-VolumesActionsTest-1118122103 None] Converted 1024.00 MB image at 546.34 MB/s
Feb 16 17:00:10 devstack cinder-volume[79433]: DEBUG cinder.image.image_utils [None req-55b35860-f1b0-4dbb-b6dd-b2993355ae48 tempest-VolumesActionsTest-1118122103 None] 3cee68fd-4be0-4178-a377-d3fabdc81062 was raw, converting to qcow2 {{(pid=79433) upload_volume /opt/stack/cinder/cinder/image/image_utils.py:1180}}
Feb 16 17:00:10 devstack cinder-volume[79433]: DEBUG oslo.privsep.daemon [-] privsep: reply[25742c29-c15a-4527-939d-bffe2ea405b5]: (4, 'raw') {{(pid=80133) _call_back /opt/stack/data/venv/lib/python3.10/site-packages/oslo_privsep/daemon.py:515}}
Feb 16 17:00:10 devstack cinder-volume[79433]: DEBUG oslo_concurrency.processutils [None req-55b35860-f1b0-4dbb-b6dd-b2993355ae48 tempest-VolumesActionsTest-1118122103 None] Running cmd (subprocess): /opt/stack/data/venv/bin/python3.10 -m oslo_concurrency.prlimit --as=1073741824 --cpu=60 -- sudo cinder-rootwrap /etc/cinder/rootwrap.conf env LC_ALL=C qemu-img info -f raw --output=json /opt/stack/data/cinder/conversion/11b4e17f-59ed-4807-b46b-cbf93d636f38.temp_image.3cee68fd-4be0-4178-a377-d3fabdc81062778tbziy.img {{(pid=79433) execute /opt/stack/data/venv/lib/python3.10/site-packages/oslo_concurrency/processutils.py:368}}
Feb 16 17:00:10 devstack sudo[82516]: quobyte : PWD=/ ; USER=root ; COMMAND=/opt/stack/data/venv/bin/cinder-rootwrap /etc/cinder/rootwrap.conf env LC_ALL=C qemu-img info -f raw --output=json /opt/stack/data/cinder/conversion/11b4e17f-59ed-4807-b46b-cbf93d636f38.temp_image.3cee68fd-4be0-4178-a377-d3fabdc81062778tbziy.img
Feb 16 17:00:10 devstack sudo[82516]: pam_unix(sudo:session): session opened for user root(uid=0) by (uid=1000)
Feb 16 17:00:11 devstack sudo[82516]: pam_unix(sudo:session): session closed for user root
Feb 16 17:00:11 devstack cinder-volume[79433]: DEBUG oslo_concurrency.processutils [None req-55b35860-f1b0-4dbb-b6dd-b2993355ae48 tempest-VolumesActionsTest-1118122103 None] CMD "/opt/stack/data/venv/bin/python3.10 -m oslo_concurrency.prlimit --as=1073741824 --cpu=60 -- sudo cinder-rootwrap /etc/cinder/rootwrap.conf env LC_ALL=C qemu-img info -f raw --output=json /opt/stack/data/cinder/conversion/11b4e17f-59ed-4807-b46b-cbf93d636f38.temp_image.3cee68fd-4be0-4178-a377-d3fabdc81062778tbziy.img" returned: 0 in 0.459s {{(pid=79433) execute /opt/stack/data/venv/lib/python3.10/site-packages/oslo_concurrency/processutils.py:396}}
Feb 16 17:00:11 devstack cinder-volume[79433]: DEBUG oslo_concurrency.processutils [None req-55b35860-f1b0-4dbb-b6dd-b2993355ae48 tempest-VolumesActionsTest-1118122103 None] Running cmd (subprocess): /opt/stack/data/venv/bin/python3.10 -m oslo_concurrency.prlimit --as=1073741824 --cpu=60 -- sudo cinder-rootwrap /etc/cinder/rootwrap.conf env LC_ALL=C qemu-img info -f luks --output=json /opt/stack/data/cinder/conversion/11b4e17f-59ed-4807-b46b-cbf93d636f38.temp_image.3cee68fd-4be0-4178-a377-d3fabdc81062778tbziy.img {{(pid=79433) execute /opt/stack/data/venv/lib/python3.10/site-packages/oslo_concurrency/processutils.py:368}}
Feb 16 17:00:11 devstack sudo[82521]: quobyte : PWD=/ ; USER=root ; COMMAND=/opt/stack/data/venv/bin/cinder-rootwrap /etc/cinder/rootwrap.conf env LC_ALL=C qemu-img info -f luks --output=json /opt/stack/data/cinder/conversion/11b4e17f-59ed-4807-b46b-cbf93d636f38.temp_image.3cee68fd-4be0-4178-a377-d3fabdc81062778tbziy.img
Feb 16 17:00:11 devstack sudo[82521]: pam_unix(sudo:session): session opened for user root(uid=0) by (uid=1000)
Feb 16 17:00:11 devstack sudo[82521]: pam_unix(sudo:session): session closed for user root
