Jul 06 15:31:29 devstack cinder-volume[86191]: DEBUG oslo_concurrency.processutils [None req-9bba68cf-ac96-40af-b812-15f55d0ecff8 tempest-GroupSnapshotsV319Test-154324536 None] Running cmd (subprocess): sudo cinder-rootwrap /etc/cinder/rootwrap.conf chmod ugo+rw /opt/stack/data/cinder/mnt/e376ad2beddf612ddee05ce3263d4a5f/volume-275c2848-3c3f-40b9-b34a-f84d805965eb {{(pid=86191) execute /opt/stack/data/venv/lib/python3.12/site-packages/oslo_concurrency/processutils.py:440}}
Jul 06 15:31:29 devstack sudo[93728]: quobyte : PWD=/ ; USER=root ; COMMAND=/opt/stack/data/venv/bin/cinder-rootwrap /etc/cinder/rootwrap.conf chmod ugo+rw /opt/stack/data/cinder/mnt/e376ad2beddf612ddee05ce3263d4a5f/volume-275c2848-3c3f-40b9-b34a-f84d805965eb
Jul 06 15:31:29 devstack sudo[93728]: pam_unix(sudo:session): session opened for user root(uid=0) by (uid=1000)
Jul 06 15:31:30 devstack sudo[93728]: pam_unix(sudo:session): session closed for user root
Jul 06 15:31:30 devstack cinder-volume[86191]: DEBUG oslo_concurrency.processutils [None req-9bba68cf-ac96-40af-b812-15f55d0ecff8 tempest-GroupSnapshotsV319Test-154324536 None] CMD "sudo cinder-rootwrap /etc/cinder/rootwrap.conf chmod ugo+rw /opt/stack/data/cinder/mnt/e376ad2beddf612ddee05ce3263d4a5f/volume-275c2848-3c3f-40b9-b34a-f84d805965eb" returned: 0 in 0.771s {{(pid=86191) execute /opt/stack/data/venv/lib/python3.12/site-packages/oslo_concurrency/processutils.py:468}}
Jul 06 15:31:30 devstack cinder-volume[86191]: DEBUG cinder.volume.drivers.quobyte [None req-9bba68cf-ac96-40af-b812-15f55d0ecff8 tempest-GroupSnapshotsV319Test-154324536 None] <== create_volume: return (2024ms) {'provider_location': 'osci02.corp.quobyte.com/cinder-vol-d96006bf-d99c-42db-a376-cf08a581b01f'} {{(pid=86191) trace_logging_wrapper /opt/stack/cinder/cinder/volume/volume_utils.py:1522}}
Jul 06 15:31:30 devstack cinder-volume[86191]: DEBUG oslo_concurrency.lockutils [None req-9bba68cf-ac96-40af-b812-15f55d0ecff8 tempest-GroupSnapshotsV319Test-154324536 None] Lock "quobyte" "released" by "cinder.volume.drivers.quobyte.QuobyteDriver.create_volume" :: held 2.029s {{(pid=86191) inner /opt/stack/data/venv/lib/python3.12/site-packages/oslo_concurrency/lockutils.py:543}}
Jul 06 15:31:30 devstack cinder-volume[86191]: DEBUG cinder.volume.manager [None req-9bba68cf-ac96-40af-b812-15f55d0ecff8 tempest-GroupSnapshotsV319Test-154324536 None] Task 'cinder.volume.flows.manager.create_volume.CreateVolumeFromSpecTask;volume:create' (d8e30ac9-1984-4e9d-92dc-e4db9d823ddd) transitioned into state 'SUCCESS' from state 'RUNNING' with result '{'status': 'creating', 'volume_name': 'volume-275c2848-3c3f-40b9-b34a-f84d805965eb', 'volume_size': 1}' {{(pid=86191) _task_receiver /opt/stack/data/venv/lib/python3.12/site-packages/taskflow/listeners/logging.py:218}}
Jul 06 15:31:30 devstack cinder-volume[86191]: DEBUG cinder.volume.manager [None req-9bba68cf-ac96-40af-b812-15f55d0ecff8 tempest-GroupSnapshotsV319Test-154324536 None] Task 'cinder.volume.flows.manager.create_volume.CreateVolumeOnFinishTask;volume:create, create.end' (bda4af71-cc27-4341-bda9-990d06068c5a) transitioned into state 'RUNNING' from state 'PENDING' {{(pid=86191) _task_receiver /opt/stack/data/venv/lib/python3.12/site-packages/taskflow/listeners/logging.py:242}}
Jul 06 15:31:30 devstack cinder-volume[86191]: INFO cinder.volume.flows.manager.create_volume [None req-9bba68cf-ac96-40af-b812-15f55d0ecff8 tempest-GroupSnapshotsV319Test-154324536 None] Volume volume-275c2848-3c3f-40b9-b34a-f84d805965eb (275c2848-3c3f-40b9-b34a-f84d805965eb): created successfully
Jul 06 15:31:30 devstack cinder-volume[86191]: DEBUG cinder.volume.manager [None req-9bba68cf-ac96-40af-b812-15f55d0ecff8 tempest-GroupSnapshotsV319Test-154324536 None] Task 'cinder.volume.flows.manager.create_volume.CreateVolumeOnFinishTask;volume:create, create.end' (bda4af71-cc27-4341-bda9-990d06068c5a) transitioned into state 'SUCCESS' from state 'RUNNING' with result 'None' {{(pid=86191) _task_receiver /opt/stack/data/venv/lib/python3.12/site-packages/taskflow/listeners/logging.py:218}}
Jul 06 15:31:30 devstack cinder-volume[86191]: DEBUG cinder.volume.manager [None req-9bba68cf-ac96-40af-b812-15f55d0ecff8 tempest-GroupSnapshotsV319Test-154324536 None] Flow 'volume_create_manager' (c48b940e-07ca-48df-bcfb-f189007f40e7) transitioned into state 'SUCCESS' from state 'RUNNING' {{(pid=86191) _flow_receiver /opt/stack/data/venv/lib/python3.12/site-packages/taskflow/listeners/logging.py:160}}
Jul 06 15:31:30 devstack cinder-volume[86191]: INFO cinder.volume.manager [None req-9bba68cf-ac96-40af-b812-15f55d0ecff8 tempest-GroupSnapshotsV319Test-154324536 None] Created volume successfully.
Jul 06 15:31:31 devstack cinder-volume[86191]: DEBUG oslo_concurrency.lockutils [None req-4b906b47-e750-4944-8bfc-b498b5576978 tempest-GroupsV314Test-702434221 None] Acquiring lock "quobyte" by "cinder.volume.drivers.quobyte.QuobyteDriver.create_cloned_volume" {{(pid=86191) inner /opt/stack/data/venv/lib/python3.12/site-packages/oslo_concurrency/lockutils.py:511}}
Jul 06 15:31:31 devstack cinder-volume[86191]: DEBUG oslo_concurrency.lockutils [None req-4b906b47-e750-4944-8bfc-b498b5576978 tempest-GroupsV314Test-702434221 None] Lock "quobyte" acquired by "cinder.volume.drivers.quobyte.QuobyteDriver.create_cloned_volume" :: waited 0.002s {{(pid=86191) inner /opt/stack/data/venv/lib/python3.12/site-packages/oslo_concurrency/lockutils.py:524}}
Jul 06 15:31:31 devstack cinder-volume[86191]: INFO cinder.volume.drivers.remotefs [None req-4b906b47-e750-4944-8bfc-b498b5576978 tempest-GroupsV314Test-702434221 None] Cloning volume 3966795d-9641-4c96-ac5f-dc6f178505b3 to volume d61ee359-00e4-40d1-8fe9-41be0767d5b8
Jul 06 15:31:31 devstack cinder-volume[86191]: DEBUG cinder.volume.drivers.remotefs [None req-4b906b47-e750-4944-8bfc-b498b5576978 tempest-GroupsV314Test-702434221 None] Creating offline snapshot 26941b4b-8af5-4faa-b1e2-1637f45df850 of volume 3966795d-9641-4c96-ac5f-dc6f178505b3 {{(pid=86191) _create_snapshot /opt/stack/cinder/cinder/volume/drivers/remotefs.py:1816}}
Jul 06 15:31:31 devstack cinder-volume[86191]: DEBUG oslo.privsep.daemon [-] privsep: reply[c0714590-4c4e-4360-a76b-3c7e696ae050]: (4, 'qcow2') {{(pid=87789) _call_back /opt/stack/data/venv/lib/python3.12/site-packages/oslo_privsep/daemon.py:580}}
Jul 06 15:31:31 devstack cinder-volume[86191]: DEBUG oslo_concurrency.processutils [None req-4b906b47-e750-4944-8bfc-b498b5576978 tempest-GroupsV314Test-702434221 None] Running cmd (subprocess): /opt/stack/data/venv/bin/python3.12 -m oslo_concurrency.prlimit --as=1073741824 --cpu=60 -- sudo cinder-rootwrap /etc/cinder/rootwrap.conf env LC_ALL=C qemu-img info -f qcow2 --output=json --force-share /opt/stack/data/cinder/mnt/e376ad2beddf612ddee05ce3263d4a5f/volume-3966795d-9641-4c96-ac5f-dc6f178505b3 {{(pid=86191) execute /opt/stack/data/venv/lib/python3.12/site-packages/oslo_concurrency/processutils.py:440}}
Jul 06 15:31:31 devstack sudo[93752]: quobyte : PWD=/ ; USER=root ; COMMAND=/opt/stack/data/venv/bin/cinder-rootwrap /etc/cinder/rootwrap.conf env LC_ALL=C qemu-img info -f qcow2 --output=json --force-share /opt/stack/data/cinder/mnt/e376ad2beddf612ddee05ce3263d4a5f/volume-3966795d-9641-4c96-ac5f-dc6f178505b3
Jul 06 15:31:31 devstack sudo[93752]: pam_unix(sudo:session): session opened for user root(uid=0) by (uid=1000)
Jul 06 15:31:31 devstack cinder-volume[86191]: INFO cinder.volume.manager [None req-ea5ca9fc-2ea5-4f3e-a519-5e397af71e5a tempest-GroupSnapshotsV319Test-154324536 None] GroupSnapshot b6deb4b2-bcee-403f-bb8b-2dc3b7099887: creating.
Jul 06 15:31:31 devstack cinder-volume[86191]: DEBUG cinder.volume.manager [None req-ea5ca9fc-2ea5-4f3e-a519-5e397af71e5a tempest-GroupSnapshotsV319Test-154324536 None] Group snapshot b6deb4b2-bcee-403f-bb8b-2dc3b7099887: creating. {{(pid=86191) create_group_snapshot /opt/stack/cinder/cinder/volume/manager.py:4175}}
Jul 06 15:31:31 devstack cinder-volume[86191]: DEBUG oslo_concurrency.lockutils [None req-ea5ca9fc-2ea5-4f3e-a519-5e397af71e5a tempest-GroupSnapshotsV319Test-154324536 None] Acquiring lock "quobyte" by "cinder.volume.drivers.quobyte.QuobyteDriver.create_snapshot" {{(pid=86191) inner /opt/stack/data/venv/lib/python3.12/site-packages/oslo_concurrency/lockutils.py:511}}
Jul 06 15:31:32 devstack cinder-volume[86191]: DEBUG cinder.volume.manager [req-61ced327-820d-4ff4-8924-ef8d65935114 req-02d7e809-49b2-4fce-ba27-55966e590f27 tempest-AttachVolumeShelveTestJSON-117391091 None] No connector for attachment f1ee186f-2027-4c89-b57d-905617a80eae; skipping storage backend terminate_connection call. {{(pid=86191) _connection_terminate /opt/stack/cinder/cinder/volume/manager.py:5010}}
Jul 06 15:31:32 devstack cinder-volume[86191]: DEBUG cinder.volume.manager [req-61ced327-820d-4ff4-8924-ef8d65935114 req-02d7e809-49b2-4fce-ba27-55966e590f27 tempest-AttachVolumeShelveTestJSON-117391091 None] Deleting attachment f1ee186f-2027-4c89-b57d-905617a80eae. {{(pid=86191) attachment_delete /opt/stack/cinder/cinder/volume/manager.py:5055}}
Jul 06 15:31:32 devstack sudo[93752]: pam_unix(sudo:session): session closed for user root
Jul 06 15:31:32 devstack cinder-volume[86191]: DEBUG oslo_concurrency.processutils [None req-4b906b47-e750-4944-8bfc-b498b5576978 tempest-GroupsV314Test-702434221 None] CMD "/opt/stack/data/venv/bin/python3.12 -m oslo_concurrency.prlimit --as=1073741824 --cpu=60 -- sudo cinder-rootwrap /etc/cinder/rootwrap.conf env LC_ALL=C qemu-img info -f qcow2 --output=json --force-share /opt/stack/data/cinder/mnt/e376ad2beddf612ddee05ce3263d4a5f/volume-3966795d-9641-4c96-ac5f-dc6f178505b3" returned: 0 in 0.874s {{(pid=86191) execute /opt/stack/data/venv/lib/python3.12/site-packages/oslo_concurrency/processutils.py:468}}
Jul 06 15:31:32 devstack cinder-volume[86191]: DEBUG oslo_concurrency.processutils [None req-4b906b47-e750-4944-8bfc-b498b5576978 tempest-GroupsV314Test-702434221 None] Running cmd (subprocess): sudo cinder-rootwrap /etc/cinder/rootwrap.conf qemu-img create -f qcow2 -o backing_file=/opt/stack/data/cinder/mnt/e376ad2beddf612ddee05ce3263d4a5f/volume-3966795d-9641-4c96-ac5f-dc6f178505b3,backing_fmt=qcow2 /opt/stack/data/cinder/mnt/e376ad2beddf612ddee05ce3263d4a5f/volume-3966795d-9641-4c96-ac5f-dc6f178505b3.26941b4b-8af5-4faa-b1e2-1637f45df850 1G {{(pid=86191) execute /opt/stack/data/venv/lib/python3.12/site-packages/oslo_concurrency/processutils.py:440}}
Jul 06 15:31:32 devstack sudo[93757]: quobyte : PWD=/ ; USER=root ; COMMAND=/opt/stack/data/venv/bin/cinder-rootwrap /etc/cinder/rootwrap.conf qemu-img create -f qcow2 -o backing_file=/opt/stack/data/cinder/mnt/e376ad2beddf612ddee05ce3263d4a5f/volume-3966795d-9641-4c96-ac5f-dc6f178505b3,backing_fmt=qcow2 /opt/stack/data/cinder/mnt/e376ad2beddf612ddee05ce3263d4a5f/volume-3966795d-9641-4c96-ac5f-dc6f178505b3.26941b4b-8af5-4faa-b1e2-1637f45df850 1G
Jul 06 15:31:32 devstack sudo[93757]: pam_unix(sudo:session): session opened for user root(uid=0) by (uid=1000)
Jul 06 15:31:33 devstack sudo[93757]: pam_unix(sudo:session): session closed for user root
Jul 06 15:31:33 devstack cinder-volume[86191]: DEBUG oslo_concurrency.processutils [None req-4b906b47-e750-4944-8bfc-b498b5576978 tempest-GroupsV314Test-702434221 None] CMD "sudo cinder-rootwrap /etc/cinder/rootwrap.conf qemu-img create -f qcow2 -o backing_file=/opt/stack/data/cinder/mnt/e376ad2beddf612ddee05ce3263d4a5f/volume-3966795d-9641-4c96-ac5f-dc6f178505b3,backing_fmt=qcow2 /opt/stack/data/cinder/mnt/e376ad2beddf612ddee05ce3263d4a5f/volume-3966795d-9641-4c96-ac5f-dc6f178505b3.26941b4b-8af5-4faa-b1e2-1637f45df850 1G" returned: 0 in 0.902s {{(pid=86191) execute /opt/stack/data/venv/lib/python3.12/site-packages/oslo_concurrency/processutils.py:468}}
Jul 06 15:31:33 devstack cinder-volume[86191]: DEBUG oslo_concurrency.processutils [None req-4b906b47-e750-4944-8bfc-b498b5576978 tempest-GroupsV314Test-702434221 None] Running cmd (subprocess): sudo cinder-rootwrap /etc/cinder/rootwrap.conf qemu-img rebase -u -b volume-3966795d-9641-4c96-ac5f-dc6f178505b3 -F qcow2 /opt/stack/data/cinder/mnt/e376ad2beddf612ddee05ce3263d4a5f/volume-3966795d-9641-4c96-ac5f-dc6f178505b3.26941b4b-8af5-4faa-b1e2-1637f45df850 {{(pid=86191) execute /opt/stack/data/venv/lib/python3.12/site-packages/oslo_concurrency/processutils.py:440}}
Jul 06 15:31:33 devstack sudo[93764]: quobyte : PWD=/ ; USER=root ; COMMAND=/opt/stack/data/venv/bin/cinder-rootwrap /etc/cinder/rootwrap.conf qemu-img rebase -u -b volume-3966795d-9641-4c96-ac5f-dc6f178505b3 -F qcow2 /opt/stack/data/cinder/mnt/e376ad2beddf612ddee05ce3263d4a5f/volume-3966795d-9641-4c96-ac5f-dc6f178505b3.26941b4b-8af5-4faa-b1e2-1637f45df850
Jul 06 15:31:33 devstack sudo[93764]: pam_unix(sudo:session): session opened for user root(uid=0) by (uid=1000)
Jul 06 15:31:33 devstack sudo[93764]: pam_unix(sudo:session): session closed for user root
Jul 06 15:31:33 devstack cinder-volume[86191]: DEBUG oslo_concurrency.processutils [None req-4b906b47-e750-4944-8bfc-b498b5576978 tempest-GroupsV314Test-702434221 None] CMD "sudo cinder-rootwrap /etc/cinder/rootwrap.conf qemu-img rebase -u -b volume-3966795d-9641-4c96-ac5f-dc6f178505b3 -F qcow2 /opt/stack/data/cinder/mnt/e376ad2beddf612ddee05ce3263d4a5f/volume-3966795d-9641-4c96-ac5f-dc6f178505b3.26941b4b-8af5-4faa-b1e2-1637f45df850" returned: 0 in 0.731s {{(pid=86191) execute /opt/stack/data/venv/lib/python3.12/site-packages/oslo_concurrency/processutils.py:468}}
Jul 06 15:31:33 devstack cinder-volume[86191]: WARNING cinder.volume.drivers.remotefs [None req-4b906b47-e750-4944-8bfc-b498b5576978 tempest-GroupsV314Test-702434221 None] /opt/stack/data/cinder/mnt/e376ad2beddf612ddee05ce3263d4a5f/volume-3966795d-9641-4c96-ac5f-dc6f178505b3.26941b4b-8af5-4faa-b1e2-1637f45df850 is being set with open permissions: ugo+rw: NotImplementedError
Jul 06 15:31:33 devstack cinder-volume[86191]: DEBUG oslo_concurrency.processutils [None req-4b906b47-e750-4944-8bfc-b498b5576978 tempest-GroupsV314Test-702434221 None] Running cmd (subprocess): sudo cinder-rootwrap /etc/cinder/rootwrap.conf chmod ugo+rw /opt/stack/data/cinder/mnt/e376ad2beddf612ddee05ce3263d4a5f/volume-3966795d-9641-4c96-ac5f-dc6f178505b3.26941b4b-8af5-4faa-b1e2-1637f45df850 {{(pid=86191) execute /opt/stack/data/venv/lib/python3.12/site-packages/oslo_concurrency/processutils.py:440}}
Jul 06 15:31:33 devstack sudo[93771]: quobyte : PWD=/ ; USER=root ; COMMAND=/opt/stack/data/venv/bin/cinder-rootwrap /etc/cinder/rootwrap.conf chmod ugo+rw /opt/stack/data/cinder/mnt/e376ad2beddf612ddee05ce3263d4a5f/volume-3966795d-9641-4c96-ac5f-dc6f178505b3.26941b4b-8af5-4faa-b1e2-1637f45df850
Jul 06 15:31:33 devstack sudo[93771]: pam_unix(sudo:session): session opened for user root(uid=0) by (uid=1000)
Jul 06 15:31:34 devstack sudo[93771]: pam_unix(sudo:session): session closed for user root
Jul 06 15:31:34 devstack cinder-volume[86191]: DEBUG oslo_concurrency.processutils [None req-4b906b47-e750-4944-8bfc-b498b5576978 tempest-GroupsV314Test-702434221 None] CMD "sudo cinder-rootwrap /etc/cinder/rootwrap.conf chmod ugo+rw /opt/stack/data/cinder/mnt/e376ad2beddf612ddee05ce3263d4a5f/volume-3966795d-9641-4c96-ac5f-dc6f178505b3.26941b4b-8af5-4faa-b1e2-1637f45df850" returned: 0 in 0.695s {{(pid=86191) execute /opt/stack/data/venv/lib/python3.12/site-packages/oslo_concurrency/processutils.py:468}}
Jul 06 15:31:34 devstack cinder-volume[86191]: DEBUG oslo_concurrency.processutils [None req-4b906b47-e750-4944-8bfc-b498b5576978 tempest-GroupsV314Test-702434221 None] Running cmd (subprocess): sudo cinder-rootwrap /etc/cinder/rootwrap.conf truncate -s0 /opt/stack/data/cinder/mnt/e376ad2beddf612ddee05ce3263d4a5f/volume-3966795d-9641-4c96-ac5f-dc6f178505b3.info {{(pid=86191) execute /opt/stack/data/venv/lib/python3.12/site-packages/oslo_concurrency/processutils.py:440}}
Jul 06 15:31:34 devstack sudo[93774]: quobyte : PWD=/ ; USER=root ; COMMAND=/opt/stack/data/venv/bin/cinder-rootwrap /etc/cinder/rootwrap.conf truncate -s0 /opt/stack/data/cinder/mnt/e376ad2beddf612ddee05ce3263d4a5f/volume-3966795d-9641-4c96-ac5f-dc6f178505b3.info
Jul 06 15:31:34 devstack sudo[93774]: pam_unix(sudo:session): session opened for user root(uid=0) by (uid=1000)
Jul 06 15:31:35 devstack sudo[93774]: pam_unix(sudo:session): session closed for user root
Jul 06 15:31:35 devstack cinder-volume[86191]: DEBUG oslo_concurrency.processutils [None req-4b906b47-e750-4944-8bfc-b498b5576978 tempest-GroupsV314Test-702434221 None] CMD "sudo cinder-rootwrap /etc/cinder/rootwrap.conf truncate -s0 /opt/stack/data/cinder/mnt/e376ad2beddf612ddee05ce3263d4a5f/volume-3966795d-9641-4c96-ac5f-dc6f178505b3.info" returned: 0 in 0.666s {{(pid=86191) execute /opt/stack/data/venv/lib/python3.12/site-packages/oslo_concurrency/processutils.py:468}}
Jul 06 15:31:35 devstack cinder-volume[86191]: WARNING cinder.volume.drivers.remotefs [None req-4b906b47-e750-4944-8bfc-b498b5576978 tempest-GroupsV314Test-702434221 None] /opt/stack/data/cinder/mnt/e376ad2beddf612ddee05ce3263d4a5f/volume-3966795d-9641-4c96-ac5f-dc6f178505b3.info is being set with open permissions: ugo+rw: NotImplementedError
Jul 06 15:31:35 devstack cinder-volume[86191]: DEBUG oslo_concurrency.processutils [None req-4b906b47-e750-4944-8bfc-b498b5576978 tempest-GroupsV314Test-702434221 None] Running cmd (subprocess): sudo cinder-rootwrap /etc/cinder/rootwrap.conf chmod ugo+rw /opt/stack/data/cinder/mnt/e376ad2beddf612ddee05ce3263d4a5f/volume-3966795d-9641-4c96-ac5f-dc6f178505b3.info {{(pid=86191) execute /opt/stack/data/venv/lib/python3.12/site-packages/oslo_concurrency/processutils.py:440}}
Jul 06 15:31:35 devstack sudo[93778]: quobyte : PWD=/ ; USER=root ; COMMAND=/opt/stack/data/venv/bin/cinder-rootwrap /etc/cinder/rootwrap.conf chmod ugo+rw /opt/stack/data/cinder/mnt/e376ad2beddf612ddee05ce3263d4a5f/volume-3966795d-9641-4c96-ac5f-dc6f178505b3.info
Jul 06 15:31:35 devstack sudo[93778]: pam_unix(sudo:session): session opened for user root(uid=0) by (uid=1000)
Jul 06 15:31:35 devstack sudo[93778]: pam_unix(sudo:session): session closed for user root
Jul 06 15:31:35 devstack cinder-volume[86191]: DEBUG oslo_concurrency.processutils [None req-4b906b47-e750-4944-8bfc-b498b5576978 tempest-GroupsV314Test-702434221 None] CMD "sudo cinder-rootwrap /etc/cinder/rootwrap.conf chmod ugo+rw /opt/stack/data/cinder/mnt/e376ad2beddf612ddee05ce3263d4a5f/volume-3966795d-9641-4c96-ac5f-dc6f178505b3.info" returned: 0 in 0.715s {{(pid=86191) execute /opt/stack/data/venv/lib/python3.12/site-packages/oslo_concurrency/processutils.py:468}}
Jul 06 15:31:35 devstack cinder-volume[86191]: DEBUG cinder.coordination [None req-4b906b47-e750-4944-8bfc-b498b5576978 tempest-GroupsV314Test-702434221 None] Acquiring lock "cinder-quobyte-d61ee359-00e4-40d1-8fe9-41be0767d5b8" by "_copy_volume_from_snapshot" {{(pid=86191) __acquire /opt/stack/cinder/cinder/coordination.py:138}}
Jul 06 15:31:35 devstack cinder-volume[86191]: DEBUG cinder.coordination [None req-4b906b47-e750-4944-8bfc-b498b5576978 tempest-GroupsV314Test-702434221 None] Lock "cinder-quobyte-d61ee359-00e4-40d1-8fe9-41be0767d5b8" acquired by "_copy_volume_from_snapshot" :: waited 0.017s {{(pid=86191) __acquire /opt/stack/cinder/cinder/coordination.py:141}}
Jul 06 15:31:35 devstack cinder-volume[86191]: DEBUG cinder.volume.drivers.quobyte [None req-4b906b47-e750-4944-8bfc-b498b5576978 tempest-GroupsV314Test-702434221 None] snapshot: 26941b4b-8af5-4faa-b1e2-1637f45df850, volume: d61ee359-00e4-40d1-8fe9-41be0767d5b8, {{(pid=86191) _copy_volume_from_snapshot /opt/stack/cinder/cinder/volume/drivers/quobyte.py:401}}
Jul 06 15:31:35 devstack cinder-volume[86191]: DEBUG oslo_concurrency.lockutils [None req-4b906b47-e750-4944-8bfc-b498b5576978 tempest-GroupsV314Test-702434221 None] Acquiring lock "quobyte_ensure" by "cinder.volume.drivers.quobyte.QuobyteDriver._ensure_shares_mounted" {{(pid=86191) inner /opt/stack/data/venv/lib/python3.12/site-packages/oslo_concurrency/lockutils.py:511}}
Jul 06 15:31:35 devstack cinder-volume[86191]: DEBUG oslo_concurrency.lockutils [None req-4b906b47-e750-4944-8bfc-b498b5576978 tempest-GroupsV314Test-702434221 None] Lock "quobyte_ensure" acquired by "cinder.volume.drivers.quobyte.QuobyteDriver._ensure_shares_mounted" :: waited 0.001s {{(pid=86191) inner /opt/stack/data/venv/lib/python3.12/site-packages/oslo_concurrency/lockutils.py:524}}
Jul 06 15:31:35 devstack cinder-volume[86191]: DEBUG cinder.volume.drivers.quobyte [None req-4b906b47-e750-4944-8bfc-b498b5576978 tempest-GroupsV314Test-702434221 None] Quobyte Volume URL set to: {'osci02.corp.quobyte.com/cinder-vol-d96006bf-d99c-42db-a376-cf08a581b01f': None} {{(pid=86191) _load_shares_config /opt/stack/cinder/cinder/volume/drivers/quobyte.py:617}}
Jul 06 15:31:35 devstack cinder-volume[86191]: DEBUG cinder.volume.drivers.quobyte [None req-4b906b47-e750-4944-8bfc-b498b5576978 tempest-GroupsV314Test-702434221 None] Available shares ['osci02.corp.quobyte.com/cinder-vol-d96006bf-d99c-42db-a376-cf08a581b01f'] {{(pid=86191) _ensure_shares_mounted /opt/stack/cinder/cinder/volume/drivers/quobyte.py:647}}
Jul 06 15:31:35 devstack cinder-volume[86191]: DEBUG oslo_concurrency.lockutils [None req-4b906b47-e750-4944-8bfc-b498b5576978 tempest-GroupsV314Test-702434221 None] Lock "quobyte_ensure" "released" by "cinder.volume.drivers.quobyte.QuobyteDriver._ensure_shares_mounted" :: held 0.005s {{(pid=86191) inner /opt/stack/data/venv/lib/python3.12/site-packages/oslo_concurrency/lockutils.py:543}}
Jul 06 15:31:35 devstack cinder-volume[86191]: DEBUG oslo.privsep.daemon [-] privsep: reply[d11805c6-f927-45da-8099-30b49aac0f61]: (4, 'qcow2') {{(pid=87789) _call_back /opt/stack/data/venv/lib/python3.12/site-packages/oslo_privsep/daemon.py:580}}
Jul 06 15:31:35 devstack cinder-volume[86191]: DEBUG oslo_concurrency.processutils [None req-4b906b47-e750-4944-8bfc-b498b5576978 tempest-GroupsV314Test-702434221 None] Running cmd (subprocess): /opt/stack/data/venv/bin/python3.12 -m oslo_concurrency.prlimit --as=1073741824 --cpu=60 -- sudo cinder-rootwrap /etc/cinder/rootwrap.conf env LC_ALL=C qemu-img info -f qcow2 --output=json --force-share /opt/stack/data/cinder/mnt/e376ad2beddf612ddee05ce3263d4a5f/volume-3966795d-9641-4c96-ac5f-dc6f178505b3.26941b4b-8af5-4faa-b1e2-1637f45df850 {{(pid=86191) execute /opt/stack/data/venv/lib/python3.12/site-packages/oslo_concurrency/processutils.py:440}}
Jul 06 15:31:36 devstack sudo[93815]: quobyte : PWD=/ ; USER=root ; COMMAND=/opt/stack/data/venv/bin/cinder-rootwrap /etc/cinder/rootwrap.conf env LC_ALL=C qemu-img info -f qcow2 --output=json --force-share /opt/stack/data/cinder/mnt/e376ad2beddf612ddee05ce3263d4a5f/volume-3966795d-9641-4c96-ac5f-dc6f178505b3.26941b4b-8af5-4faa-b1e2-1637f45df850
Jul 06 15:31:36 devstack sudo[93815]: pam_unix(sudo:session): session opened for user root(uid=0) by (uid=1000)
Jul 06 15:31:36 devstack sudo[93815]: pam_unix(sudo:session): session closed for user root
Jul 06 15:31:36 devstack cinder-volume[86191]: DEBUG oslo_concurrency.processutils [None req-4b906b47-e750-4944-8bfc-b498b5576978 tempest-GroupsV314Test-702434221 None] CMD "/opt/stack/data/venv/bin/python3.12 -m oslo_concurrency.prlimit --as=1073741824 --cpu=60 -- sudo cinder-rootwrap /etc/cinder/rootwrap.conf env LC_ALL=C qemu-img info -f qcow2 --output=json --force-share /opt/stack/data/cinder/mnt/e376ad2beddf612ddee05ce3263d4a5f/volume-3966795d-9641-4c96-ac5f-dc6f178505b3.26941b4b-8af5-4faa-b1e2-1637f45df850" returned: 0 in 0.814s {{(pid=86191) execute /opt/stack/data/venv/lib/python3.12/site-packages/oslo_concurrency/processutils.py:468}}
Jul 06 15:31:36 devstack cinder-volume[86191]: DEBUG cinder.volume.drivers.remotefs [None req-4b906b47-e750-4944-8bfc-b498b5576978 tempest-GroupsV314Test-702434221 None] Fetching qemu-img info with special backing_file_template: (/opt/stack/data/cinder/mnt/[0-9a-f]+/)?(volume-3966795d-9641-4c96-ac5f-dc6f178505b3(.(tmp-snap-)?[0-9a-f-]+)?|volume_from_snapshot_cache/(tmp-snap-)?[0-9a-f-]+(.(child-|parent-)[0-9a-f-]+)?)$ {{(pid=86191) _qemu_img_info_base /opt/stack/cinder/cinder/volume/drivers/remotefs.py:896}}
Jul 06 15:31:36 devstack cinder-volume[86191]: DEBUG cinder.volume.drivers.quobyte [None req-4b906b47-e750-4944-8bfc-b498b5576978 tempest-GroupsV314Test-702434221 None] will copy from snapshot at /opt/stack/data/cinder/mnt/e376ad2beddf612ddee05ce3263d4a5f/volume-3966795d-9641-4c96-ac5f-dc6f178505b3 {{(pid=86191) _copy_volume_from_snapshot /opt/stack/cinder/cinder/volume/drivers/quobyte.py:420}}
Jul 06 15:31:36 devstack cinder-volume[86191]: DEBUG cinder.volume.drivers.quobyte [None req-4b906b47-e750-4944-8bfc-b498b5576978 tempest-GroupsV314Test-702434221 None] Creating direct copy from snapshot {{(pid=86191) _copy_volume_from_snapshot /opt/stack/cinder/cinder/volume/drivers/quobyte.py:428}}
Jul 06 15:31:36 devstack cinder-volume[86191]: DEBUG oslo.privsep.daemon [-] privsep: reply[47ab98a5-fe91-4301-9ef0-e135bfdc7463]: (4, 'qcow2') {{(pid=87789) _call_back /opt/stack/data/venv/lib/python3.12/site-packages/oslo_privsep/daemon.py:580}}
Jul 06 15:31:36 devstack cinder-volume[86191]: DEBUG oslo_concurrency.processutils [None req-4b906b47-e750-4944-8bfc-b498b5576978 tempest-GroupsV314Test-702434221 None] Running cmd (subprocess): /opt/stack/data/venv/bin/python3.12 -m oslo_concurrency.prlimit --as=1073741824 --cpu=60 -- sudo cinder-rootwrap /etc/cinder/rootwrap.conf env LC_ALL=C qemu-img info -f qcow2 --output=json /opt/stack/data/cinder/mnt/e376ad2beddf612ddee05ce3263d4a5f/volume-3966795d-9641-4c96-ac5f-dc6f178505b3 {{(pid=86191) execute /opt/stack/data/venv/lib/python3.12/site-packages/oslo_concurrency/processutils.py:440}}
Jul 06 15:31:36 devstack sudo[93824]: quobyte : PWD=/ ; USER=root ; COMMAND=/opt/stack/data/venv/bin/cinder-rootwrap /etc/cinder/rootwrap.conf env LC_ALL=C qemu-img info -f qcow2 --output=json /opt/stack/data/cinder/mnt/e376ad2beddf612ddee05ce3263d4a5f/volume-3966795d-9641-4c96-ac5f-dc6f178505b3
Jul 06 15:31:36 devstack sudo[93824]: pam_unix(sudo:session): session opened for user root(uid=0) by (uid=1000)
Jul 06 15:31:37 devstack sudo[93824]: pam_unix(sudo:session): session closed for user root
Jul 06 15:31:37 devstack cinder-volume[86191]: DEBUG oslo_concurrency.processutils [None req-4b906b47-e750-4944-8bfc-b498b5576978 tempest-GroupsV314Test-702434221 None] CMD "/opt/stack/data/venv/bin/python3.12 -m oslo_concurrency.prlimit --as=1073741824 --cpu=60 -- sudo cinder-rootwrap /etc/cinder/rootwrap.conf env LC_ALL=C qemu-img info -f qcow2 --output=json /opt/stack/data/cinder/mnt/e376ad2beddf612ddee05ce3263d4a5f/volume-3966795d-9641-4c96-ac5f-dc6f178505b3" returned: 0 in 0.876s {{(pid=86191) execute /opt/stack/data/venv/lib/python3.12/site-packages/oslo_concurrency/processutils.py:468}}
Jul 06 15:31:37 devstack cinder-volume[86191]: DEBUG cinder.utils [None req-4b906b47-e750-4944-8bfc-b498b5576978 tempest-GroupsV314Test-702434221 None] Path /opt/stack/data/cinder/mnt/e376ad2beddf612ddee05ce3263d4a5f/volume-d61ee359-00e4-40d1-8fe9-41be0767d5b8 not found in is_blk_device check {{(pid=86191) is_blk_device /opt/stack/cinder/cinder/utils.py:615}}
Jul 06 15:31:37 devstack cinder-volume[86191]: DEBUG oslo_concurrency.processutils [None req-4b906b47-e750-4944-8bfc-b498b5576978 tempest-GroupsV314Test-702434221 None] Running cmd (subprocess): sudo cinder-rootwrap /etc/cinder/rootwrap.conf qemu-img convert -O qcow2 /opt/stack/data/cinder/mnt/e376ad2beddf612ddee05ce3263d4a5f/volume-3966795d-9641-4c96-ac5f-dc6f178505b3 /opt/stack/data/cinder/mnt/e376ad2beddf612ddee05ce3263d4a5f/volume-d61ee359-00e4-40d1-8fe9-41be0767d5b8 {{(pid=86191) execute /opt/stack/data/venv/lib/python3.12/site-packages/oslo_concurrency/processutils.py:440}}
Jul 06 15:31:37 devstack sudo[93829]: quobyte : PWD=/ ; USER=root ; COMMAND=/opt/stack/data/venv/bin/cinder-rootwrap /etc/cinder/rootwrap.conf qemu-img convert -O qcow2 /opt/stack/data/cinder/mnt/e376ad2beddf612ddee05ce3263d4a5f/volume-3966795d-9641-4c96-ac5f-dc6f178505b3 /opt/stack/data/cinder/mnt/e376ad2beddf612ddee05ce3263d4a5f/volume-d61ee359-00e4-40d1-8fe9-41be0767d5b8
Jul 06 15:31:37 devstack sudo[93829]: pam_unix(sudo:session): session opened for user root(uid=0) by (uid=1000)
Jul 06 15:31:43 devstack sudo[93829]: pam_unix(sudo:session): session closed for user root
Jul 06 15:31:43 devstack cinder-volume[86191]: DEBUG oslo_concurrency.processutils [None req-4b906b47-e750-4944-8bfc-b498b5576978 tempest-GroupsV314Test-702434221 None] CMD "sudo cinder-rootwrap /etc/cinder/rootwrap.conf qemu-img convert -O qcow2 /opt/stack/data/cinder/mnt/e376ad2beddf612ddee05ce3263d4a5f/volume-3966795d-9641-4c96-ac5f-dc6f178505b3 /opt/stack/data/cinder/mnt/e376ad2beddf612ddee05ce3263d4a5f/volume-d61ee359-00e4-40d1-8fe9-41be0767d5b8" returned: 0 in 5.778s {{(pid=86191) execute /opt/stack/data/venv/lib/python3.12/site-packages/oslo_concurrency/processutils.py:468}}
Jul 06 15:31:43 devstack cinder-volume[86191]: DEBUG oslo.privsep.daemon [-] privsep: reply[1a2b0131-1cb9-412e-b318-7cb75ca6d474]: (4, 'qcow2') {{(pid=87789) _call_back /opt/stack/data/venv/lib/python3.12/site-packages/oslo_privsep/daemon.py:580}}
Jul 06 15:31:43 devstack cinder-volume[86191]: DEBUG oslo_concurrency.processutils [None req-4b906b47-e750-4944-8bfc-b498b5576978 tempest-GroupsV314Test-702434221 None] Running cmd (subprocess): /opt/stack/data/venv/bin/python3.12 -m oslo_concurrency.prlimit --as=1073741824 --cpu=60 -- sudo cinder-rootwrap /etc/cinder/rootwrap.conf env LC_ALL=C qemu-img info -f qcow2 --output=json /opt/stack/data/cinder/mnt/e376ad2beddf612ddee05ce3263d4a5f/volume-3966795d-9641-4c96-ac5f-dc6f178505b3 {{(pid=86191) execute /opt/stack/data/venv/lib/python3.12/site-packages/oslo_concurrency/processutils.py:440}}
Jul 06 15:31:43 devstack sudo[93877]: quobyte : PWD=/ ; USER=root ; COMMAND=/opt/stack/data/venv/bin/cinder-rootwrap /etc/cinder/rootwrap.conf env LC_ALL=C qemu-img info -f qcow2 --output=json /opt/stack/data/cinder/mnt/e376ad2beddf612ddee05ce3263d4a5f/volume-3966795d-9641-4c96-ac5f-dc6f178505b3
Jul 06 15:31:43 devstack sudo[93877]: pam_unix(sudo:session): session opened for user root(uid=0) by (uid=1000)
Jul 06 15:31:44 devstack sudo[93877]: pam_unix(sudo:session): session closed for user root
Jul 06 15:31:44 devstack cinder-volume[86191]: DEBUG oslo_concurrency.processutils [None req-4b906b47-e750-4944-8bfc-b498b5576978 tempest-GroupsV314Test-702434221 None] CMD "/opt/stack/data/venv/bin/python3.12 -m oslo_concurrency.prlimit --as=1073741824 --cpu=60 -- sudo cinder-rootwrap /etc/cinder/rootwrap.conf env LC_ALL=C qemu-img info -f qcow2 --output=json /opt/stack/data/cinder/mnt/e376ad2beddf612ddee05ce3263d4a5f/volume-3966795d-9641-4c96-ac5f-dc6f178505b3" returned: 0 in 0.930s {{(pid=86191) execute /opt/stack/data/venv/lib/python3.12/site-packages/oslo_concurrency/processutils.py:468}}
Jul 06 15:31:44 devstack cinder-volume[86191]: DEBUG cinder.image.image_utils [None req-4b906b47-e750-4944-8bfc-b498b5576978 tempest-GroupsV314Test-702434221 None] Image conversion details: src /opt/stack/data/cinder/mnt/e376ad2beddf612ddee05ce3263d4a5f/volume-3966795d-9641-4c96-ac5f-dc6f178505b3, size 1024.00 MB, duration 5.78 sec, destination /opt/stack/data/cinder/mnt/e376ad2beddf612ddee05ce3263d4a5f/volume-d61ee359-00e4-40d1-8fe9-41be0767d5b8 {{(pid=86191) _convert_image /opt/stack/cinder/cinder/image/image_utils.py:536}}
Jul 06 15:31:44 devstack cinder-volume[86191]: INFO cinder.image.image_utils [None req-4b906b47-e750-4944-8bfc-b498b5576978 tempest-GroupsV314Test-702434221 None] Converted 1024.00 MB image at 177.18 MB/s
Jul 06 15:31:44 devstack cinder-volume[86191]: WARNING cinder.volume.drivers.remotefs [None req-4b906b47-e750-4944-8bfc-b498b5576978 tempest-GroupsV314Test-702434221 None] /opt/stack/data/cinder/mnt/e376ad2beddf612ddee05ce3263d4a5f/volume-d61ee359-00e4-40d1-8fe9-41be0767d5b8 is being set with open permissions: ugo+rw: NotImplementedError
Jul 06 15:31:44 devstack cinder-volume[86191]: DEBUG oslo_concurrency.processutils [None req-4b906b47-e750-4944-8bfc-b498b5576978 tempest-GroupsV314Test-702434221 None] Running cmd (subprocess): sudo cinder-rootwrap /etc/cinder/rootwrap.conf chmod ugo+rw /opt/stack/data/cinder/mnt/e376ad2beddf612ddee05ce3263d4a5f/volume-d61ee359-00e4-40d1-8fe9-41be0767d5b8 {{(pid=86191) execute /opt/stack/data/venv/lib/python3.12/site-packages/oslo_concurrency/processutils.py:440}}
Jul 06 15:31:44 devstack sudo[93883]: quobyte : PWD=/ ; USER=root ; COMMAND=/opt/stack/data/venv/bin/cinder-rootwrap /etc/cinder/rootwrap.conf chmod ugo+rw /opt/stack/data/cinder/mnt/e376ad2beddf612ddee05ce3263d4a5f/volume-d61ee359-00e4-40d1-8fe9-41be0767d5b8
Jul 06 15:31:44 devstack sudo[93883]: pam_unix(sudo:session): session opened for user root(uid=0) by (uid=1000)
Jul 06 15:31:44 devstack cinder-volume[86191]: DEBUG dbcounter [-] [86191] Writing DB stats cinder:UPDATE=11,cinder:SELECT=11,cinder:INSERT=2,cinder:DELETE=2 {{(pid=86191) stat_writer /opt/stack/data/venv/lib/python3.12/site-packages/dbcounter.py:115}}
Jul 06 15:31:44 devstack cinder-volume[86191]: DEBUG dbcounter [-] [86191] Writing DB stats cinder:UPDATE=6,cinder:SELECT=17,cinder:INSERT=2 {{(pid=86191) stat_writer /opt/stack/data/venv/lib/python3.12/site-packages/dbcounter.py:115}}
Jul 06 15:31:45 devstack sudo[93883]: pam_unix(sudo:session): session closed for user root
Jul 06 15:31:45 devstack cinder-volume[86191]: DEBUG oslo_concurrency.processutils [None req-4b906b47-e750-4944-8bfc-b498b5576978 tempest-GroupsV314Test-702434221 None] CMD "sudo cinder-rootwrap /etc/cinder/rootwrap.conf chmod ugo+rw /opt/stack/data/cinder/mnt/e376ad2beddf612ddee05ce3263d4a5f/volume-d61ee359-00e4-40d1-8fe9-41be0767d5b8" returned: 0 in 0.886s {{(pid=86191) execute /opt/stack/data/venv/lib/python3.12/site-packages/oslo_concurrency/processutils.py:468}}
Jul 06 15:31:45 devstack cinder-volume[86191]: DEBUG cinder.coordination [None req-4b906b47-e750-4944-8bfc-b498b5576978 tempest-GroupsV314Test-702434221 None] Lock "cinder-quobyte-d61ee359-00e4-40d1-8fe9-41be0767d5b8" released by "_copy_volume_from_snapshot" :: held 9.372s {{(pid=86191) __release /opt/stack/cinder/cinder/coordination.py:152}}
Jul 06 15:31:45 devstack cinder-volume[86191]: DEBUG cinder.coordination [None req-4b906b47-e750-4944-8bfc-b498b5576978 tempest-GroupsV314Test-702434221 None] Acquiring lock "cinder-quobyte-26941b4b-8af5-4faa-b1e2-1637f45df850" by "_delete_snapshot" {{(pid=86191) __acquire /opt/stack/cinder/cinder/coordination.py:138}}
Jul 06 15:31:45 devstack cinder-volume[86191]: DEBUG cinder.coordination [None req-4b906b47-e750-4944-8bfc-b498b5576978 tempest-GroupsV314Test-702434221 None] Lock "cinder-quobyte-26941b4b-8af5-4faa-b1e2-1637f45df850" acquired by "_delete_snapshot" :: waited 0.021s {{(pid=86191) __acquire /opt/stack/cinder/cinder/coordination.py:141}}
Jul 06 15:31:45 devstack cinder-volume[86191]: DEBUG cinder.volume.drivers.remotefs [None req-4b906b47-e750-4944-8bfc-b498b5576978 tempest-GroupsV314Test-702434221 None] Deleting offline snapshot 26941b4b-8af5-4faa-b1e2-1637f45df850 of volume 3966795d-9641-4c96-ac5f-dc6f178505b3 {{(pid=86191) _delete_snapshot /opt/stack/cinder/cinder/volume/drivers/remotefs.py:1288}}
Jul 06 15:31:45 devstack cinder-volume[86191]: DEBUG cinder.volume.drivers.remotefs [None req-4b906b47-e750-4944-8bfc-b498b5576978 tempest-GroupsV314Test-702434221 None] snapshot_file for this snap is: volume-3966795d-9641-4c96-ac5f-dc6f178505b3.26941b4b-8af5-4faa-b1e2-1637f45df850 {{(pid=86191) _delete_snapshot /opt/stack/cinder/cinder/volume/drivers/remotefs.py:1317}}
Jul 06 15:31:45 devstack cinder-volume[86191]: DEBUG oslo.privsep.daemon [-] privsep: reply[3cc553f4-e05b-4d4d-a643-58814abac4f1]: (4, 'qcow2') {{(pid=87789) _call_back /opt/stack/data/venv/lib/python3.12/site-packages/oslo_privsep/daemon.py:580}}
Jul 06 15:31:45 devstack cinder-volume[86191]: DEBUG oslo_concurrency.processutils [None req-4b906b47-e750-4944-8bfc-b498b5576978 tempest-GroupsV314Test-702434221 None] Running cmd (subprocess): /opt/stack/data/venv/bin/python3.12 -m oslo_concurrency.prlimit --as=1073741824 --cpu=60 -- sudo cinder-rootwrap /etc/cinder/rootwrap.conf env LC_ALL=C qemu-img info -f qcow2 --output=json --force-share /opt/stack/data/cinder/mnt/e376ad2beddf612ddee05ce3263d4a5f/volume-3966795d-9641-4c96-ac5f-dc6f178505b3.26941b4b-8af5-4faa-b1e2-1637f45df850 {{(pid=86191) execute /opt/stack/data/venv/lib/python3.12/site-packages/oslo_concurrency/processutils.py:440}}
Jul 06 15:31:45 devstack sudo[93904]: quobyte : PWD=/ ; USER=root ; COMMAND=/opt/stack/data/venv/bin/cinder-rootwrap /etc/cinder/rootwrap.conf env LC_ALL=C qemu-img info -f qcow2 --output=json --force-share /opt/stack/data/cinder/mnt/e376ad2beddf612ddee05ce3263d4a5f/volume-3966795d-9641-4c96-ac5f-dc6f178505b3.26941b4b-8af5-4faa-b1e2-1637f45df850
Jul 06 15:31:45 devstack sudo[93904]: pam_unix(sudo:session): session opened for user root(uid=0) by (uid=1000)
Jul 06 15:31:46 devstack sudo[93904]: pam_unix(sudo:session): session closed for user root
Jul 06 15:31:46 devstack cinder-volume[86191]: DEBUG oslo_concurrency.processutils [None req-4b906b47-e750-4944-8bfc-b498b5576978 tempest-GroupsV314Test-702434221 None] CMD "/opt/stack/data/venv/bin/python3.12 -m oslo_concurrency.prlimit --as=1073741824 --cpu=60 -- sudo cinder-rootwrap /etc/cinder/rootwrap.conf env LC_ALL=C qemu-img info -f qcow2 --output=json --force-share /opt/stack/data/cinder/mnt/e376ad2beddf612ddee05ce3263d4a5f/volume-3966795d-9641-4c96-ac5f-dc6f178505b3.26941b4b-8af5-4faa-b1e2-1637f45df850" returned: 0 in 1.197s {{(pid=86191) execute /opt/stack/data/venv/lib/python3.12/site-packages/oslo_concurrency/processutils.py:468}}
Jul 06 15:31:46 devstack cinder-volume[86191]: DEBUG cinder.volume.drivers.remotefs [None req-4b906b47-e750-4944-8bfc-b498b5576978 tempest-GroupsV314Test-702434221 None] Fetching qemu-img info with special backing_file_template: (/opt/stack/data/cinder/mnt/[0-9a-f]+/)?(volume-3966795d-9641-4c96-ac5f-dc6f178505b3(.(tmp-snap-)?[0-9a-f-]+)?|volume_from_snapshot_cache/(tmp-snap-)?[0-9a-f-]+(.(child-|parent-)[0-9a-f-]+)?)$ {{(pid=86191) _qemu_img_info_base /opt/stack/cinder/cinder/volume/drivers/remotefs.py:896}}
Jul 06 15:31:46 devstack cinder-volume[86191]: DEBUG oslo.privsep.daemon [-] privsep: reply[1a8b227f-06a7-43b6-b668-b7196d7913cf]: (4, 'qcow2') {{(pid=87789) _call_back /opt/stack/data/venv/lib/python3.12/site-packages/oslo_privsep/daemon.py:580}}
Jul 06 15:31:46 devstack cinder-volume[86191]: DEBUG oslo_concurrency.processutils [None req-4b906b47-e750-4944-8bfc-b498b5576978 tempest-GroupsV314Test-702434221 None] Running cmd (subprocess): /opt/stack/data/venv/bin/python3.12 -m oslo_concurrency.prlimit --as=1073741824 --cpu=60 -- sudo cinder-rootwrap /etc/cinder/rootwrap.conf env LC_ALL=C qemu-img info -f qcow2 --output=json --force-share /opt/stack/data/cinder/mnt/e376ad2beddf612ddee05ce3263d4a5f/volume-3966795d-9641-4c96-ac5f-dc6f178505b3 {{(pid=86191) execute /opt/stack/data/venv/lib/python3.12/site-packages/oslo_concurrency/processutils.py:440}}
Jul 06 15:31:46 devstack sudo[93917]: quobyte : PWD=/ ; USER=root ; COMMAND=/opt/stack/data/venv/bin/cinder-rootwrap /etc/cinder/rootwrap.conf env LC_ALL=C qemu-img info -f qcow2 --output=json --force-share /opt/stack/data/cinder/mnt/e376ad2beddf612ddee05ce3263d4a5f/volume-3966795d-9641-4c96-ac5f-dc6f178505b3
Jul 06 15:31:46 devstack sudo[93917]: pam_unix(sudo:session): session opened for user root(uid=0) by (uid=1000)
Jul 06 15:31:47 devstack sudo[93917]: pam_unix(sudo:session): session closed for user root
Jul 06 15:31:47 devstack cinder-volume[86191]: DEBUG oslo_concurrency.processutils [None req-4b906b47-e750-4944-8bfc-b498b5576978 tempest-GroupsV314Test-702434221 None] CMD "/opt/stack/data/venv/bin/python3.12 -m oslo_concurrency.prlimit --as=1073741824 --cpu=60 -- sudo cinder-rootwrap /etc/cinder/rootwrap.conf env LC_ALL=C qemu-img info -f qcow2 --output=json --force-share /opt/stack/data/cinder/mnt/e376ad2beddf612ddee05ce3263d4a5f/volume-3966795d-9641-4c96-ac5f-dc6f178505b3" returned: 0 in 0.900s {{(pid=86191) execute /opt/stack/data/venv/lib/python3.12/site-packages/oslo_concurrency/processutils.py:468}}
Jul 06 15:31:47 devstack cinder-volume[86191]: DEBUG oslo_concurrency.processutils [None req-4b906b47-e750-4944-8bfc-b498b5576978 tempest-GroupsV314Test-702434221 None] Running cmd (subprocess): sudo cinder-rootwrap /etc/cinder/rootwrap.conf qemu-img commit -d /opt/stack/data/cinder/mnt/e376ad2beddf612ddee05ce3263d4a5f/volume-3966795d-9641-4c96-ac5f-dc6f178505b3.26941b4b-8af5-4faa-b1e2-1637f45df850 {{(pid=86191) execute /opt/stack/data/venv/lib/python3.12/site-packages/oslo_concurrency/processutils.py:440}}
Jul 06 15:31:47 devstack sudo[93947]: quobyte : PWD=/ ; USER=root ; COMMAND=/opt/stack/data/venv/bin/cinder-rootwrap /etc/cinder/rootwrap.conf qemu-img commit -d /opt/stack/data/cinder/mnt/e376ad2beddf612ddee05ce3263d4a5f/volume-3966795d-9641-4c96-ac5f-dc6f178505b3.26941b4b-8af5-4faa-b1e2-1637f45df850
Jul 06 15:31:47 devstack sudo[93947]: pam_unix(sudo:session): session opened for user root(uid=0) by (uid=1000)
Jul 06 15:31:48 devstack sudo[93947]: pam_unix(sudo:session): session closed for user root
Jul 06 15:31:48 devstack cinder-volume[86191]: DEBUG oslo_concurrency.processutils [None req-4b906b47-e750-4944-8bfc-b498b5576978 tempest-GroupsV314Test-702434221 None] CMD "sudo cinder-rootwrap /etc/cinder/rootwrap.conf qemu-img commit -d /opt/stack/data/cinder/mnt/e376ad2beddf612ddee05ce3263d4a5f/volume-3966795d-9641-4c96-ac5f-dc6f178505b3.26941b4b-8af5-4faa-b1e2-1637f45df850" returned: 0 in 0.755s {{(pid=86191) execute /opt/stack/data/venv/lib/python3.12/site-packages/oslo_concurrency/processutils.py:468}}
Jul 06 15:31:48 devstack cinder-volume[86191]: DEBUG oslo_concurrency.processutils [None req-4b906b47-e750-4944-8bfc-b498b5576978 tempest-GroupsV314Test-702434221 None] Running cmd (subprocess): sudo cinder-rootwrap /etc/cinder/rootwrap.conf rm -f /opt/stack/data/cinder/mnt/e376ad2beddf612ddee05ce3263d4a5f/volume-3966795d-9641-4c96-ac5f-dc6f178505b3.26941b4b-8af5-4faa-b1e2-1637f45df850 {{(pid=86191) execute /opt/stack/data/venv/lib/python3.12/site-packages/oslo_concurrency/processutils.py:440}}
Jul 06 15:31:48 devstack sudo[93959]: quobyte : PWD=/ ; USER=root ; COMMAND=/opt/stack/data/venv/bin/cinder-rootwrap /etc/cinder/rootwrap.conf rm -f /opt/stack/data/cinder/mnt/e376ad2beddf612ddee05ce3263d4a5f/volume-3966795d-9641-4c96-ac5f-dc6f178505b3.26941b4b-8af5-4faa-b1e2-1637f45df850
Jul 06 15:31:48 devstack sudo[93959]: pam_unix(sudo:session): session opened for user root(uid=0) by (uid=1000)
Jul 06 15:31:49 devstack sudo[93959]: pam_unix(sudo:session): session closed for user root
Jul 06 15:31:49 devstack cinder-volume[86191]: DEBUG oslo_concurrency.processutils [None req-4b906b47-e750-4944-8bfc-b498b5576978 tempest-GroupsV314Test-702434221 None] CMD "sudo cinder-rootwrap /etc/cinder/rootwrap.conf rm -f /opt/stack/data/cinder/mnt/e376ad2beddf612ddee05ce3263d4a5f/volume-3966795d-9641-4c96-ac5f-dc6f178505b3.26941b4b-8af5-4faa-b1e2-1637f45df850" returned: 0 in 0.728s {{(pid=86191) execute /opt/stack/data/venv/lib/python3.12/site-packages/oslo_concurrency/processutils.py:468}}
Jul 06 15:31:49 devstack cinder-volume[86191]: DEBUG cinder.coordination [None req-4b906b47-e750-4944-8bfc-b498b5576978 tempest-GroupsV314Test-702434221 None] Lock "cinder-quobyte-26941b4b-8af5-4faa-b1e2-1637f45df850" released by "_delete_snapshot" :: held 3.745s {{(pid=86191) __release /opt/stack/cinder/cinder/coordination.py:152}}
Jul 06 15:31:49 devstack cinder-volume[86191]: DEBUG oslo_concurrency.lockutils [None req-4b906b47-e750-4944-8bfc-b498b5576978 tempest-GroupsV314Test-702434221 None] Lock "quobyte" "released" by "cinder.volume.drivers.quobyte.QuobyteDriver.create_cloned_volume" :: held 18.149s {{(pid=86191) inner /opt/stack/data/venv/lib/python3.12/site-packages/oslo_concurrency/lockutils.py:543}}
Jul 06 15:31:49 devstack cinder-volume[86191]: DEBUG oslo_concurrency.lockutils [None req-ea5ca9fc-2ea5-4f3e-a519-5e397af71e5a tempest-GroupSnapshotsV319Test-154324536 None] Lock "quobyte" acquired by "cinder.volume.drivers.quobyte.QuobyteDriver.create_snapshot" :: waited 17.413s {{(pid=86191) inner /opt/stack/data/venv/lib/python3.12/site-packages/oslo_concurrency/lockutils.py:524}}
Jul 06 15:31:49 devstack cinder-volume[86191]: DEBUG cinder.volume.drivers.remotefs [None req-ea5ca9fc-2ea5-4f3e-a519-5e397af71e5a tempest-GroupSnapshotsV319Test-154324536 None] Creating offline snapshot cd231bf7-6c6e-4c9a-9271-e15c9dbf1af6 of volume 275c2848-3c3f-40b9-b34a-f84d805965eb {{(pid=86191) _create_snapshot /opt/stack/cinder/cinder/volume/drivers/remotefs.py:1816}}
Jul 06 15:31:49 devstack cinder-volume[86191]: DEBUG oslo.privsep.daemon [-] privsep: reply[dda94806-2f66-4db7-9d98-9357353ae776]: (4, 'qcow2') {{(pid=87789) _call_back /opt/stack/data/venv/lib/python3.12/site-packages/oslo_privsep/daemon.py:580}}
Jul 06 15:31:49 devstack cinder-volume[86191]: DEBUG oslo_concurrency.processutils [None req-ea5ca9fc-2ea5-4f3e-a519-5e397af71e5a tempest-GroupSnapshotsV319Test-154324536 None] Running cmd (subprocess): /opt/stack/data/venv/bin/python3.12 -m oslo_concurrency.prlimit --as=1073741824 --cpu=60 -- sudo cinder-rootwrap /etc/cinder/rootwrap.conf env LC_ALL=C qemu-img info -f qcow2 --output=json --force-share /opt/stack/data/cinder/mnt/e376ad2beddf612ddee05ce3263d4a5f/volume-275c2848-3c3f-40b9-b34a-f84d805965eb {{(pid=86191) execute /opt/stack/data/venv/lib/python3.12/site-packages/oslo_concurrency/processutils.py:440}}
Jul 06 15:31:49 devstack sudo[93966]: quobyte : PWD=/ ; USER=root ; COMMAND=/opt/stack/data/venv/bin/cinder-rootwrap /etc/cinder/rootwrap.conf env LC_ALL=C qemu-img info -f qcow2 --output=json --force-share /opt/stack/data/cinder/mnt/e376ad2beddf612ddee05ce3263d4a5f/volume-275c2848-3c3f-40b9-b34a-f84d805965eb
Jul 06 15:31:49 devstack sudo[93966]: pam_unix(sudo:session): session opened for user root(uid=0) by (uid=1000)
Jul 06 15:31:49 devstack cinder-volume[86191]: INFO cinder.volume.manager [None req-4b906b47-e750-4944-8bfc-b498b5576978 tempest-GroupsV314Test-702434221 None] Create group from source-group-9e3de433-c2b6-434b-8f15-4cd1468f31f4 completed successfully.
Jul 06 15:31:50 devstack sudo[93966]: pam_unix(sudo:session): session closed for user root
Jul 06 15:31:50 devstack cinder-volume[86191]: DEBUG oslo_concurrency.processutils [None req-ea5ca9fc-2ea5-4f3e-a519-5e397af71e5a tempest-GroupSnapshotsV319Test-154324536 None] CMD "/opt/stack/data/venv/bin/python3.12 -m oslo_concurrency.prlimit --as=1073741824 --cpu=60 -- sudo cinder-rootwrap /etc/cinder/rootwrap.conf env LC_ALL=C qemu-img info -f qcow2 --output=json --force-share /opt/stack/data/cinder/mnt/e376ad2beddf612ddee05ce3263d4a5f/volume-275c2848-3c3f-40b9-b34a-f84d805965eb" returned: 0 in 0.796s {{(pid=86191) execute /opt/stack/data/venv/lib/python3.12/site-packages/oslo_concurrency/processutils.py:468}}
Jul 06 15:31:50 devstack cinder-volume[86191]: DEBUG oslo_concurrency.processutils [None req-ea5ca9fc-2ea5-4f3e-a519-5e397af71e5a tempest-GroupSnapshotsV319Test-154324536 None] Running cmd (subprocess): sudo cinder-rootwrap /etc/cinder/rootwrap.conf qemu-img create -f qcow2 -o backing_file=/opt/stack/data/cinder/mnt/e376ad2beddf612ddee05ce3263d4a5f/volume-275c2848-3c3f-40b9-b34a-f84d805965eb,backing_fmt=qcow2 /opt/stack/data/cinder/mnt/e376ad2beddf612ddee05ce3263d4a5f/volume-275c2848-3c3f-40b9-b34a-f84d805965eb.cd231bf7-6c6e-4c9a-9271-e15c9dbf1af6 1G {{(pid=86191) execute /opt/stack/data/venv/lib/python3.12/site-packages/oslo_concurrency/processutils.py:440}}
Jul 06 15:31:50 devstack sudo[93972]: quobyte : PWD=/ ; USER=root ; COMMAND=/opt/stack/data/venv/bin/cinder-rootwrap /etc/cinder/rootwrap.conf qemu-img create -f qcow2 -o backing_file=/opt/stack/data/cinder/mnt/e376ad2beddf612ddee05ce3263d4a5f/volume-275c2848-3c3f-40b9-b34a-f84d805965eb,backing_fmt=qcow2 /opt/stack/data/cinder/mnt/e376ad2beddf612ddee05ce3263d4a5f/volume-275c2848-3c3f-40b9-b34a-f84d805965eb.cd231bf7-6c6e-4c9a-9271-e15c9dbf1af6 1G
Jul 06 15:31:50 devstack sudo[93972]: pam_unix(sudo:session): session opened for user root(uid=0) by (uid=1000)
Jul 06 15:31:50 devstack cinder-volume[86191]: DEBUG cinder.coordination [None req-1d21225b-86f6-43d2-b61b-763863c67130 tempest-GroupsV314Test-702434221 None] Acquiring lock "cinder-quobyte-d61ee359-00e4-40d1-8fe9-41be0767d5b8" by "delete_volume" {{(pid=86191) __acquire /opt/stack/cinder/cinder/coordination.py:138}}
Jul 06 15:31:50 devstack cinder-volume[86191]: DEBUG cinder.coordination [None req-1d21225b-86f6-43d2-b61b-763863c67130 tempest-GroupsV314Test-702434221 None] Lock "cinder-quobyte-d61ee359-00e4-40d1-8fe9-41be0767d5b8" acquired by "delete_volume" :: waited 0.019s {{(pid=86191) __acquire /opt/stack/cinder/cinder/coordination.py:141}}
Jul 06 15:31:50 devstack cinder-volume[86191]: DEBUG oslo.privsep.daemon [-] privsep: reply[c94689f2-a029-417f-98bd-081620cff8a2]: (4, 'qcow2') {{(pid=87789) _call_back /opt/stack/data/venv/lib/python3.12/site-packages/oslo_privsep/daemon.py:580}}
Jul 06 15:31:50 devstack cinder-volume[86191]: DEBUG oslo_concurrency.processutils [None req-1d21225b-86f6-43d2-b61b-763863c67130 tempest-GroupsV314Test-702434221 None] Running cmd (subprocess): /opt/stack/data/venv/bin/python3.12 -m oslo_concurrency.prlimit --as=1073741824 --cpu=60 -- sudo cinder-rootwrap /etc/cinder/rootwrap.conf env LC_ALL=C qemu-img info -f qcow2 --output=json --force-share /opt/stack/data/cinder/mnt/e376ad2beddf612ddee05ce3263d4a5f/volume-d61ee359-00e4-40d1-8fe9-41be0767d5b8 {{(pid=86191) execute /opt/stack/data/venv/lib/python3.12/site-packages/oslo_concurrency/processutils.py:440}}
Jul 06 15:31:50 devstack sudo[93977]: quobyte : PWD=/ ; USER=root ; COMMAND=/opt/stack/data/venv/bin/cinder-rootwrap /etc/cinder/rootwrap.conf env LC_ALL=C qemu-img info -f qcow2 --output=json --force-share /opt/stack/data/cinder/mnt/e376ad2beddf612ddee05ce3263d4a5f/volume-d61ee359-00e4-40d1-8fe9-41be0767d5b8
Jul 06 15:31:50 devstack sudo[93977]: pam_unix(sudo:session): session opened for user root(uid=0) by (uid=1000)
