Jul 22 01:44:16 devstack devstack@g-api.service[77110]: DEBUG glance.common.config [None req-284032ab-ccb2-481e-83c7-20878a0a2c75 None None] barbican_service_user.timeout = None {{(pid=77110) log_opt_values /opt/stack/data/venv/lib/python3.12/site-packages/oslo_config/cfg.py:3253}}
Jul 22 01:44:16 devstack devstack@g-api.service[77110]: DEBUG glance.common.config [None req-284032ab-ccb2-481e-83c7-20878a0a2c75 None None] database.asyncio_connection = **** {{(pid=77110) log_opt_values /opt/stack/data/venv/lib/python3.12/site-packages/oslo_config/cfg.py:3253}}
Jul 22 01:44:16 devstack devstack@g-api.service[77110]: DEBUG glance.common.config [None req-284032ab-ccb2-481e-83c7-20878a0a2c75 None None] database.asyncio_slave_connection = **** {{(pid=77110) log_opt_values /opt/stack/data/venv/lib/python3.12/site-packages/oslo_config/cfg.py:3253}}
Jul 22 01:44:16 devstack devstack@g-api.service[77110]: DEBUG glance.common.config [None req-284032ab-ccb2-481e-83c7-20878a0a2c75 None None] database.backend = sqlalchemy {{(pid=77110) log_opt_values /opt/stack/data/venv/lib/python3.12/site-packages/oslo_config/cfg.py:3253}}
Jul 22 01:44:16 devstack devstack@g-api.service[77110]: DEBUG glance.common.config [None req-284032ab-ccb2-481e-83c7-20878a0a2c75 None None] database.connection = **** {{(pid=77110) log_opt_values /opt/stack/data/venv/lib/python3.12/site-packages/oslo_config/cfg.py:3253}}
Jul 22 01:44:16 devstack devstack@g-api.service[77110]: DEBUG glance.common.config [None req-284032ab-ccb2-481e-83c7-20878a0a2c75 None None] database.connection_debug = 0 {{(pid=77110) log_opt_values /opt/stack/data/venv/lib/python3.12/site-packages/oslo_config/cfg.py:3253}}
Jul 22 01:44:16 devstack devstack@g-api.service[77110]: DEBUG glance.common.config [None req-284032ab-ccb2-481e-83c7-20878a0a2c75 None None] database.connection_parameters = {{(pid=77110) log_opt_values /opt/stack/data/venv/lib/python3.12/site-packages/oslo_config/cfg.py:3253}}
Jul 22 01:44:16 devstack devstack@g-api.service[77110]: DEBUG glance.common.config [None req-284032ab-ccb2-481e-83c7-20878a0a2c75 None None] database.connection_recycle_time = 3600 {{(pid=77110) log_opt_values /opt/stack/data/venv/lib/python3.12/site-packages/oslo_config/cfg.py:3253}}
Jul 22 01:44:16 devstack devstack@g-api.service[77110]: DEBUG glance.common.config [None req-284032ab-ccb2-481e-83c7-20878a0a2c75 None None] database.connection_trace = False {{(pid=77110) log_opt_values /opt/stack/data/venv/lib/python3.12/site-packages/oslo_config/cfg.py:3253}}
Jul 22 01:44:16 devstack devstack@g-api.service[77110]: DEBUG glance.common.config [None req-284032ab-ccb2-481e-83c7-20878a0a2c75 None None] database.db_inc_retry_interval = True {{(pid=77110) log_opt_values /opt/stack/data/venv/lib/python3.12/site-packages/oslo_config/cfg.py:3253}}
Jul 22 01:44:16 devstack devstack@g-api.service[77110]: DEBUG glance.common.config [None req-284032ab-ccb2-481e-83c7-20878a0a2c75 None None] database.db_max_retries = 20 {{(pid=77110) log_opt_values /opt/stack/data/venv/lib/python3.12/site-packages/oslo_config/cfg.py:3253}}
Jul 22 01:44:16 devstack devstack@g-api.service[77110]: DEBUG glance.common.config [None req-284032ab-ccb2-481e-83c7-20878a0a2c75 None None] database.db_max_retry_interval = 10 {{(pid=77110) log_opt_values /opt/stack/data/venv/lib/python3.12/site-packages/oslo_config/cfg.py:3253}}
Jul 22 01:44:16 devstack devstack@g-api.service[77110]: DEBUG glance.common.config [None req-284032ab-ccb2-481e-83c7-20878a0a2c75 None None] database.db_retry_interval = 1 {{(pid=77110) log_opt_values /opt/stack/data/venv/lib/python3.12/site-packages/oslo_config/cfg.py:3253}}
Jul 22 01:44:16 devstack devstack@g-api.service[77110]: DEBUG glance.common.config [None req-284032ab-ccb2-481e-83c7-20878a0a2c75 None None] database.max_overflow = 50 {{(pid=77110) log_opt_values /opt/stack/data/venv/lib/python3.12/site-packages/oslo_config/cfg.py:3253}}
Jul 22 01:44:16 devstack devstack@g-api.service[77110]: DEBUG glance.common.config [None req-284032ab-ccb2-481e-83c7-20878a0a2c75 None None] database.max_pool_size = 5 {{(pid=77110) log_opt_values /opt/stack/data/venv/lib/python3.12/site-packages/oslo_config/cfg.py:3253}}
Jul 22 01:44:16 devstack devstack@g-api.service[77110]: DEBUG glance.common.config [None req-284032ab-ccb2-481e-83c7-20878a0a2c75 None None] database.max_retries = 10 {{(pid=77110) log_opt_values /opt/stack/data/venv/lib/python3.12/site-packages/oslo_config/cfg.py:3253}}
Jul 22 01:44:16 devstack devstack@g-api.service[77110]: DEBUG glance.common.config [None req-284032ab-ccb2-481e-83c7-20878a0a2c75 None None] database.mysql_sql_mode = TRADITIONAL {{(pid=77110) log_opt_values /opt/stack/data/venv/lib/python3.12/site-packages/oslo_config/cfg.py:3253}}
Jul 22 01:44:16 devstack devstack@g-api.service[77110]: DEBUG glance.common.config [None req-284032ab-ccb2-481e-83c7-20878a0a2c75 None None] database.mysql_wsrep_sync_wait = None {{(pid=77110) log_opt_values /opt/stack/data/venv/lib/python3.12/site-packages/oslo_config/cfg.py:3253}}
Jul 22 01:44:16 devstack devstack@g-api.service[77110]: DEBUG glance.common.config [None req-284032ab-ccb2-481e-83c7-20878a0a2c75 None None] database.pool_timeout = None {{(pid=77110) log_opt_values /opt/stack/data/venv/lib/python3.12/site-packages/oslo_config/cfg.py:3253}}
Jul 22 01:44:16 devstack devstack@g-api.service[77110]: DEBUG glance.common.config [None req-284032ab-ccb2-481e-83c7-20878a0a2c75 None None] database.retry_interval = 10 {{(pid=77110) log_opt_values /opt/stack/data/venv/lib/python3.12/site-packages/oslo_config/cfg.py:3253}}
Jul 22 01:44:16 devstack devstack@g-api.service[77110]: DEBUG glance.common.config [None req-284032ab-ccb2-481e-83c7-20878a0a2c75 None None] database.slave_connection = **** {{(pid=77110) log_opt_values /opt/stack/data/venv/lib/python3.12/site-packages/oslo_config/cfg.py:3253}}
Jul 22 01:44:16 devstack devstack@g-api.service[77110]: DEBUG glance.common.config [None req-284032ab-ccb2-481e-83c7-20878a0a2c75 None None] database.sqlite_synchronous = True {{(pid=77110) log_opt_values /opt/stack/data/venv/lib/python3.12/site-packages/oslo_config/cfg.py:3253}}
Jul 22 01:44:16 devstack devstack@g-api.service[77110]: DEBUG glance.common.config [None req-284032ab-ccb2-481e-83c7-20878a0a2c75 None None] database.synchronous_reader = True {{(pid=77110) log_opt_values /opt/stack/data/venv/lib/python3.12/site-packages/oslo_config/cfg.py:3253}}
Jul 22 01:44:16 devstack devstack@g-api.service[77110]: DEBUG glance.common.config [None req-284032ab-ccb2-481e-83c7-20878a0a2c75 None None] database.use_db_reconnect = False {{(pid=77110) log_opt_values /opt/stack/data/venv/lib/python3.12/site-packages/oslo_config/cfg.py:3253}}
Jul 22 01:44:16 devstack devstack@g-api.service[77110]: DEBUG glance.common.config [None req-284032ab-ccb2-481e-83c7-20878a0a2c75 None None] healthcheck.allowed_source_ranges = [] {{(pid=77110) log_opt_values /opt/stack/data/venv/lib/python3.12/site-packages/oslo_config/cfg.py:3253}}
Jul 22 01:44:16 devstack devstack@g-api.service[77110]: DEBUG glance.common.config [None req-284032ab-ccb2-481e-83c7-20878a0a2c75 None None] healthcheck.backends = ['disable_by_file'] {{(pid=77110) log_opt_values /opt/stack/data/venv/lib/python3.12/site-packages/oslo_config/cfg.py:3253}}
Jul 22 01:44:16 devstack devstack@g-api.service[77110]: DEBUG glance.common.config [None req-284032ab-ccb2-481e-83c7-20878a0a2c75 None None] healthcheck.detailed = False {{(pid=77110) log_opt_values /opt/stack/data/venv/lib/python3.12/site-packages/oslo_config/cfg.py:3253}}
Jul 22 01:44:16 devstack devstack@g-api.service[77110]: DEBUG glance.common.config [None req-284032ab-ccb2-481e-83c7-20878a0a2c75 None None] healthcheck.disable_by_file_path = None {{(pid=77110) log_opt_values /opt/stack/data/venv/lib/python3.12/site-packages/oslo_config/cfg.py:3253}}
Jul 22 01:44:16 devstack devstack@g-api.service[77110]: DEBUG glance.common.config [None req-284032ab-ccb2-481e-83c7-20878a0a2c75 None None] healthcheck.ignore_proxied_requests = False {{(pid=77110) log_opt_values /opt/stack/data/venv/lib/python3.12/site-packages/oslo_config/cfg.py:3253}}
Jul 22 01:44:16 devstack devstack@g-api.service[77110]: DEBUG glance.common.config [None req-284032ab-ccb2-481e-83c7-20878a0a2c75 None None] ******************************************************************************** {{(pid=77110) log_opt_values /opt/stack/data/venv/lib/python3.12/site-packages/oslo_config/cfg.py:3260}}
Jul 22 01:44:16 devstack devstack@g-api.service[77110]: WSGI app 0 (mountpoint='') ready in 5 seconds on interpreter 0x77f0bb2a4668 pid: 77110 (default app)
Jul 22 01:44:20 devstack devstack@g-api.service[77109]: DEBUG glance.api.middleware.version_negotiation [None req-b9071646-8ca3-4157-a508-76e5fba29577 None None] Determining version of request: GET / Accept: application/json {{(pid=77109) process_request /opt/stack/glance/glance/api/middleware/version_negotiation.py:44}}
Jul 22 01:44:20 devstack devstack@g-api.service[77109]: DEBUG glance.api.middleware.version_negotiation [None req-b9071646-8ca3-4157-a508-76e5fba29577 None None] Using url versioning {{(pid=77109) process_request /opt/stack/glance/glance/api/middleware/version_negotiation.py:57}}
Jul 22 01:44:20 devstack devstack@g-api.service[77109]: DEBUG glance.api.middleware.version_negotiation [None req-b9071646-8ca3-4157-a508-76e5fba29577 None None] Unknown version. Returning version choices. {{(pid=77109) process_request /opt/stack/glance/glance/api/middleware/version_negotiation.py:64}}
Jul 22 01:44:20 devstack devstack@g-api.service[77109]: [pid: 77109|app: 0|req: 2/2] 127.0.0.1 () {34 vars in 516 bytes} [Wed Jul 22 01:44:20 2026] GET / => generated 1557 bytes in 2 msecs (HTTP/1.1 300) 3 headers in 106 bytes (1 switches on core 0)
Jul 22 01:44:20 devstack devstack@g-api.service[77110]: DEBUG glance.api.middleware.version_negotiation [None req-284032ab-ccb2-481e-83c7-20878a0a2c75 None None] Determining version of request: POST /v2/images Accept: */* {{(pid=77110) process_request /opt/stack/glance/glance/api/middleware/version_negotiation.py:44}}
Jul 22 01:44:20 devstack devstack@g-api.service[77110]: DEBUG glance.api.middleware.version_negotiation [None req-284032ab-ccb2-481e-83c7-20878a0a2c75 None None] Using url versioning {{(pid=77110) process_request /opt/stack/glance/glance/api/middleware/version_negotiation.py:57}}
Jul 22 01:44:20 devstack devstack@g-api.service[77110]: DEBUG glance.api.middleware.version_negotiation [None req-284032ab-ccb2-481e-83c7-20878a0a2c75 None None] Matched version: v2 {{(pid=77110) process_request /opt/stack/glance/glance/api/middleware/version_negotiation.py:69}}
Jul 22 01:44:20 devstack devstack@g-api.service[77110]: DEBUG glance.api.middleware.version_negotiation [None req-284032ab-ccb2-481e-83c7-20878a0a2c75 None None] new path /v2/images {{(pid=77110) process_request /opt/stack/glance/glance/api/middleware/version_negotiation.py:70}}
Jul 22 01:44:21 devstack devstack@g-api.service[77110]: [pid: 77110|app: 0|req: 1/3] 127.0.0.1 () {40 vars in 779 bytes} [Wed Jul 22 01:44:20 2026] POST /v2/images => generated 807 bytes in 1134 msecs (HTTP/1.1 201) 6 headers in 314 bytes (1 switches on core 0)
Jul 22 01:44:21 devstack devstack@g-api.service[77109]: DEBUG glance.api.middleware.version_negotiation [None req-b9071646-8ca3-4157-a508-76e5fba29577 None None] Determining version of request: PUT /v2/images/24473c99-a605-4f38-8ab8-40745fe15ef5/file Accept: {{(pid=77109) process_request /opt/stack/glance/glance/api/middleware/version_negotiation.py:44}}
Jul 22 01:44:21 devstack devstack@g-api.service[77109]: DEBUG glance.api.middleware.version_negotiation [None req-b9071646-8ca3-4157-a508-76e5fba29577 None None] Using url versioning {{(pid=77109) process_request /opt/stack/glance/glance/api/middleware/version_negotiation.py:57}}
Jul 22 01:44:21 devstack devstack@g-api.service[77109]: DEBUG glance.api.middleware.version_negotiation [None req-b9071646-8ca3-4157-a508-76e5fba29577 None None] Matched version: v2 {{(pid=77109) process_request /opt/stack/glance/glance/api/middleware/version_negotiation.py:69}}
Jul 22 01:44:21 devstack devstack@g-api.service[77109]: DEBUG glance.api.middleware.version_negotiation [None req-b9071646-8ca3-4157-a508-76e5fba29577 None None] new path /v2/images/24473c99-a605-4f38-8ab8-40745fe15ef5/file {{(pid=77109) process_request /opt/stack/glance/glance/api/middleware/version_negotiation.py:70}}
Jul 22 01:44:22 devstack devstack@g-api.service[77109]: INFO glance.api.v2.image_data [None req-f8f85d87-06db-46d7-8d4d-ca8d0543a165 admin admin] Unable to create trust: no such option collect_timing in group [keystone_authtoken] Use the existing user token.
Jul 22 01:44:23 devstack devstack@g-api.service[77109]: DEBUG glance.location [None req-f8f85d87-06db-46d7-8d4d-ca8d0543a165 admin admin] Enabling in-flight format inspection for qcow2 {{(pid=77109) set_data /opt/stack/glance/glance/location.py:596}}
Jul 22 01:44:23 devstack devstack@g-api.service[77109]: DEBUG oslo_utils.imageutils.format_inspector [None req-f8f85d87-06db-46d7-8d4d-ca8d0543a165 admin admin] Format inspector for vmdk does not match, excluding from consideration (Signature KDMV not found: b'QFI\xfb') {{(pid=77109) _process_chunk /opt/stack/data/venv/lib/python3.12/site-packages/oslo_utils/imageutils/format_inspector.py:1758}}
Jul 22 01:44:23 devstack devstack@g-api.service[77109]: DEBUG oslo_utils.imageutils.format_inspector [None req-f8f85d87-06db-46d7-8d4d-ca8d0543a165 admin admin] Format inspector for vhdx does not match, excluding from consideration (Region signature not found at 30000) {{(pid=77109) _process_chunk /opt/stack/data/venv/lib/python3.12/site-packages/oslo_utils/imageutils/format_inspector.py:1758}}
Jul 22 01:44:23 devstack devstack@g-api.service[77109]: DEBUG glance_store._drivers.filesystem [None req-f8f85d87-06db-46d7-8d4d-ca8d0543a165 admin admin] Wrote 21692416 bytes to /opt/stack/data/glance/images/24473c99-a605-4f38-8ab8-40745fe15ef5 with checksum 87617e24a5e30cb3b87fda8c0764838f and multihash 9a9bce0083a00939ec17c11febbfc767aa211aaa54f51e75c5a8b271a9b5637c77205a518b7a2007cb391d23cceb01e0e4e8d64832317151bc85b734b92a7be0 {{(pid=77109) add /opt/stack/data/venv/lib/python3.12/site-packages/glance_store/_drivers/filesystem.py:899}}
Jul 22 01:44:23 devstack devstack@g-api.service[77109]: INFO glance.location [None req-f8f85d87-06db-46d7-8d4d-ca8d0543a165 admin admin] Image format matched and virtual size computed: 117440512
Jul 22 01:44:23 devstack devstack@g-api.service[77109]: DEBUG glance_store.backend [None req-f8f85d87-06db-46d7-8d4d-ca8d0543a165 admin admin] Skipping store.set_acls... not implemented. {{(pid=77109) set_acls /opt/stack/data/venv/lib/python3.12/site-packages/glance_store/backend.py:507}}
Jul 22 01:44:23 devstack devstack@g-api.service[77109]: [pid: 77109|app: 0|req: 3/4] 127.0.0.1 () {40 vars in 872 bytes} [Wed Jul 22 01:44:21 2026] PUT /v2/images/24473c99-a605-4f38-8ab8-40745fe15ef5/file => generated 0 bytes in 1703 msecs (HTTP/1.1 204) 4 headers in 171 bytes (1 switches on core 0)
Jul 22 01:44:23 devstack devstack@g-api.service[77110]: DEBUG glance.api.middleware.version_negotiation [None req-8a037146-7d7f-4dac-9000-e4e9b1d39d93 admin admin] Determining version of request: GET /v2/images/24473c99-a605-4f38-8ab8-40745fe15ef5 Accept: */* {{(pid=77110) process_request /opt/stack/glance/glance/api/middleware/version_negotiation.py:44}}
Jul 22 01:44:23 devstack devstack@g-api.service[77110]: DEBUG glance.api.middleware.version_negotiation [None req-8a037146-7d7f-4dac-9000-e4e9b1d39d93 admin admin] Using url versioning {{(pid=77110) process_request /opt/stack/glance/glance/api/middleware/version_negotiation.py:57}}
Jul 22 01:44:23 devstack devstack@g-api.service[77110]: DEBUG glance.api.middleware.version_negotiation [None req-8a037146-7d7f-4dac-9000-e4e9b1d39d93 admin admin] Matched version: v2 {{(pid=77110) process_request /opt/stack/glance/glance/api/middleware/version_negotiation.py:69}}
Jul 22 01:44:23 devstack devstack@g-api.service[77110]: DEBUG glance.api.middleware.version_negotiation [None req-8a037146-7d7f-4dac-9000-e4e9b1d39d93 admin admin] new path /v2/images/24473c99-a605-4f38-8ab8-40745fe15ef5 {{(pid=77110) process_request /opt/stack/glance/glance/api/middleware/version_negotiation.py:70}}
Jul 22 01:44:23 devstack devstack@g-api.service[77110]: [pid: 77110|app: 0|req: 2/5] 127.0.0.1 () {36 vars in 799 bytes} [Wed Jul 22 01:44:23 2026] GET /v2/images/24473c99-a605-4f38-8ab8-40745fe15ef5 => generated 976 bytes in 19 msecs (HTTP/1.1 200) 4 headers in 157 bytes (1 switches on core 0)
Jul 22 01:44:33 devstack devstack@g-api.service[77109]: DEBUG dbcounter [-] [77109] Writing DB stats glance:INSERT=5,glance:SELECT=16,glance:UPDATE=2 {{(pid=77109) stat_writer /opt/stack/data/venv/lib/python3.12/site-packages/dbcounter.py:115}}
Jul 22 01:44:33 devstack devstack@g-api.service[77110]: DEBUG dbcounter [-] [77110] Writing DB stats glance:INSERT=9,glance:SELECT=6 {{(pid=77110) stat_writer /opt/stack/data/venv/lib/python3.12/site-packages/dbcounter.py:115}}
Jul 22 01:45:07 devstack devstack@g-api.service[77109]: DEBUG glance.api.middleware.version_negotiation [None req-f8f85d87-06db-46d7-8d4d-ca8d0543a165 admin admin] Determining version of request: GET / Accept: application/json {{(pid=77109) process_request /opt/stack/glance/glance/api/middleware/version_negotiation.py:44}}
Jul 22 01:45:07 devstack devstack@g-api.service[77109]: DEBUG glance.api.middleware.version_negotiation [None req-f8f85d87-06db-46d7-8d4d-ca8d0543a165 admin admin] Using url versioning {{(pid=77109) process_request /opt/stack/glance/glance/api/middleware/version_negotiation.py:57}}
Jul 22 01:45:07 devstack devstack@g-api.service[77109]: DEBUG glance.api.middleware.version_negotiation [None req-f8f85d87-06db-46d7-8d4d-ca8d0543a165 admin admin] Unknown version. Returning version choices. {{(pid=77109) process_request /opt/stack/glance/glance/api/middleware/version_negotiation.py:64}}
Jul 22 01:45:07 devstack devstack@g-api.service[77109]: [pid: 77109|app: 0|req: 4/6] 127.0.0.1 () {34 vars in 516 bytes} [Wed Jul 22 01:45:07 2026] GET / => generated 1557 bytes in 2 msecs (HTTP/1.1 300) 3 headers in 106 bytes (1 switches on core 0)
Jul 22 01:45:07 devstack devstack@g-api.service[77110]: DEBUG glance.api.middleware.version_negotiation [None req-1c4bd082-43c7-4776-ae49-d025f30eeef9 admin admin] Determining version of request: GET /v2/images Accept: application/json {{(pid=77110) process_request /opt/stack/glance/glance/api/middleware/version_negotiation.py:44}}
Jul 22 01:45:07 devstack devstack@g-api.service[77110]: DEBUG glance.api.middleware.version_negotiation [None req-1c4bd082-43c7-4776-ae49-d025f30eeef9 admin admin] Using url versioning {{(pid=77110) process_request /opt/stack/glance/glance/api/middleware/version_negotiation.py:57}}
Jul 22 01:45:07 devstack devstack@g-api.service[77110]: DEBUG glance.api.middleware.version_negotiation [None req-1c4bd082-43c7-4776-ae49-d025f30eeef9 admin admin] Matched version: v2 {{(pid=77110) process_request /opt/stack/glance/glance/api/middleware/version_negotiation.py:69}}
Jul 22 01:45:07 devstack devstack@g-api.service[77110]: DEBUG glance.api.middleware.version_negotiation [None req-1c4bd082-43c7-4776-ae49-d025f30eeef9 admin admin] new path /v2/images {{(pid=77110) process_request /opt/stack/glance/glance/api/middleware/version_negotiation.py:70}}
Jul 22 01:45:07 devstack devstack@g-api.service[77110]: [pid: 77110|app: 0|req: 3/7] 127.0.0.1 () {36 vars in 738 bytes} [Wed Jul 22 01:45:07 2026] GET /v2/images => generated 1045 bytes in 84 msecs (HTTP/1.1 200) 4 headers in 158 bytes (1 switches on core 0)
Jul 22 01:45:16 devstack devstack@g-api.service[77109]: DEBUG glance.api.middleware.version_negotiation [None req-f8f85d87-06db-46d7-8d4d-ca8d0543a165 admin admin] Determining version of request: GET / Accept: application/json {{(pid=77109) process_request /opt/stack/glance/glance/api/middleware/version_negotiation.py:44}}
Jul 22 01:45:16 devstack devstack@g-api.service[77109]: DEBUG glance.api.middleware.version_negotiation [None req-f8f85d87-06db-46d7-8d4d-ca8d0543a165 admin admin] Using url versioning {{(pid=77109) process_request /opt/stack/glance/glance/api/middleware/version_negotiation.py:57}}
Jul 22 01:45:16 devstack devstack@g-api.service[77109]: DEBUG glance.api.middleware.version_negotiation [None req-f8f85d87-06db-46d7-8d4d-ca8d0543a165 admin admin] Unknown version. Returning version choices. {{(pid=77109) process_request /opt/stack/glance/glance/api/middleware/version_negotiation.py:64}}
Jul 22 01:45:16 devstack devstack@g-api.service[77109]: [pid: 77109|app: 0|req: 5/8] 127.0.0.1 () {34 vars in 516 bytes} [Wed Jul 22 01:45:16 2026] GET / => generated 1557 bytes in 2 msecs (HTTP/1.1 300) 3 headers in 106 bytes (1 switches on core 0)
Jul 22 01:45:16 devstack devstack@g-api.service[77110]: DEBUG glance.api.middleware.version_negotiation [None req-5619b927-37cd-4060-8a92-0bda51590065 admin admin] Determining version of request: GET /v2/images/24473c99-a605-4f38-8ab8-40745fe15ef5 Accept: */* {{(pid=77110) process_request /opt/stack/glance/glance/api/middleware/version_negotiation.py:44}}
Jul 22 01:45:16 devstack devstack@g-api.service[77110]: DEBUG glance.api.middleware.version_negotiation [None req-5619b927-37cd-4060-8a92-0bda51590065 admin admin] Using url versioning {{(pid=77110) process_request /opt/stack/glance/glance/api/middleware/version_negotiation.py:57}}
Jul 22 01:45:16 devstack devstack@g-api.service[77110]: DEBUG glance.api.middleware.version_negotiation [None req-5619b927-37cd-4060-8a92-0bda51590065 admin admin] Matched version: v2 {{(pid=77110) process_request /opt/stack/glance/glance/api/middleware/version_negotiation.py:69}}
Jul 22 01:45:16 devstack devstack@g-api.service[77110]: DEBUG glance.api.middleware.version_negotiation [None req-5619b927-37cd-4060-8a92-0bda51590065 admin admin] new path /v2/images/24473c99-a605-4f38-8ab8-40745fe15ef5 {{(pid=77110) process_request /opt/stack/glance/glance/api/middleware/version_negotiation.py:70}}
Jul 22 01:45:16 devstack devstack@g-api.service[77110]: [pid: 77110|app: 0|req: 4/9] 127.0.0.1 () {36 vars in 799 bytes} [Wed Jul 22 01:45:16 2026] GET /v2/images/24473c99-a605-4f38-8ab8-40745fe15ef5 => generated 976 bytes in 74 msecs (HTTP/1.1 200) 4 headers in 157 bytes (1 switches on core 0)
Jul 22 01:45:23 devstack devstack@g-api.service[77109]: DEBUG glance.api.middleware.version_negotiation [None req-f8f85d87-06db-46d7-8d4d-ca8d0543a165 admin admin] Determining version of request: GET / Accept: application/json {{(pid=77109) process_request /opt/stack/glance/glance/api/middleware/version_negotiation.py:44}}
Jul 22 01:45:23 devstack devstack@g-api.service[77109]: DEBUG glance.api.middleware.version_negotiation [None req-f8f85d87-06db-46d7-8d4d-ca8d0543a165 admin admin] Using url versioning {{(pid=77109) process_request /opt/stack/glance/glance/api/middleware/version_negotiation.py:57}}
Jul 22 01:45:23 devstack devstack@g-api.service[77109]: DEBUG glance.api.middleware.version_negotiation [None req-f8f85d87-06db-46d7-8d4d-ca8d0543a165 admin admin] Unknown version. Returning version choices. {{(pid=77109) process_request /opt/stack/glance/glance/api/middleware/version_negotiation.py:64}}
Jul 22 01:45:23 devstack devstack@g-api.service[77109]: [pid: 77109|app: 0|req: 6/10] 127.0.0.1 () {34 vars in 516 bytes} [Wed Jul 22 01:45:23 2026] GET / => generated 1557 bytes in 3 msecs (HTTP/1.1 300) 3 headers in 106 bytes (1 switches on core 0)
Jul 22 01:45:23 devstack devstack@g-api.service[77110]: DEBUG glance.api.middleware.version_negotiation [None req-dabb9fbd-59c1-439d-bc6a-a51a051f0a32 admin admin] Determining version of request: GET /v2/images/24473c99-a605-4f38-8ab8-40745fe15ef5 Accept: */* {{(pid=77110) process_request /opt/stack/glance/glance/api/middleware/version_negotiation.py:44}}
Jul 22 01:45:23 devstack devstack@g-api.service[77110]: DEBUG glance.api.middleware.version_negotiation [None req-dabb9fbd-59c1-439d-bc6a-a51a051f0a32 admin admin] Using url versioning {{(pid=77110) process_request /opt/stack/glance/glance/api/middleware/version_negotiation.py:57}}
Jul 22 01:45:23 devstack devstack@g-api.service[77110]: DEBUG glance.api.middleware.version_negotiation [None req-dabb9fbd-59c1-439d-bc6a-a51a051f0a32 admin admin] Matched version: v2 {{(pid=77110) process_request /opt/stack/glance/glance/api/middleware/version_negotiation.py:69}}
Jul 22 01:45:23 devstack devstack@g-api.service[77110]: DEBUG glance.api.middleware.version_negotiation [None req-dabb9fbd-59c1-439d-bc6a-a51a051f0a32 admin admin] new path /v2/images/24473c99-a605-4f38-8ab8-40745fe15ef5 {{(pid=77110) process_request /opt/stack/glance/glance/api/middleware/version_negotiation.py:70}}
Jul 22 01:45:23 devstack devstack@g-api.service[77110]: [pid: 77110|app: 0|req: 5/11] 127.0.0.1 () {36 vars in 799 bytes} [Wed Jul 22 01:45:23 2026] GET /v2/images/24473c99-a605-4f38-8ab8-40745fe15ef5 => generated 976 bytes in 75 msecs (HTTP/1.1 200) 4 headers in 157 bytes (1 switches on core 0)
Jul 22 01:45:33 devstack devstack@g-api.service[77110]: DEBUG dbcounter [-] [77110] Writing DB stats glance:SELECT=5 {{(pid=77110) stat_writer /opt/stack/data/venv/lib/python3.12/site-packages/dbcounter.py:115}}
Jul 22 01:46:39 devstack devstack@g-api.service[77109]: DEBUG glance.api.middleware.version_negotiation [None req-f8f85d87-06db-46d7-8d4d-ca8d0543a165 admin admin] Determining version of request: GET / Accept: application/json {{(pid=77109) process_request /opt/stack/glance/glance/api/middleware/version_negotiation.py:44}}
Jul 22 01:46:39 devstack devstack@g-api.service[77109]: DEBUG glance.api.middleware.version_negotiation [None req-f8f85d87-06db-46d7-8d4d-ca8d0543a165 admin admin] Using url versioning {{(pid=77109) process_request /opt/stack/glance/glance/api/middleware/version_negotiation.py:57}}
Jul 22 01:46:39 devstack devstack@g-api.service[77109]: DEBUG glance.api.middleware.version_negotiation [None req-f8f85d87-06db-46d7-8d4d-ca8d0543a165 admin admin] Unknown version. Returning version choices. {{(pid=77109) process_request /opt/stack/glance/glance/api/middleware/version_negotiation.py:64}}
Jul 22 01:46:39 devstack devstack@g-api.service[77109]: [pid: 77109|app: 0|req: 7/12] 127.0.0.1 () {36 vars in 485 bytes} [Wed Jul 22 01:46:39 2026] GET / => generated 1557 bytes in 3 msecs (HTTP/1.1 300) 3 headers in 106 bytes (1 switches on core 0)
Jul 22 01:50:55 devstack devstack@g-api.service[77110]: DEBUG glance.api.middleware.version_negotiation [None req-d975961d-ba94-40f4-896a-f7d759e4951f admin admin] Determining version of request: GET / Accept: application/json {{(pid=77110) process_request /opt/stack/glance/glance/api/middleware/version_negotiation.py:44}}
Jul 22 01:50:55 devstack devstack@g-api.service[77110]: DEBUG glance.api.middleware.version_negotiation [None req-d975961d-ba94-40f4-896a-f7d759e4951f admin admin] Using url versioning {{(pid=77110) process_request /opt/stack/glance/glance/api/middleware/version_negotiation.py:57}}
Jul 22 01:50:55 devstack devstack@g-api.service[77110]: DEBUG glance.api.middleware.version_negotiation [None req-d975961d-ba94-40f4-896a-f7d759e4951f admin admin] Unknown version. Returning version choices. {{(pid=77110) process_request /opt/stack/glance/glance/api/middleware/version_negotiation.py:64}}
Jul 22 01:50:55 devstack devstack@g-api.service[77110]: [pid: 77110|app: 0|req: 6/13] 127.0.0.1 () {34 vars in 502 bytes} [Wed Jul 22 01:50:55 2026] GET / => generated 1557 bytes in 4 msecs (HTTP/1.1 300) 3 headers in 106 bytes (1 switches on core 0)
Jul 22 01:50:55 devstack devstack@g-api.service[77109]: DEBUG glance.api.middleware.version_negotiation [None req-f8f85d87-06db-46d7-8d4d-ca8d0543a165 admin admin] Determining version of request: GET /v2/images/24473c99-a605-4f38-8ab8-40745fe15ef5 Accept: */* {{(pid=77109) process_request /opt/stack/glance/glance/api/middleware/version_negotiation.py:44}}
Jul 22 01:50:55 devstack devstack@g-api.service[77109]: DEBUG glance.api.middleware.version_negotiation [None req-f8f85d87-06db-46d7-8d4d-ca8d0543a165 admin admin] Using url versioning {{(pid=77109) process_request /opt/stack/glance/glance/api/middleware/version_negotiation.py:57}}
Jul 22 01:50:55 devstack devstack@g-api.service[77109]: DEBUG glance.api.middleware.version_negotiation [None req-f8f85d87-06db-46d7-8d4d-ca8d0543a165 admin admin] Matched version: v2 {{(pid=77109) process_request /opt/stack/glance/glance/api/middleware/version_negotiation.py:69}}
Jul 22 01:50:55 devstack devstack@g-api.service[77109]: DEBUG glance.api.middleware.version_negotiation [None req-f8f85d87-06db-46d7-8d4d-ca8d0543a165 admin admin] new path /v2/images/24473c99-a605-4f38-8ab8-40745fe15ef5 {{(pid=77109) process_request /opt/stack/glance/glance/api/middleware/version_negotiation.py:70}}
Jul 22 01:50:55 devstack devstack@g-api.service[77109]: [pid: 77109|app: 0|req: 8/14] 127.0.0.1 () {42 vars in 1058 bytes} [Wed Jul 22 01:50:55 2026] GET /v2/images/24473c99-a605-4f38-8ab8-40745fe15ef5 => generated 976 bytes in 364 msecs (HTTP/1.1 200) 4 headers in 157 bytes (1 switches on core 0)
Jul 22 01:50:55 devstack devstack@g-api.service[77110]: DEBUG glance.api.middleware.version_negotiation [None req-d975961d-ba94-40f4-896a-f7d759e4951f admin admin] Determining version of request: GET /v2/schemas/image Accept: */* {{(pid=77110) process_request /opt/stack/glance/glance/api/middleware/version_negotiation.py:44}}
Jul 22 01:50:55 devstack devstack@g-api.service[77110]: DEBUG glance.api.middleware.version_negotiation [None req-d975961d-ba94-40f4-896a-f7d759e4951f admin admin] Using url versioning {{(pid=77110) process_request /opt/stack/glance/glance/api/middleware/version_negotiation.py:57}}
Jul 22 01:50:55 devstack devstack@g-api.service[77110]: DEBUG glance.api.middleware.version_negotiation [None req-d975961d-ba94-40f4-896a-f7d759e4951f admin admin] Matched version: v2 {{(pid=77110) process_request /opt/stack/glance/glance/api/middleware/version_negotiation.py:69}}
Jul 22 01:50:55 devstack devstack@g-api.service[77110]: DEBUG glance.api.middleware.version_negotiation [None req-d975961d-ba94-40f4-896a-f7d759e4951f admin admin] new path /v2/schemas/image {{(pid=77110) process_request /opt/stack/glance/glance/api/middleware/version_negotiation.py:70}}
Jul 22 01:50:56 devstack devstack@g-api.service[77110]: [pid: 77110|app: 0|req: 7/15] 127.0.0.1 () {42 vars in 998 bytes} [Wed Jul 22 01:50:55 2026] GET /v2/schemas/image => generated 6083 bytes in 19 msecs (HTTP/1.1 200) 4 headers in 158 bytes (1 switches on core 0)
Jul 22 01:51:05 devstack devstack@g-api.service[77109]: DEBUG dbcounter [-] [77109] Writing DB stats glance:SELECT=2 {{(pid=77109) stat_writer /opt/stack/data/venv/lib/python3.12/site-packages/dbcounter.py:115}}
Jul 22 01:51:12 devstack devstack@g-api.service[77109]: DEBUG glance.api.middleware.version_negotiation [None req-02145c50-e022-4bcd-a858-07a00d50728b tempest-DeleteServersTestJSON-1375126822 tempest-DeleteServersTestJSON-1375126822-project-member] Determining version of request: GET /v2/images/24473c99-a605-4f38-8ab8-40745fe15ef5 Accept: */* {{(pid=77109) process_request /opt/stack/glance/glance/api/middleware/version_negotiation.py:44}}
Jul 22 01:51:12 devstack devstack@g-api.service[77109]: DEBUG glance.api.middleware.version_negotiation [None req-02145c50-e022-4bcd-a858-07a00d50728b tempest-DeleteServersTestJSON-1375126822 tempest-DeleteServersTestJSON-1375126822-project-member] Using url versioning {{(pid=77109) process_request /opt/stack/glance/glance/api/middleware/version_negotiation.py:57}}
Jul 22 01:51:12 devstack devstack@g-api.service[77109]: DEBUG glance.api.middleware.version_negotiation [None req-02145c50-e022-4bcd-a858-07a00d50728b tempest-DeleteServersTestJSON-1375126822 tempest-DeleteServersTestJSON-1375126822-project-member] Matched version: v2 {{(pid=77109) process_request /opt/stack/glance/glance/api/middleware/version_negotiation.py:69}}
Jul 22 01:51:12 devstack devstack@g-api.service[77109]: DEBUG glance.api.middleware.version_negotiation [None req-02145c50-e022-4bcd-a858-07a00d50728b tempest-DeleteServersTestJSON-1375126822 tempest-DeleteServersTestJSON-1375126822-project-member] new path /v2/images/24473c99-a605-4f38-8ab8-40745fe15ef5 {{(pid=77109) process_request /opt/stack/glance/glance/api/middleware/version_negotiation.py:70}}
Jul 22 01:51:13 devstack devstack@g-api.service[77109]: [pid: 77109|app: 0|req: 9/16] 127.0.0.1 () {42 vars in 1058 bytes} [Wed Jul 22 01:51:12 2026] GET /v2/images/24473c99-a605-4f38-8ab8-40745fe15ef5 => generated 976 bytes in 219 msecs (HTTP/1.1 200) 4 headers in 157 bytes (1 switches on core 0)
Jul 22 01:51:13 devstack devstack@g-api.service[77110]: DEBUG glance.api.middleware.version_negotiation [None req-02145c50-e022-4bcd-a858-07a00d50728b tempest-DeleteServersTestJSON-1375126822 tempest-DeleteServersTestJSON-1375126822-project-member] Determining version of request: GET /v2/images/24473c99-a605-4f38-8ab8-40745fe15ef5/file Accept: */* {{(pid=77110) process_request /opt/stack/glance/glance/api/middleware/version_negotiation.py:44}}
Jul 22 01:51:13 devstack devstack@g-api.service[77110]: DEBUG glance.api.middleware.version_negotiation [None req-02145c50-e022-4bcd-a858-07a00d50728b tempest-DeleteServersTestJSON-1375126822 tempest-DeleteServersTestJSON-1375126822-project-member] Using url versioning {{(pid=77110) process_request /opt/stack/glance/glance/api/middleware/version_negotiation.py:57}}
Jul 22 01:51:13 devstack devstack@g-api.service[77110]: DEBUG glance.api.middleware.version_negotiation [None req-02145c50-e022-4bcd-a858-07a00d50728b tempest-DeleteServersTestJSON-1375126822 tempest-DeleteServersTestJSON-1375126822-project-member] Matched version: v2 {{(pid=77110) process_request /opt/stack/glance/glance/api/middleware/version_negotiation.py:69}}
Jul 22 01:51:13 devstack devstack@g-api.service[77110]: DEBUG glance.api.middleware.version_negotiation [None req-02145c50-e022-4bcd-a858-07a00d50728b tempest-DeleteServersTestJSON-1375126822 tempest-DeleteServersTestJSON-1375126822-project-member] new path /v2/images/24473c99-a605-4f38-8ab8-40745fe15ef5/file {{(pid=77110) process_request /opt/stack/glance/glance/api/middleware/version_negotiation.py:70}}
Jul 22 01:51:13 devstack devstack@g-api.service[77110]: DEBUG glance_store._drivers.filesystem [None req-02145c50-e022-4bcd-a858-07a00d50728b tempest-DeleteServersTestJSON-1375126822 tempest-DeleteServersTestJSON-1375126822-project-member] Found image at /opt/stack/data/glance/images/24473c99-a605-4f38-8ab8-40745fe15ef5. Returning in ChunkedFile. {{(pid=77110) get /opt/stack/data/venv/lib/python3.12/site-packages/glance_store/_drivers/filesystem.py:724}}
Jul 22 01:51:13 devstack devstack@g-api.service[77110]: DEBUG glance.image_cache [None req-02145c50-e022-4bcd-a858-07a00d50728b tempest-DeleteServersTestJSON-1375126822 tempest-DeleteServersTestJSON-1375126822-project-member] Tee'ing image '24473c99-a605-4f38-8ab8-40745fe15ef5' into cache {{(pid=77110) get_caching_iter /opt/stack/glance/glance/image_cache/__init__.py:356}}
Jul 22 01:51:13 devstack devstack@g-api.service[77110]: DEBUG glance.image_cache.drivers.centralized_db [None req-02145c50-e022-4bcd-a858-07a00d50728b tempest-DeleteServersTestJSON-1375126822 tempest-DeleteServersTestJSON-1375126822-project-member] Fetch finished, moving '/opt/stack/data/glance/cache/incomplete/24473c99-a605-4f38-8ab8-40745fe15ef5' to '/opt/stack/data/glance/cache/24473c99-a605-4f38-8ab8-40745fe15ef5' {{(pid=77110) commit /opt/stack/glance/glance/image_cache/drivers/centralized_db.py:243}}
Jul 22 01:51:13 devstack devstack@g-api.service[77110]: DEBUG glance.image_cache.drivers.centralized_db [None req-02145c50-e022-4bcd-a858-07a00d50728b tempest-DeleteServersTestJSON-1375126822 tempest-DeleteServersTestJSON-1375126822-project-member] Image cached successfully. {{(pid=77110) commit /opt/stack/glance/glance/image_cache/drivers/centralized_db.py:258}}
Jul 22 01:51:13 devstack devstack@g-api.service[77110]: [pid: 77110|app: 0|req: 8/17] 127.0.0.1 () {42 vars in 1068 bytes} [Wed Jul 22 01:51:13 2026] GET /v2/images/24473c99-a605-4f38-8ab8-40745fe15ef5/file => generated 21692416 bytes in 532 msecs (HTTP/1.1 200) 4 headers in 191 bytes (337 switches on core 0)
Jul 22 01:51:13 devstack devstack@g-api.service[77109]: DEBUG glance.api.middleware.version_negotiation [None req-02145c50-e022-4bcd-a858-07a00d50728b tempest-DeleteServersTestJSON-1375126822 tempest-DeleteServersTestJSON-1375126822-project-member] Determining version of request: GET /v2/images/24473c99-a605-4f38-8ab8-40745fe15ef5 Accept: */* {{(pid=77109) process_request /opt/stack/glance/glance/api/middleware/version_negotiation.py:44}}
Jul 22 01:51:13 devstack devstack@g-api.service[77109]: DEBUG glance.api.middleware.version_negotiation [None req-02145c50-e022-4bcd-a858-07a00d50728b tempest-DeleteServersTestJSON-1375126822 tempest-DeleteServersTestJSON-1375126822-project-member] Using url versioning {{(pid=77109) process_request /opt/stack/glance/glance/api/middleware/version_negotiation.py:57}}
Jul 22 01:51:13 devstack devstack@g-api.service[77109]: DEBUG glance.api.middleware.version_negotiation [None req-02145c50-e022-4bcd-a858-07a00d50728b tempest-DeleteServersTestJSON-1375126822 tempest-DeleteServersTestJSON-1375126822-project-member] Matched version: v2 {{(pid=77109) process_request /opt/stack/glance/glance/api/middleware/version_negotiation.py:69}}
Jul 22 01:51:13 devstack devstack@g-api.service[77109]: DEBUG glance.api.middleware.version_negotiation [None req-02145c50-e022-4bcd-a858-07a00d50728b tempest-DeleteServersTestJSON-1375126822 tempest-DeleteServersTestJSON-1375126822-project-member] new path /v2/images/24473c99-a605-4f38-8ab8-40745fe15ef5 {{(pid=77109) process_request /opt/stack/glance/glance/api/middleware/version_negotiation.py:70}}
Jul 22 01:51:13 devstack devstack@g-api.service[77109]: [pid: 77109|app: 0|req: 10/18] 127.0.0.1 () {42 vars in 1058 bytes} [Wed Jul 22 01:51:13 2026] GET /v2/images/24473c99-a605-4f38-8ab8-40745fe15ef5 => generated 976 bytes in 31 msecs (HTTP/1.1 200) 4 headers in 157 bytes (1 switches on core 0)
Jul 22 01:51:13 devstack devstack@g-api.service[77110]: DEBUG glance.api.middleware.version_negotiation [None req-02145c50-e022-4bcd-a858-07a00d50728b tempest-DeleteServersTestJSON-1375126822 tempest-DeleteServersTestJSON-1375126822-project-member] Determining version of request: GET /v2/schemas/image Accept: */* {{(pid=77110) process_request /opt/stack/glance/glance/api/middleware/version_negotiation.py:44}}
Jul 22 01:51:13 devstack devstack@g-api.service[77110]: DEBUG glance.api.middleware.version_negotiation [None req-02145c50-e022-4bcd-a858-07a00d50728b tempest-DeleteServersTestJSON-1375126822 tempest-DeleteServersTestJSON-1375126822-project-member] Using url versioning {{(pid=77110) process_request /opt/stack/glance/glance/api/middleware/version_negotiation.py:57}}
Jul 22 01:51:13 devstack devstack@g-api.service[77110]: DEBUG glance.api.middleware.version_negotiation [None req-02145c50-e022-4bcd-a858-07a00d50728b tempest-DeleteServersTestJSON-1375126822 tempest-DeleteServersTestJSON-1375126822-project-member] Matched version: v2 {{(pid=77110) process_request /opt/stack/glance/glance/api/middleware/version_negotiation.py:69}}
Jul 22 01:51:13 devstack devstack@g-api.service[77110]: DEBUG glance.api.middleware.version_negotiation [None req-02145c50-e022-4bcd-a858-07a00d50728b tempest-DeleteServersTestJSON-1375126822 tempest-DeleteServersTestJSON-1375126822-project-member] new path /v2/schemas/image {{(pid=77110) process_request /opt/stack/glance/glance/api/middleware/version_negotiation.py:70}}
Jul 22 01:51:13 devstack devstack@g-api.service[77110]: [pid: 77110|app: 0|req: 9/19] 127.0.0.1 () {42 vars in 998 bytes} [Wed Jul 22 01:51:13 2026] GET /v2/schemas/image => generated 6083 bytes in 9 msecs (HTTP/1.1 200) 4 headers in 158 bytes (1 switches on core 0)
Jul 22 01:51:23 devstack devstack@g-api.service[77110]: DEBUG dbcounter [-] [77110] Writing DB stats glance:SELECT=5,glance:INSERT=1 {{(pid=77110) stat_writer /opt/stack/data/venv/lib/python3.12/site-packages/dbcounter.py:115}}
Jul 22 01:51:23 devstack devstack@g-api.service[77109]: DEBUG dbcounter [-] [77109] Writing DB stats glance:SELECT=4 {{(pid=77109) stat_writer /opt/stack/data/venv/lib/python3.12/site-packages/dbcounter.py:115}}
Jul 22 01:51:37 devstack devstack@g-api.service[77109]: DEBUG glance.api.middleware.version_negotiation [None req-02145c50-e022-4bcd-a858-07a00d50728b tempest-DeleteServersTestJSON-1375126822 tempest-DeleteServersTestJSON-1375126822-project-member] Determining version of request: GET /v2/images/24473c99-a605-4f38-8ab8-40745fe15ef5 Accept: */* {{(pid=77109) process_request /opt/stack/glance/glance/api/middleware/version_negotiation.py:44}}
Jul 22 01:51:37 devstack devstack@g-api.service[77109]: DEBUG glance.api.middleware.version_negotiation [None req-02145c50-e022-4bcd-a858-07a00d50728b tempest-DeleteServersTestJSON-1375126822 tempest-DeleteServersTestJSON-1375126822-project-member] Using url versioning {{(pid=77109) process_request /opt/stack/glance/glance/api/middleware/version_negotiation.py:57}}
Jul 22 01:51:37 devstack devstack@g-api.service[77109]: DEBUG glance.api.middleware.version_negotiation [None req-02145c50-e022-4bcd-a858-07a00d50728b tempest-DeleteServersTestJSON-1375126822 tempest-DeleteServersTestJSON-1375126822-project-member] Matched version: v2 {{(pid=77109) process_request /opt/stack/glance/glance/api/middleware/version_negotiation.py:69}}
Jul 22 01:51:37 devstack devstack@g-api.service[77109]: DEBUG glance.api.middleware.version_negotiation [None req-02145c50-e022-4bcd-a858-07a00d50728b tempest-DeleteServersTestJSON-1375126822 tempest-DeleteServersTestJSON-1375126822-project-member] new path /v2/images/24473c99-a605-4f38-8ab8-40745fe15ef5 {{(pid=77109) process_request /opt/stack/glance/glance/api/middleware/version_negotiation.py:70}}
Jul 22 01:51:37 devstack devstack@g-api.service[77109]: [pid: 77109|app: 0|req: 11/20] 127.0.0.1 () {42 vars in 1058 bytes} [Wed Jul 22 01:51:37 2026] GET /v2/images/24473c99-a605-4f38-8ab8-40745fe15ef5 => generated 976 bytes in 71 msecs (HTTP/1.1 200) 4 headers in 157 bytes (1 switches on core 0)
Jul 22 01:51:37 devstack devstack@g-api.service[77110]: DEBUG glance.api.middleware.version_negotiation [None req-02145c50-e022-4bcd-a858-07a00d50728b tempest-DeleteServersTestJSON-1375126822 tempest-DeleteServersTestJSON-1375126822-project-member] Determining version of request: GET /v2/schemas/image Accept: */* {{(pid=77110) process_request /opt/stack/glance/glance/api/middleware/version_negotiation.py:44}}
Jul 22 01:51:37 devstack devstack@g-api.service[77110]: DEBUG glance.api.middleware.version_negotiation [None req-02145c50-e022-4bcd-a858-07a00d50728b tempest-DeleteServersTestJSON-1375126822 tempest-DeleteServersTestJSON-1375126822-project-member] Using url versioning {{(pid=77110) process_request /opt/stack/glance/glance/api/middleware/version_negotiation.py:57}}
Jul 22 01:51:37 devstack devstack@g-api.service[77110]: DEBUG glance.api.middleware.version_negotiation [None req-02145c50-e022-4bcd-a858-07a00d50728b tempest-DeleteServersTestJSON-1375126822 tempest-DeleteServersTestJSON-1375126822-project-member] Matched version: v2 {{(pid=77110) process_request /opt/stack/glance/glance/api/middleware/version_negotiation.py:69}}
Jul 22 01:51:37 devstack devstack@g-api.service[77110]: DEBUG glance.api.middleware.version_negotiation [None req-02145c50-e022-4bcd-a858-07a00d50728b tempest-DeleteServersTestJSON-1375126822 tempest-DeleteServersTestJSON-1375126822-project-member] new path /v2/schemas/image {{(pid=77110) process_request /opt/stack/glance/glance/api/middleware/version_negotiation.py:70}}
Jul 22 01:51:37 devstack devstack@g-api.service[77110]: [pid: 77110|app: 0|req: 10/21] 127.0.0.1 () {42 vars in 998 bytes} [Wed Jul 22 01:51:37 2026] GET /v2/schemas/image => generated 6083 bytes in 18 msecs (HTTP/1.1 200) 4 headers in 158 bytes (1 switches on core 0)
Jul 22 01:51:42 devstack devstack@g-api.service[77109]: DEBUG glance.api.middleware.version_negotiation [None req-466fcd6e-7022-4150-92c5-6c662db09b8f tempest-VolumesAdminNegativeTest-975803203 tempest-VolumesAdminNegativeTest-975803203-project-member] Determining version of request: GET / Accept: application/json {{(pid=77109) process_request /opt/stack/glance/glance/api/middleware/version_negotiation.py:44}}
Jul 22 01:51:42 devstack devstack@g-api.service[77109]: DEBUG glance.api.middleware.version_negotiation [None req-466fcd6e-7022-4150-92c5-6c662db09b8f tempest-VolumesAdminNegativeTest-975803203 tempest-VolumesAdminNegativeTest-975803203-project-member] Using url versioning {{(pid=77109) process_request /opt/stack/glance/glance/api/middleware/version_negotiation.py:57}}
Jul 22 01:51:42 devstack devstack@g-api.service[77109]: DEBUG glance.api.middleware.version_negotiation [None req-466fcd6e-7022-4150-92c5-6c662db09b8f tempest-VolumesAdminNegativeTest-975803203 tempest-VolumesAdminNegativeTest-975803203-project-member] Unknown version. Returning version choices. {{(pid=77109) process_request /opt/stack/glance/glance/api/middleware/version_negotiation.py:64}}
Jul 22 01:51:42 devstack devstack@g-api.service[77109]: [pid: 77109|app: 0|req: 12/22] 127.0.0.1 () {34 vars in 502 bytes} [Wed Jul 22 01:51:42 2026] GET / => generated 1557 bytes in 4 msecs (HTTP/1.1 300) 3 headers in 106 bytes (1 switches on core 0)
Jul 22 01:51:42 devstack devstack@g-api.service[77110]: DEBUG glance.api.middleware.version_negotiation [None req-466fcd6e-7022-4150-92c5-6c662db09b8f tempest-VolumesAdminNegativeTest-975803203 tempest-VolumesAdminNegativeTest-975803203-project-member] Determining version of request: GET /v2/images/24473c99-a605-4f38-8ab8-40745fe15ef5 Accept: */* {{(pid=77110) process_request /opt/stack/glance/glance/api/middleware/version_negotiation.py:44}}
Jul 22 01:51:42 devstack devstack@g-api.service[77110]: DEBUG glance.api.middleware.version_negotiation [None req-466fcd6e-7022-4150-92c5-6c662db09b8f tempest-VolumesAdminNegativeTest-975803203 tempest-VolumesAdminNegativeTest-975803203-project-member] Using url versioning {{(pid=77110) process_request /opt/stack/glance/glance/api/middleware/version_negotiation.py:57}}
Jul 22 01:51:42 devstack devstack@g-api.service[77110]: DEBUG glance.api.middleware.version_negotiation [None req-466fcd6e-7022-4150-92c5-6c662db09b8f tempest-VolumesAdminNegativeTest-975803203 tempest-VolumesAdminNegativeTest-975803203-project-member] Matched version: v2 {{(pid=77110) process_request /opt/stack/glance/glance/api/middleware/version_negotiation.py:69}}
Jul 22 01:51:42 devstack devstack@g-api.service[77110]: DEBUG glance.api.middleware.version_negotiation [None req-466fcd6e-7022-4150-92c5-6c662db09b8f tempest-VolumesAdminNegativeTest-975803203 tempest-VolumesAdminNegativeTest-975803203-project-member] new path /v2/images/24473c99-a605-4f38-8ab8-40745fe15ef5 {{(pid=77110) process_request /opt/stack/glance/glance/api/middleware/version_negotiation.py:70}}
Jul 22 01:51:42 devstack devstack@g-api.service[77110]: [pid: 77110|app: 0|req: 11/23] 127.0.0.1 () {42 vars in 1058 bytes} [Wed Jul 22 01:51:42 2026] GET /v2/images/24473c99-a605-4f38-8ab8-40745fe15ef5 => generated 976 bytes in 62 msecs (HTTP/1.1 200) 4 headers in 157 bytes (1 switches on core 0)
Jul 22 01:51:42 devstack devstack@g-api.service[77109]: DEBUG glance.api.middleware.version_negotiation [None req-466fcd6e-7022-4150-92c5-6c662db09b8f tempest-VolumesAdminNegativeTest-975803203 tempest-VolumesAdminNegativeTest-975803203-project-member] Determining version of request: GET /v2/schemas/image Accept: */* {{(pid=77109) process_request /opt/stack/glance/glance/api/middleware/version_negotiation.py:44}}
Jul 22 01:51:42 devstack devstack@g-api.service[77109]: DEBUG glance.api.middleware.version_negotiation [None req-466fcd6e-7022-4150-92c5-6c662db09b8f tempest-VolumesAdminNegativeTest-975803203 tempest-VolumesAdminNegativeTest-975803203-project-member] Using url versioning {{(pid=77109) process_request /opt/stack/glance/glance/api/middleware/version_negotiation.py:57}}
Jul 22 01:51:42 devstack devstack@g-api.service[77109]: DEBUG glance.api.middleware.version_negotiation [None req-466fcd6e-7022-4150-92c5-6c662db09b8f tempest-VolumesAdminNegativeTest-975803203 tempest-VolumesAdminNegativeTest-975803203-project-member] Matched version: v2 {{(pid=77109) process_request /opt/stack/glance/glance/api/middleware/version_negotiation.py:69}}
Jul 22 01:51:42 devstack devstack@g-api.service[77109]: DEBUG glance.api.middleware.version_negotiation [None req-466fcd6e-7022-4150-92c5-6c662db09b8f tempest-VolumesAdminNegativeTest-975803203 tempest-VolumesAdminNegativeTest-975803203-project-member] new path /v2/schemas/image {{(pid=77109) process_request /opt/stack/glance/glance/api/middleware/version_negotiation.py:70}}
Jul 22 01:51:42 devstack devstack@g-api.service[77109]: [pid: 77109|app: 0|req: 13/24] 127.0.0.1 () {42 vars in 998 bytes} [Wed Jul 22 01:51:42 2026] GET /v2/schemas/image => generated 6083 bytes in 13 msecs (HTTP/1.1 200) 4 headers in 158 bytes (1 switches on core 0)
Jul 22 01:51:47 devstack devstack@g-api.service[77109]: DEBUG dbcounter [-] [77109] Writing DB stats glance:SELECT=2 {{(pid=77109) stat_writer /opt/stack/data/venv/lib/python3.12/site-packages/dbcounter.py:115}}
Jul 22 01:51:52 devstack devstack@g-api.service[77110]: DEBUG dbcounter [-] [77110] Writing DB stats glance:SELECT=2 {{(pid=77110) stat_writer /opt/stack/data/venv/lib/python3.12/site-packages/dbcounter.py:115}}
