Jul 03 01:09:07 devstack cinder-volume[86357]: DEBUG cinder.coordination [None req-8ddfb7c0-f8aa-4aee-9dcd-7043e82727c3 tempest-ServerRescueNegativeTestJSON-491646889 None] Acquiring lock "cinder-d0bab6ff-149d-4f3b-8eae-97798b4f0188-delete_volume" by "delete_volume" {{(pid=86357) __acquire /opt/stack/cinder/cinder/coordination.py:138}}
Jul 03 01:09:07 devstack cinder-volume[86357]: DEBUG cinder.coordination [None req-8ddfb7c0-f8aa-4aee-9dcd-7043e82727c3 tempest-ServerRescueNegativeTestJSON-491646889 None] Lock "cinder-d0bab6ff-149d-4f3b-8eae-97798b4f0188-delete_volume" acquired by "delete_volume" :: waited 0.034s {{(pid=86357) __acquire /opt/stack/cinder/cinder/coordination.py:141}}
Jul 03 01:09:07 devstack cinder-volume[86357]: DEBUG cinder.coordination [None req-8ddfb7c0-f8aa-4aee-9dcd-7043e82727c3 tempest-ServerRescueNegativeTestJSON-491646889 None] Acquiring lock "cinder-quobyte-d0bab6ff-149d-4f3b-8eae-97798b4f0188" by "delete_volume" {{(pid=86357) __acquire /opt/stack/cinder/cinder/coordination.py:138}}
Jul 03 01:09:07 devstack cinder-volume[86357]: DEBUG cinder.coordination [None req-8ddfb7c0-f8aa-4aee-9dcd-7043e82727c3 tempest-ServerRescueNegativeTestJSON-491646889 None] Lock "cinder-quobyte-d0bab6ff-149d-4f3b-8eae-97798b4f0188" acquired by "delete_volume" :: waited 0.049s {{(pid=86357) __acquire /opt/stack/cinder/cinder/coordination.py:141}}
Jul 03 01:09:07 devstack cinder-volume[86357]: DEBUG oslo.privsep.daemon [-] privsep: reply[be6b7bd9-c32c-40d0-b334-94fb7bb03685]: (4, 'qcow2') {{(pid=87627) _call_back /opt/stack/data/venv/lib/python3.12/site-packages/oslo_privsep/daemon.py:580}}
Jul 03 01:09:07 devstack cinder-volume[86357]: DEBUG oslo_concurrency.processutils [None req-8ddfb7c0-f8aa-4aee-9dcd-7043e82727c3 tempest-ServerRescueNegativeTestJSON-491646889 None] Running cmd (subprocess): /opt/stack/data/venv/bin/python3.12 -m oslo_concurrency.prlimit --as=1073741824 --cpu=60 -- sudo cinder-rootwrap /etc/cinder/rootwrap.conf env LC_ALL=C qemu-img info -f qcow2 --output=json --force-share /opt/stack/data/cinder/mnt/f9a4b7ad7880f989ec1cd03357d89762/volume-d0bab6ff-149d-4f3b-8eae-97798b4f0188 {{(pid=86357) execute /opt/stack/data/venv/lib/python3.12/site-packages/oslo_concurrency/processutils.py:440}}
Jul 03 01:09:07 devstack sudo[91231]: quobyte : PWD=/ ; USER=root ; COMMAND=/opt/stack/data/venv/bin/cinder-rootwrap /etc/cinder/rootwrap.conf env LC_ALL=C qemu-img info -f qcow2 --output=json --force-share /opt/stack/data/cinder/mnt/f9a4b7ad7880f989ec1cd03357d89762/volume-d0bab6ff-149d-4f3b-8eae-97798b4f0188
Jul 03 01:09:07 devstack sudo[91231]: pam_unix(sudo:session): session opened for user root(uid=0) by (uid=1000)
Jul 03 01:09:07 devstack cinder-volume[86357]: INFO cinder.volume.manager [None req-3a63355c-ed27-4333-8d8f-7967a5f7aaeb tempest-GroupSnapshotsTest-620191198 None] Update group completed successfully.
Jul 03 01:09:08 devstack sudo[91231]: pam_unix(sudo:session): session closed for user root
Jul 03 01:09:08 devstack cinder-volume[86357]: DEBUG oslo_concurrency.processutils [None req-8ddfb7c0-f8aa-4aee-9dcd-7043e82727c3 tempest-ServerRescueNegativeTestJSON-491646889 None] CMD "/opt/stack/data/venv/bin/python3.12 -m oslo_concurrency.prlimit --as=1073741824 --cpu=60 -- sudo cinder-rootwrap /etc/cinder/rootwrap.conf env LC_ALL=C qemu-img info -f qcow2 --output=json --force-share /opt/stack/data/cinder/mnt/f9a4b7ad7880f989ec1cd03357d89762/volume-d0bab6ff-149d-4f3b-8eae-97798b4f0188" returned: 0 in 1.213s {{(pid=86357) execute /opt/stack/data/venv/lib/python3.12/site-packages/oslo_concurrency/processutils.py:468}}
Jul 03 01:09:08 devstack cinder-volume[86357]: DEBUG oslo_concurrency.processutils [None req-8ddfb7c0-f8aa-4aee-9dcd-7043e82727c3 tempest-ServerRescueNegativeTestJSON-491646889 None] Running cmd (subprocess): sudo cinder-rootwrap /etc/cinder/rootwrap.conf rm -f /opt/stack/data/cinder/mnt/f9a4b7ad7880f989ec1cd03357d89762/volume-d0bab6ff-149d-4f3b-8eae-97798b4f0188 {{(pid=86357) execute /opt/stack/data/venv/lib/python3.12/site-packages/oslo_concurrency/processutils.py:440}}
Jul 03 01:09:08 devstack sudo[91236]: quobyte : PWD=/ ; USER=root ; COMMAND=/opt/stack/data/venv/bin/cinder-rootwrap /etc/cinder/rootwrap.conf rm -f /opt/stack/data/cinder/mnt/f9a4b7ad7880f989ec1cd03357d89762/volume-d0bab6ff-149d-4f3b-8eae-97798b4f0188
Jul 03 01:09:08 devstack sudo[91236]: pam_unix(sudo:session): session opened for user root(uid=0) by (uid=1000)
Jul 03 01:09:08 devstack cinder-volume[86357]: INFO cinder.volume.manager [None req-dddb9a24-fd42-4902-bdf6-882f769270cd tempest-GroupSnapshotsTest-620191198 None] Update group completed successfully.
Jul 03 01:09:09 devstack sudo[91236]: pam_unix(sudo:session): session closed for user root
Jul 03 01:09:09 devstack cinder-volume[86357]: DEBUG oslo_concurrency.processutils [None req-8ddfb7c0-f8aa-4aee-9dcd-7043e82727c3 tempest-ServerRescueNegativeTestJSON-491646889 None] CMD "sudo cinder-rootwrap /etc/cinder/rootwrap.conf rm -f /opt/stack/data/cinder/mnt/f9a4b7ad7880f989ec1cd03357d89762/volume-d0bab6ff-149d-4f3b-8eae-97798b4f0188" returned: 0 in 1.186s {{(pid=86357) execute /opt/stack/data/venv/lib/python3.12/site-packages/oslo_concurrency/processutils.py:468}}
Jul 03 01:09:09 devstack cinder-volume[86357]: DEBUG cinder.coordination [None req-8ddfb7c0-f8aa-4aee-9dcd-7043e82727c3 tempest-ServerRescueNegativeTestJSON-491646889 None] Lock "cinder-quobyte-d0bab6ff-149d-4f3b-8eae-97798b4f0188" released by "delete_volume" :: held 2.492s {{(pid=86357) __release /opt/stack/cinder/cinder/coordination.py:152}}
Jul 03 01:09:09 devstack cinder-volume[86357]: DEBUG cinder.quota [None req-8ddfb7c0-f8aa-4aee-9dcd-7043e82727c3 tempest-ServerRescueNegativeTestJSON-491646889 None] Created reservations ['369ed43a-274e-436d-9174-9bcb068839ad', 'ed6dbdc0-9d0e-47a1-8c49-e9ed1d5e466c', '0d8b3375-90af-497c-a657-5a476f348181', '40a38a7b-7123-4ca0-8694-a48cd4290c8d'] {{(pid=86357) reserve /opt/stack/cinder/cinder/quota.py:752}}
Jul 03 01:09:09 devstack cinder-volume[86357]: DEBUG oslo_concurrency.lockutils [None req-8ddfb7c0-f8aa-4aee-9dcd-7043e82727c3 tempest-ServerRescueNegativeTestJSON-491646889 None] Acquiring lock "quobyte_ensure" by "cinder.volume.drivers.quobyte.QuobyteDriver._ensure_shares_mounted" {{(pid=86357) inner /opt/stack/data/venv/lib/python3.12/site-packages/oslo_concurrency/lockutils.py:511}}
Jul 03 01:09:09 devstack cinder-volume[86357]: DEBUG oslo_concurrency.lockutils [None req-8ddfb7c0-f8aa-4aee-9dcd-7043e82727c3 tempest-ServerRescueNegativeTestJSON-491646889 None] Lock "quobyte_ensure" acquired by "cinder.volume.drivers.quobyte.QuobyteDriver._ensure_shares_mounted" :: waited 0.003s {{(pid=86357) inner /opt/stack/data/venv/lib/python3.12/site-packages/oslo_concurrency/lockutils.py:524}}
Jul 03 01:09:09 devstack cinder-volume[86357]: DEBUG cinder.volume.drivers.quobyte [None req-8ddfb7c0-f8aa-4aee-9dcd-7043e82727c3 tempest-ServerRescueNegativeTestJSON-491646889 None] Quobyte Volume URL set to: {'osci02.corp.quobyte.com/cinder-vol-12a596c8-1494-4727-ac42-16831e641e1a': None} {{(pid=86357) _load_shares_config /opt/stack/cinder/cinder/volume/drivers/quobyte.py:617}}
Jul 03 01:09:09 devstack cinder-volume[86357]: DEBUG cinder.volume.drivers.quobyte [None req-8ddfb7c0-f8aa-4aee-9dcd-7043e82727c3 tempest-ServerRescueNegativeTestJSON-491646889 None] Available shares ['osci02.corp.quobyte.com/cinder-vol-12a596c8-1494-4727-ac42-16831e641e1a'] {{(pid=86357) _ensure_shares_mounted /opt/stack/cinder/cinder/volume/drivers/quobyte.py:647}}
Jul 03 01:09:09 devstack cinder-volume[86357]: DEBUG oslo_concurrency.lockutils [None req-8ddfb7c0-f8aa-4aee-9dcd-7043e82727c3 tempest-ServerRescueNegativeTestJSON-491646889 None] Lock "quobyte_ensure" "released" by "cinder.volume.drivers.quobyte.QuobyteDriver._ensure_shares_mounted" :: held 0.030s {{(pid=86357) inner /opt/stack/data/venv/lib/python3.12/site-packages/oslo_concurrency/lockutils.py:543}}
Jul 03 01:09:09 devstack cinder-volume[86357]: DEBUG oslo_concurrency.processutils [None req-8ddfb7c0-f8aa-4aee-9dcd-7043e82727c3 tempest-ServerRescueNegativeTestJSON-491646889 None] Running cmd (subprocess): sudo cinder-rootwrap /etc/cinder/rootwrap.conf df --portability --block-size 1 /opt/stack/data/cinder/mnt/f9a4b7ad7880f989ec1cd03357d89762 {{(pid=86357) execute /opt/stack/data/venv/lib/python3.12/site-packages/oslo_concurrency/processutils.py:440}}
Jul 03 01:09:09 devstack sudo[91239]: quobyte : PWD=/ ; USER=root ; COMMAND=/opt/stack/data/venv/bin/cinder-rootwrap /etc/cinder/rootwrap.conf df --portability --block-size 1 /opt/stack/data/cinder/mnt/f9a4b7ad7880f989ec1cd03357d89762
Jul 03 01:09:09 devstack sudo[91239]: pam_unix(sudo:session): session opened for user root(uid=0) by (uid=1000)
Jul 03 01:09:10 devstack cinder-volume[86357]: INFO cinder.volume.manager [None req-d949d8c4-3c45-4e37-ab23-c238c18bbc98 tempest-GroupSnapshotsTest-620191198 None] Update group completed successfully.
Jul 03 01:09:10 devstack cinder-volume[86357]: INFO cinder.volume.manager [None req-ac843a12-770d-4c90-80fe-b33ece62aea6 tempest-GroupSnapshotsV319Test-855025560 None] Group tempest-GroupSnapshotsV319Test-Group-731338322: creating
Jul 03 01:09:10 devstack cinder-volume[86357]: INFO cinder.volume.manager [None req-ac843a12-770d-4c90-80fe-b33ece62aea6 tempest-GroupSnapshotsV319Test-855025560 None] Group tempest-GroupSnapshotsV319Test-Group-731338322: created successfully
Jul 03 01:09:10 devstack cinder-volume[86357]: INFO cinder.volume.manager [None req-ac843a12-770d-4c90-80fe-b33ece62aea6 tempest-GroupSnapshotsV319Test-855025560 None] Create group completed successfully.
Jul 03 01:09:10 devstack sudo[91239]: pam_unix(sudo:session): session closed for user root
Jul 03 01:09:10 devstack cinder-volume[86357]: DEBUG oslo_concurrency.processutils [None req-8ddfb7c0-f8aa-4aee-9dcd-7043e82727c3 tempest-ServerRescueNegativeTestJSON-491646889 None] CMD "sudo cinder-rootwrap /etc/cinder/rootwrap.conf df --portability --block-size 1 /opt/stack/data/cinder/mnt/f9a4b7ad7880f989ec1cd03357d89762" returned: 0 in 0.954s {{(pid=86357) execute /opt/stack/data/venv/lib/python3.12/site-packages/oslo_concurrency/processutils.py:468}}
Jul 03 01:09:10 devstack cinder-volume[86357]: DEBUG cinder.manager [None req-8ddfb7c0-f8aa-4aee-9dcd-7043e82727c3 tempest-ServerRescueNegativeTestJSON-491646889 None] Notifying Schedulers of capabilities ... {{(pid=86357) _publish_service_capabilities /opt/stack/cinder/cinder/manager.py:219}}
Jul 03 01:09:10 devstack cinder-volume[86357]: INFO cinder.volume.manager [None req-8ddfb7c0-f8aa-4aee-9dcd-7043e82727c3 tempest-ServerRescueNegativeTestJSON-491646889 None] Deleted volume successfully.
Jul 03 01:09:10 devstack cinder-volume[86357]: DEBUG cinder.coordination [None req-8ddfb7c0-f8aa-4aee-9dcd-7043e82727c3 tempest-ServerRescueNegativeTestJSON-491646889 None] Lock "cinder-d0bab6ff-149d-4f3b-8eae-97798b4f0188-delete_volume" released by "delete_volume" :: held 3.867s {{(pid=86357) __release /opt/stack/cinder/cinder/coordination.py:152}}
Jul 03 01:09:12 devstack cinder-volume[86357]: INFO cinder.volume.manager [None req-203f6d5c-dcd6-4fee-9120-0ed4e3fc8bea tempest-GroupSnapshotsTest-620191198 None] GroupSnapshot 989173d6-fae6-4424-9986-750ae1f7039f: creating.
Jul 03 01:09:12 devstack cinder-volume[86357]: DEBUG cinder.volume.manager [None req-203f6d5c-dcd6-4fee-9120-0ed4e3fc8bea tempest-GroupSnapshotsTest-620191198 None] Group snapshot 989173d6-fae6-4424-9986-750ae1f7039f: creating. {{(pid=86357) create_group_snapshot /opt/stack/cinder/cinder/volume/manager.py:4175}}
Jul 03 01:09:12 devstack cinder-volume[86357]: DEBUG oslo_concurrency.lockutils [None req-203f6d5c-dcd6-4fee-9120-0ed4e3fc8bea tempest-GroupSnapshotsTest-620191198 None] Acquiring lock "quobyte" by "cinder.volume.drivers.quobyte.QuobyteDriver.create_snapshot" {{(pid=86357) inner /opt/stack/data/venv/lib/python3.12/site-packages/oslo_concurrency/lockutils.py:511}}
Jul 03 01:09:12 devstack cinder-volume[86357]: DEBUG oslo_concurrency.lockutils [None req-203f6d5c-dcd6-4fee-9120-0ed4e3fc8bea tempest-GroupSnapshotsTest-620191198 None] Lock "quobyte" acquired by "cinder.volume.drivers.quobyte.QuobyteDriver.create_snapshot" :: waited 0.001s {{(pid=86357) inner /opt/stack/data/venv/lib/python3.12/site-packages/oslo_concurrency/lockutils.py:524}}
Jul 03 01:09:12 devstack cinder-volume[86357]: DEBUG cinder.volume.drivers.remotefs [None req-203f6d5c-dcd6-4fee-9120-0ed4e3fc8bea tempest-GroupSnapshotsTest-620191198 None] Creating offline snapshot b273e5cc-31c1-405d-b082-d625f0ccd25e of volume 4972ca44-727c-4342-a3a4-8d0376191889 {{(pid=86357) _create_snapshot /opt/stack/cinder/cinder/volume/drivers/remotefs.py:1816}}
Jul 03 01:09:12 devstack cinder-volume[86357]: DEBUG oslo.privsep.daemon [-] privsep: reply[b36ac98d-48ae-43c9-9c4e-3484ab3a17f0]: (4, 'qcow2') {{(pid=87627) _call_back /opt/stack/data/venv/lib/python3.12/site-packages/oslo_privsep/daemon.py:580}}
Jul 03 01:09:12 devstack cinder-volume[86357]: DEBUG oslo_concurrency.processutils [None req-203f6d5c-dcd6-4fee-9120-0ed4e3fc8bea tempest-GroupSnapshotsTest-620191198 None] Running cmd (subprocess): /opt/stack/data/venv/bin/python3.12 -m oslo_concurrency.prlimit --as=1073741824 --cpu=60 -- sudo cinder-rootwrap /etc/cinder/rootwrap.conf env LC_ALL=C qemu-img info -f qcow2 --output=json --force-share /opt/stack/data/cinder/mnt/f9a4b7ad7880f989ec1cd03357d89762/volume-4972ca44-727c-4342-a3a4-8d0376191889 {{(pid=86357) execute /opt/stack/data/venv/lib/python3.12/site-packages/oslo_concurrency/processutils.py:440}}
Jul 03 01:09:12 devstack sudo[91276]: quobyte : PWD=/ ; USER=root ; COMMAND=/opt/stack/data/venv/bin/cinder-rootwrap /etc/cinder/rootwrap.conf env LC_ALL=C qemu-img info -f qcow2 --output=json --force-share /opt/stack/data/cinder/mnt/f9a4b7ad7880f989ec1cd03357d89762/volume-4972ca44-727c-4342-a3a4-8d0376191889
Jul 03 01:09:12 devstack sudo[91276]: pam_unix(sudo:session): session opened for user root(uid=0) by (uid=1000)
Jul 03 01:09:13 devstack cinder-volume[86357]: DEBUG cinder.volume.flows.manager.create_volume [None req-28df701b-40de-4f96-95bb-6afda41abc70 tempest-GroupSnapshotsV319Test-855025560 None] Volume reschedule parameters: True retry: {'num_attempts': 1, 'backends': ['devstack@QuobyteHD#QuobyteHD'], 'hosts': ['devstack@QuobyteHD#QuobyteHD']} {{(pid=86357) get_flow /opt/stack/cinder/cinder/volume/flows/manager/create_volume.py:1397}}
Jul 03 01:09:13 devstack cinder-volume[86357]: DEBUG cinder.volume.manager [None req-28df701b-40de-4f96-95bb-6afda41abc70 tempest-GroupSnapshotsV319Test-855025560 None] Flow 'volume_create_manager' (08600e34-fce9-4cbc-a424-cbb47969bd26) transitioned into state 'RUNNING' from state 'PENDING' {{(pid=86357) _flow_receiver /opt/stack/data/venv/lib/python3.12/site-packages/taskflow/listeners/logging.py:160}}
Jul 03 01:09:13 devstack cinder-volume[86357]: DEBUG cinder.volume.manager [None req-28df701b-40de-4f96-95bb-6afda41abc70 tempest-GroupSnapshotsV319Test-855025560 None] Task 'cinder.volume.flows.manager.create_volume.ExtractVolumeRefTask;volume:create' (25bb9f67-ea71-4b6e-b687-555b4c49f357) transitioned into state 'RUNNING' from state 'PENDING' {{(pid=86357) _task_receiver /opt/stack/data/venv/lib/python3.12/site-packages/taskflow/listeners/logging.py:242}}
Jul 03 01:09:13 devstack cinder-volume[86357]: DEBUG cinder.volume.manager [None req-28df701b-40de-4f96-95bb-6afda41abc70 tempest-GroupSnapshotsV319Test-855025560 None] Task 'cinder.volume.flows.manager.create_volume.ExtractVolumeRefTask;volume:create' (25bb9f67-ea71-4b6e-b687-555b4c49f357) transitioned into state 'SUCCESS' from state 'RUNNING' with result 'Volume(_name_id=None,admin_metadata=,attach_status='detached',availability_zone='nova',bootable=False,cluster=,cluster_name=None,consistencygroup=,consistencygroup_id=None,created_at=2026-07-02T23:09:12Z,deleted=False,deleted_at=None,display_description=None,display_name='tempest-volume-560358147',ec2_id=None,encryption_key_id=None,glance_metadata=,group=,group_id=25db360b-d0e7-451a-8a13-0abdd319725f,host='devstack@QuobyteHD#QuobyteHD',id=0e9abea0-fa9a-4682-8f78-c7d6725bd626,launched_at=None,metadata={},migration_status=None,multiattach=False,previous_status=None,project_id='15338460fd854015b8b7d5862e767003',provider_auth=None,provider_geometry=None,provider_id=None,provider_location=None,replication_driver_data=None,replication_extended_status=None,replication_status=None,scheduled_at=2026-07-02T23:09:13Z,service_uuid=None,shared_targets=True,size=1,snapshot_id=None,snapshots=,source_volid=None,status='creating',terminated_at=None,updated_at=2026-07-02T23:09:13Z,use_quota=True,user_id='233dc8e6682d42048940e0016be4404c',volume_attachment=VolumeAttachmentList,volume_type=VolumeType(a1265921-a515-4d10-8171-8ff92215b68c),volume_type_id=a1265921-a515-4d10-8171-8ff92215b68c)' {{(pid=86357) _task_receiver /opt/stack/data/venv/lib/python3.12/site-packages/taskflow/listeners/logging.py:218}}
Jul 03 01:09:13 devstack cinder-volume[86357]: DEBUG cinder.volume.manager [None req-28df701b-40de-4f96-95bb-6afda41abc70 tempest-GroupSnapshotsV319Test-855025560 None] Task 'cinder.volume.flows.manager.create_volume.OnFailureRescheduleTask;volume:create' (cd9b5209-b4ad-4a73-95e1-7c551f21e54d) transitioned into state 'RUNNING' from state 'PENDING' {{(pid=86357) _task_receiver /opt/stack/data/venv/lib/python3.12/site-packages/taskflow/listeners/logging.py:242}}
Jul 03 01:09:13 devstack cinder-volume[86357]: DEBUG cinder.volume.manager [None req-28df701b-40de-4f96-95bb-6afda41abc70 tempest-GroupSnapshotsV319Test-855025560 None] Task 'cinder.volume.flows.manager.create_volume.OnFailureRescheduleTask;volume:create' (cd9b5209-b4ad-4a73-95e1-7c551f21e54d) transitioned into state 'SUCCESS' from state 'RUNNING' with result 'None' {{(pid=86357) _task_receiver /opt/stack/data/venv/lib/python3.12/site-packages/taskflow/listeners/logging.py:218}}
Jul 03 01:09:13 devstack cinder-volume[86357]: DEBUG cinder.volume.manager [None req-28df701b-40de-4f96-95bb-6afda41abc70 tempest-GroupSnapshotsV319Test-855025560 None] Task 'cinder.volume.flows.manager.create_volume.ExtractVolumeSpecTask;volume:create' (57c4c2fd-a7f5-4394-bd10-fb07885bba46) transitioned into state 'RUNNING' from state 'PENDING' {{(pid=86357) _task_receiver /opt/stack/data/venv/lib/python3.12/site-packages/taskflow/listeners/logging.py:242}}
Jul 03 01:09:13 devstack cinder-volume[86357]: DEBUG cinder.volume.manager [None req-28df701b-40de-4f96-95bb-6afda41abc70 tempest-GroupSnapshotsV319Test-855025560 None] Task 'cinder.volume.flows.manager.create_volume.ExtractVolumeSpecTask;volume:create' (57c4c2fd-a7f5-4394-bd10-fb07885bba46) transitioned into state 'SUCCESS' from state 'RUNNING' with result '{'status': 'creating', 'type': 'raw', 'volume_id': '0e9abea0-fa9a-4682-8f78-c7d6725bd626', 'volume_name': 'volume-0e9abea0-fa9a-4682-8f78-c7d6725bd626', 'volume_size': 1}' {{(pid=86357) _task_receiver /opt/stack/data/venv/lib/python3.12/site-packages/taskflow/listeners/logging.py:218}}
Jul 03 01:09:13 devstack cinder-volume[86357]: DEBUG cinder.volume.manager [None req-28df701b-40de-4f96-95bb-6afda41abc70 tempest-GroupSnapshotsV319Test-855025560 None] Task 'cinder.volume.flows.manager.create_volume.NotifyVolumeActionTask;volume:create, create.start' (823249e7-cf20-4ce9-83ca-c63746e4a26a) transitioned into state 'RUNNING' from state 'PENDING' {{(pid=86357) _task_receiver /opt/stack/data/venv/lib/python3.12/site-packages/taskflow/listeners/logging.py:242}}
Jul 03 01:09:13 devstack cinder-volume[86357]: DEBUG cinder.volume.manager [None req-28df701b-40de-4f96-95bb-6afda41abc70 tempest-GroupSnapshotsV319Test-855025560 None] Task 'cinder.volume.flows.manager.create_volume.NotifyVolumeActionTask;volume:create, create.start' (823249e7-cf20-4ce9-83ca-c63746e4a26a) transitioned into state 'SUCCESS' from state 'RUNNING' with result 'None' {{(pid=86357) _task_receiver /opt/stack/data/venv/lib/python3.12/site-packages/taskflow/listeners/logging.py:218}}
Jul 03 01:09:13 devstack cinder-volume[86357]: DEBUG cinder.volume.manager [None req-28df701b-40de-4f96-95bb-6afda41abc70 tempest-GroupSnapshotsV319Test-855025560 None] Task 'cinder.volume.flows.manager.create_volume.CreateVolumeFromSpecTask;volume:create' (71ee1a74-ff0b-4d2e-a4f1-25c792054413) transitioned into state 'RUNNING' from state 'PENDING' {{(pid=86357) _task_receiver /opt/stack/data/venv/lib/python3.12/site-packages/taskflow/listeners/logging.py:242}}
Jul 03 01:09:13 devstack cinder-volume[86357]: INFO cinder.volume.flows.manager.create_volume [None req-28df701b-40de-4f96-95bb-6afda41abc70 tempest-GroupSnapshotsV319Test-855025560 None] Volume 0e9abea0-fa9a-4682-8f78-c7d6725bd626: being created as raw with specification: {'status': 'creating', 'volume_name': 'volume-0e9abea0-fa9a-4682-8f78-c7d6725bd626', 'volume_size': 1}
Jul 03 01:09:13 devstack cinder-volume[86357]: DEBUG oslo_concurrency.lockutils [None req-28df701b-40de-4f96-95bb-6afda41abc70 tempest-GroupSnapshotsV319Test-855025560 None] Acquiring lock "quobyte" by "cinder.volume.drivers.quobyte.QuobyteDriver.create_volume" {{(pid=86357) inner /opt/stack/data/venv/lib/python3.12/site-packages/oslo_concurrency/lockutils.py:511}}
Jul 03 01:09:14 devstack sudo[91276]: pam_unix(sudo:session): session closed for user root
Jul 03 01:09:14 devstack cinder-volume[86357]: DEBUG oslo_concurrency.processutils [None req-203f6d5c-dcd6-4fee-9120-0ed4e3fc8bea tempest-GroupSnapshotsTest-620191198 None] CMD "/opt/stack/data/venv/bin/python3.12 -m oslo_concurrency.prlimit --as=1073741824 --cpu=60 -- sudo cinder-rootwrap /etc/cinder/rootwrap.conf env LC_ALL=C qemu-img info -f qcow2 --output=json --force-share /opt/stack/data/cinder/mnt/f9a4b7ad7880f989ec1cd03357d89762/volume-4972ca44-727c-4342-a3a4-8d0376191889" returned: 0 in 1.715s {{(pid=86357) execute /opt/stack/data/venv/lib/python3.12/site-packages/oslo_concurrency/processutils.py:468}}
Jul 03 01:09:14 devstack cinder-volume[86357]: DEBUG oslo_concurrency.processutils [None req-203f6d5c-dcd6-4fee-9120-0ed4e3fc8bea tempest-GroupSnapshotsTest-620191198 None] Running cmd (subprocess): sudo cinder-rootwrap /etc/cinder/rootwrap.conf qemu-img create -f qcow2 -o backing_file=/opt/stack/data/cinder/mnt/f9a4b7ad7880f989ec1cd03357d89762/volume-4972ca44-727c-4342-a3a4-8d0376191889,backing_fmt=qcow2 /opt/stack/data/cinder/mnt/f9a4b7ad7880f989ec1cd03357d89762/volume-4972ca44-727c-4342-a3a4-8d0376191889.b273e5cc-31c1-405d-b082-d625f0ccd25e 1G {{(pid=86357) execute /opt/stack/data/venv/lib/python3.12/site-packages/oslo_concurrency/processutils.py:440}}
Jul 03 01:09:14 devstack sudo[91290]: quobyte : PWD=/ ; USER=root ; COMMAND=/opt/stack/data/venv/bin/cinder-rootwrap /etc/cinder/rootwrap.conf qemu-img create -f qcow2 -o backing_file=/opt/stack/data/cinder/mnt/f9a4b7ad7880f989ec1cd03357d89762/volume-4972ca44-727c-4342-a3a4-8d0376191889,backing_fmt=qcow2 /opt/stack/data/cinder/mnt/f9a4b7ad7880f989ec1cd03357d89762/volume-4972ca44-727c-4342-a3a4-8d0376191889.b273e5cc-31c1-405d-b082-d625f0ccd25e 1G
Jul 03 01:09:14 devstack sudo[91290]: pam_unix(sudo:session): session opened for user root(uid=0) by (uid=1000)
Jul 03 01:09:15 devstack sudo[91290]: pam_unix(sudo:session): session closed for user root
Jul 03 01:09:15 devstack cinder-volume[86357]: DEBUG oslo_concurrency.processutils [None req-203f6d5c-dcd6-4fee-9120-0ed4e3fc8bea tempest-GroupSnapshotsTest-620191198 None] CMD "sudo cinder-rootwrap /etc/cinder/rootwrap.conf qemu-img create -f qcow2 -o backing_file=/opt/stack/data/cinder/mnt/f9a4b7ad7880f989ec1cd03357d89762/volume-4972ca44-727c-4342-a3a4-8d0376191889,backing_fmt=qcow2 /opt/stack/data/cinder/mnt/f9a4b7ad7880f989ec1cd03357d89762/volume-4972ca44-727c-4342-a3a4-8d0376191889.b273e5cc-31c1-405d-b082-d625f0ccd25e 1G" returned: 0 in 1.033s {{(pid=86357) execute /opt/stack/data/venv/lib/python3.12/site-packages/oslo_concurrency/processutils.py:468}}
Jul 03 01:09:15 devstack cinder-volume[86357]: DEBUG oslo_concurrency.processutils [None req-203f6d5c-dcd6-4fee-9120-0ed4e3fc8bea tempest-GroupSnapshotsTest-620191198 None] Running cmd (subprocess): sudo cinder-rootwrap /etc/cinder/rootwrap.conf qemu-img rebase -u -b volume-4972ca44-727c-4342-a3a4-8d0376191889 -F qcow2 /opt/stack/data/cinder/mnt/f9a4b7ad7880f989ec1cd03357d89762/volume-4972ca44-727c-4342-a3a4-8d0376191889.b273e5cc-31c1-405d-b082-d625f0ccd25e {{(pid=86357) execute /opt/stack/data/venv/lib/python3.12/site-packages/oslo_concurrency/processutils.py:440}}
Jul 03 01:09:15 devstack sudo[91298]: quobyte : PWD=/ ; USER=root ; COMMAND=/opt/stack/data/venv/bin/cinder-rootwrap /etc/cinder/rootwrap.conf qemu-img rebase -u -b volume-4972ca44-727c-4342-a3a4-8d0376191889 -F qcow2 /opt/stack/data/cinder/mnt/f9a4b7ad7880f989ec1cd03357d89762/volume-4972ca44-727c-4342-a3a4-8d0376191889.b273e5cc-31c1-405d-b082-d625f0ccd25e
Jul 03 01:09:15 devstack sudo[91298]: pam_unix(sudo:session): session opened for user root(uid=0) by (uid=1000)
Jul 03 01:09:16 devstack sudo[91298]: pam_unix(sudo:session): session closed for user root
Jul 03 01:09:16 devstack cinder-volume[86357]: DEBUG oslo_concurrency.processutils [None req-203f6d5c-dcd6-4fee-9120-0ed4e3fc8bea tempest-GroupSnapshotsTest-620191198 None] CMD "sudo cinder-rootwrap /etc/cinder/rootwrap.conf qemu-img rebase -u -b volume-4972ca44-727c-4342-a3a4-8d0376191889 -F qcow2 /opt/stack/data/cinder/mnt/f9a4b7ad7880f989ec1cd03357d89762/volume-4972ca44-727c-4342-a3a4-8d0376191889.b273e5cc-31c1-405d-b082-d625f0ccd25e" returned: 0 in 0.881s {{(pid=86357) execute /opt/stack/data/venv/lib/python3.12/site-packages/oslo_concurrency/processutils.py:468}}
Jul 03 01:09:16 devstack cinder-volume[86357]: WARNING cinder.volume.drivers.remotefs [None req-203f6d5c-dcd6-4fee-9120-0ed4e3fc8bea tempest-GroupSnapshotsTest-620191198 None] /opt/stack/data/cinder/mnt/f9a4b7ad7880f989ec1cd03357d89762/volume-4972ca44-727c-4342-a3a4-8d0376191889.b273e5cc-31c1-405d-b082-d625f0ccd25e is being set with open permissions: ugo+rw: NotImplementedError
Jul 03 01:09:16 devstack cinder-volume[86357]: DEBUG oslo_concurrency.processutils [None req-203f6d5c-dcd6-4fee-9120-0ed4e3fc8bea tempest-GroupSnapshotsTest-620191198 None] Running cmd (subprocess): sudo cinder-rootwrap /etc/cinder/rootwrap.conf chmod ugo+rw /opt/stack/data/cinder/mnt/f9a4b7ad7880f989ec1cd03357d89762/volume-4972ca44-727c-4342-a3a4-8d0376191889.b273e5cc-31c1-405d-b082-d625f0ccd25e {{(pid=86357) execute /opt/stack/data/venv/lib/python3.12/site-packages/oslo_concurrency/processutils.py:440}}
Jul 03 01:09:16 devstack sudo[91303]: quobyte : PWD=/ ; USER=root ; COMMAND=/opt/stack/data/venv/bin/cinder-rootwrap /etc/cinder/rootwrap.conf chmod ugo+rw /opt/stack/data/cinder/mnt/f9a4b7ad7880f989ec1cd03357d89762/volume-4972ca44-727c-4342-a3a4-8d0376191889.b273e5cc-31c1-405d-b082-d625f0ccd25e
Jul 03 01:09:16 devstack sudo[91303]: pam_unix(sudo:session): session opened for user root(uid=0) by (uid=1000)
Jul 03 01:09:16 devstack sudo[91303]: pam_unix(sudo:session): session closed for user root
Jul 03 01:09:16 devstack cinder-volume[86357]: DEBUG oslo_concurrency.processutils [None req-203f6d5c-dcd6-4fee-9120-0ed4e3fc8bea tempest-GroupSnapshotsTest-620191198 None] CMD "sudo cinder-rootwrap /etc/cinder/rootwrap.conf chmod ugo+rw /opt/stack/data/cinder/mnt/f9a4b7ad7880f989ec1cd03357d89762/volume-4972ca44-727c-4342-a3a4-8d0376191889.b273e5cc-31c1-405d-b082-d625f0ccd25e" returned: 0 in 0.685s {{(pid=86357) execute /opt/stack/data/venv/lib/python3.12/site-packages/oslo_concurrency/processutils.py:468}}
Jul 03 01:09:16 devstack cinder-volume[86357]: DEBUG oslo_concurrency.processutils [None req-203f6d5c-dcd6-4fee-9120-0ed4e3fc8bea tempest-GroupSnapshotsTest-620191198 None] Running cmd (subprocess): sudo cinder-rootwrap /etc/cinder/rootwrap.conf truncate -s0 /opt/stack/data/cinder/mnt/f9a4b7ad7880f989ec1cd03357d89762/volume-4972ca44-727c-4342-a3a4-8d0376191889.info {{(pid=86357) execute /opt/stack/data/venv/lib/python3.12/site-packages/oslo_concurrency/processutils.py:440}}
Jul 03 01:09:16 devstack sudo[91306]: quobyte : PWD=/ ; USER=root ; COMMAND=/opt/stack/data/venv/bin/cinder-rootwrap /etc/cinder/rootwrap.conf truncate -s0 /opt/stack/data/cinder/mnt/f9a4b7ad7880f989ec1cd03357d89762/volume-4972ca44-727c-4342-a3a4-8d0376191889.info
Jul 03 01:09:16 devstack sudo[91306]: pam_unix(sudo:session): session opened for user root(uid=0) by (uid=1000)
Jul 03 01:09:17 devstack sudo[91306]: pam_unix(sudo:session): session closed for user root
Jul 03 01:09:17 devstack cinder-volume[86357]: DEBUG oslo_concurrency.processutils [None req-203f6d5c-dcd6-4fee-9120-0ed4e3fc8bea tempest-GroupSnapshotsTest-620191198 None] CMD "sudo cinder-rootwrap /etc/cinder/rootwrap.conf truncate -s0 /opt/stack/data/cinder/mnt/f9a4b7ad7880f989ec1cd03357d89762/volume-4972ca44-727c-4342-a3a4-8d0376191889.info" returned: 0 in 0.789s {{(pid=86357) execute /opt/stack/data/venv/lib/python3.12/site-packages/oslo_concurrency/processutils.py:468}}
Jul 03 01:09:17 devstack cinder-volume[86357]: WARNING cinder.volume.drivers.remotefs [None req-203f6d5c-dcd6-4fee-9120-0ed4e3fc8bea tempest-GroupSnapshotsTest-620191198 None] /opt/stack/data/cinder/mnt/f9a4b7ad7880f989ec1cd03357d89762/volume-4972ca44-727c-4342-a3a4-8d0376191889.info is being set with open permissions: ugo+rw: NotImplementedError
Jul 03 01:09:17 devstack cinder-volume[86357]: DEBUG oslo_concurrency.processutils [None req-203f6d5c-dcd6-4fee-9120-0ed4e3fc8bea tempest-GroupSnapshotsTest-620191198 None] Running cmd (subprocess): sudo cinder-rootwrap /etc/cinder/rootwrap.conf chmod ugo+rw /opt/stack/data/cinder/mnt/f9a4b7ad7880f989ec1cd03357d89762/volume-4972ca44-727c-4342-a3a4-8d0376191889.info {{(pid=86357) execute /opt/stack/data/venv/lib/python3.12/site-packages/oslo_concurrency/processutils.py:440}}
Jul 03 01:09:17 devstack sudo[91310]: quobyte : PWD=/ ; USER=root ; COMMAND=/opt/stack/data/venv/bin/cinder-rootwrap /etc/cinder/rootwrap.conf chmod ugo+rw /opt/stack/data/cinder/mnt/f9a4b7ad7880f989ec1cd03357d89762/volume-4972ca44-727c-4342-a3a4-8d0376191889.info
Jul 03 01:09:17 devstack sudo[91310]: pam_unix(sudo:session): session opened for user root(uid=0) by (uid=1000)
Jul 03 01:09:18 devstack sudo[91310]: pam_unix(sudo:session): session closed for user root
Jul 03 01:09:18 devstack cinder-volume[86357]: DEBUG oslo_concurrency.processutils [None req-203f6d5c-dcd6-4fee-9120-0ed4e3fc8bea tempest-GroupSnapshotsTest-620191198 None] CMD "sudo cinder-rootwrap /etc/cinder/rootwrap.conf chmod ugo+rw /opt/stack/data/cinder/mnt/f9a4b7ad7880f989ec1cd03357d89762/volume-4972ca44-727c-4342-a3a4-8d0376191889.info" returned: 0 in 0.704s {{(pid=86357) execute /opt/stack/data/venv/lib/python3.12/site-packages/oslo_concurrency/processutils.py:468}}
Jul 03 01:09:18 devstack cinder-volume[86357]: DEBUG oslo_concurrency.lockutils [None req-203f6d5c-dcd6-4fee-9120-0ed4e3fc8bea tempest-GroupSnapshotsTest-620191198 None] Lock "quobyte" "released" by "cinder.volume.drivers.quobyte.QuobyteDriver.create_snapshot" :: held 6.032s {{(pid=86357) inner /opt/stack/data/venv/lib/python3.12/site-packages/oslo_concurrency/lockutils.py:543}}
Jul 03 01:09:18 devstack cinder-volume[86357]: DEBUG oslo_concurrency.lockutils [None req-203f6d5c-dcd6-4fee-9120-0ed4e3fc8bea tempest-GroupSnapshotsTest-620191198 None] Acquiring lock "quobyte" by "cinder.volume.drivers.quobyte.QuobyteDriver.create_snapshot" {{(pid=86357) inner /opt/stack/data/venv/lib/python3.12/site-packages/oslo_concurrency/lockutils.py:511}}
Jul 03 01:09:18 devstack cinder-volume[86357]: DEBUG oslo_concurrency.lockutils [None req-203f6d5c-dcd6-4fee-9120-0ed4e3fc8bea tempest-GroupSnapshotsTest-620191198 None] Lock "quobyte" acquired by "cinder.volume.drivers.quobyte.QuobyteDriver.create_snapshot" :: waited 0.000s {{(pid=86357) inner /opt/stack/data/venv/lib/python3.12/site-packages/oslo_concurrency/lockutils.py:524}}
Jul 03 01:09:18 devstack cinder-volume[86357]: DEBUG cinder.volume.drivers.remotefs [None req-203f6d5c-dcd6-4fee-9120-0ed4e3fc8bea tempest-GroupSnapshotsTest-620191198 None] Creating offline snapshot cf1f7546-1f76-4b3a-aa9b-cb59bd5f6d67 of volume b0bab56a-0d71-401c-af65-3aabd806caf9 {{(pid=86357) _create_snapshot /opt/stack/cinder/cinder/volume/drivers/remotefs.py:1816}}
Jul 03 01:09:18 devstack cinder-volume[86357]: DEBUG oslo.privsep.daemon [-] privsep: reply[df4ddbb4-a66c-40c2-aefe-4e67cf8f213b]: (4, 'qcow2') {{(pid=87627) _call_back /opt/stack/data/venv/lib/python3.12/site-packages/oslo_privsep/daemon.py:580}}
Jul 03 01:09:18 devstack cinder-volume[86357]: DEBUG oslo_concurrency.processutils [None req-203f6d5c-dcd6-4fee-9120-0ed4e3fc8bea tempest-GroupSnapshotsTest-620191198 None] Running cmd (subprocess): /opt/stack/data/venv/bin/python3.12 -m oslo_concurrency.prlimit --as=1073741824 --cpu=60 -- sudo cinder-rootwrap /etc/cinder/rootwrap.conf env LC_ALL=C qemu-img info -f qcow2 --output=json --force-share /opt/stack/data/cinder/mnt/f9a4b7ad7880f989ec1cd03357d89762/volume-b0bab56a-0d71-401c-af65-3aabd806caf9 {{(pid=86357) execute /opt/stack/data/venv/lib/python3.12/site-packages/oslo_concurrency/processutils.py:440}}
Jul 03 01:09:18 devstack sudo[91314]: quobyte : PWD=/ ; USER=root ; COMMAND=/opt/stack/data/venv/bin/cinder-rootwrap /etc/cinder/rootwrap.conf env LC_ALL=C qemu-img info -f qcow2 --output=json --force-share /opt/stack/data/cinder/mnt/f9a4b7ad7880f989ec1cd03357d89762/volume-b0bab56a-0d71-401c-af65-3aabd806caf9
Jul 03 01:09:18 devstack sudo[91314]: pam_unix(sudo:session): session opened for user root(uid=0) by (uid=1000)
Jul 03 01:09:19 devstack sudo[91314]: pam_unix(sudo:session): session closed for user root
Jul 03 01:09:19 devstack cinder-volume[86357]: DEBUG oslo_concurrency.processutils [None req-203f6d5c-dcd6-4fee-9120-0ed4e3fc8bea tempest-GroupSnapshotsTest-620191198 None] CMD "/opt/stack/data/venv/bin/python3.12 -m oslo_concurrency.prlimit --as=1073741824 --cpu=60 -- sudo cinder-rootwrap /etc/cinder/rootwrap.conf env LC_ALL=C qemu-img info -f qcow2 --output=json --force-share /opt/stack/data/cinder/mnt/f9a4b7ad7880f989ec1cd03357d89762/volume-b0bab56a-0d71-401c-af65-3aabd806caf9" returned: 0 in 0.759s {{(pid=86357) execute /opt/stack/data/venv/lib/python3.12/site-packages/oslo_concurrency/processutils.py:468}}
Jul 03 01:09:19 devstack cinder-volume[86357]: DEBUG oslo_concurrency.processutils [None req-203f6d5c-dcd6-4fee-9120-0ed4e3fc8bea tempest-GroupSnapshotsTest-620191198 None] Running cmd (subprocess): sudo cinder-rootwrap /etc/cinder/rootwrap.conf qemu-img create -f qcow2 -o backing_file=/opt/stack/data/cinder/mnt/f9a4b7ad7880f989ec1cd03357d89762/volume-b0bab56a-0d71-401c-af65-3aabd806caf9,backing_fmt=qcow2 /opt/stack/data/cinder/mnt/f9a4b7ad7880f989ec1cd03357d89762/volume-b0bab56a-0d71-401c-af65-3aabd806caf9.cf1f7546-1f76-4b3a-aa9b-cb59bd5f6d67 1G {{(pid=86357) execute /opt/stack/data/venv/lib/python3.12/site-packages/oslo_concurrency/processutils.py:440}}
Jul 03 01:09:19 devstack sudo[91319]: quobyte : PWD=/ ; USER=root ; COMMAND=/opt/stack/data/venv/bin/cinder-rootwrap /etc/cinder/rootwrap.conf qemu-img create -f qcow2 -o backing_file=/opt/stack/data/cinder/mnt/f9a4b7ad7880f989ec1cd03357d89762/volume-b0bab56a-0d71-401c-af65-3aabd806caf9,backing_fmt=qcow2 /opt/stack/data/cinder/mnt/f9a4b7ad7880f989ec1cd03357d89762/volume-b0bab56a-0d71-401c-af65-3aabd806caf9.cf1f7546-1f76-4b3a-aa9b-cb59bd5f6d67 1G
Jul 03 01:09:19 devstack sudo[91319]: pam_unix(sudo:session): session opened for user root(uid=0) by (uid=1000)
Jul 03 01:09:20 devstack sudo[91319]: pam_unix(sudo:session): session closed for user root
Jul 03 01:09:20 devstack cinder-volume[86357]: DEBUG oslo_concurrency.processutils [None req-203f6d5c-dcd6-4fee-9120-0ed4e3fc8bea tempest-GroupSnapshotsTest-620191198 None] CMD "sudo cinder-rootwrap /etc/cinder/rootwrap.conf qemu-img create -f qcow2 -o backing_file=/opt/stack/data/cinder/mnt/f9a4b7ad7880f989ec1cd03357d89762/volume-b0bab56a-0d71-401c-af65-3aabd806caf9,backing_fmt=qcow2 /opt/stack/data/cinder/mnt/f9a4b7ad7880f989ec1cd03357d89762/volume-b0bab56a-0d71-401c-af65-3aabd806caf9.cf1f7546-1f76-4b3a-aa9b-cb59bd5f6d67 1G" returned: 0 in 1.193s {{(pid=86357) execute /opt/stack/data/venv/lib/python3.12/site-packages/oslo_concurrency/processutils.py:468}}
Jul 03 01:09:20 devstack cinder-volume[86357]: DEBUG oslo_concurrency.processutils [None req-203f6d5c-dcd6-4fee-9120-0ed4e3fc8bea tempest-GroupSnapshotsTest-620191198 None] Running cmd (subprocess): sudo cinder-rootwrap /etc/cinder/rootwrap.conf qemu-img rebase -u -b volume-b0bab56a-0d71-401c-af65-3aabd806caf9 -F qcow2 /opt/stack/data/cinder/mnt/f9a4b7ad7880f989ec1cd03357d89762/volume-b0bab56a-0d71-401c-af65-3aabd806caf9.cf1f7546-1f76-4b3a-aa9b-cb59bd5f6d67 {{(pid=86357) execute /opt/stack/data/venv/lib/python3.12/site-packages/oslo_concurrency/processutils.py:440}}
Jul 03 01:09:20 devstack sudo[91366]: quobyte : PWD=/ ; USER=root ; COMMAND=/opt/stack/data/venv/bin/cinder-rootwrap /etc/cinder/rootwrap.conf qemu-img rebase -u -b volume-b0bab56a-0d71-401c-af65-3aabd806caf9 -F qcow2 /opt/stack/data/cinder/mnt/f9a4b7ad7880f989ec1cd03357d89762/volume-b0bab56a-0d71-401c-af65-3aabd806caf9.cf1f7546-1f76-4b3a-aa9b-cb59bd5f6d67
Jul 03 01:09:20 devstack sudo[91366]: pam_unix(sudo:session): session opened for user root(uid=0) by (uid=1000)
Jul 03 01:09:21 devstack sudo[91366]: pam_unix(sudo:session): session closed for user root
Jul 03 01:09:21 devstack cinder-volume[86357]: DEBUG oslo_concurrency.processutils [None req-203f6d5c-dcd6-4fee-9120-0ed4e3fc8bea tempest-GroupSnapshotsTest-620191198 None] CMD "sudo cinder-rootwrap /etc/cinder/rootwrap.conf qemu-img rebase -u -b volume-b0bab56a-0d71-401c-af65-3aabd806caf9 -F qcow2 /opt/stack/data/cinder/mnt/f9a4b7ad7880f989ec1cd03357d89762/volume-b0bab56a-0d71-401c-af65-3aabd806caf9.cf1f7546-1f76-4b3a-aa9b-cb59bd5f6d67" returned: 0 in 0.871s {{(pid=86357) execute /opt/stack/data/venv/lib/python3.12/site-packages/oslo_concurrency/processutils.py:468}}
Jul 03 01:09:21 devstack cinder-volume[86357]: WARNING cinder.volume.drivers.remotefs [None req-203f6d5c-dcd6-4fee-9120-0ed4e3fc8bea tempest-GroupSnapshotsTest-620191198 None] /opt/stack/data/cinder/mnt/f9a4b7ad7880f989ec1cd03357d89762/volume-b0bab56a-0d71-401c-af65-3aabd806caf9.cf1f7546-1f76-4b3a-aa9b-cb59bd5f6d67 is being set with open permissions: ugo+rw: NotImplementedError
Jul 03 01:09:21 devstack cinder-volume[86357]: DEBUG oslo_concurrency.processutils [None req-203f6d5c-dcd6-4fee-9120-0ed4e3fc8bea tempest-GroupSnapshotsTest-620191198 None] Running cmd (subprocess): sudo cinder-rootwrap /etc/cinder/rootwrap.conf chmod ugo+rw /opt/stack/data/cinder/mnt/f9a4b7ad7880f989ec1cd03357d89762/volume-b0bab56a-0d71-401c-af65-3aabd806caf9.cf1f7546-1f76-4b3a-aa9b-cb59bd5f6d67 {{(pid=86357) execute /opt/stack/data/venv/lib/python3.12/site-packages/oslo_concurrency/processutils.py:440}}
Jul 03 01:09:21 devstack sudo[91373]: quobyte : PWD=/ ; USER=root ; COMMAND=/opt/stack/data/venv/bin/cinder-rootwrap /etc/cinder/rootwrap.conf chmod ugo+rw /opt/stack/data/cinder/mnt/f9a4b7ad7880f989ec1cd03357d89762/volume-b0bab56a-0d71-401c-af65-3aabd806caf9.cf1f7546-1f76-4b3a-aa9b-cb59bd5f6d67
Jul 03 01:09:21 devstack sudo[91373]: pam_unix(sudo:session): session opened for user root(uid=0) by (uid=1000)
Jul 03 01:09:22 devstack sudo[91373]: pam_unix(sudo:session): session closed for user root
Jul 03 01:09:22 devstack cinder-volume[86357]: DEBUG oslo_concurrency.processutils [None req-203f6d5c-dcd6-4fee-9120-0ed4e3fc8bea tempest-GroupSnapshotsTest-620191198 None] CMD "sudo cinder-rootwrap /etc/cinder/rootwrap.conf chmod ugo+rw /opt/stack/data/cinder/mnt/f9a4b7ad7880f989ec1cd03357d89762/volume-b0bab56a-0d71-401c-af65-3aabd806caf9.cf1f7546-1f76-4b3a-aa9b-cb59bd5f6d67" returned: 0 in 0.807s {{(pid=86357) execute /opt/stack/data/venv/lib/python3.12/site-packages/oslo_concurrency/processutils.py:468}}
Jul 03 01:09:22 devstack cinder-volume[86357]: DEBUG oslo_concurrency.processutils [None req-203f6d5c-dcd6-4fee-9120-0ed4e3fc8bea tempest-GroupSnapshotsTest-620191198 None] Running cmd (subprocess): sudo cinder-rootwrap /etc/cinder/rootwrap.conf truncate -s0 /opt/stack/data/cinder/mnt/f9a4b7ad7880f989ec1cd03357d89762/volume-b0bab56a-0d71-401c-af65-3aabd806caf9.info {{(pid=86357) execute /opt/stack/data/venv/lib/python3.12/site-packages/oslo_concurrency/processutils.py:440}}
Jul 03 01:09:22 devstack sudo[91387]: quobyte : PWD=/ ; USER=root ; COMMAND=/opt/stack/data/venv/bin/cinder-rootwrap /etc/cinder/rootwrap.conf truncate -s0 /opt/stack/data/cinder/mnt/f9a4b7ad7880f989ec1cd03357d89762/volume-b0bab56a-0d71-401c-af65-3aabd806caf9.info
Jul 03 01:09:22 devstack sudo[91387]: pam_unix(sudo:session): session opened for user root(uid=0) by (uid=1000)
Jul 03 01:09:22 devstack sudo[91387]: pam_unix(sudo:session): session closed for user root
Jul 03 01:09:22 devstack cinder-volume[86357]: DEBUG oslo_concurrency.processutils [None req-203f6d5c-dcd6-4fee-9120-0ed4e3fc8bea tempest-GroupSnapshotsTest-620191198 None] CMD "sudo cinder-rootwrap /etc/cinder/rootwrap.conf truncate -s0 /opt/stack/data/cinder/mnt/f9a4b7ad7880f989ec1cd03357d89762/volume-b0bab56a-0d71-401c-af65-3aabd806caf9.info" returned: 0 in 0.680s {{(pid=86357) execute /opt/stack/data/venv/lib/python3.12/site-packages/oslo_concurrency/processutils.py:468}}
Jul 03 01:09:22 devstack cinder-volume[86357]: WARNING cinder.volume.drivers.remotefs [None req-203f6d5c-dcd6-4fee-9120-0ed4e3fc8bea tempest-GroupSnapshotsTest-620191198 None] /opt/stack/data/cinder/mnt/f9a4b7ad7880f989ec1cd03357d89762/volume-b0bab56a-0d71-401c-af65-3aabd806caf9.info is being set with open permissions: ugo+rw: NotImplementedError
Jul 03 01:09:22 devstack cinder-volume[86357]: DEBUG oslo_concurrency.processutils [None req-203f6d5c-dcd6-4fee-9120-0ed4e3fc8bea tempest-GroupSnapshotsTest-620191198 None] Running cmd (subprocess): sudo cinder-rootwrap /etc/cinder/rootwrap.conf chmod ugo+rw /opt/stack/data/cinder/mnt/f9a4b7ad7880f989ec1cd03357d89762/volume-b0bab56a-0d71-401c-af65-3aabd806caf9.info {{(pid=86357) execute /opt/stack/data/venv/lib/python3.12/site-packages/oslo_concurrency/processutils.py:440}}
Jul 03 01:09:22 devstack sudo[91396]: quobyte : PWD=/ ; USER=root ; COMMAND=/opt/stack/data/venv/bin/cinder-rootwrap /etc/cinder/rootwrap.conf chmod ugo+rw /opt/stack/data/cinder/mnt/f9a4b7ad7880f989ec1cd03357d89762/volume-b0bab56a-0d71-401c-af65-3aabd806caf9.info
Jul 03 01:09:22 devstack sudo[91396]: pam_unix(sudo:session): session opened for user root(uid=0) by (uid=1000)
Jul 03 01:09:23 devstack sudo[91396]: pam_unix(sudo:session): session closed for user root
Jul 03 01:09:23 devstack cinder-volume[86357]: DEBUG oslo_concurrency.processutils [None req-203f6d5c-dcd6-4fee-9120-0ed4e3fc8bea tempest-GroupSnapshotsTest-620191198 None] CMD "sudo cinder-rootwrap /etc/cinder/rootwrap.conf chmod ugo+rw /opt/stack/data/cinder/mnt/f9a4b7ad7880f989ec1cd03357d89762/volume-b0bab56a-0d71-401c-af65-3aabd806caf9.info" returned: 0 in 0.665s {{(pid=86357) execute /opt/stack/data/venv/lib/python3.12/site-packages/oslo_concurrency/processutils.py:468}}
Jul 03 01:09:23 devstack cinder-volume[86357]: DEBUG oslo_concurrency.lockutils [None req-203f6d5c-dcd6-4fee-9120-0ed4e3fc8bea tempest-GroupSnapshotsTest-620191198 None] Lock "quobyte" "released" by "cinder.volume.drivers.quobyte.QuobyteDriver.create_snapshot" :: held 5.066s {{(pid=86357) inner /opt/stack/data/venv/lib/python3.12/site-packages/oslo_concurrency/lockutils.py:543}}
Jul 03 01:09:23 devstack cinder-volume[86357]: DEBUG oslo_concurrency.lockutils [None req-28df701b-40de-4f96-95bb-6afda41abc70 tempest-GroupSnapshotsV319Test-855025560 None] Lock "quobyte" acquired by "cinder.volume.drivers.quobyte.QuobyteDriver.create_volume" :: waited 10.207s {{(pid=86357) inner /opt/stack/data/venv/lib/python3.12/site-packages/oslo_concurrency/lockutils.py:524}}
Jul 03 01:09:23 devstack cinder-volume[86357]: DEBUG cinder.volume.drivers.quobyte [None req-28df701b-40de-4f96-95bb-6afda41abc70 tempest-GroupSnapshotsV319Test-855025560 None] ==> create_volume: call "{'self': , 'volume': Volume(_name_id=None,admin_metadata=,attach_status='detached',availability_zone='nova',bootable=False,cluster=,cluster_name=None,consistencygroup=,consistencygroup_id=25db360b-d0e7-451a-8a13-0abdd319725f,created_at=2026-07-02T23:09:12Z,deleted=False,deleted_at=None,display_description=None,display_name='tempest-volume-560358147',ec2_id=None,encryption_key_id=None,glance_metadata=,group=,group_id=25db360b-d0e7-451a-8a13-0abdd319725f,host='devstack@QuobyteHD#QuobyteHD',id=0e9abea0-fa9a-4682-8f78-c7d6725bd626,launched_at=None,metadata={},migration_status=None,multiattach=False,previous_status=None,project_id='15338460fd854015b8b7d5862e767003',provider_auth=None,provider_geometry=None,provider_id=None,provider_location=None,replication_driver_data=None,replication_extended_status=None,replication_status=None,scheduled_at=2026-07-02T23:09:13Z,service_uuid=None,shared_targets=True,size=1,snapshot_id=None,snapshots=,source_volid=None,status='creating',terminated_at=None,updated_at=2026-07-02T23:09:13Z,use_quota=True,user_id='233dc8e6682d42048940e0016be4404c',volume_attachment=VolumeAttachmentList,volume_type=VolumeType(a1265921-a515-4d10-8171-8ff92215b68c),volume_type_id=a1265921-a515-4d10-8171-8ff92215b68c)}" {{(pid=86357) trace_logging_wrapper /opt/stack/cinder/cinder/volume/volume_utils.py:1497}}
Jul 03 01:09:23 devstack cinder-volume[86357]: DEBUG cinder.volume.drivers.remotefs [None req-28df701b-40de-4f96-95bb-6afda41abc70 tempest-GroupSnapshotsV319Test-855025560 None] Creating volume 0e9abea0-fa9a-4682-8f78-c7d6725bd626 {{(pid=86357) create_volume /opt/stack/cinder/cinder/volume/drivers/remotefs.py:292}}
Jul 03 01:09:23 devstack cinder-volume[86357]: DEBUG oslo_concurrency.lockutils [None req-28df701b-40de-4f96-95bb-6afda41abc70 tempest-GroupSnapshotsV319Test-855025560 None] Acquiring lock "quobyte_ensure" by "cinder.volume.drivers.quobyte.QuobyteDriver._ensure_shares_mounted" {{(pid=86357) inner /opt/stack/data/venv/lib/python3.12/site-packages/oslo_concurrency/lockutils.py:511}}
Jul 03 01:09:23 devstack cinder-volume[86357]: DEBUG oslo_concurrency.lockutils [None req-28df701b-40de-4f96-95bb-6afda41abc70 tempest-GroupSnapshotsV319Test-855025560 None] Lock "quobyte_ensure" acquired by "cinder.volume.drivers.quobyte.QuobyteDriver._ensure_shares_mounted" :: waited 0.000s {{(pid=86357) inner /opt/stack/data/venv/lib/python3.12/site-packages/oslo_concurrency/lockutils.py:524}}
Jul 03 01:09:23 devstack cinder-volume[86357]: DEBUG cinder.volume.drivers.quobyte [None req-28df701b-40de-4f96-95bb-6afda41abc70 tempest-GroupSnapshotsV319Test-855025560 None] Quobyte Volume URL set to: {'osci02.corp.quobyte.com/cinder-vol-12a596c8-1494-4727-ac42-16831e641e1a': None} {{(pid=86357) _load_shares_config /opt/stack/cinder/cinder/volume/drivers/quobyte.py:617}}
Jul 03 01:09:23 devstack cinder-volume[86357]: DEBUG cinder.volume.drivers.quobyte [None req-28df701b-40de-4f96-95bb-6afda41abc70 tempest-GroupSnapshotsV319Test-855025560 None] Available shares ['osci02.corp.quobyte.com/cinder-vol-12a596c8-1494-4727-ac42-16831e641e1a'] {{(pid=86357) _ensure_shares_mounted /opt/stack/cinder/cinder/volume/drivers/quobyte.py:647}}
Jul 03 01:09:23 devstack cinder-volume[86357]: DEBUG oslo_concurrency.lockutils [None req-28df701b-40de-4f96-95bb-6afda41abc70 tempest-GroupSnapshotsV319Test-855025560 None] Lock "quobyte_ensure" "released" by "cinder.volume.drivers.quobyte.QuobyteDriver._ensure_shares_mounted" :: held 0.006s {{(pid=86357) inner /opt/stack/data/venv/lib/python3.12/site-packages/oslo_concurrency/lockutils.py:543}}
Jul 03 01:09:23 devstack cinder-volume[86357]: DEBUG cinder.volume.drivers.quobyte [None req-28df701b-40de-4f96-95bb-6afda41abc70 tempest-GroupSnapshotsV319Test-855025560 None] Selected osci02.corp.quobyte.com/cinder-vol-12a596c8-1494-4727-ac42-16831e641e1a as target Quobyte volume. {{(pid=86357) _find_share /opt/stack/cinder/cinder/volume/drivers/quobyte.py:668}}
Jul 03 01:09:23 devstack cinder-volume[86357]: INFO cinder.volume.drivers.remotefs [None req-28df701b-40de-4f96-95bb-6afda41abc70 tempest-GroupSnapshotsV319Test-855025560 None] casted to osci02.corp.quobyte.com/cinder-vol-12a596c8-1494-4727-ac42-16831e641e1a
Jul 03 01:09:23 devstack cinder-volume[86357]: DEBUG oslo_concurrency.processutils [None req-28df701b-40de-4f96-95bb-6afda41abc70 tempest-GroupSnapshotsV319Test-855025560 None] Running cmd (subprocess): sudo cinder-rootwrap /etc/cinder/rootwrap.conf qemu-img create -f qcow2 -o preallocation=metadata /opt/stack/data/cinder/mnt/f9a4b7ad7880f989ec1cd03357d89762/volume-0e9abea0-fa9a-4682-8f78-c7d6725bd626 1073741824 {{(pid=86357) execute /opt/stack/data/venv/lib/python3.12/site-packages/oslo_concurrency/processutils.py:440}}
Jul 03 01:09:23 devstack sudo[91399]: quobyte : PWD=/ ; USER=root ; COMMAND=/opt/stack/data/venv/bin/cinder-rootwrap /etc/cinder/rootwrap.conf qemu-img create -f qcow2 -o preallocation=metadata /opt/stack/data/cinder/mnt/f9a4b7ad7880f989ec1cd03357d89762/volume-0e9abea0-fa9a-4682-8f78-c7d6725bd626 1073741824
Jul 03 01:09:23 devstack sudo[91399]: pam_unix(sudo:session): session opened for user root(uid=0) by (uid=1000)
Jul 03 01:09:23 devstack cinder-volume[86357]: INFO cinder.volume.manager [None req-203f6d5c-dcd6-4fee-9120-0ed4e3fc8bea tempest-GroupSnapshotsTest-620191198 None] group_snapshot 989173d6-fae6-4424-9986-750ae1f7039f: created successfully
Jul 03 01:09:24 devstack cinder-volume[86357]: INFO cinder.volume.manager [None req-cc68743b-e201-4b78-9eaa-ce8a36a4cc4a tempest-GroupSnapshotsTest-620191198 None] group_snapshot 989173d6-fae6-4424-9986-750ae1f7039f: deleting
Jul 03 01:09:24 devstack cinder-volume[86357]: DEBUG cinder.volume.manager [None req-cc68743b-e201-4b78-9eaa-ce8a36a4cc4a tempest-GroupSnapshotsTest-620191198 None] group_snapshot 989173d6-fae6-4424-9986-750ae1f7039f: deleting {{(pid=86357) delete_group_snapshot /opt/stack/cinder/cinder/volume/manager.py:4350}}
