Jun 11 18:05:21 devstack cinder-volume[91985]: DEBUG cinder.volume.drivers.quobyte [None req-12d6546f-d8a5-4217-9c1e-b82660c43f7f tempest-VolumesDeleteCascade-1608588084 None] Available shares ['osci02.corp.quobyte.com/cinder-vol-302f4dcf-46e2-4c89-8341-db055ff9ed34'] {{(pid=91985) _ensure_shares_mounted /opt/stack/cinder/cinder/volume/drivers/quobyte.py:647}}
Jun 11 18:05:21 devstack cinder-volume[91985]: DEBUG oslo_concurrency.lockutils [None req-12d6546f-d8a5-4217-9c1e-b82660c43f7f tempest-VolumesDeleteCascade-1608588084 None] Lock "quobyte_ensure" "released" by "cinder.volume.drivers.quobyte.QuobyteDriver._ensure_shares_mounted" :: held 0.014s {{(pid=91985) inner /opt/stack/data/venv/lib/python3.12/site-packages/oslo_concurrency/lockutils.py:538}}
Jun 11 18:05:21 devstack cinder-volume[91985]: DEBUG oslo.privsep.daemon [-] privsep: reply[af66a227-7382-4208-acf1-93b8d0385f9c]: (4, 'qcow2') {{(pid=92750) _call_back /opt/stack/data/venv/lib/python3.12/site-packages/oslo_privsep/daemon.py:573}}
Jun 11 18:05:21 devstack cinder-volume[91985]: DEBUG oslo_concurrency.processutils [None req-12d6546f-d8a5-4217-9c1e-b82660c43f7f tempest-VolumesDeleteCascade-1608588084 None] Running cmd (subprocess): /opt/stack/data/venv/bin/python3.12 -m oslo_concurrency.prlimit --as=1073741824 --cpu=60 -- sudo cinder-rootwrap /etc/cinder/rootwrap.conf env LC_ALL=C qemu-img info -f qcow2 --output=json --force-share /opt/stack/data/cinder/mnt/cc6a601fc5296f6a5118322ee05b0352/volume-bc854cf6-3f3b-429f-bf84-1440a43d34cf.fb09531e-10c7-4612-9236-51c44684c9fd {{(pid=91985) execute /opt/stack/data/venv/lib/python3.12/site-packages/oslo_concurrency/processutils.py:440}}
Jun 11 18:05:21 devstack sudo[97379]: quobyte : PWD=/ ; USER=root ; COMMAND=/opt/stack/data/venv/bin/cinder-rootwrap /etc/cinder/rootwrap.conf env LC_ALL=C qemu-img info -f qcow2 --output=json --force-share /opt/stack/data/cinder/mnt/cc6a601fc5296f6a5118322ee05b0352/volume-bc854cf6-3f3b-429f-bf84-1440a43d34cf.fb09531e-10c7-4612-9236-51c44684c9fd
Jun 11 18:05:21 devstack sudo[97379]: pam_unix(sudo:session): session opened for user root(uid=0) by (uid=1000)
Jun 11 18:05:23 devstack sudo[97379]: pam_unix(sudo:session): session closed for user root
Jun 11 18:05:23 devstack cinder-volume[91985]: DEBUG oslo_concurrency.processutils [None req-12d6546f-d8a5-4217-9c1e-b82660c43f7f tempest-VolumesDeleteCascade-1608588084 None] CMD "/opt/stack/data/venv/bin/python3.12 -m oslo_concurrency.prlimit --as=1073741824 --cpu=60 -- sudo cinder-rootwrap /etc/cinder/rootwrap.conf env LC_ALL=C qemu-img info -f qcow2 --output=json --force-share /opt/stack/data/cinder/mnt/cc6a601fc5296f6a5118322ee05b0352/volume-bc854cf6-3f3b-429f-bf84-1440a43d34cf.fb09531e-10c7-4612-9236-51c44684c9fd" returned: 0 in 1.819s {{(pid=91985) execute /opt/stack/data/venv/lib/python3.12/site-packages/oslo_concurrency/processutils.py:468}}
Jun 11 18:05:23 devstack cinder-volume[91985]: DEBUG cinder.volume.drivers.remotefs [None req-12d6546f-d8a5-4217-9c1e-b82660c43f7f tempest-VolumesDeleteCascade-1608588084 None] Fetching qemu-img info with special backing_file_template: (/opt/stack/data/cinder/mnt/[0-9a-f]+/)?(volume-bc854cf6-3f3b-429f-bf84-1440a43d34cf(.(tmp-snap-)?[0-9a-f-]+)?|volume_from_snapshot_cache/(tmp-snap-)?[0-9a-f-]+(.(child-|parent-)[0-9a-f-]+)?)$ {{(pid=91985) _qemu_img_info_base /opt/stack/cinder/cinder/volume/drivers/remotefs.py:896}}
Jun 11 18:05:23 devstack cinder-volume[91985]: DEBUG cinder.volume.drivers.quobyte [None req-12d6546f-d8a5-4217-9c1e-b82660c43f7f tempest-VolumesDeleteCascade-1608588084 None] will copy from snapshot at /opt/stack/data/cinder/mnt/cc6a601fc5296f6a5118322ee05b0352/volume-bc854cf6-3f3b-429f-bf84-1440a43d34cf {{(pid=91985) _copy_volume_from_snapshot /opt/stack/cinder/cinder/volume/drivers/quobyte.py:420}}
Jun 11 18:05:23 devstack cinder-volume[91985]: DEBUG cinder.volume.drivers.quobyte [None req-12d6546f-d8a5-4217-9c1e-b82660c43f7f tempest-VolumesDeleteCascade-1608588084 None] Creating direct copy from snapshot {{(pid=91985) _copy_volume_from_snapshot /opt/stack/cinder/cinder/volume/drivers/quobyte.py:428}}
Jun 11 18:05:23 devstack cinder-volume[91985]: DEBUG oslo.privsep.daemon [-] privsep: reply[df60801f-b299-4c03-8758-c30d4eb754c1]: (4, 'qcow2') {{(pid=92750) _call_back /opt/stack/data/venv/lib/python3.12/site-packages/oslo_privsep/daemon.py:573}}
Jun 11 18:05:23 devstack cinder-volume[91985]: DEBUG oslo_concurrency.processutils [None req-12d6546f-d8a5-4217-9c1e-b82660c43f7f tempest-VolumesDeleteCascade-1608588084 None] Running cmd (subprocess): /opt/stack/data/venv/bin/python3.12 -m oslo_concurrency.prlimit --as=1073741824 --cpu=60 -- sudo cinder-rootwrap /etc/cinder/rootwrap.conf env LC_ALL=C qemu-img info -f qcow2 --output=json /opt/stack/data/cinder/mnt/cc6a601fc5296f6a5118322ee05b0352/volume-bc854cf6-3f3b-429f-bf84-1440a43d34cf {{(pid=91985) execute /opt/stack/data/venv/lib/python3.12/site-packages/oslo_concurrency/processutils.py:440}}
Jun 11 18:05:23 devstack sudo[97396]: quobyte : PWD=/ ; USER=root ; COMMAND=/opt/stack/data/venv/bin/cinder-rootwrap /etc/cinder/rootwrap.conf env LC_ALL=C qemu-img info -f qcow2 --output=json /opt/stack/data/cinder/mnt/cc6a601fc5296f6a5118322ee05b0352/volume-bc854cf6-3f3b-429f-bf84-1440a43d34cf
Jun 11 18:05:23 devstack sudo[97396]: pam_unix(sudo:session): session opened for user root(uid=0) by (uid=1000)
Jun 11 18:05:23 devstack cinder-volume[91985]: DEBUG dbcounter [-] [91985] Writing DB stats cinder:UPDATE=75,cinder:SELECT=72,cinder:DELETE=7,cinder:INSERT=18 {{(pid=91985) stat_writer /opt/stack/data/venv/lib/python3.12/site-packages/dbcounter.py:115}}
Jun 11 18:05:24 devstack sudo[97396]: pam_unix(sudo:session): session closed for user root
Jun 11 18:05:24 devstack cinder-volume[91985]: DEBUG oslo_concurrency.processutils [None req-12d6546f-d8a5-4217-9c1e-b82660c43f7f tempest-VolumesDeleteCascade-1608588084 None] CMD "/opt/stack/data/venv/bin/python3.12 -m oslo_concurrency.prlimit --as=1073741824 --cpu=60 -- sudo cinder-rootwrap /etc/cinder/rootwrap.conf env LC_ALL=C qemu-img info -f qcow2 --output=json /opt/stack/data/cinder/mnt/cc6a601fc5296f6a5118322ee05b0352/volume-bc854cf6-3f3b-429f-bf84-1440a43d34cf" returned: 0 in 1.284s {{(pid=91985) execute /opt/stack/data/venv/lib/python3.12/site-packages/oslo_concurrency/processutils.py:468}}
Jun 11 18:05:24 devstack cinder-volume[91985]: DEBUG cinder.utils [None req-12d6546f-d8a5-4217-9c1e-b82660c43f7f tempest-VolumesDeleteCascade-1608588084 None] Path /opt/stack/data/cinder/mnt/cc6a601fc5296f6a5118322ee05b0352/volume-7ca25e93-ea29-4640-adc4-aa7cceab8d2e not found in is_blk_device check {{(pid=91985) is_blk_device /opt/stack/cinder/cinder/utils.py:615}}
Jun 11 18:05:24 devstack cinder-volume[91985]: DEBUG oslo_concurrency.processutils [None req-12d6546f-d8a5-4217-9c1e-b82660c43f7f tempest-VolumesDeleteCascade-1608588084 None] Running cmd (subprocess): sudo cinder-rootwrap /etc/cinder/rootwrap.conf qemu-img convert -O qcow2 /opt/stack/data/cinder/mnt/cc6a601fc5296f6a5118322ee05b0352/volume-bc854cf6-3f3b-429f-bf84-1440a43d34cf /opt/stack/data/cinder/mnt/cc6a601fc5296f6a5118322ee05b0352/volume-7ca25e93-ea29-4640-adc4-aa7cceab8d2e {{(pid=91985) execute /opt/stack/data/venv/lib/python3.12/site-packages/oslo_concurrency/processutils.py:440}}
Jun 11 18:05:24 devstack sudo[97407]: quobyte : PWD=/ ; USER=root ; COMMAND=/opt/stack/data/venv/bin/cinder-rootwrap /etc/cinder/rootwrap.conf qemu-img convert -O qcow2 /opt/stack/data/cinder/mnt/cc6a601fc5296f6a5118322ee05b0352/volume-bc854cf6-3f3b-429f-bf84-1440a43d34cf /opt/stack/data/cinder/mnt/cc6a601fc5296f6a5118322ee05b0352/volume-7ca25e93-ea29-4640-adc4-aa7cceab8d2e
Jun 11 18:05:24 devstack sudo[97407]: pam_unix(sudo:session): session opened for user root(uid=0) by (uid=1000)
Jun 11 18:05:32 devstack sudo[97407]: pam_unix(sudo:session): session closed for user root
Jun 11 18:05:32 devstack cinder-volume[91985]: DEBUG oslo_concurrency.processutils [None req-12d6546f-d8a5-4217-9c1e-b82660c43f7f tempest-VolumesDeleteCascade-1608588084 None] CMD "sudo cinder-rootwrap /etc/cinder/rootwrap.conf qemu-img convert -O qcow2 /opt/stack/data/cinder/mnt/cc6a601fc5296f6a5118322ee05b0352/volume-bc854cf6-3f3b-429f-bf84-1440a43d34cf /opt/stack/data/cinder/mnt/cc6a601fc5296f6a5118322ee05b0352/volume-7ca25e93-ea29-4640-adc4-aa7cceab8d2e" returned: 0 in 8.410s {{(pid=91985) execute /opt/stack/data/venv/lib/python3.12/site-packages/oslo_concurrency/processutils.py:468}}
Jun 11 18:05:32 devstack cinder-volume[91985]: DEBUG oslo.privsep.daemon [-] privsep: reply[f2373a1d-b5b7-4f65-8941-b838c749bbf2]: (4, 'qcow2') {{(pid=92750) _call_back /opt/stack/data/venv/lib/python3.12/site-packages/oslo_privsep/daemon.py:573}}
Jun 11 18:05:32 devstack cinder-volume[91985]: DEBUG oslo_concurrency.processutils [None req-12d6546f-d8a5-4217-9c1e-b82660c43f7f tempest-VolumesDeleteCascade-1608588084 None] Running cmd (subprocess): /opt/stack/data/venv/bin/python3.12 -m oslo_concurrency.prlimit --as=1073741824 --cpu=60 -- sudo cinder-rootwrap /etc/cinder/rootwrap.conf env LC_ALL=C qemu-img info -f qcow2 --output=json /opt/stack/data/cinder/mnt/cc6a601fc5296f6a5118322ee05b0352/volume-bc854cf6-3f3b-429f-bf84-1440a43d34cf {{(pid=91985) execute /opt/stack/data/venv/lib/python3.12/site-packages/oslo_concurrency/processutils.py:440}}
Jun 11 18:05:33 devstack sudo[97430]: quobyte : PWD=/ ; USER=root ; COMMAND=/opt/stack/data/venv/bin/cinder-rootwrap /etc/cinder/rootwrap.conf env LC_ALL=C qemu-img info -f qcow2 --output=json /opt/stack/data/cinder/mnt/cc6a601fc5296f6a5118322ee05b0352/volume-bc854cf6-3f3b-429f-bf84-1440a43d34cf
Jun 11 18:05:33 devstack sudo[97430]: pam_unix(sudo:session): session opened for user root(uid=0) by (uid=1000)
Jun 11 18:05:33 devstack cinder-volume[91985]: DEBUG dbcounter [-] [91985] Writing DB stats cinder:SELECT=3,cinder:DELETE=1,cinder:UPDATE=1 {{(pid=91985) stat_writer /opt/stack/data/venv/lib/python3.12/site-packages/dbcounter.py:115}}
Jun 11 18:05:34 devstack sudo[97430]: pam_unix(sudo:session): session closed for user root
Jun 11 18:05:34 devstack cinder-volume[91985]: DEBUG oslo_concurrency.processutils [None req-12d6546f-d8a5-4217-9c1e-b82660c43f7f tempest-VolumesDeleteCascade-1608588084 None] CMD "/opt/stack/data/venv/bin/python3.12 -m oslo_concurrency.prlimit --as=1073741824 --cpu=60 -- sudo cinder-rootwrap /etc/cinder/rootwrap.conf env LC_ALL=C qemu-img info -f qcow2 --output=json /opt/stack/data/cinder/mnt/cc6a601fc5296f6a5118322ee05b0352/volume-bc854cf6-3f3b-429f-bf84-1440a43d34cf" returned: 0 in 1.284s {{(pid=91985) execute /opt/stack/data/venv/lib/python3.12/site-packages/oslo_concurrency/processutils.py:468}}
Jun 11 18:05:34 devstack cinder-volume[91985]: DEBUG cinder.image.image_utils [None req-12d6546f-d8a5-4217-9c1e-b82660c43f7f tempest-VolumesDeleteCascade-1608588084 None] Image conversion details: src /opt/stack/data/cinder/mnt/cc6a601fc5296f6a5118322ee05b0352/volume-bc854cf6-3f3b-429f-bf84-1440a43d34cf, size 1024.00 MB, duration 8.41 sec, destination /opt/stack/data/cinder/mnt/cc6a601fc5296f6a5118322ee05b0352/volume-7ca25e93-ea29-4640-adc4-aa7cceab8d2e {{(pid=91985) _convert_image /opt/stack/cinder/cinder/image/image_utils.py:536}}
Jun 11 18:05:34 devstack cinder-volume[91985]: INFO cinder.image.image_utils [None req-12d6546f-d8a5-4217-9c1e-b82660c43f7f tempest-VolumesDeleteCascade-1608588084 None] Converted 1024.00 MB image at 121.74 MB/s
Jun 11 18:05:34 devstack cinder-volume[91985]: WARNING cinder.volume.drivers.remotefs [None req-12d6546f-d8a5-4217-9c1e-b82660c43f7f tempest-VolumesDeleteCascade-1608588084 None] /opt/stack/data/cinder/mnt/cc6a601fc5296f6a5118322ee05b0352/volume-7ca25e93-ea29-4640-adc4-aa7cceab8d2e is being set with open permissions: ugo+rw
Jun 11 18:05:34 devstack cinder-volume[91985]: DEBUG oslo_concurrency.processutils [None req-12d6546f-d8a5-4217-9c1e-b82660c43f7f tempest-VolumesDeleteCascade-1608588084 None] Running cmd (subprocess): sudo cinder-rootwrap /etc/cinder/rootwrap.conf chmod ugo+rw /opt/stack/data/cinder/mnt/cc6a601fc5296f6a5118322ee05b0352/volume-7ca25e93-ea29-4640-adc4-aa7cceab8d2e {{(pid=91985) execute /opt/stack/data/venv/lib/python3.12/site-packages/oslo_concurrency/processutils.py:440}}
Jun 11 18:05:34 devstack sudo[97464]: quobyte : PWD=/ ; USER=root ; COMMAND=/opt/stack/data/venv/bin/cinder-rootwrap /etc/cinder/rootwrap.conf chmod ugo+rw /opt/stack/data/cinder/mnt/cc6a601fc5296f6a5118322ee05b0352/volume-7ca25e93-ea29-4640-adc4-aa7cceab8d2e
Jun 11 18:05:34 devstack sudo[97464]: pam_unix(sudo:session): session opened for user root(uid=0) by (uid=1000)
Jun 11 18:05:35 devstack sudo[97464]: pam_unix(sudo:session): session closed for user root
Jun 11 18:05:35 devstack cinder-volume[91985]: DEBUG oslo_concurrency.processutils [None req-12d6546f-d8a5-4217-9c1e-b82660c43f7f tempest-VolumesDeleteCascade-1608588084 None] CMD "sudo cinder-rootwrap /etc/cinder/rootwrap.conf chmod ugo+rw /opt/stack/data/cinder/mnt/cc6a601fc5296f6a5118322ee05b0352/volume-7ca25e93-ea29-4640-adc4-aa7cceab8d2e" returned: 0 in 0.899s {{(pid=91985) execute /opt/stack/data/venv/lib/python3.12/site-packages/oslo_concurrency/processutils.py:468}}
Jun 11 18:05:35 devstack cinder-volume[91985]: DEBUG cinder.coordination [None req-12d6546f-d8a5-4217-9c1e-b82660c43f7f tempest-VolumesDeleteCascade-1608588084 None] Lock "cinder-quobyte-7ca25e93-ea29-4640-adc4-aa7cceab8d2e" released by "_copy_volume_from_snapshot" :: held 13.926s {{(pid=91985) __release /opt/stack/cinder/cinder/coordination.py:152}}
Jun 11 18:05:35 devstack cinder-volume[91985]: DEBUG cinder.coordination [None req-12d6546f-d8a5-4217-9c1e-b82660c43f7f tempest-VolumesDeleteCascade-1608588084 None] Lock "cinder-quobyte-fb09531e-10c7-4612-9236-51c44684c9fd-7ca25e93-ea29-4640-adc4-aa7cceab8d2e" released by "_create_volume_from_snapshot" :: held 14.000s {{(pid=91985) __release /opt/stack/cinder/cinder/coordination.py:152}}
Jun 11 18:05:35 devstack cinder-volume[91985]: DEBUG oslo_concurrency.lockutils [None req-12d6546f-d8a5-4217-9c1e-b82660c43f7f tempest-VolumesDeleteCascade-1608588084 None] Lock "quobyte" "released" by "cinder.volume.drivers.quobyte.QuobyteDriver.create_volume_from_snapshot" :: held 14.030s {{(pid=91985) inner /opt/stack/data/venv/lib/python3.12/site-packages/oslo_concurrency/lockutils.py:538}}
Jun 11 18:05:35 devstack cinder-volume[91985]: DEBUG cinder.volume.manager [None req-12d6546f-d8a5-4217-9c1e-b82660c43f7f tempest-VolumesDeleteCascade-1608588084 None] Task 'cinder.volume.flows.manager.create_volume.CreateVolumeFromSpecTask;volume:create' (cf6f0aa0-7c9e-4694-9e01-b6ac82d674d4) transitioned into state 'SUCCESS' from state 'RUNNING' with result '{'status': 'creating', 'volume_name': 'volume-7ca25e93-ea29-4640-adc4-aa7cceab8d2e', 'volume_size': 1, 'snapshot_id': 'fb09531e-10c7-4612-9236-51c44684c9fd'}' {{(pid=91985) _task_receiver /opt/stack/data/venv/lib/python3.12/site-packages/taskflow/listeners/logging.py:182}}
Jun 11 18:05:35 devstack cinder-volume[91985]: DEBUG cinder.volume.manager [None req-12d6546f-d8a5-4217-9c1e-b82660c43f7f tempest-VolumesDeleteCascade-1608588084 None] Task 'cinder.volume.flows.manager.create_volume.CreateVolumeOnFinishTask;volume:create, create.end' (a4ac3845-025c-48e7-a443-2da310038722) transitioned into state 'RUNNING' from state 'PENDING' {{(pid=91985) _task_receiver /opt/stack/data/venv/lib/python3.12/site-packages/taskflow/listeners/logging.py:194}}
Jun 11 18:05:35 devstack cinder-volume[91985]: INFO cinder.volume.flows.manager.create_volume [None req-12d6546f-d8a5-4217-9c1e-b82660c43f7f tempest-VolumesDeleteCascade-1608588084 None] Volume volume-7ca25e93-ea29-4640-adc4-aa7cceab8d2e (7ca25e93-ea29-4640-adc4-aa7cceab8d2e): created successfully
Jun 11 18:05:35 devstack cinder-volume[91985]: DEBUG cinder.volume.manager [None req-12d6546f-d8a5-4217-9c1e-b82660c43f7f tempest-VolumesDeleteCascade-1608588084 None] Task 'cinder.volume.flows.manager.create_volume.CreateVolumeOnFinishTask;volume:create, create.end' (a4ac3845-025c-48e7-a443-2da310038722) transitioned into state 'SUCCESS' from state 'RUNNING' with result 'None' {{(pid=91985) _task_receiver /opt/stack/data/venv/lib/python3.12/site-packages/taskflow/listeners/logging.py:182}}
Jun 11 18:05:35 devstack cinder-volume[91985]: DEBUG cinder.volume.manager [None req-12d6546f-d8a5-4217-9c1e-b82660c43f7f tempest-VolumesDeleteCascade-1608588084 None] Flow 'volume_create_manager' (31df61ca-9a01-41e3-b597-b478404c826e) transitioned into state 'SUCCESS' from state 'RUNNING' {{(pid=91985) _flow_receiver /opt/stack/data/venv/lib/python3.12/site-packages/taskflow/listeners/logging.py:145}}
Jun 11 18:05:35 devstack cinder-volume[91985]: INFO cinder.volume.manager [None req-12d6546f-d8a5-4217-9c1e-b82660c43f7f tempest-VolumesDeleteCascade-1608588084 None] Created volume successfully.
Jun 11 18:05:35 devstack cinder-volume[91985]: DEBUG cinder.coordination [None req-5eb4fd2d-62af-4265-807e-ac24160871df tempest-VolumesDeleteCascade-1608588084 None] Acquiring lock "cinder-bc854cf6-3f3b-429f-bf84-1440a43d34cf-delete_volume" by "delete_volume" {{(pid=91985) __acquire /opt/stack/cinder/cinder/coordination.py:138}}
Jun 11 18:05:35 devstack cinder-volume[91985]: DEBUG cinder.coordination [None req-5eb4fd2d-62af-4265-807e-ac24160871df tempest-VolumesDeleteCascade-1608588084 None] Lock "cinder-bc854cf6-3f3b-429f-bf84-1440a43d34cf-delete_volume" acquired by "delete_volume" :: waited 0.033s {{(pid=91985) __acquire /opt/stack/cinder/cinder/coordination.py:141}}
Jun 11 18:05:36 devstack cinder-volume[91985]: DEBUG cinder.volume.manager [None req-5eb4fd2d-62af-4265-807e-ac24160871df tempest-VolumesDeleteCascade-1608588084 None] Performing cascade delete. {{(pid=91985) delete_volume /opt/stack/cinder/cinder/volume/manager.py:995}}
Jun 11 18:05:36 devstack cinder-volume[91985]: DEBUG cinder.coordination [None req-5eb4fd2d-62af-4265-807e-ac24160871df tempest-VolumesDeleteCascade-1608588084 None] Acquiring lock "cinder-fb09531e-10c7-4612-9236-51c44684c9fd-delete_snapshot" by "delete_snapshot" {{(pid=91985) __acquire /opt/stack/cinder/cinder/coordination.py:138}}
Jun 11 18:05:36 devstack cinder-volume[91985]: DEBUG cinder.coordination [None req-5eb4fd2d-62af-4265-807e-ac24160871df tempest-VolumesDeleteCascade-1608588084 None] Lock "cinder-fb09531e-10c7-4612-9236-51c44684c9fd-delete_snapshot" acquired by "delete_snapshot" :: waited 0.020s {{(pid=91985) __acquire /opt/stack/cinder/cinder/coordination.py:141}}
Jun 11 18:05:36 devstack cinder-volume[91985]: DEBUG cinder.coordination [None req-5eb4fd2d-62af-4265-807e-ac24160871df tempest-VolumesDeleteCascade-1608588084 None] Acquiring lock "cinder-quobyte-bc854cf6-3f3b-429f-bf84-1440a43d34cf" by "delete_snapshot" {{(pid=91985) __acquire /opt/stack/cinder/cinder/coordination.py:138}}
Jun 11 18:05:36 devstack cinder-volume[91985]: DEBUG cinder.coordination [None req-5eb4fd2d-62af-4265-807e-ac24160871df tempest-VolumesDeleteCascade-1608588084 None] Lock "cinder-quobyte-bc854cf6-3f3b-429f-bf84-1440a43d34cf" acquired by "delete_snapshot" :: waited 0.017s {{(pid=91985) __acquire /opt/stack/cinder/cinder/coordination.py:141}}
Jun 11 18:05:36 devstack cinder-volume[91985]: DEBUG cinder.coordination [None req-5eb4fd2d-62af-4265-807e-ac24160871df tempest-VolumesDeleteCascade-1608588084 None] Acquiring lock "cinder-quobyte-fb09531e-10c7-4612-9236-51c44684c9fd" by "_delete_snapshot" {{(pid=91985) __acquire /opt/stack/cinder/cinder/coordination.py:138}}
Jun 11 18:05:36 devstack cinder-volume[91985]: DEBUG cinder.coordination [None req-5eb4fd2d-62af-4265-807e-ac24160871df tempest-VolumesDeleteCascade-1608588084 None] Lock "cinder-quobyte-fb09531e-10c7-4612-9236-51c44684c9fd" acquired by "_delete_snapshot" :: waited 0.023s {{(pid=91985) __acquire /opt/stack/cinder/cinder/coordination.py:141}}
Jun 11 18:05:36 devstack cinder-volume[91985]: DEBUG cinder.volume.drivers.remotefs [None req-5eb4fd2d-62af-4265-807e-ac24160871df tempest-VolumesDeleteCascade-1608588084 None] Deleting offline snapshot fb09531e-10c7-4612-9236-51c44684c9fd of volume bc854cf6-3f3b-429f-bf84-1440a43d34cf {{(pid=91985) _delete_snapshot /opt/stack/cinder/cinder/volume/drivers/remotefs.py:1288}}
Jun 11 18:05:36 devstack cinder-volume[91985]: DEBUG cinder.volume.drivers.remotefs [None req-5eb4fd2d-62af-4265-807e-ac24160871df tempest-VolumesDeleteCascade-1608588084 None] snapshot_file for this snap is: volume-bc854cf6-3f3b-429f-bf84-1440a43d34cf.fb09531e-10c7-4612-9236-51c44684c9fd {{(pid=91985) _delete_snapshot /opt/stack/cinder/cinder/volume/drivers/remotefs.py:1317}}
Jun 11 18:05:36 devstack cinder-volume[91985]: DEBUG oslo.privsep.daemon [-] privsep: reply[e2bf88f8-b409-4246-b87f-2f30eb6b1ac6]: (4, 'qcow2') {{(pid=92750) _call_back /opt/stack/data/venv/lib/python3.12/site-packages/oslo_privsep/daemon.py:573}}
Jun 11 18:05:36 devstack cinder-volume[91985]: DEBUG oslo_concurrency.processutils [None req-5eb4fd2d-62af-4265-807e-ac24160871df tempest-VolumesDeleteCascade-1608588084 None] Running cmd (subprocess): /opt/stack/data/venv/bin/python3.12 -m oslo_concurrency.prlimit --as=1073741824 --cpu=60 -- sudo cinder-rootwrap /etc/cinder/rootwrap.conf env LC_ALL=C qemu-img info -f qcow2 --output=json --force-share /opt/stack/data/cinder/mnt/cc6a601fc5296f6a5118322ee05b0352/volume-bc854cf6-3f3b-429f-bf84-1440a43d34cf.fb09531e-10c7-4612-9236-51c44684c9fd {{(pid=91985) execute /opt/stack/data/venv/lib/python3.12/site-packages/oslo_concurrency/processutils.py:440}}
Jun 11 18:05:36 devstack sudo[97526]: quobyte : PWD=/ ; USER=root ; COMMAND=/opt/stack/data/venv/bin/cinder-rootwrap /etc/cinder/rootwrap.conf env LC_ALL=C qemu-img info -f qcow2 --output=json --force-share /opt/stack/data/cinder/mnt/cc6a601fc5296f6a5118322ee05b0352/volume-bc854cf6-3f3b-429f-bf84-1440a43d34cf.fb09531e-10c7-4612-9236-51c44684c9fd
Jun 11 18:05:36 devstack sudo[97526]: pam_unix(sudo:session): session opened for user root(uid=0) by (uid=1000)
Jun 11 18:05:37 devstack sudo[97526]: pam_unix(sudo:session): session closed for user root
Jun 11 18:05:37 devstack cinder-volume[91985]: DEBUG oslo_concurrency.processutils [None req-5eb4fd2d-62af-4265-807e-ac24160871df tempest-VolumesDeleteCascade-1608588084 None] CMD "/opt/stack/data/venv/bin/python3.12 -m oslo_concurrency.prlimit --as=1073741824 --cpu=60 -- sudo cinder-rootwrap /etc/cinder/rootwrap.conf env LC_ALL=C qemu-img info -f qcow2 --output=json --force-share /opt/stack/data/cinder/mnt/cc6a601fc5296f6a5118322ee05b0352/volume-bc854cf6-3f3b-429f-bf84-1440a43d34cf.fb09531e-10c7-4612-9236-51c44684c9fd" returned: 0 in 0.951s {{(pid=91985) execute /opt/stack/data/venv/lib/python3.12/site-packages/oslo_concurrency/processutils.py:468}}
Jun 11 18:05:37 devstack cinder-volume[91985]: DEBUG cinder.volume.drivers.remotefs [None req-5eb4fd2d-62af-4265-807e-ac24160871df tempest-VolumesDeleteCascade-1608588084 None] Fetching qemu-img info with special backing_file_template: (/opt/stack/data/cinder/mnt/[0-9a-f]+/)?(volume-bc854cf6-3f3b-429f-bf84-1440a43d34cf(.(tmp-snap-)?[0-9a-f-]+)?|volume_from_snapshot_cache/(tmp-snap-)?[0-9a-f-]+(.(child-|parent-)[0-9a-f-]+)?)$ {{(pid=91985) _qemu_img_info_base /opt/stack/cinder/cinder/volume/drivers/remotefs.py:896}}
Jun 11 18:05:37 devstack cinder-volume[91985]: DEBUG oslo.privsep.daemon [-] privsep: reply[309eb6af-3010-4230-9f2c-1e30fb8a5655]: (4, 'qcow2') {{(pid=92750) _call_back /opt/stack/data/venv/lib/python3.12/site-packages/oslo_privsep/daemon.py:573}}
Jun 11 18:05:37 devstack cinder-volume[91985]: DEBUG oslo_concurrency.processutils [None req-5eb4fd2d-62af-4265-807e-ac24160871df tempest-VolumesDeleteCascade-1608588084 None] Running cmd (subprocess): /opt/stack/data/venv/bin/python3.12 -m oslo_concurrency.prlimit --as=1073741824 --cpu=60 -- sudo cinder-rootwrap /etc/cinder/rootwrap.conf env LC_ALL=C qemu-img info -f qcow2 --output=json --force-share /opt/stack/data/cinder/mnt/cc6a601fc5296f6a5118322ee05b0352/volume-bc854cf6-3f3b-429f-bf84-1440a43d34cf {{(pid=91985) execute /opt/stack/data/venv/lib/python3.12/site-packages/oslo_concurrency/processutils.py:440}}
Jun 11 18:05:37 devstack sudo[97533]: quobyte : PWD=/ ; USER=root ; COMMAND=/opt/stack/data/venv/bin/cinder-rootwrap /etc/cinder/rootwrap.conf env LC_ALL=C qemu-img info -f qcow2 --output=json --force-share /opt/stack/data/cinder/mnt/cc6a601fc5296f6a5118322ee05b0352/volume-bc854cf6-3f3b-429f-bf84-1440a43d34cf
Jun 11 18:05:37 devstack sudo[97533]: pam_unix(sudo:session): session opened for user root(uid=0) by (uid=1000)
Jun 11 18:05:38 devstack sudo[97533]: pam_unix(sudo:session): session closed for user root
Jun 11 18:05:38 devstack cinder-volume[91985]: DEBUG oslo_concurrency.processutils [None req-5eb4fd2d-62af-4265-807e-ac24160871df tempest-VolumesDeleteCascade-1608588084 None] CMD "/opt/stack/data/venv/bin/python3.12 -m oslo_concurrency.prlimit --as=1073741824 --cpu=60 -- sudo cinder-rootwrap /etc/cinder/rootwrap.conf env LC_ALL=C qemu-img info -f qcow2 --output=json --force-share /opt/stack/data/cinder/mnt/cc6a601fc5296f6a5118322ee05b0352/volume-bc854cf6-3f3b-429f-bf84-1440a43d34cf" returned: 0 in 0.960s {{(pid=91985) execute /opt/stack/data/venv/lib/python3.12/site-packages/oslo_concurrency/processutils.py:468}}
Jun 11 18:05:38 devstack cinder-volume[91985]: DEBUG oslo_concurrency.processutils [None req-5eb4fd2d-62af-4265-807e-ac24160871df tempest-VolumesDeleteCascade-1608588084 None] Running cmd (subprocess): sudo cinder-rootwrap /etc/cinder/rootwrap.conf qemu-img commit -d /opt/stack/data/cinder/mnt/cc6a601fc5296f6a5118322ee05b0352/volume-bc854cf6-3f3b-429f-bf84-1440a43d34cf.fb09531e-10c7-4612-9236-51c44684c9fd {{(pid=91985) execute /opt/stack/data/venv/lib/python3.12/site-packages/oslo_concurrency/processutils.py:440}}
Jun 11 18:05:38 devstack sudo[97539]: quobyte : PWD=/ ; USER=root ; COMMAND=/opt/stack/data/venv/bin/cinder-rootwrap /etc/cinder/rootwrap.conf qemu-img commit -d /opt/stack/data/cinder/mnt/cc6a601fc5296f6a5118322ee05b0352/volume-bc854cf6-3f3b-429f-bf84-1440a43d34cf.fb09531e-10c7-4612-9236-51c44684c9fd
Jun 11 18:05:38 devstack sudo[97539]: pam_unix(sudo:session): session opened for user root(uid=0) by (uid=1000)
Jun 11 18:05:39 devstack sudo[97539]: pam_unix(sudo:session): session closed for user root
Jun 11 18:05:39 devstack cinder-volume[91985]: DEBUG oslo_concurrency.processutils [None req-5eb4fd2d-62af-4265-807e-ac24160871df tempest-VolumesDeleteCascade-1608588084 None] CMD "sudo cinder-rootwrap /etc/cinder/rootwrap.conf qemu-img commit -d /opt/stack/data/cinder/mnt/cc6a601fc5296f6a5118322ee05b0352/volume-bc854cf6-3f3b-429f-bf84-1440a43d34cf.fb09531e-10c7-4612-9236-51c44684c9fd" returned: 0 in 0.910s {{(pid=91985) execute /opt/stack/data/venv/lib/python3.12/site-packages/oslo_concurrency/processutils.py:468}}
Jun 11 18:05:39 devstack cinder-volume[91985]: DEBUG oslo_concurrency.processutils [None req-5eb4fd2d-62af-4265-807e-ac24160871df tempest-VolumesDeleteCascade-1608588084 None] Running cmd (subprocess): sudo cinder-rootwrap /etc/cinder/rootwrap.conf rm -f /opt/stack/data/cinder/mnt/cc6a601fc5296f6a5118322ee05b0352/volume-bc854cf6-3f3b-429f-bf84-1440a43d34cf.fb09531e-10c7-4612-9236-51c44684c9fd {{(pid=91985) execute /opt/stack/data/venv/lib/python3.12/site-packages/oslo_concurrency/processutils.py:440}}
Jun 11 18:05:39 devstack sudo[97544]: quobyte : PWD=/ ; USER=root ; COMMAND=/opt/stack/data/venv/bin/cinder-rootwrap /etc/cinder/rootwrap.conf rm -f /opt/stack/data/cinder/mnt/cc6a601fc5296f6a5118322ee05b0352/volume-bc854cf6-3f3b-429f-bf84-1440a43d34cf.fb09531e-10c7-4612-9236-51c44684c9fd
Jun 11 18:05:39 devstack sudo[97544]: pam_unix(sudo:session): session opened for user root(uid=0) by (uid=1000)
Jun 11 18:05:39 devstack sudo[97544]: pam_unix(sudo:session): session closed for user root
Jun 11 18:05:39 devstack cinder-volume[91985]: DEBUG oslo_concurrency.processutils [None req-5eb4fd2d-62af-4265-807e-ac24160871df tempest-VolumesDeleteCascade-1608588084 None] CMD "sudo cinder-rootwrap /etc/cinder/rootwrap.conf rm -f /opt/stack/data/cinder/mnt/cc6a601fc5296f6a5118322ee05b0352/volume-bc854cf6-3f3b-429f-bf84-1440a43d34cf.fb09531e-10c7-4612-9236-51c44684c9fd" returned: 0 in 0.682s {{(pid=91985) execute /opt/stack/data/venv/lib/python3.12/site-packages/oslo_concurrency/processutils.py:468}}
Jun 11 18:05:39 devstack cinder-volume[91985]: DEBUG cinder.coordination [None req-5eb4fd2d-62af-4265-807e-ac24160871df tempest-VolumesDeleteCascade-1608588084 None] Lock "cinder-quobyte-fb09531e-10c7-4612-9236-51c44684c9fd" released by "_delete_snapshot" :: held 3.646s {{(pid=91985) __release /opt/stack/cinder/cinder/coordination.py:152}}
Jun 11 18:05:39 devstack cinder-volume[91985]: DEBUG cinder.coordination [None req-5eb4fd2d-62af-4265-807e-ac24160871df tempest-VolumesDeleteCascade-1608588084 None] Lock "cinder-quobyte-bc854cf6-3f3b-429f-bf84-1440a43d34cf" released by "delete_snapshot" :: held 3.681s {{(pid=91985) __release /opt/stack/cinder/cinder/coordination.py:152}}
Jun 11 18:05:39 devstack cinder-volume[91985]: DEBUG cinder.quota [None req-5eb4fd2d-62af-4265-807e-ac24160871df tempest-VolumesDeleteCascade-1608588084 None] Created reservations ['3f9a8fdd-c2c9-4a4f-b2e8-93c044ec381b', 'c4be9a07-c14e-4aab-9c57-cae6dee91285', '50a65111-3512-4605-a3aa-6d7f04b34a23', 'ae7a560a-00d0-4a56-9245-eb590b6a37d1'] {{(pid=91985) reserve /opt/stack/cinder/cinder/quota.py:752}}
Jun 11 18:05:39 devstack cinder-volume[91985]: INFO cinder.volume.manager [None req-5eb4fd2d-62af-4265-807e-ac24160871df tempest-VolumesDeleteCascade-1608588084 None] Delete snapshot completed successfully.
Jun 11 18:05:39 devstack cinder-volume[91985]: DEBUG cinder.coordination [None req-5eb4fd2d-62af-4265-807e-ac24160871df tempest-VolumesDeleteCascade-1608588084 None] Lock "cinder-fb09531e-10c7-4612-9236-51c44684c9fd-delete_snapshot" released by "delete_snapshot" :: held 3.866s {{(pid=91985) __release /opt/stack/cinder/cinder/coordination.py:152}}
Jun 11 18:05:39 devstack cinder-volume[91985]: DEBUG cinder.volume.manager [None req-5eb4fd2d-62af-4265-807e-ac24160871df tempest-VolumesDeleteCascade-1608588084 None] Snapshots deleted, issuing volume delete {{(pid=91985) delete_volume /opt/stack/cinder/cinder/volume/manager.py:1010}}
Jun 11 18:05:39 devstack cinder-volume[91985]: DEBUG cinder.coordination [None req-5eb4fd2d-62af-4265-807e-ac24160871df tempest-VolumesDeleteCascade-1608588084 None] Acquiring lock "cinder-quobyte-bc854cf6-3f3b-429f-bf84-1440a43d34cf" by "delete_volume" {{(pid=91985) __acquire /opt/stack/cinder/cinder/coordination.py:138}}
Jun 11 18:05:39 devstack cinder-volume[91985]: DEBUG cinder.coordination [None req-5eb4fd2d-62af-4265-807e-ac24160871df tempest-VolumesDeleteCascade-1608588084 None] Lock "cinder-quobyte-bc854cf6-3f3b-429f-bf84-1440a43d34cf" acquired by "delete_volume" :: waited 0.017s {{(pid=91985) __acquire /opt/stack/cinder/cinder/coordination.py:141}}
Jun 11 18:05:39 devstack cinder-volume[91985]: DEBUG oslo.privsep.daemon [-] privsep: reply[cc5f937b-1c47-4a57-9cc8-6c88ec68cf1f]: (4, 'qcow2') {{(pid=92750) _call_back /opt/stack/data/venv/lib/python3.12/site-packages/oslo_privsep/daemon.py:573}}
Jun 11 18:05:40 devstack cinder-volume[91985]: DEBUG oslo_concurrency.processutils [None req-5eb4fd2d-62af-4265-807e-ac24160871df tempest-VolumesDeleteCascade-1608588084 None] Running cmd (subprocess): /opt/stack/data/venv/bin/python3.12 -m oslo_concurrency.prlimit --as=1073741824 --cpu=60 -- sudo cinder-rootwrap /etc/cinder/rootwrap.conf env LC_ALL=C qemu-img info -f qcow2 --output=json --force-share /opt/stack/data/cinder/mnt/cc6a601fc5296f6a5118322ee05b0352/volume-bc854cf6-3f3b-429f-bf84-1440a43d34cf {{(pid=91985) execute /opt/stack/data/venv/lib/python3.12/site-packages/oslo_concurrency/processutils.py:440}}
Jun 11 18:05:40 devstack sudo[97547]: quobyte : PWD=/ ; USER=root ; COMMAND=/opt/stack/data/venv/bin/cinder-rootwrap /etc/cinder/rootwrap.conf env LC_ALL=C qemu-img info -f qcow2 --output=json --force-share /opt/stack/data/cinder/mnt/cc6a601fc5296f6a5118322ee05b0352/volume-bc854cf6-3f3b-429f-bf84-1440a43d34cf
Jun 11 18:05:40 devstack sudo[97547]: pam_unix(sudo:session): session opened for user root(uid=0) by (uid=1000)
Jun 11 18:05:40 devstack sudo[97547]: pam_unix(sudo:session): session closed for user root
Jun 11 18:05:40 devstack cinder-volume[91985]: DEBUG oslo_concurrency.processutils [None req-5eb4fd2d-62af-4265-807e-ac24160871df tempest-VolumesDeleteCascade-1608588084 None] CMD "/opt/stack/data/venv/bin/python3.12 -m oslo_concurrency.prlimit --as=1073741824 --cpu=60 -- sudo cinder-rootwrap /etc/cinder/rootwrap.conf env LC_ALL=C qemu-img info -f qcow2 --output=json --force-share /opt/stack/data/cinder/mnt/cc6a601fc5296f6a5118322ee05b0352/volume-bc854cf6-3f3b-429f-bf84-1440a43d34cf" returned: 0 in 0.969s {{(pid=91985) execute /opt/stack/data/venv/lib/python3.12/site-packages/oslo_concurrency/processutils.py:468}}
Jun 11 18:05:40 devstack cinder-volume[91985]: DEBUG oslo_concurrency.processutils [None req-5eb4fd2d-62af-4265-807e-ac24160871df tempest-VolumesDeleteCascade-1608588084 None] Running cmd (subprocess): sudo cinder-rootwrap /etc/cinder/rootwrap.conf rm -f /opt/stack/data/cinder/mnt/cc6a601fc5296f6a5118322ee05b0352/volume-bc854cf6-3f3b-429f-bf84-1440a43d34cf {{(pid=91985) execute /opt/stack/data/venv/lib/python3.12/site-packages/oslo_concurrency/processutils.py:440}}
Jun 11 18:05:41 devstack sudo[97554]: quobyte : PWD=/ ; USER=root ; COMMAND=/opt/stack/data/venv/bin/cinder-rootwrap /etc/cinder/rootwrap.conf rm -f /opt/stack/data/cinder/mnt/cc6a601fc5296f6a5118322ee05b0352/volume-bc854cf6-3f3b-429f-bf84-1440a43d34cf
Jun 11 18:05:41 devstack sudo[97554]: pam_unix(sudo:session): session opened for user root(uid=0) by (uid=1000)
Jun 11 18:05:41 devstack cinder-volume[91985]: DEBUG oslo_service.periodic_task [None req-09e97cbe-6a15-45b7-a099-efc696806178 None None] Running periodic task VolumeManager.publish_service_capabilities {{(pid=91985) run_periodic_tasks /opt/stack/data/venv/lib/python3.12/site-packages/oslo_service/periodic_task.py:210}}
Jun 11 18:05:41 devstack cinder-volume[91985]: DEBUG oslo_concurrency.lockutils [None req-09e97cbe-6a15-45b7-a099-efc696806178 None None] Acquiring lock "quobyte_ensure" by "cinder.volume.drivers.quobyte.QuobyteDriver._ensure_shares_mounted" {{(pid=91985) inner /opt/stack/data/venv/lib/python3.12/site-packages/oslo_concurrency/lockutils.py:506}}
Jun 11 18:05:41 devstack cinder-volume[91985]: DEBUG oslo_concurrency.lockutils [None req-09e97cbe-6a15-45b7-a099-efc696806178 None None] Lock "quobyte_ensure" acquired by "cinder.volume.drivers.quobyte.QuobyteDriver._ensure_shares_mounted" :: waited 0.002s {{(pid=91985) inner /opt/stack/data/venv/lib/python3.12/site-packages/oslo_concurrency/lockutils.py:519}}
Jun 11 18:05:41 devstack cinder-volume[91985]: DEBUG cinder.volume.drivers.quobyte [None req-09e97cbe-6a15-45b7-a099-efc696806178 None None] Quobyte Volume URL set to: {'osci02.corp.quobyte.com/cinder-vol-302f4dcf-46e2-4c89-8341-db055ff9ed34': None} {{(pid=91985) _load_shares_config /opt/stack/cinder/cinder/volume/drivers/quobyte.py:617}}
Jun 11 18:05:41 devstack cinder-volume[91985]: DEBUG cinder.volume.drivers.quobyte [None req-09e97cbe-6a15-45b7-a099-efc696806178 None None] Available shares ['osci02.corp.quobyte.com/cinder-vol-302f4dcf-46e2-4c89-8341-db055ff9ed34'] {{(pid=91985) _ensure_shares_mounted /opt/stack/cinder/cinder/volume/drivers/quobyte.py:647}}
Jun 11 18:05:41 devstack cinder-volume[91985]: DEBUG oslo_concurrency.lockutils [None req-09e97cbe-6a15-45b7-a099-efc696806178 None None] Lock "quobyte_ensure" "released" by "cinder.volume.drivers.quobyte.QuobyteDriver._ensure_shares_mounted" :: held 0.012s {{(pid=91985) inner /opt/stack/data/venv/lib/python3.12/site-packages/oslo_concurrency/lockutils.py:538}}
Jun 11 18:05:41 devstack cinder-volume[91985]: DEBUG oslo_concurrency.processutils [None req-09e97cbe-6a15-45b7-a099-efc696806178 None None] Running cmd (subprocess): sudo cinder-rootwrap /etc/cinder/rootwrap.conf df --portability --block-size 1 /opt/stack/data/cinder/mnt/cc6a601fc5296f6a5118322ee05b0352 {{(pid=91985) execute /opt/stack/data/venv/lib/python3.12/site-packages/oslo_concurrency/processutils.py:440}}
Jun 11 18:05:41 devstack sudo[97554]: pam_unix(sudo:session): session closed for user root
Jun 11 18:05:41 devstack sudo[97557]: quobyte : PWD=/ ; USER=root ; COMMAND=/opt/stack/data/venv/bin/cinder-rootwrap /etc/cinder/rootwrap.conf df --portability --block-size 1 /opt/stack/data/cinder/mnt/cc6a601fc5296f6a5118322ee05b0352
Jun 11 18:05:41 devstack sudo[97557]: pam_unix(sudo:session): session opened for user root(uid=0) by (uid=1000)
Jun 11 18:05:41 devstack cinder-volume[91985]: DEBUG oslo_concurrency.processutils [None req-5eb4fd2d-62af-4265-807e-ac24160871df tempest-VolumesDeleteCascade-1608588084 None] CMD "sudo cinder-rootwrap /etc/cinder/rootwrap.conf rm -f /opt/stack/data/cinder/mnt/cc6a601fc5296f6a5118322ee05b0352/volume-bc854cf6-3f3b-429f-bf84-1440a43d34cf" returned: 0 in 0.857s {{(pid=91985) execute /opt/stack/data/venv/lib/python3.12/site-packages/oslo_concurrency/processutils.py:468}}
Jun 11 18:05:41 devstack cinder-volume[91985]: DEBUG cinder.coordination [None req-5eb4fd2d-62af-4265-807e-ac24160871df tempest-VolumesDeleteCascade-1608588084 None] Lock "cinder-quobyte-bc854cf6-3f3b-429f-bf84-1440a43d34cf" released by "delete_volume" :: held 1.916s {{(pid=91985) __release /opt/stack/cinder/cinder/coordination.py:152}}
Jun 11 18:05:41 devstack cinder-volume[91985]: DEBUG cinder.quota [None req-5eb4fd2d-62af-4265-807e-ac24160871df tempest-VolumesDeleteCascade-1608588084 None] Created reservations ['bf650d6d-b59b-4c5a-ba4d-408e4915a38f', '14ef169d-8d98-4a76-856d-ca43764bcd98', 'c023a76a-9b03-4518-a683-cbb9f606d330', '98a45e84-d10c-4a1c-b438-6bb5b01e727d'] {{(pid=91985) reserve /opt/stack/cinder/cinder/quota.py:752}}
Jun 11 18:05:42 devstack cinder-volume[91985]: DEBUG oslo_concurrency.lockutils [None req-5eb4fd2d-62af-4265-807e-ac24160871df tempest-VolumesDeleteCascade-1608588084 None] Acquiring lock "quobyte_ensure" by "cinder.volume.drivers.quobyte.QuobyteDriver._ensure_shares_mounted" {{(pid=91985) inner /opt/stack/data/venv/lib/python3.12/site-packages/oslo_concurrency/lockutils.py:506}}
Jun 11 18:05:42 devstack cinder-volume[91985]: DEBUG oslo_concurrency.lockutils [None req-5eb4fd2d-62af-4265-807e-ac24160871df tempest-VolumesDeleteCascade-1608588084 None] Lock "quobyte_ensure" acquired by "cinder.volume.drivers.quobyte.QuobyteDriver._ensure_shares_mounted" :: waited 0.001s {{(pid=91985) inner /opt/stack/data/venv/lib/python3.12/site-packages/oslo_concurrency/lockutils.py:519}}
Jun 11 18:05:42 devstack cinder-volume[91985]: DEBUG cinder.volume.drivers.quobyte [None req-5eb4fd2d-62af-4265-807e-ac24160871df tempest-VolumesDeleteCascade-1608588084 None] Quobyte Volume URL set to: {'osci02.corp.quobyte.com/cinder-vol-302f4dcf-46e2-4c89-8341-db055ff9ed34': None} {{(pid=91985) _load_shares_config /opt/stack/cinder/cinder/volume/drivers/quobyte.py:617}}
Jun 11 18:05:42 devstack cinder-volume[91985]: DEBUG cinder.volume.drivers.quobyte [None req-5eb4fd2d-62af-4265-807e-ac24160871df tempest-VolumesDeleteCascade-1608588084 None] Available shares ['osci02.corp.quobyte.com/cinder-vol-302f4dcf-46e2-4c89-8341-db055ff9ed34'] {{(pid=91985) _ensure_shares_mounted /opt/stack/cinder/cinder/volume/drivers/quobyte.py:647}}
Jun 11 18:05:42 devstack cinder-volume[91985]: DEBUG oslo_concurrency.lockutils [None req-5eb4fd2d-62af-4265-807e-ac24160871df tempest-VolumesDeleteCascade-1608588084 None] Lock "quobyte_ensure" "released" by "cinder.volume.drivers.quobyte.QuobyteDriver._ensure_shares_mounted" :: held 0.011s {{(pid=91985) inner /opt/stack/data/venv/lib/python3.12/site-packages/oslo_concurrency/lockutils.py:538}}
Jun 11 18:05:42 devstack cinder-volume[91985]: DEBUG oslo_concurrency.processutils [None req-5eb4fd2d-62af-4265-807e-ac24160871df tempest-VolumesDeleteCascade-1608588084 None] Running cmd (subprocess): sudo cinder-rootwrap /etc/cinder/rootwrap.conf df --portability --block-size 1 /opt/stack/data/cinder/mnt/cc6a601fc5296f6a5118322ee05b0352 {{(pid=91985) execute /opt/stack/data/venv/lib/python3.12/site-packages/oslo_concurrency/processutils.py:440}}
Jun 11 18:05:42 devstack sudo[97559]: quobyte : PWD=/ ; USER=root ; COMMAND=/opt/stack/data/venv/bin/cinder-rootwrap /etc/cinder/rootwrap.conf df --portability --block-size 1 /opt/stack/data/cinder/mnt/cc6a601fc5296f6a5118322ee05b0352
Jun 11 18:05:42 devstack sudo[97559]: pam_unix(sudo:session): session opened for user root(uid=0) by (uid=1000)
Jun 11 18:05:42 devstack sudo[97557]: pam_unix(sudo:session): session closed for user root
Jun 11 18:05:42 devstack cinder-volume[91985]: DEBUG oslo_concurrency.processutils [None req-09e97cbe-6a15-45b7-a099-efc696806178 None None] CMD "sudo cinder-rootwrap /etc/cinder/rootwrap.conf df --portability --block-size 1 /opt/stack/data/cinder/mnt/cc6a601fc5296f6a5118322ee05b0352" returned: 0 in 1.113s {{(pid=91985) execute /opt/stack/data/venv/lib/python3.12/site-packages/oslo_concurrency/processutils.py:468}}
Jun 11 18:05:42 devstack cinder-volume[91985]: DEBUG cinder.manager [None req-09e97cbe-6a15-45b7-a099-efc696806178 None None] Notifying Schedulers of capabilities ... {{(pid=91985) _publish_service_capabilities /opt/stack/cinder/cinder/manager.py:219}}
Jun 11 18:05:42 devstack cinder-volume[91985]: DEBUG oslo_service.periodic_task [None req-09e97cbe-6a15-45b7-a099-efc696806178 None None] Running periodic task VolumeManager._thread_info {{(pid=91985) run_periodic_tasks /opt/stack/data/venv/lib/python3.12/site-packages/oslo_service/periodic_task.py:210}}
Jun 11 18:05:42 devstack cinder-volume[91985]: DEBUG cinder.volume.manager [None req-09e97cbe-6a15-45b7-a099-efc696806178 None None] thread count: 28 {{(pid=91985) _thread_info /opt/stack/cinder/cinder/volume/manager.py:5472}}
Jun 11 18:05:42 devstack cinder-volume[91985]: DEBUG cinder.volume.manager [None req-09e97cbe-6a15-45b7-a099-efc696806178 None None] thread info: [<_MainThread(MainThread, started 139732023545984)>, , , , , , , , , , , , , , , , , , , , , , , , , , , ] {{(pid=91985) _thread_info /opt/stack/cinder/cinder/volume/manager.py:5473}}
Jun 11 18:05:43 devstack cinder-volume[91985]: DEBUG cinder.coordination [None req-148bd62c-da32-41ff-a370-c4c0875a8449 tempest-VolumesDeleteCascade-1608588084 None] Acquiring lock "cinder-7ca25e93-ea29-4640-adc4-aa7cceab8d2e-delete_volume" by "delete_volume" {{(pid=91985) __acquire /opt/stack/cinder/cinder/coordination.py:138}}
Jun 11 18:05:43 devstack cinder-volume[91985]: DEBUG cinder.coordination [None req-148bd62c-da32-41ff-a370-c4c0875a8449 tempest-VolumesDeleteCascade-1608588084 None] Lock "cinder-7ca25e93-ea29-4640-adc4-aa7cceab8d2e-delete_volume" acquired by "delete_volume" :: waited 0.024s {{(pid=91985) __acquire /opt/stack/cinder/cinder/coordination.py:141}}
Jun 11 18:05:43 devstack cinder-volume[91985]: DEBUG cinder.coordination [None req-148bd62c-da32-41ff-a370-c4c0875a8449 tempest-VolumesDeleteCascade-1608588084 None] Acquiring lock "cinder-quobyte-7ca25e93-ea29-4640-adc4-aa7cceab8d2e" by "delete_volume" {{(pid=91985) __acquire /opt/stack/cinder/cinder/coordination.py:138}}
Jun 11 18:05:43 devstack cinder-volume[91985]: DEBUG cinder.coordination [None req-148bd62c-da32-41ff-a370-c4c0875a8449 tempest-VolumesDeleteCascade-1608588084 None] Lock "cinder-quobyte-7ca25e93-ea29-4640-adc4-aa7cceab8d2e" acquired by "delete_volume" :: waited 0.037s {{(pid=91985) __acquire /opt/stack/cinder/cinder/coordination.py:141}}
Jun 11 18:05:43 devstack sudo[97559]: pam_unix(sudo:session): session closed for user root
Jun 11 18:05:43 devstack cinder-volume[91985]: DEBUG oslo_concurrency.processutils [None req-5eb4fd2d-62af-4265-807e-ac24160871df tempest-VolumesDeleteCascade-1608588084 None] CMD "sudo cinder-rootwrap /etc/cinder/rootwrap.conf df --portability --block-size 1 /opt/stack/data/cinder/mnt/cc6a601fc5296f6a5118322ee05b0352" returned: 0 in 1.266s {{(pid=91985) execute /opt/stack/data/venv/lib/python3.12/site-packages/oslo_concurrency/processutils.py:468}}
Jun 11 18:05:43 devstack cinder-volume[91985]: DEBUG cinder.manager [None req-5eb4fd2d-62af-4265-807e-ac24160871df tempest-VolumesDeleteCascade-1608588084 None] Notifying Schedulers of capabilities ... {{(pid=91985) _publish_service_capabilities /opt/stack/cinder/cinder/manager.py:219}}
Jun 11 18:05:43 devstack cinder-volume[91985]: INFO cinder.volume.manager [None req-5eb4fd2d-62af-4265-807e-ac24160871df tempest-VolumesDeleteCascade-1608588084 None] Deleted volume successfully.
Jun 11 18:05:43 devstack cinder-volume[91985]: DEBUG oslo.privsep.daemon [-] privsep: reply[0c16b05c-084d-407a-9eaa-4543a7d0dc45]: (4, 'qcow2') {{(pid=92750) _call_back /opt/stack/data/venv/lib/python3.12/site-packages/oslo_privsep/daemon.py:573}}
Jun 11 18:05:43 devstack cinder-volume[91985]: DEBUG oslo_concurrency.processutils [None req-148bd62c-da32-41ff-a370-c4c0875a8449 tempest-VolumesDeleteCascade-1608588084 None] Running cmd (subprocess): /opt/stack/data/venv/bin/python3.12 -m oslo_concurrency.prlimit --as=1073741824 --cpu=60 -- sudo cinder-rootwrap /etc/cinder/rootwrap.conf env LC_ALL=C qemu-img info -f qcow2 --output=json --force-share /opt/stack/data/cinder/mnt/cc6a601fc5296f6a5118322ee05b0352/volume-7ca25e93-ea29-4640-adc4-aa7cceab8d2e {{(pid=91985) execute /opt/stack/data/venv/lib/python3.12/site-packages/oslo_concurrency/processutils.py:440}}
Jun 11 18:05:43 devstack cinder-volume[91985]: DEBUG cinder.coordination [None req-5eb4fd2d-62af-4265-807e-ac24160871df tempest-VolumesDeleteCascade-1608588084 None] Lock "cinder-bc854cf6-3f3b-429f-bf84-1440a43d34cf-delete_volume" released by "delete_volume" :: held 7.380s {{(pid=91985) __release /opt/stack/cinder/cinder/coordination.py:152}}
Jun 11 18:05:43 devstack sudo[97563]: quobyte : PWD=/ ; USER=root ; COMMAND=/opt/stack/data/venv/bin/cinder-rootwrap /etc/cinder/rootwrap.conf env LC_ALL=C qemu-img info -f qcow2 --output=json --force-share /opt/stack/data/cinder/mnt/cc6a601fc5296f6a5118322ee05b0352/volume-7ca25e93-ea29-4640-adc4-aa7cceab8d2e
Jun 11 18:05:43 devstack sudo[97563]: pam_unix(sudo:session): session opened for user root(uid=0) by (uid=1000)
Jun 11 18:05:44 devstack sudo[97563]: pam_unix(sudo:session): session closed for user root
Jun 11 18:05:44 devstack cinder-volume[91985]: DEBUG oslo_concurrency.processutils [None req-148bd62c-da32-41ff-a370-c4c0875a8449 tempest-VolumesDeleteCascade-1608588084 None] CMD "/opt/stack/data/venv/bin/python3.12 -m oslo_concurrency.prlimit --as=1073741824 --cpu=60 -- sudo cinder-rootwrap /etc/cinder/rootwrap.conf env LC_ALL=C qemu-img info -f qcow2 --output=json --force-share /opt/stack/data/cinder/mnt/cc6a601fc5296f6a5118322ee05b0352/volume-7ca25e93-ea29-4640-adc4-aa7cceab8d2e" returned: 0 in 1.241s {{(pid=91985) execute /opt/stack/data/venv/lib/python3.12/site-packages/oslo_concurrency/processutils.py:468}}
Jun 11 18:05:44 devstack cinder-volume[91985]: DEBUG oslo_concurrency.processutils [None req-148bd62c-da32-41ff-a370-c4c0875a8449 tempest-VolumesDeleteCascade-1608588084 None] Running cmd (subprocess): sudo cinder-rootwrap /etc/cinder/rootwrap.conf rm -f /opt/stack/data/cinder/mnt/cc6a601fc5296f6a5118322ee05b0352/volume-7ca25e93-ea29-4640-adc4-aa7cceab8d2e {{(pid=91985) execute /opt/stack/data/venv/lib/python3.12/site-packages/oslo_concurrency/processutils.py:440}}
Jun 11 18:05:44 devstack sudo[97570]: quobyte : PWD=/ ; USER=root ; COMMAND=/opt/stack/data/venv/bin/cinder-rootwrap /etc/cinder/rootwrap.conf rm -f /opt/stack/data/cinder/mnt/cc6a601fc5296f6a5118322ee05b0352/volume-7ca25e93-ea29-4640-adc4-aa7cceab8d2e
Jun 11 18:05:44 devstack sudo[97570]: pam_unix(sudo:session): session opened for user root(uid=0) by (uid=1000)
Jun 11 18:05:45 devstack sudo[97570]: pam_unix(sudo:session): session closed for user root
Jun 11 18:05:45 devstack cinder-volume[91985]: DEBUG oslo_concurrency.processutils [None req-148bd62c-da32-41ff-a370-c4c0875a8449 tempest-VolumesDeleteCascade-1608588084 None] CMD "sudo cinder-rootwrap /etc/cinder/rootwrap.conf rm -f /opt/stack/data/cinder/mnt/cc6a601fc5296f6a5118322ee05b0352/volume-7ca25e93-ea29-4640-adc4-aa7cceab8d2e" returned: 0 in 0.927s {{(pid=91985) execute /opt/stack/data/venv/lib/python3.12/site-packages/oslo_concurrency/processutils.py:468}}
Jun 11 18:05:45 devstack cinder-volume[91985]: DEBUG cinder.coordination [None req-148bd62c-da32-41ff-a370-c4c0875a8449 tempest-VolumesDeleteCascade-1608588084 None] Lock "cinder-quobyte-7ca25e93-ea29-4640-adc4-aa7cceab8d2e" released by "delete_volume" :: held 2.251s {{(pid=91985) __release /opt/stack/cinder/cinder/coordination.py:152}}
Jun 11 18:05:45 devstack cinder-volume[91985]: DEBUG cinder.quota [None req-148bd62c-da32-41ff-a370-c4c0875a8449 tempest-VolumesDeleteCascade-1608588084 None] Created reservations ['94a9b8e6-a971-41c7-9bb8-0ccf25c7c0da', '2aa30acd-cb77-4add-bfa9-d9122d18ccec', 'f3c29ca4-ba63-4b80-b074-9444c3b7a53d', '33263f0e-fc92-4444-a529-784040f92722'] {{(pid=91985) reserve /opt/stack/cinder/cinder/quota.py:752}}
Jun 11 18:05:45 devstack cinder-volume[91985]: DEBUG oslo_concurrency.lockutils [None req-148bd62c-da32-41ff-a370-c4c0875a8449 tempest-VolumesDeleteCascade-1608588084 None] Acquiring lock "quobyte_ensure" by "cinder.volume.drivers.quobyte.QuobyteDriver._ensure_shares_mounted" {{(pid=91985) inner /opt/stack/data/venv/lib/python3.12/site-packages/oslo_concurrency/lockutils.py:506}}
Jun 11 18:05:45 devstack cinder-volume[91985]: DEBUG oslo_concurrency.lockutils [None req-148bd62c-da32-41ff-a370-c4c0875a8449 tempest-VolumesDeleteCascade-1608588084 None] Lock "quobyte_ensure" acquired by "cinder.volume.drivers.quobyte.QuobyteDriver._ensure_shares_mounted" :: waited 0.001s {{(pid=91985) inner /opt/stack/data/venv/lib/python3.12/site-packages/oslo_concurrency/lockutils.py:519}}
