Jul 10 06:29:00 devstack devstack@n-api.service[61662]: DEBUG nova.api.openstack.wsgi_app [None req-167184f8-b2a8-4d5d-9160-aeecc091610c None None] keystone_authtoken.memcache_pool_maxsize = 10 {{(pid=61662) log_opt_values /opt/stack/data/venv/lib/python3.12/site-packages/oslo_config/cfg.py:3253}}
Jul 10 06:29:00 devstack devstack@n-api.service[61661]: DEBUG nova.api.openstack.wsgi_app [None req-97ebedae-fc3b-4618-9208-991c44a57a6e None None] keystone_authtoken.memcache_tls_cafile = None {{(pid=61661) log_opt_values /opt/stack/data/venv/lib/python3.12/site-packages/oslo_config/cfg.py:3253}}
Jul 10 06:29:00 devstack devstack@n-api.service[61662]: DEBUG nova.api.openstack.wsgi_app [None req-167184f8-b2a8-4d5d-9160-aeecc091610c None None] keystone_authtoken.memcache_pool_socket_timeout = 3 {{(pid=61662) log_opt_values /opt/stack/data/venv/lib/python3.12/site-packages/oslo_config/cfg.py:3253}}
Jul 10 06:29:00 devstack devstack@n-api.service[61661]: DEBUG nova.api.openstack.wsgi_app [None req-97ebedae-fc3b-4618-9208-991c44a57a6e None None] keystone_authtoken.memcache_tls_certfile = None {{(pid=61661) log_opt_values /opt/stack/data/venv/lib/python3.12/site-packages/oslo_config/cfg.py:3253}}
Jul 10 06:29:00 devstack devstack@n-api.service[61662]: DEBUG nova.api.openstack.wsgi_app [None req-167184f8-b2a8-4d5d-9160-aeecc091610c None None] keystone_authtoken.memcache_pool_unused_timeout = 60 {{(pid=61662) log_opt_values /opt/stack/data/venv/lib/python3.12/site-packages/oslo_config/cfg.py:3253}}
Jul 10 06:29:00 devstack devstack@n-api.service[61661]: DEBUG nova.api.openstack.wsgi_app [None req-97ebedae-fc3b-4618-9208-991c44a57a6e None None] keystone_authtoken.memcache_tls_enabled = False {{(pid=61661) log_opt_values /opt/stack/data/venv/lib/python3.12/site-packages/oslo_config/cfg.py:3253}}
Jul 10 06:29:00 devstack devstack@n-api.service[61662]: DEBUG nova.api.openstack.wsgi_app [None req-167184f8-b2a8-4d5d-9160-aeecc091610c None None] keystone_authtoken.memcache_sasl_enabled = False {{(pid=61662) log_opt_values /opt/stack/data/venv/lib/python3.12/site-packages/oslo_config/cfg.py:3253}}
Jul 10 06:29:00 devstack devstack@n-api.service[61661]: DEBUG nova.api.openstack.wsgi_app [None req-97ebedae-fc3b-4618-9208-991c44a57a6e None None] keystone_authtoken.memcache_tls_keyfile = None {{(pid=61661) log_opt_values /opt/stack/data/venv/lib/python3.12/site-packages/oslo_config/cfg.py:3253}}
Jul 10 06:29:00 devstack devstack@n-api.service[61662]: DEBUG nova.api.openstack.wsgi_app [None req-167184f8-b2a8-4d5d-9160-aeecc091610c None None] keystone_authtoken.memcache_secret_key = **** {{(pid=61662) log_opt_values /opt/stack/data/venv/lib/python3.12/site-packages/oslo_config/cfg.py:3253}}
Jul 10 06:29:00 devstack devstack@n-api.service[61661]: DEBUG nova.api.openstack.wsgi_app [None req-97ebedae-fc3b-4618-9208-991c44a57a6e None None] keystone_authtoken.memcache_use_advanced_pool = True {{(pid=61661) log_opt_values /opt/stack/data/venv/lib/python3.12/site-packages/oslo_config/cfg.py:3253}}
Jul 10 06:29:00 devstack devstack@n-api.service[61662]: DEBUG nova.api.openstack.wsgi_app [None req-167184f8-b2a8-4d5d-9160-aeecc091610c None None] keystone_authtoken.memcache_security_strategy = None {{(pid=61662) log_opt_values /opt/stack/data/venv/lib/python3.12/site-packages/oslo_config/cfg.py:3253}}
Jul 10 06:29:00 devstack devstack@n-api.service[61661]: DEBUG nova.api.openstack.wsgi_app [None req-97ebedae-fc3b-4618-9208-991c44a57a6e None None] keystone_authtoken.memcache_username = {{(pid=61661) log_opt_values /opt/stack/data/venv/lib/python3.12/site-packages/oslo_config/cfg.py:3253}}
Jul 10 06:29:00 devstack devstack@n-api.service[61662]: DEBUG nova.api.openstack.wsgi_app [None req-167184f8-b2a8-4d5d-9160-aeecc091610c None None] keystone_authtoken.memcache_tls_allowed_ciphers = None {{(pid=61662) log_opt_values /opt/stack/data/venv/lib/python3.12/site-packages/oslo_config/cfg.py:3253}}
Jul 10 06:29:00 devstack devstack@n-api.service[61661]: DEBUG nova.api.openstack.wsgi_app [None req-97ebedae-fc3b-4618-9208-991c44a57a6e None None] keystone_authtoken.memcached_servers = ['localhost:11211'] {{(pid=61661) log_opt_values /opt/stack/data/venv/lib/python3.12/site-packages/oslo_config/cfg.py:3253}}
Jul 10 06:29:00 devstack devstack@n-api.service[61662]: DEBUG nova.api.openstack.wsgi_app [None req-167184f8-b2a8-4d5d-9160-aeecc091610c None None] keystone_authtoken.memcache_tls_cafile = None {{(pid=61662) log_opt_values /opt/stack/data/venv/lib/python3.12/site-packages/oslo_config/cfg.py:3253}}
Jul 10 06:29:00 devstack devstack@n-api.service[61661]: DEBUG nova.api.openstack.wsgi_app [None req-97ebedae-fc3b-4618-9208-991c44a57a6e None None] keystone_authtoken.password = **** {{(pid=61661) log_opt_values /opt/stack/data/venv/lib/python3.12/site-packages/oslo_config/cfg.py:3253}}
Jul 10 06:29:00 devstack devstack@n-api.service[61662]: DEBUG nova.api.openstack.wsgi_app [None req-167184f8-b2a8-4d5d-9160-aeecc091610c None None] keystone_authtoken.memcache_tls_certfile = None {{(pid=61662) log_opt_values /opt/stack/data/venv/lib/python3.12/site-packages/oslo_config/cfg.py:3253}}
Jul 10 06:29:00 devstack devstack@n-api.service[61661]: DEBUG nova.api.openstack.wsgi_app [None req-97ebedae-fc3b-4618-9208-991c44a57a6e None None] keystone_authtoken.project_domain_id = None {{(pid=61661) log_opt_values /opt/stack/data/venv/lib/python3.12/site-packages/oslo_config/cfg.py:3253}}
Jul 10 06:29:00 devstack devstack@n-api.service[61662]: DEBUG nova.api.openstack.wsgi_app [None req-167184f8-b2a8-4d5d-9160-aeecc091610c None None] keystone_authtoken.memcache_tls_enabled = False {{(pid=61662) log_opt_values /opt/stack/data/venv/lib/python3.12/site-packages/oslo_config/cfg.py:3253}}
Jul 10 06:29:00 devstack devstack@n-api.service[61661]: DEBUG nova.api.openstack.wsgi_app [None req-97ebedae-fc3b-4618-9208-991c44a57a6e None None] keystone_authtoken.project_domain_name = Default {{(pid=61661) log_opt_values /opt/stack/data/venv/lib/python3.12/site-packages/oslo_config/cfg.py:3253}}
Jul 10 06:29:00 devstack devstack@n-api.service[61662]: DEBUG nova.api.openstack.wsgi_app [None req-167184f8-b2a8-4d5d-9160-aeecc091610c None None] keystone_authtoken.memcache_tls_keyfile = None {{(pid=61662) log_opt_values /opt/stack/data/venv/lib/python3.12/site-packages/oslo_config/cfg.py:3253}}
Jul 10 06:29:00 devstack devstack@n-api.service[61661]: DEBUG nova.api.openstack.wsgi_app [None req-97ebedae-fc3b-4618-9208-991c44a57a6e None None] keystone_authtoken.project_id = None {{(pid=61661) log_opt_values /opt/stack/data/venv/lib/python3.12/site-packages/oslo_config/cfg.py:3253}}
Jul 10 06:29:00 devstack devstack@n-api.service[61662]: DEBUG nova.api.openstack.wsgi_app [None req-167184f8-b2a8-4d5d-9160-aeecc091610c None None] keystone_authtoken.memcache_use_advanced_pool = True {{(pid=61662) log_opt_values /opt/stack/data/venv/lib/python3.12/site-packages/oslo_config/cfg.py:3253}}
Jul 10 06:29:00 devstack devstack@n-api.service[61661]: DEBUG nova.api.openstack.wsgi_app [None req-97ebedae-fc3b-4618-9208-991c44a57a6e None None] keystone_authtoken.project_name = service {{(pid=61661) log_opt_values /opt/stack/data/venv/lib/python3.12/site-packages/oslo_config/cfg.py:3253}}
Jul 10 06:29:00 devstack devstack@n-api.service[61662]: DEBUG nova.api.openstack.wsgi_app [None req-167184f8-b2a8-4d5d-9160-aeecc091610c None None] keystone_authtoken.memcache_username = {{(pid=61662) log_opt_values /opt/stack/data/venv/lib/python3.12/site-packages/oslo_config/cfg.py:3253}}
Jul 10 06:29:00 devstack devstack@n-api.service[61661]: DEBUG nova.api.openstack.wsgi_app [None req-97ebedae-fc3b-4618-9208-991c44a57a6e None None] keystone_authtoken.region_name = None {{(pid=61661) log_opt_values /opt/stack/data/venv/lib/python3.12/site-packages/oslo_config/cfg.py:3253}}
Jul 10 06:29:00 devstack devstack@n-api.service[61662]: DEBUG nova.api.openstack.wsgi_app [None req-167184f8-b2a8-4d5d-9160-aeecc091610c None None] keystone_authtoken.memcached_servers = ['localhost:11211'] {{(pid=61662) log_opt_values /opt/stack/data/venv/lib/python3.12/site-packages/oslo_config/cfg.py:3253}}
Jul 10 06:29:00 devstack devstack@n-api.service[61661]: DEBUG nova.api.openstack.wsgi_app [None req-97ebedae-fc3b-4618-9208-991c44a57a6e None None] keystone_authtoken.service_token_roles = ['service'] {{(pid=61661) log_opt_values /opt/stack/data/venv/lib/python3.12/site-packages/oslo_config/cfg.py:3253}}
Jul 10 06:29:00 devstack devstack@n-api.service[61662]: DEBUG nova.api.openstack.wsgi_app [None req-167184f8-b2a8-4d5d-9160-aeecc091610c None None] keystone_authtoken.password = **** {{(pid=61662) log_opt_values /opt/stack/data/venv/lib/python3.12/site-packages/oslo_config/cfg.py:3253}}
Jul 10 06:29:00 devstack devstack@n-api.service[61661]: DEBUG nova.api.openstack.wsgi_app [None req-97ebedae-fc3b-4618-9208-991c44a57a6e None None] keystone_authtoken.service_token_roles_required = True {{(pid=61661) log_opt_values /opt/stack/data/venv/lib/python3.12/site-packages/oslo_config/cfg.py:3253}}
Jul 10 06:29:00 devstack devstack@n-api.service[61662]: DEBUG nova.api.openstack.wsgi_app [None req-167184f8-b2a8-4d5d-9160-aeecc091610c None None] keystone_authtoken.project_domain_id = None {{(pid=61662) log_opt_values /opt/stack/data/venv/lib/python3.12/site-packages/oslo_config/cfg.py:3253}}
Jul 10 06:29:00 devstack devstack@n-api.service[61661]: DEBUG nova.api.openstack.wsgi_app [None req-97ebedae-fc3b-4618-9208-991c44a57a6e None None] keystone_authtoken.service_type = None {{(pid=61661) log_opt_values /opt/stack/data/venv/lib/python3.12/site-packages/oslo_config/cfg.py:3253}}
Jul 10 06:29:00 devstack devstack@n-api.service[61662]: DEBUG nova.api.openstack.wsgi_app [None req-167184f8-b2a8-4d5d-9160-aeecc091610c None None] keystone_authtoken.project_domain_name = Default {{(pid=61662) log_opt_values /opt/stack/data/venv/lib/python3.12/site-packages/oslo_config/cfg.py:3253}}
Jul 10 06:29:00 devstack devstack@n-api.service[61661]: DEBUG nova.api.openstack.wsgi_app [None req-97ebedae-fc3b-4618-9208-991c44a57a6e None None] keystone_authtoken.system_scope = None {{(pid=61661) log_opt_values /opt/stack/data/venv/lib/python3.12/site-packages/oslo_config/cfg.py:3253}}
Jul 10 06:29:00 devstack devstack@n-api.service[61662]: DEBUG nova.api.openstack.wsgi_app [None req-167184f8-b2a8-4d5d-9160-aeecc091610c None None] keystone_authtoken.project_id = None {{(pid=61662) log_opt_values /opt/stack/data/venv/lib/python3.12/site-packages/oslo_config/cfg.py:3253}}
Jul 10 06:29:00 devstack devstack@n-api.service[61661]: DEBUG nova.api.openstack.wsgi_app [None req-97ebedae-fc3b-4618-9208-991c44a57a6e None None] keystone_authtoken.token_cache_time = 300 {{(pid=61661) log_opt_values /opt/stack/data/venv/lib/python3.12/site-packages/oslo_config/cfg.py:3253}}
Jul 10 06:29:00 devstack devstack@n-api.service[61662]: DEBUG nova.api.openstack.wsgi_app [None req-167184f8-b2a8-4d5d-9160-aeecc091610c None None] keystone_authtoken.project_name = service {{(pid=61662) log_opt_values /opt/stack/data/venv/lib/python3.12/site-packages/oslo_config/cfg.py:3253}}
Jul 10 06:29:00 devstack devstack@n-api.service[61661]: DEBUG nova.api.openstack.wsgi_app [None req-97ebedae-fc3b-4618-9208-991c44a57a6e None None] keystone_authtoken.trust_id = None {{(pid=61661) log_opt_values /opt/stack/data/venv/lib/python3.12/site-packages/oslo_config/cfg.py:3253}}
Jul 10 06:29:00 devstack devstack@n-api.service[61662]: DEBUG nova.api.openstack.wsgi_app [None req-167184f8-b2a8-4d5d-9160-aeecc091610c None None] keystone_authtoken.region_name = None {{(pid=61662) log_opt_values /opt/stack/data/venv/lib/python3.12/site-packages/oslo_config/cfg.py:3253}}
Jul 10 06:29:00 devstack devstack@n-api.service[61661]: DEBUG nova.api.openstack.wsgi_app [None req-97ebedae-fc3b-4618-9208-991c44a57a6e None None] keystone_authtoken.user_domain_id = None {{(pid=61661) log_opt_values /opt/stack/data/venv/lib/python3.12/site-packages/oslo_config/cfg.py:3253}}
Jul 10 06:29:00 devstack devstack@n-api.service[61662]: DEBUG nova.api.openstack.wsgi_app [None req-167184f8-b2a8-4d5d-9160-aeecc091610c None None] keystone_authtoken.service_token_roles = ['service'] {{(pid=61662) log_opt_values /opt/stack/data/venv/lib/python3.12/site-packages/oslo_config/cfg.py:3253}}
Jul 10 06:29:00 devstack devstack@n-api.service[61661]: DEBUG nova.api.openstack.wsgi_app [None req-97ebedae-fc3b-4618-9208-991c44a57a6e None None] keystone_authtoken.user_domain_name = Default {{(pid=61661) log_opt_values /opt/stack/data/venv/lib/python3.12/site-packages/oslo_config/cfg.py:3253}}
Jul 10 06:29:00 devstack devstack@n-api.service[61662]: DEBUG nova.api.openstack.wsgi_app [None req-167184f8-b2a8-4d5d-9160-aeecc091610c None None] keystone_authtoken.service_token_roles_required = True {{(pid=61662) log_opt_values /opt/stack/data/venv/lib/python3.12/site-packages/oslo_config/cfg.py:3253}}
Jul 10 06:29:00 devstack devstack@n-api.service[61661]: DEBUG nova.api.openstack.wsgi_app [None req-97ebedae-fc3b-4618-9208-991c44a57a6e None None] keystone_authtoken.user_id = None {{(pid=61661) log_opt_values /opt/stack/data/venv/lib/python3.12/site-packages/oslo_config/cfg.py:3253}}
Jul 10 06:29:00 devstack devstack@n-api.service[61662]: DEBUG nova.api.openstack.wsgi_app [None req-167184f8-b2a8-4d5d-9160-aeecc091610c None None] keystone_authtoken.service_type = None {{(pid=61662) log_opt_values /opt/stack/data/venv/lib/python3.12/site-packages/oslo_config/cfg.py:3253}}
Jul 10 06:29:00 devstack devstack@n-api.service[61661]: DEBUG nova.api.openstack.wsgi_app [None req-97ebedae-fc3b-4618-9208-991c44a57a6e None None] keystone_authtoken.username = nova {{(pid=61661) log_opt_values /opt/stack/data/venv/lib/python3.12/site-packages/oslo_config/cfg.py:3253}}
Jul 10 06:29:00 devstack devstack@n-api.service[61662]: DEBUG nova.api.openstack.wsgi_app [None req-167184f8-b2a8-4d5d-9160-aeecc091610c None None] keystone_authtoken.system_scope = None {{(pid=61662) log_opt_values /opt/stack/data/venv/lib/python3.12/site-packages/oslo_config/cfg.py:3253}}
Jul 10 06:29:00 devstack devstack@n-api.service[61661]: DEBUG nova.api.openstack.wsgi_app [None req-97ebedae-fc3b-4618-9208-991c44a57a6e None None] keystone_authtoken.www_authenticate_uri = http://192.168.122.31/identity {{(pid=61661) log_opt_values /opt/stack/data/venv/lib/python3.12/site-packages/oslo_config/cfg.py:3253}}
Jul 10 06:29:00 devstack devstack@n-api.service[61662]: DEBUG nova.api.openstack.wsgi_app [None req-167184f8-b2a8-4d5d-9160-aeecc091610c None None] keystone_authtoken.token_cache_time = 300 {{(pid=61662) log_opt_values /opt/stack/data/venv/lib/python3.12/site-packages/oslo_config/cfg.py:3253}}
Jul 10 06:29:00 devstack devstack@n-api.service[61661]: DEBUG nova.api.openstack.wsgi_app [None req-97ebedae-fc3b-4618-9208-991c44a57a6e None None] ******************************************************************************** {{(pid=61661) log_opt_values /opt/stack/data/venv/lib/python3.12/site-packages/oslo_config/cfg.py:3260}}
Jul 10 06:29:00 devstack devstack@n-api.service[61662]: DEBUG nova.api.openstack.wsgi_app [None req-167184f8-b2a8-4d5d-9160-aeecc091610c None None] keystone_authtoken.trust_id = None {{(pid=61662) log_opt_values /opt/stack/data/venv/lib/python3.12/site-packages/oslo_config/cfg.py:3253}}
Jul 10 06:29:00 devstack devstack@n-api.service[61661]: WSGI app 0 (mountpoint='') ready in 6 seconds on interpreter 0x7f066daa4668 pid: 61661 (default app)
Jul 10 06:29:00 devstack devstack@n-api.service[61662]: DEBUG nova.api.openstack.wsgi_app [None req-167184f8-b2a8-4d5d-9160-aeecc091610c None None] keystone_authtoken.user_domain_id = None {{(pid=61662) log_opt_values /opt/stack/data/venv/lib/python3.12/site-packages/oslo_config/cfg.py:3253}}
Jul 10 06:29:00 devstack devstack@n-api.service[61662]: DEBUG nova.api.openstack.wsgi_app [None req-167184f8-b2a8-4d5d-9160-aeecc091610c None None] keystone_authtoken.user_domain_name = Default {{(pid=61662) log_opt_values /opt/stack/data/venv/lib/python3.12/site-packages/oslo_config/cfg.py:3253}}
Jul 10 06:29:00 devstack devstack@n-api.service[61662]: DEBUG nova.api.openstack.wsgi_app [None req-167184f8-b2a8-4d5d-9160-aeecc091610c None None] keystone_authtoken.user_id = None {{(pid=61662) log_opt_values /opt/stack/data/venv/lib/python3.12/site-packages/oslo_config/cfg.py:3253}}
Jul 10 06:29:00 devstack devstack@n-api.service[61662]: DEBUG nova.api.openstack.wsgi_app [None req-167184f8-b2a8-4d5d-9160-aeecc091610c None None] keystone_authtoken.username = nova {{(pid=61662) log_opt_values /opt/stack/data/venv/lib/python3.12/site-packages/oslo_config/cfg.py:3253}}
Jul 10 06:29:00 devstack devstack@n-api.service[61662]: DEBUG nova.api.openstack.wsgi_app [None req-167184f8-b2a8-4d5d-9160-aeecc091610c None None] keystone_authtoken.www_authenticate_uri = http://192.168.122.31/identity {{(pid=61662) log_opt_values /opt/stack/data/venv/lib/python3.12/site-packages/oslo_config/cfg.py:3253}}
Jul 10 06:29:00 devstack devstack@n-api.service[61661]: DEBUG nova.api.openstack.wsgi [None req-97ebedae-fc3b-4618-9208-991c44a57a6e None None] Calling method '>' {{(pid=61661) _process_stack /opt/stack/nova/nova/api/openstack/wsgi.py:551}}
Jul 10 06:29:00 devstack devstack@n-api.service[61662]: DEBUG nova.api.openstack.wsgi_app [None req-167184f8-b2a8-4d5d-9160-aeecc091610c None None] ******************************************************************************** {{(pid=61662) log_opt_values /opt/stack/data/venv/lib/python3.12/site-packages/oslo_config/cfg.py:3260}}
Jul 10 06:29:00 devstack devstack@n-api.service[61662]: WSGI app 0 (mountpoint='') ready in 6 seconds on interpreter 0x7f066daa4668 pid: 61662 (default app)
Jul 10 06:29:00 devstack devstack@n-api.service[61661]: INFO nova.api.openstack.requestlog [None req-97ebedae-fc3b-4618-9208-991c44a57a6e None None] 192.168.122.31 "GET /compute/v2.1/" status: 200 len: 392 microversion: 2.1 time: 0.006011
Jul 10 06:29:00 devstack devstack@n-api.service[61661]: [pid: 61661|app: 0|req: 1/1] 192.168.122.31 () {50 vars in 786 bytes} [Fri Jul 10 06:28:59 2026] GET /compute/v2.1/ => generated 392 bytes in 7 msecs (HTTP/1.1 200) 9 headers in 357 bytes (1 switches on core 0)
Jul 10 06:29:07 devstack devstack@n-api.service[61662]: DEBUG dbcounter [-] [61662] Writing DB stats nova_api:SELECT=1 {{(pid=61662) stat_writer /opt/stack/data/venv/lib/python3.12/site-packages/dbcounter.py:115}}
Jul 10 06:29:07 devstack devstack@n-api.service[61661]: DEBUG dbcounter [-] [61661] Writing DB stats nova_api:SELECT=1 {{(pid=61661) stat_writer /opt/stack/data/venv/lib/python3.12/site-packages/dbcounter.py:115}}
Jul 10 06:29:07 devstack devstack@n-api.service[61662]: DEBUG dbcounter [-] [61662] Writing DB stats nova_cell1:SELECT=1 {{(pid=61662) stat_writer /opt/stack/data/venv/lib/python3.12/site-packages/dbcounter.py:115}}
Jul 10 06:29:07 devstack devstack@n-api.service[61662]: DEBUG dbcounter [-] [61662] Writing DB stats nova_cell0:SELECT=1 {{(pid=61662) stat_writer /opt/stack/data/venv/lib/python3.12/site-packages/dbcounter.py:115}}
Jul 10 06:29:07 devstack devstack@n-api.service[61661]: DEBUG dbcounter [-] [61661] Writing DB stats nova_cell0:SELECT=1 {{(pid=61661) stat_writer /opt/stack/data/venv/lib/python3.12/site-packages/dbcounter.py:115}}
Jul 10 06:29:07 devstack devstack@n-api.service[61661]: DEBUG dbcounter [-] [61661] Writing DB stats nova_cell1:SELECT=1 {{(pid=61661) stat_writer /opt/stack/data/venv/lib/python3.12/site-packages/dbcounter.py:115}}
Jul 10 06:29:07 devstack devstack@n-api.service[61662]: DEBUG dbcounter [-] [61662] Writing DB stats nova_cell0:SELECT=2,nova_cell0:INSERT=1 {{(pid=61662) stat_writer /opt/stack/data/venv/lib/python3.12/site-packages/dbcounter.py:115}}
Jul 10 06:29:07 devstack devstack@n-api.service[61661]: DEBUG dbcounter [-] [61661] Writing DB stats nova_cell0:SELECT=2,nova_cell0:INSERT=1 {{(pid=61661) stat_writer /opt/stack/data/venv/lib/python3.12/site-packages/dbcounter.py:115}}
Jul 10 06:31:24 devstack devstack@n-api.service[61662]: DEBUG nova.api.openstack.wsgi [None req-167184f8-b2a8-4d5d-9160-aeecc091610c None None] Calling method '>' {{(pid=61662) _process_stack /opt/stack/nova/nova/api/openstack/wsgi.py:551}}
Jul 10 06:31:24 devstack devstack@n-api.service[61662]: INFO nova.api.openstack.requestlog [None req-167184f8-b2a8-4d5d-9160-aeecc091610c None None] 192.168.122.31 "GET /compute/v2.1" status: 200 len: 392 microversion: 2.1 time: 0.009998
Jul 10 06:31:24 devstack devstack@n-api.service[61662]: [pid: 61662|app: 0|req: 1/2] 192.168.122.31 () {54 vars in 930 bytes} [Fri Jul 10 06:31:24 2026] GET /compute/v2.1 => generated 392 bytes in 12 msecs (HTTP/1.1 200) 9 headers in 357 bytes (1 switches on core 0)
Jul 10 06:31:24 devstack devstack@n-api.service[61661]: DEBUG nova.api.openstack.wsgi [None req-6a0cf248-3994-45d2-bf74-7db1c1104a4e admin admin] Calling method '>' {{(pid=61661) _process_stack /opt/stack/nova/nova/api/openstack/wsgi.py:551}}
Jul 10 06:31:25 devstack devstack@n-api.service[61661]: INFO nova.api.openstack.requestlog [None req-6a0cf248-3994-45d2-bf74-7db1c1104a4e admin admin] 192.168.122.31 "GET /compute/v2.1/flavors/detail?is_public=True" status: 200 len: 15 microversion: 2.61 time: 0.498000
Jul 10 06:31:25 devstack devstack@n-api.service[61661]: [pid: 61661|app: 0|req: 2/3] 192.168.122.31 () {60 vars in 1291 bytes} [Fri Jul 10 06:31:24 2026] GET /compute/v2.1/flavors/detail?is_public=True => generated 15 bytes in 499 msecs (HTTP/1.1 200) 9 headers in 358 bytes (1 switches on core 0)
Jul 10 06:31:28 devstack devstack@n-api.service[61662]: DEBUG nova.api.openstack.wsgi [None req-167184f8-b2a8-4d5d-9160-aeecc091610c None None] Calling method '>' {{(pid=61662) _process_stack /opt/stack/nova/nova/api/openstack/wsgi.py:551}}
Jul 10 06:31:28 devstack devstack@n-api.service[61662]: INFO nova.api.openstack.requestlog [None req-167184f8-b2a8-4d5d-9160-aeecc091610c None None] 192.168.122.31 "GET /compute/v2.1" status: 200 len: 392 microversion: 2.1 time: 0.005527
Jul 10 06:31:28 devstack devstack@n-api.service[61662]: [pid: 61662|app: 0|req: 2/4] 192.168.122.31 () {54 vars in 930 bytes} [Fri Jul 10 06:31:28 2026] GET /compute/v2.1 => generated 392 bytes in 6 msecs (HTTP/1.1 200) 9 headers in 357 bytes (1 switches on core 0)
Jul 10 06:31:28 devstack devstack@n-api.service[61661]: DEBUG nova.api.openstack.wsgi [None req-0d9d7dc8-6eef-4abf-a619-453569789268 admin admin] Action: 'create', calling method: >, body: {"flavor": {"swap": 0, "os-flavor-access:is_public": true, "name": "cirros256", "ram": 256, "disk": 1, "vcpus": 1, "id": "c1", "OS-FLV-EXT-DATA:ephemeral": 0}} {{(pid=61661) _process_stack /opt/stack/nova/nova/api/openstack/wsgi.py:549}}
Jul 10 06:31:28 devstack devstack@n-api.service[61661]: INFO nova.api.openstack.requestlog [None req-0d9d7dc8-6eef-4abf-a619-453569789268 admin admin] 192.168.122.31 "POST /compute/v2.1/flavors" status: 200 len: 413 microversion: 2.61 time: 0.113171
Jul 10 06:31:28 devstack devstack@n-api.service[61661]: [pid: 61661|app: 0|req: 3/5] 192.168.122.31 () {64 vars in 1282 bytes} [Fri Jul 10 06:31:28 2026] POST /compute/v2.1/flavors => generated 413 bytes in 115 msecs (HTTP/1.1 200) 9 headers in 359 bytes (2 switches on core 0)
Jul 10 06:31:29 devstack devstack@n-api.service[61662]: DEBUG nova.api.openstack.wsgi [None req-4dcd9695-5f16-4335-a08d-41a269d3fd6d admin admin] Action: 'create', calling method: >, body: {"extra_specs": {"hw_rng:allowed": "True"}} {{(pid=61662) _process_stack /opt/stack/nova/nova/api/openstack/wsgi.py:549}}
Jul 10 06:31:29 devstack devstack@n-api.service[61662]: INFO nova.api.openstack.requestlog [None req-4dcd9695-5f16-4335-a08d-41a269d3fd6d admin admin] 192.168.122.31 "POST /compute/v2.1/flavors/c1/os-extra_specs" status: 200 len: 43 microversion: 2.61 time: 0.419532
Jul 10 06:31:29 devstack devstack@n-api.service[61662]: [pid: 61662|app: 0|req: 3/6] 192.168.122.31 () {64 vars in 1335 bytes} [Fri Jul 10 06:31:28 2026] POST /compute/v2.1/flavors/c1/os-extra_specs => generated 43 bytes in 421 msecs (HTTP/1.1 200) 9 headers in 358 bytes (1 switches on core 0)
Jul 10 06:31:32 devstack devstack@n-api.service[61661]: DEBUG nova.api.openstack.wsgi [None req-0d9d7dc8-6eef-4abf-a619-453569789268 admin admin] Calling method '>' {{(pid=61661) _process_stack /opt/stack/nova/nova/api/openstack/wsgi.py:551}}
Jul 10 06:31:32 devstack devstack@n-api.service[61661]: INFO nova.api.openstack.requestlog [None req-0d9d7dc8-6eef-4abf-a619-453569789268 admin admin] 192.168.122.31 "GET /compute/v2.1" status: 200 len: 392 microversion: 2.1 time: 0.018465
Jul 10 06:31:32 devstack devstack@n-api.service[61661]: [pid: 61661|app: 0|req: 4/7] 192.168.122.31 () {54 vars in 930 bytes} [Fri Jul 10 06:31:32 2026] GET /compute/v2.1 => generated 392 bytes in 22 msecs (HTTP/1.1 200) 9 headers in 357 bytes (1 switches on core 0)
Jul 10 06:31:32 devstack devstack@n-api.service[61662]: DEBUG nova.api.openstack.wsgi [None req-91d5a960-4752-47eb-ac30-06aaa18420a6 admin admin] Action: 'create', calling method: >, body: {"flavor": {"ram": 512, "OS-FLV-EXT-DATA:ephemeral": 0, "swap": 0, "os-flavor-access:is_public": true, "id": "d1", "name": "ds512M", "disk": 5, "vcpus": 1}} {{(pid=61662) _process_stack /opt/stack/nova/nova/api/openstack/wsgi.py:549}}
Jul 10 06:31:32 devstack devstack@n-api.service[61662]: INFO nova.api.openstack.requestlog [None req-91d5a960-4752-47eb-ac30-06aaa18420a6 admin admin] 192.168.122.31 "POST /compute/v2.1/flavors" status: 200 len: 410 microversion: 2.61 time: 0.182120
Jul 10 06:31:32 devstack devstack@n-api.service[61662]: [pid: 61662|app: 0|req: 4/8] 192.168.122.31 () {64 vars in 1282 bytes} [Fri Jul 10 06:31:32 2026] POST /compute/v2.1/flavors => generated 410 bytes in 185 msecs (HTTP/1.1 200) 9 headers in 359 bytes (1 switches on core 0)
Jul 10 06:31:32 devstack devstack@n-api.service[61661]: DEBUG nova.api.openstack.wsgi [None req-3104aeb1-82b4-4fcf-8d1e-64717ac789d5 admin admin] Action: 'create', calling method: >, body: {"extra_specs": {"hw_rng:allowed": "True"}} {{(pid=61661) _process_stack /opt/stack/nova/nova/api/openstack/wsgi.py:549}}
Jul 10 06:31:33 devstack devstack@n-api.service[61661]: INFO nova.api.openstack.requestlog [None req-3104aeb1-82b4-4fcf-8d1e-64717ac789d5 admin admin] 192.168.122.31 "POST /compute/v2.1/flavors/d1/os-extra_specs" status: 200 len: 43 microversion: 2.61 time: 0.061102
Jul 10 06:31:33 devstack devstack@n-api.service[61661]: [pid: 61661|app: 0|req: 5/9] 192.168.122.31 () {64 vars in 1335 bytes} [Fri Jul 10 06:31:32 2026] POST /compute/v2.1/flavors/d1/os-extra_specs => generated 43 bytes in 67 msecs (HTTP/1.1 200) 9 headers in 358 bytes (1 switches on core 0)
Jul 10 06:31:36 devstack devstack@n-api.service[61662]: DEBUG nova.api.openstack.wsgi [None req-91d5a960-4752-47eb-ac30-06aaa18420a6 admin admin] Calling method '>' {{(pid=61662) _process_stack /opt/stack/nova/nova/api/openstack/wsgi.py:551}}
Jul 10 06:31:36 devstack devstack@n-api.service[61662]: INFO nova.api.openstack.requestlog [None req-91d5a960-4752-47eb-ac30-06aaa18420a6 admin admin] 192.168.122.31 "GET /compute/v2.1" status: 200 len: 392 microversion: 2.1 time: 0.005692
Jul 10 06:31:36 devstack devstack@n-api.service[61662]: [pid: 61662|app: 0|req: 5/10] 192.168.122.31 () {54 vars in 930 bytes} [Fri Jul 10 06:31:36 2026] GET /compute/v2.1 => generated 392 bytes in 7 msecs (HTTP/1.1 200) 9 headers in 357 bytes (1 switches on core 0)
Jul 10 06:31:36 devstack devstack@n-api.service[61661]: DEBUG nova.api.openstack.wsgi [None req-1b2dcfbe-4319-422b-9b0f-1162747ae813 admin admin] Action: 'create', calling method: >, body: {"flavor": {"ram": 1024, "OS-FLV-EXT-DATA:ephemeral": 0, "disk": 10, "vcpus": 1, "id": "d2", "os-flavor-access:is_public": true, "name": "ds1G", "swap": 0}} {{(pid=61661) _process_stack /opt/stack/nova/nova/api/openstack/wsgi.py:549}}
Jul 10 06:31:36 devstack devstack@n-api.service[61661]: INFO nova.api.openstack.requestlog [None req-1b2dcfbe-4319-422b-9b0f-1162747ae813 admin admin] 192.168.122.31 "POST /compute/v2.1/flavors" status: 200 len: 410 microversion: 2.61 time: 0.089620
Jul 10 06:31:36 devstack devstack@n-api.service[61661]: [pid: 61661|app: 0|req: 6/11] 192.168.122.31 () {64 vars in 1282 bytes} [Fri Jul 10 06:31:36 2026] POST /compute/v2.1/flavors => generated 410 bytes in 91 msecs (HTTP/1.1 200) 9 headers in 359 bytes (1 switches on core 0)
Jul 10 06:31:36 devstack devstack@n-api.service[61662]: DEBUG nova.api.openstack.wsgi [None req-ad8a5649-8394-4a6f-a6bf-b5a3f292df3d admin admin] Action: 'create', calling method: >, body: {"extra_specs": {"hw_rng:allowed": "True"}} {{(pid=61662) _process_stack /opt/stack/nova/nova/api/openstack/wsgi.py:549}}
Jul 10 06:31:36 devstack devstack@n-api.service[61662]: INFO nova.api.openstack.requestlog [None req-ad8a5649-8394-4a6f-a6bf-b5a3f292df3d admin admin] 192.168.122.31 "POST /compute/v2.1/flavors/d2/os-extra_specs" status: 200 len: 43 microversion: 2.61 time: 0.038820
Jul 10 06:31:36 devstack devstack@n-api.service[61662]: [pid: 61662|app: 0|req: 6/12] 192.168.122.31 () {64 vars in 1335 bytes} [Fri Jul 10 06:31:36 2026] POST /compute/v2.1/flavors/d2/os-extra_specs => generated 43 bytes in 40 msecs (HTTP/1.1 200) 9 headers in 358 bytes (1 switches on core 0)
Jul 10 06:31:40 devstack devstack@n-api.service[61661]: DEBUG nova.api.openstack.wsgi [None req-1b2dcfbe-4319-422b-9b0f-1162747ae813 admin admin] Calling method '>' {{(pid=61661) _process_stack /opt/stack/nova/nova/api/openstack/wsgi.py:551}}
Jul 10 06:31:40 devstack devstack@n-api.service[61661]: INFO nova.api.openstack.requestlog [None req-1b2dcfbe-4319-422b-9b0f-1162747ae813 admin admin] 192.168.122.31 "GET /compute/v2.1" status: 200 len: 392 microversion: 2.1 time: 0.007213
Jul 10 06:31:40 devstack devstack@n-api.service[61661]: [pid: 61661|app: 0|req: 7/13] 192.168.122.31 () {54 vars in 930 bytes} [Fri Jul 10 06:31:40 2026] GET /compute/v2.1 => generated 392 bytes in 8 msecs (HTTP/1.1 200) 9 headers in 357 bytes (1 switches on core 0)
Jul 10 06:31:40 devstack devstack@n-api.service[61662]: DEBUG nova.api.openstack.wsgi [None req-9ec348a9-8485-4af4-835f-1f6f7ce6eb82 admin admin] Action: 'create', calling method: >, body: {"flavor": {"disk": 10, "swap": 0, "name": "ds2G", "os-flavor-access:is_public": true, "vcpus": 2, "ram": 2048, "id": "d3", "OS-FLV-EXT-DATA:ephemeral": 0}} {{(pid=61662) _process_stack /opt/stack/nova/nova/api/openstack/wsgi.py:549}}
Jul 10 06:31:40 devstack devstack@n-api.service[61662]: INFO nova.api.openstack.requestlog [None req-9ec348a9-8485-4af4-835f-1f6f7ce6eb82 admin admin] 192.168.122.31 "POST /compute/v2.1/flavors" status: 200 len: 410 microversion: 2.61 time: 0.108521
Jul 10 06:31:40 devstack devstack@n-api.service[61662]: [pid: 61662|app: 0|req: 7/14] 192.168.122.31 () {64 vars in 1282 bytes} [Fri Jul 10 06:31:40 2026] POST /compute/v2.1/flavors => generated 410 bytes in 111 msecs (HTTP/1.1 200) 9 headers in 359 bytes (1 switches on core 0)
Jul 10 06:31:40 devstack devstack@n-api.service[61661]: DEBUG nova.api.openstack.wsgi [None req-362787a2-4578-4f23-b5f1-8952fd49c665 admin admin] Action: 'create', calling method: >, body: {"extra_specs": {"hw_rng:allowed": "True"}} {{(pid=61661) _process_stack /opt/stack/nova/nova/api/openstack/wsgi.py:549}}
Jul 10 06:31:40 devstack devstack@n-api.service[61661]: INFO nova.api.openstack.requestlog [None req-362787a2-4578-4f23-b5f1-8952fd49c665 admin admin] 192.168.122.31 "POST /compute/v2.1/flavors/d3/os-extra_specs" status: 200 len: 43 microversion: 2.61 time: 0.048185
Jul 10 06:31:40 devstack devstack@n-api.service[61661]: [pid: 61661|app: 0|req: 8/15] 192.168.122.31 () {64 vars in 1335 bytes} [Fri Jul 10 06:31:40 2026] POST /compute/v2.1/flavors/d3/os-extra_specs => generated 43 bytes in 50 msecs (HTTP/1.1 200) 9 headers in 358 bytes (1 switches on core 0)
Jul 10 06:31:44 devstack devstack@n-api.service[61662]: DEBUG nova.api.openstack.wsgi [None req-9ec348a9-8485-4af4-835f-1f6f7ce6eb82 admin admin] Calling method '>' {{(pid=61662) _process_stack /opt/stack/nova/nova/api/openstack/wsgi.py:551}}
Jul 10 06:31:44 devstack devstack@n-api.service[61662]: INFO nova.api.openstack.requestlog [None req-9ec348a9-8485-4af4-835f-1f6f7ce6eb82 admin admin] 192.168.122.31 "GET /compute/v2.1" status: 200 len: 392 microversion: 2.1 time: 0.012156
Jul 10 06:31:44 devstack devstack@n-api.service[61662]: [pid: 61662|app: 0|req: 8/16] 192.168.122.31 () {54 vars in 930 bytes} [Fri Jul 10 06:31:44 2026] GET /compute/v2.1 => generated 392 bytes in 13 msecs (HTTP/1.1 200) 9 headers in 357 bytes (1 switches on core 0)
Jul 10 06:31:44 devstack devstack@n-api.service[61661]: DEBUG nova.api.openstack.wsgi [None req-64972a06-ef35-4fc3-9727-65c3b22ef8a4 admin admin] Action: 'create', calling method: >, body: {"flavor": {"os-flavor-access:is_public": true, "OS-FLV-EXT-DATA:ephemeral": 0, "vcpus": 4, "name": "ds4G", "id": "d4", "disk": 20, "swap": 0, "ram": 4096}} {{(pid=61661) _process_stack /opt/stack/nova/nova/api/openstack/wsgi.py:549}}
Jul 10 06:31:44 devstack devstack@n-api.service[61661]: INFO nova.api.openstack.requestlog [None req-64972a06-ef35-4fc3-9727-65c3b22ef8a4 admin admin] 192.168.122.31 "POST /compute/v2.1/flavors" status: 200 len: 410 microversion: 2.61 time: 0.095072
Jul 10 06:31:44 devstack devstack@n-api.service[61661]: [pid: 61661|app: 0|req: 9/17] 192.168.122.31 () {64 vars in 1282 bytes} [Fri Jul 10 06:31:44 2026] POST /compute/v2.1/flavors => generated 410 bytes in 96 msecs (HTTP/1.1 200) 9 headers in 359 bytes (1 switches on core 0)
Jul 10 06:31:44 devstack devstack@n-api.service[61662]: DEBUG nova.api.openstack.wsgi [None req-6d4bc0b1-cee5-4fad-b0b5-f0a840ee6e26 admin admin] Action: 'create', calling method: >, body: {"extra_specs": {"hw_rng:allowed": "True"}} {{(pid=61662) _process_stack /opt/stack/nova/nova/api/openstack/wsgi.py:549}}
Jul 10 06:31:44 devstack devstack@n-api.service[61662]: INFO nova.api.openstack.requestlog [None req-6d4bc0b1-cee5-4fad-b0b5-f0a840ee6e26 admin admin] 192.168.122.31 "POST /compute/v2.1/flavors/d4/os-extra_specs" status: 200 len: 43 microversion: 2.61 time: 0.075900
Jul 10 06:31:44 devstack devstack@n-api.service[61662]: [pid: 61662|app: 0|req: 9/18] 192.168.122.31 () {64 vars in 1335 bytes} [Fri Jul 10 06:31:44 2026] POST /compute/v2.1/flavors/d4/os-extra_specs => generated 43 bytes in 77 msecs (HTTP/1.1 200) 9 headers in 358 bytes (1 switches on core 0)
Jul 10 06:31:47 devstack devstack@n-api.service[61661]: DEBUG nova.api.openstack.wsgi [None req-64972a06-ef35-4fc3-9727-65c3b22ef8a4 admin admin] Calling method '>' {{(pid=61661) _process_stack /opt/stack/nova/nova/api/openstack/wsgi.py:551}}
Jul 10 06:31:47 devstack devstack@n-api.service[61661]: INFO nova.api.openstack.requestlog [None req-64972a06-ef35-4fc3-9727-65c3b22ef8a4 admin admin] 192.168.122.31 "GET /compute/v2.1" status: 200 len: 392 microversion: 2.1 time: 0.006995
Jul 10 06:31:47 devstack devstack@n-api.service[61661]: [pid: 61661|app: 0|req: 10/19] 192.168.122.31 () {54 vars in 930 bytes} [Fri Jul 10 06:31:47 2026] GET /compute/v2.1 => generated 392 bytes in 8 msecs (HTTP/1.1 200) 9 headers in 357 bytes (1 switches on core 0)
Jul 10 06:31:48 devstack devstack@n-api.service[61662]: DEBUG nova.api.openstack.wsgi [None req-d04c6215-fef2-4403-885c-bd34c8af4b2c admin admin] Calling method '>' {{(pid=61662) _process_stack /opt/stack/nova/nova/api/openstack/wsgi.py:551}}
Jul 10 06:31:48 devstack devstack@n-api.service[61662]: INFO nova.api.openstack.requestlog [None req-d04c6215-fef2-4403-885c-bd34c8af4b2c admin admin] 192.168.122.31 "GET /compute/v2.1/flavors/detail?is_public=True" status: 200 len: 2136 microversion: 2.61 time: 0.173054
Jul 10 06:31:48 devstack devstack@n-api.service[61662]: [pid: 61662|app: 0|req: 10/20] 192.168.122.31 () {60 vars in 1291 bytes} [Fri Jul 10 06:31:47 2026] GET /compute/v2.1/flavors/detail?is_public=True => generated 2136 bytes in 177 msecs (HTTP/1.1 200) 9 headers in 360 bytes (1 switches on core 0)
Jul 10 06:31:51 devstack devstack@n-api.service[61661]: DEBUG nova.api.openstack.wsgi [None req-64972a06-ef35-4fc3-9727-65c3b22ef8a4 admin admin] Calling method '>' {{(pid=61661) _process_stack /opt/stack/nova/nova/api/openstack/wsgi.py:551}}
Jul 10 06:31:51 devstack devstack@n-api.service[61661]: INFO nova.api.openstack.requestlog [None req-64972a06-ef35-4fc3-9727-65c3b22ef8a4 admin admin] 192.168.122.31 "GET /compute/v2.1" status: 200 len: 392 microversion: 2.1 time: 0.005067
Jul 10 06:31:51 devstack devstack@n-api.service[61661]: [pid: 61661|app: 0|req: 11/21] 192.168.122.31 () {54 vars in 930 bytes} [Fri Jul 10 06:31:51 2026] GET /compute/v2.1 => generated 392 bytes in 6 msecs (HTTP/1.1 200) 9 headers in 357 bytes (1 switches on core 0)
Jul 10 06:31:51 devstack devstack@n-api.service[61662]: DEBUG nova.api.openstack.wsgi [None req-23eec294-d0db-4cfe-8966-0c2d6f3f059a admin admin] Action: 'create', calling method: >, body: {"flavor": {"os-flavor-access:is_public": true, "name": "m1.tiny", "disk": 1, "ram": 512, "vcpus": 1, "swap": 0, "OS-FLV-EXT-DATA:ephemeral": 0, "id": "1"}} {{(pid=61662) _process_stack /opt/stack/nova/nova/api/openstack/wsgi.py:549}}
Jul 10 06:31:51 devstack devstack@n-api.service[61662]: INFO nova.api.openstack.requestlog [None req-23eec294-d0db-4cfe-8966-0c2d6f3f059a admin admin] 192.168.122.31 "POST /compute/v2.1/flavors" status: 200 len: 408 microversion: 2.61 time: 0.093463
Jul 10 06:31:51 devstack devstack@n-api.service[61662]: [pid: 61662|app: 0|req: 11/22] 192.168.122.31 () {64 vars in 1282 bytes} [Fri Jul 10 06:31:51 2026] POST /compute/v2.1/flavors => generated 408 bytes in 96 msecs (HTTP/1.1 200) 9 headers in 359 bytes (1 switches on core 0)
Jul 10 06:31:51 devstack devstack@n-api.service[61661]: DEBUG nova.api.openstack.wsgi [None req-763d7c08-385b-4276-a0dd-7356a633e890 admin admin] Action: 'create', calling method: >, body: {"extra_specs": {"hw_rng:allowed": "True"}} {{(pid=61661) _process_stack /opt/stack/nova/nova/api/openstack/wsgi.py:549}}
Jul 10 06:31:51 devstack devstack@n-api.service[61661]: INFO nova.api.openstack.requestlog [None req-763d7c08-385b-4276-a0dd-7356a633e890 admin admin] 192.168.122.31 "POST /compute/v2.1/flavors/1/os-extra_specs" status: 200 len: 43 microversion: 2.61 time: 0.037591
Jul 10 06:31:51 devstack devstack@n-api.service[61661]: [pid: 61661|app: 0|req: 12/23] 192.168.122.31 () {64 vars in 1332 bytes} [Fri Jul 10 06:31:51 2026] POST /compute/v2.1/flavors/1/os-extra_specs => generated 43 bytes in 39 msecs (HTTP/1.1 200) 9 headers in 358 bytes (1 switches on core 0)
Jul 10 06:31:55 devstack devstack@n-api.service[61662]: DEBUG nova.api.openstack.wsgi [None req-23eec294-d0db-4cfe-8966-0c2d6f3f059a admin admin] Calling method '>' {{(pid=61662) _process_stack /opt/stack/nova/nova/api/openstack/wsgi.py:551}}
Jul 10 06:31:55 devstack devstack@n-api.service[61662]: INFO nova.api.openstack.requestlog [None req-23eec294-d0db-4cfe-8966-0c2d6f3f059a admin admin] 192.168.122.31 "GET /compute/v2.1" status: 200 len: 392 microversion: 2.1 time: 0.006646
Jul 10 06:31:55 devstack devstack@n-api.service[61662]: [pid: 61662|app: 0|req: 12/24] 192.168.122.31 () {54 vars in 930 bytes} [Fri Jul 10 06:31:55 2026] GET /compute/v2.1 => generated 392 bytes in 8 msecs (HTTP/1.1 200) 9 headers in 357 bytes (1 switches on core 0)
Jul 10 06:31:55 devstack devstack@n-api.service[61661]: DEBUG nova.api.openstack.wsgi [None req-ce8d09fc-40ea-476b-82c3-1dac8d476c7e admin admin] Action: 'create', calling method: >, body: {"flavor": {"name": "m1.small", "vcpus": 1, "swap": 0, "ram": 2048, "OS-FLV-EXT-DATA:ephemeral": 0, "disk": 20, "id": "2", "os-flavor-access:is_public": true}} {{(pid=61661) _process_stack /opt/stack/nova/nova/api/openstack/wsgi.py:549}}
Jul 10 06:31:55 devstack devstack@n-api.service[61661]: INFO nova.api.openstack.requestlog [None req-ce8d09fc-40ea-476b-82c3-1dac8d476c7e admin admin] 192.168.122.31 "POST /compute/v2.1/flavors" status: 200 len: 411 microversion: 2.61 time: 0.089732
Jul 10 06:31:55 devstack devstack@n-api.service[61661]: [pid: 61661|app: 0|req: 13/25] 192.168.122.31 () {64 vars in 1282 bytes} [Fri Jul 10 06:31:55 2026] POST /compute/v2.1/flavors => generated 411 bytes in 91 msecs (HTTP/1.1 200) 9 headers in 359 bytes (1 switches on core 0)
Jul 10 06:31:55 devstack devstack@n-api.service[61662]: DEBUG nova.api.openstack.wsgi [None req-087aca34-6c0a-4f64-9da6-3928dd648d54 admin admin] Action: 'create', calling method: >, body: {"extra_specs": {"hw_rng:allowed": "True"}} {{(pid=61662) _process_stack /opt/stack/nova/nova/api/openstack/wsgi.py:549}}
Jul 10 06:31:55 devstack devstack@n-api.service[61662]: INFO nova.api.openstack.requestlog [None req-087aca34-6c0a-4f64-9da6-3928dd648d54 admin admin] 192.168.122.31 "POST /compute/v2.1/flavors/2/os-extra_specs" status: 200 len: 43 microversion: 2.61 time: 0.043890
Jul 10 06:31:55 devstack devstack@n-api.service[61662]: [pid: 61662|app: 0|req: 13/26] 192.168.122.31 () {64 vars in 1332 bytes} [Fri Jul 10 06:31:55 2026] POST /compute/v2.1/flavors/2/os-extra_specs => generated 43 bytes in 45 msecs (HTTP/1.1 200) 9 headers in 358 bytes (1 switches on core 0)
Jul 10 06:31:58 devstack devstack@n-api.service[61661]: DEBUG nova.api.openstack.wsgi [None req-ce8d09fc-40ea-476b-82c3-1dac8d476c7e admin admin] Calling method '>' {{(pid=61661) _process_stack /opt/stack/nova/nova/api/openstack/wsgi.py:551}}
Jul 10 06:31:58 devstack devstack@n-api.service[61661]: INFO nova.api.openstack.requestlog [None req-ce8d09fc-40ea-476b-82c3-1dac8d476c7e admin admin] 192.168.122.31 "GET /compute/v2.1" status: 200 len: 392 microversion: 2.1 time: 0.005876
Jul 10 06:31:58 devstack devstack@n-api.service[61661]: [pid: 61661|app: 0|req: 14/27] 192.168.122.31 () {54 vars in 930 bytes} [Fri Jul 10 06:31:58 2026] GET /compute/v2.1 => generated 392 bytes in 7 msecs (HTTP/1.1 200) 9 headers in 357 bytes (1 switches on core 0)
Jul 10 06:31:58 devstack devstack@n-api.service[61662]: DEBUG nova.api.openstack.wsgi [None req-3cd5a5f5-bb71-4b78-842f-b088cab91e1a admin admin] Action: 'create', calling method: >, body: {"flavor": {"vcpus": 2, "OS-FLV-EXT-DATA:ephemeral": 0, "name": "m1.medium", "ram": 4096, "os-flavor-access:is_public": true, "disk": 40, "swap": 0, "id": "3"}} {{(pid=61662) _process_stack /opt/stack/nova/nova/api/openstack/wsgi.py:549}}
Jul 10 06:31:58 devstack devstack@n-api.service[61662]: INFO nova.api.openstack.requestlog [None req-3cd5a5f5-bb71-4b78-842f-b088cab91e1a admin admin] 192.168.122.31 "POST /compute/v2.1/flavors" status: 200 len: 412 microversion: 2.61 time: 0.082537
Jul 10 06:31:58 devstack devstack@n-api.service[61662]: [pid: 61662|app: 0|req: 14/28] 192.168.122.31 () {64 vars in 1282 bytes} [Fri Jul 10 06:31:58 2026] POST /compute/v2.1/flavors => generated 412 bytes in 84 msecs (HTTP/1.1 200) 9 headers in 359 bytes (1 switches on core 0)
Jul 10 06:31:58 devstack devstack@n-api.service[61661]: DEBUG nova.api.openstack.wsgi [None req-41154c68-149c-4852-aaf8-9a9523dc6477 admin admin] Action: 'create', calling method: >, body: {"extra_specs": {"hw_rng:allowed": "True"}} {{(pid=61661) _process_stack /opt/stack/nova/nova/api/openstack/wsgi.py:549}}
Jul 10 06:31:58 devstack devstack@n-api.service[61661]: INFO nova.api.openstack.requestlog [None req-41154c68-149c-4852-aaf8-9a9523dc6477 admin admin] 192.168.122.31 "POST /compute/v2.1/flavors/3/os-extra_specs" status: 200 len: 43 microversion: 2.61 time: 0.034746
Jul 10 06:31:58 devstack devstack@n-api.service[61661]: [pid: 61661|app: 0|req: 15/29] 192.168.122.31 () {64 vars in 1332 bytes} [Fri Jul 10 06:31:58 2026] POST /compute/v2.1/flavors/3/os-extra_specs => generated 43 bytes in 36 msecs (HTTP/1.1 200) 9 headers in 358 bytes (1 switches on core 0)
Jul 10 06:32:02 devstack devstack@n-api.service[61662]: DEBUG nova.api.openstack.wsgi [None req-3cd5a5f5-bb71-4b78-842f-b088cab91e1a admin admin] Calling method '>' {{(pid=61662) _process_stack /opt/stack/nova/nova/api/openstack/wsgi.py:551}}
Jul 10 06:32:02 devstack devstack@n-api.service[61662]: INFO nova.api.openstack.requestlog [None req-3cd5a5f5-bb71-4b78-842f-b088cab91e1a admin admin] 192.168.122.31 "GET /compute/v2.1" status: 200 len: 392 microversion: 2.1 time: 0.005785
Jul 10 06:32:02 devstack devstack@n-api.service[61662]: [pid: 61662|app: 0|req: 15/30] 192.168.122.31 () {54 vars in 930 bytes} [Fri Jul 10 06:32:02 2026] GET /compute/v2.1 => generated 392 bytes in 7 msecs (HTTP/1.1 200) 9 headers in 357 bytes (1 switches on core 0)
Jul 10 06:32:02 devstack devstack@n-api.service[61661]: DEBUG nova.api.openstack.wsgi [None req-c6e070af-d60c-46b6-83bc-40601a29871d admin admin] Action: 'create', calling method: >, body: {"flavor": {"id": "4", "vcpus": 4, "name": "m1.large", "ram": 8192, "OS-FLV-EXT-DATA:ephemeral": 0, "swap": 0, "disk": 80, "os-flavor-access:is_public": true}} {{(pid=61661) _process_stack /opt/stack/nova/nova/api/openstack/wsgi.py:549}}
Jul 10 06:32:02 devstack devstack@n-api.service[61661]: INFO nova.api.openstack.requestlog [None req-c6e070af-d60c-46b6-83bc-40601a29871d admin admin] 192.168.122.31 "POST /compute/v2.1/flavors" status: 200 len: 411 microversion: 2.61 time: 0.082887
Jul 10 06:32:02 devstack devstack@n-api.service[61661]: [pid: 61661|app: 0|req: 16/31] 192.168.122.31 () {64 vars in 1282 bytes} [Fri Jul 10 06:32:02 2026] POST /compute/v2.1/flavors => generated 411 bytes in 84 msecs (HTTP/1.1 200) 9 headers in 359 bytes (1 switches on core 0)
Jul 10 06:32:02 devstack devstack@n-api.service[61662]: DEBUG nova.api.openstack.wsgi [None req-72838c9e-347a-4ac5-9d2c-6d25e6c8d6e5 admin admin] Action: 'create', calling method: >, body: {"extra_specs": {"hw_rng:allowed": "True"}} {{(pid=61662) _process_stack /opt/stack/nova/nova/api/openstack/wsgi.py:549}}
Jul 10 06:32:02 devstack devstack@n-api.service[61662]: INFO nova.api.openstack.requestlog [None req-72838c9e-347a-4ac5-9d2c-6d25e6c8d6e5 admin admin] 192.168.122.31 "POST /compute/v2.1/flavors/4/os-extra_specs" status: 200 len: 43 microversion: 2.61 time: 0.035101
Jul 10 06:32:02 devstack devstack@n-api.service[61662]: [pid: 61662|app: 0|req: 16/32] 192.168.122.31 () {64 vars in 1332 bytes} [Fri Jul 10 06:32:02 2026] POST /compute/v2.1/flavors/4/os-extra_specs => generated 43 bytes in 36 msecs (HTTP/1.1 200) 9 headers in 358 bytes (1 switches on core 0)
Jul 10 06:32:05 devstack devstack@n-api.service[61661]: DEBUG nova.api.openstack.wsgi [None req-c6e070af-d60c-46b6-83bc-40601a29871d admin admin] Calling method '>' {{(pid=61661) _process_stack /opt/stack/nova/nova/api/openstack/wsgi.py:551}}
Jul 10 06:32:05 devstack devstack@n-api.service[61661]: INFO nova.api.openstack.requestlog [None req-c6e070af-d60c-46b6-83bc-40601a29871d admin admin] 192.168.122.31 "GET /compute/v2.1" status: 200 len: 392 microversion: 2.1 time: 0.004966
Jul 10 06:32:05 devstack devstack@n-api.service[61661]: [pid: 61661|app: 0|req: 17/33] 192.168.122.31 () {54 vars in 930 bytes} [Fri Jul 10 06:32:05 2026] GET /compute/v2.1 => generated 392 bytes in 6 msecs (HTTP/1.1 200) 9 headers in 357 bytes (1 switches on core 0)
Jul 10 06:32:05 devstack devstack@n-api.service[61662]: DEBUG nova.api.openstack.wsgi [None req-6ea7ecfc-1eeb-49ac-a6a1-3f841ad9d15f admin admin] Action: 'create', calling method: >, body: {"flavor": {"OS-FLV-EXT-DATA:ephemeral": 0, "vcpus": 8, "swap": 0, "os-flavor-access:is_public": true, "ram": 16384, "disk": 160, "id": "5", "name": "m1.xlarge"}} {{(pid=61662) _process_stack /opt/stack/nova/nova/api/openstack/wsgi.py:549}}
Jul 10 06:32:05 devstack devstack@n-api.service[61662]: INFO nova.api.openstack.requestlog [None req-6ea7ecfc-1eeb-49ac-a6a1-3f841ad9d15f admin admin] 192.168.122.31 "POST /compute/v2.1/flavors" status: 200 len: 414 microversion: 2.61 time: 0.082021
Jul 10 06:32:05 devstack devstack@n-api.service[61662]: [pid: 61662|app: 0|req: 17/34] 192.168.122.31 () {64 vars in 1282 bytes} [Fri Jul 10 06:32:05 2026] POST /compute/v2.1/flavors => generated 414 bytes in 83 msecs (HTTP/1.1 200) 9 headers in 359 bytes (1 switches on core 0)
Jul 10 06:32:05 devstack devstack@n-api.service[61661]: DEBUG nova.api.openstack.wsgi [None req-b0ff0f16-ffe6-425c-aa1a-4f8266f6cef4 admin admin] Action: 'create', calling method: >, body: {"extra_specs": {"hw_rng:allowed": "True"}} {{(pid=61661) _process_stack /opt/stack/nova/nova/api/openstack/wsgi.py:549}}
Jul 10 06:32:05 devstack devstack@n-api.service[61661]: INFO nova.api.openstack.requestlog [None req-b0ff0f16-ffe6-425c-aa1a-4f8266f6cef4 admin admin] 192.168.122.31 "POST /compute/v2.1/flavors/5/os-extra_specs" status: 200 len: 43 microversion: 2.61 time: 0.035715
Jul 10 06:32:05 devstack devstack@n-api.service[61661]: [pid: 61661|app: 0|req: 18/35] 192.168.122.31 () {64 vars in 1332 bytes} [Fri Jul 10 06:32:05 2026] POST /compute/v2.1/flavors/5/os-extra_specs => generated 43 bytes in 37 msecs (HTTP/1.1 200) 9 headers in 358 bytes (1 switches on core 0)
Jul 10 06:32:13 devstack devstack@n-api.service[61662]: DEBUG nova.api.openstack.wsgi [None req-6ea7ecfc-1eeb-49ac-a6a1-3f841ad9d15f admin admin] Calling method '>' {{(pid=61662) _process_stack /opt/stack/nova/nova/api/openstack/wsgi.py:551}}
Jul 10 06:32:13 devstack devstack@n-api.service[61662]: INFO nova.api.openstack.requestlog [None req-6ea7ecfc-1eeb-49ac-a6a1-3f841ad9d15f admin admin] 192.168.122.31 "GET /compute/v2.1" status: 200 len: 392 microversion: 2.1 time: 0.005213
Jul 10 06:32:13 devstack devstack@n-api.service[61662]: [pid: 61662|app: 0|req: 18/36] 192.168.122.31 () {54 vars in 930 bytes} [Fri Jul 10 06:32:13 2026] GET /compute/v2.1 => generated 392 bytes in 6 msecs (HTTP/1.1 200) 9 headers in 357 bytes (1 switches on core 0)
Jul 10 06:32:13 devstack devstack@n-api.service[61661]: DEBUG nova.api.openstack.wsgi [None req-8e7ef1bf-ef6e-4877-ae98-67b471920fd1 admin admin] Calling method '>' {{(pid=61661) _process_stack /opt/stack/nova/nova/api/openstack/wsgi.py:551}}
