Feb 25 14:00:38 devstack cinder-volume[83093]: DEBUG oslo_concurrency.processutils [None req-c1fc131f-5b6c-40ba-978f-260bf24626a5 tempest-GroupSnapshotsTest-2094225811 None] Running cmd (subprocess): /opt/stack/data/venv/bin/python3.10 -m oslo_concurrency.prlimit --as=1073741824 --cpu=60 -- sudo cinder-rootwrap /etc/cinder/rootwrap.conf env LC_ALL=C qemu-img info -f qcow2 --output=json --force-share /opt/stack/data/cinder/mnt/7cb00d99d9f9a48decf10f006f1481b3/volume-f7ac36bc-4340-4407-bfaf-2bee33857f7d.bdb05887-1c16-42e7-89f6-20c8b5a97707 {{(pid=83093) execute /opt/stack/data/venv/lib/python3.10/site-packages/oslo_concurrency/processutils.py:440}}
Feb 25 14:00:38 devstack sudo[84846]: quobyte : PWD=/ ; USER=root ; COMMAND=/opt/stack/data/venv/bin/cinder-rootwrap /etc/cinder/rootwrap.conf env LC_ALL=C qemu-img info -f qcow2 --output=json --force-share /opt/stack/data/cinder/mnt/7cb00d99d9f9a48decf10f006f1481b3/volume-f7ac36bc-4340-4407-bfaf-2bee33857f7d.bdb05887-1c16-42e7-89f6-20c8b5a97707
Feb 25 14:00:38 devstack sudo[84846]: pam_unix(sudo:session): session opened for user root(uid=0) by (uid=1000)
Feb 25 14:00:40 devstack sudo[84846]: pam_unix(sudo:session): session closed for user root
Feb 25 14:00:40 devstack cinder-volume[83093]: DEBUG oslo_concurrency.processutils [None req-c1fc131f-5b6c-40ba-978f-260bf24626a5 tempest-GroupSnapshotsTest-2094225811 None] CMD "/opt/stack/data/venv/bin/python3.10 -m oslo_concurrency.prlimit --as=1073741824 --cpu=60 -- sudo cinder-rootwrap /etc/cinder/rootwrap.conf env LC_ALL=C qemu-img info -f qcow2 --output=json --force-share /opt/stack/data/cinder/mnt/7cb00d99d9f9a48decf10f006f1481b3/volume-f7ac36bc-4340-4407-bfaf-2bee33857f7d.bdb05887-1c16-42e7-89f6-20c8b5a97707" returned: 0 in 1.486s {{(pid=83093) execute /opt/stack/data/venv/lib/python3.10/site-packages/oslo_concurrency/processutils.py:468}}
Feb 25 14:00:40 devstack cinder-volume[83093]: DEBUG cinder.volume.drivers.remotefs [None req-c1fc131f-5b6c-40ba-978f-260bf24626a5 tempest-GroupSnapshotsTest-2094225811 None] Fetching qemu-img info with special backing_file_template: (/opt/stack/data/cinder/mnt/[0-9a-f]+/)?(volume-f7ac36bc-4340-4407-bfaf-2bee33857f7d(.(tmp-snap-)?[0-9a-f-]+)?|volume_from_snapshot_cache/(tmp-snap-)?[0-9a-f-]+(.(child-|parent-)[0-9a-f-]+)?)$ {{(pid=83093) _qemu_img_info_base /opt/stack/cinder/cinder/volume/drivers/remotefs.py:896}}
Feb 25 14:00:40 devstack cinder-volume[83093]: DEBUG oslo.privsep.daemon [-] privsep: reply[8a04d789-bd51-41b0-8d2b-c426c2fd0f9f]: (4, 'qcow2') {{(pid=83897) _call_back /opt/stack/data/venv/lib/python3.10/site-packages/oslo_privsep/daemon.py:573}}
Feb 25 14:00:40 devstack cinder-volume[83093]: DEBUG oslo_concurrency.processutils [None req-c1fc131f-5b6c-40ba-978f-260bf24626a5 tempest-GroupSnapshotsTest-2094225811 None] Running cmd (subprocess): /opt/stack/data/venv/bin/python3.10 -m oslo_concurrency.prlimit --as=1073741824 --cpu=60 -- sudo cinder-rootwrap /etc/cinder/rootwrap.conf env LC_ALL=C qemu-img info -f qcow2 --output=json --force-share /opt/stack/data/cinder/mnt/7cb00d99d9f9a48decf10f006f1481b3/volume-f7ac36bc-4340-4407-bfaf-2bee33857f7d {{(pid=83093) execute /opt/stack/data/venv/lib/python3.10/site-packages/oslo_concurrency/processutils.py:440}}
Feb 25 14:00:40 devstack sudo[84881]: quobyte : PWD=/ ; USER=root ; COMMAND=/opt/stack/data/venv/bin/cinder-rootwrap /etc/cinder/rootwrap.conf env LC_ALL=C qemu-img info -f qcow2 --output=json --force-share /opt/stack/data/cinder/mnt/7cb00d99d9f9a48decf10f006f1481b3/volume-f7ac36bc-4340-4407-bfaf-2bee33857f7d
Feb 25 14:00:40 devstack sudo[84881]: pam_unix(sudo:session): session opened for user root(uid=0) by (uid=1000)
Feb 25 14:00:40 devstack cinder-volume[83093]: DEBUG dbcounter [-] [83093] Writing DB stats cinder:SELECT=87,cinder:UPDATE=85,cinder:INSERT=14,cinder:DELETE=3 {{(pid=83093) stat_writer /opt/stack/data/venv/lib/python3.10/site-packages/dbcounter.py:115}}
Feb 25 14:00:41 devstack sudo[84881]: pam_unix(sudo:session): session closed for user root
Feb 25 14:00:41 devstack cinder-volume[83093]: DEBUG oslo_concurrency.processutils [None req-c1fc131f-5b6c-40ba-978f-260bf24626a5 tempest-GroupSnapshotsTest-2094225811 None] CMD "/opt/stack/data/venv/bin/python3.10 -m oslo_concurrency.prlimit --as=1073741824 --cpu=60 -- sudo cinder-rootwrap /etc/cinder/rootwrap.conf env LC_ALL=C qemu-img info -f qcow2 --output=json --force-share /opt/stack/data/cinder/mnt/7cb00d99d9f9a48decf10f006f1481b3/volume-f7ac36bc-4340-4407-bfaf-2bee33857f7d" returned: 0 in 1.007s {{(pid=83093) execute /opt/stack/data/venv/lib/python3.10/site-packages/oslo_concurrency/processutils.py:468}}
Feb 25 14:00:41 devstack cinder-volume[83093]: DEBUG oslo_concurrency.processutils [None req-c1fc131f-5b6c-40ba-978f-260bf24626a5 tempest-GroupSnapshotsTest-2094225811 None] Running cmd (subprocess): sudo cinder-rootwrap /etc/cinder/rootwrap.conf qemu-img commit -d /opt/stack/data/cinder/mnt/7cb00d99d9f9a48decf10f006f1481b3/volume-f7ac36bc-4340-4407-bfaf-2bee33857f7d.bdb05887-1c16-42e7-89f6-20c8b5a97707 {{(pid=83093) execute /opt/stack/data/venv/lib/python3.10/site-packages/oslo_concurrency/processutils.py:440}}
Feb 25 14:00:41 devstack sudo[84901]: quobyte : PWD=/ ; USER=root ; COMMAND=/opt/stack/data/venv/bin/cinder-rootwrap /etc/cinder/rootwrap.conf qemu-img commit -d /opt/stack/data/cinder/mnt/7cb00d99d9f9a48decf10f006f1481b3/volume-f7ac36bc-4340-4407-bfaf-2bee33857f7d.bdb05887-1c16-42e7-89f6-20c8b5a97707
Feb 25 14:00:41 devstack sudo[84901]: pam_unix(sudo:session): session opened for user root(uid=0) by (uid=1000)
Feb 25 14:00:42 devstack sudo[84901]: pam_unix(sudo:session): session closed for user root
Feb 25 14:00:42 devstack cinder-volume[83093]: DEBUG oslo_concurrency.processutils [None req-c1fc131f-5b6c-40ba-978f-260bf24626a5 tempest-GroupSnapshotsTest-2094225811 None] CMD "sudo cinder-rootwrap /etc/cinder/rootwrap.conf qemu-img commit -d /opt/stack/data/cinder/mnt/7cb00d99d9f9a48decf10f006f1481b3/volume-f7ac36bc-4340-4407-bfaf-2bee33857f7d.bdb05887-1c16-42e7-89f6-20c8b5a97707" returned: 0 in 1.008s {{(pid=83093) execute /opt/stack/data/venv/lib/python3.10/site-packages/oslo_concurrency/processutils.py:468}}
Feb 25 14:00:42 devstack cinder-volume[83093]: DEBUG oslo_concurrency.processutils [None req-c1fc131f-5b6c-40ba-978f-260bf24626a5 tempest-GroupSnapshotsTest-2094225811 None] Running cmd (subprocess): sudo cinder-rootwrap /etc/cinder/rootwrap.conf rm -f /opt/stack/data/cinder/mnt/7cb00d99d9f9a48decf10f006f1481b3/volume-f7ac36bc-4340-4407-bfaf-2bee33857f7d.bdb05887-1c16-42e7-89f6-20c8b5a97707 {{(pid=83093) execute /opt/stack/data/venv/lib/python3.10/site-packages/oslo_concurrency/processutils.py:440}}
Feb 25 14:00:42 devstack sudo[84906]: quobyte : PWD=/ ; USER=root ; COMMAND=/opt/stack/data/venv/bin/cinder-rootwrap /etc/cinder/rootwrap.conf rm -f /opt/stack/data/cinder/mnt/7cb00d99d9f9a48decf10f006f1481b3/volume-f7ac36bc-4340-4407-bfaf-2bee33857f7d.bdb05887-1c16-42e7-89f6-20c8b5a97707
Feb 25 14:00:42 devstack sudo[84906]: pam_unix(sudo:session): session opened for user root(uid=0) by (uid=1000)
Feb 25 14:00:42 devstack sudo[84906]: pam_unix(sudo:session): session closed for user root
Feb 25 14:00:42 devstack cinder-volume[83093]: DEBUG oslo_concurrency.processutils [None req-c1fc131f-5b6c-40ba-978f-260bf24626a5 tempest-GroupSnapshotsTest-2094225811 None] CMD "sudo cinder-rootwrap /etc/cinder/rootwrap.conf rm -f /opt/stack/data/cinder/mnt/7cb00d99d9f9a48decf10f006f1481b3/volume-f7ac36bc-4340-4407-bfaf-2bee33857f7d.bdb05887-1c16-42e7-89f6-20c8b5a97707" returned: 0 in 0.473s {{(pid=83093) execute /opt/stack/data/venv/lib/python3.10/site-packages/oslo_concurrency/processutils.py:468}}
Feb 25 14:00:42 devstack cinder-volume[83093]: DEBUG cinder.coordination [None req-c1fc131f-5b6c-40ba-978f-260bf24626a5 tempest-GroupSnapshotsTest-2094225811 None] Lock "cinder-quobyte-bdb05887-1c16-42e7-89f6-20c8b5a97707" released by "_delete_snapshot" :: held 4.134s {{(pid=83093) __release /opt/stack/cinder/cinder/coordination.py:152}}
Feb 25 14:00:42 devstack cinder-volume[83093]: DEBUG cinder.coordination [None req-c1fc131f-5b6c-40ba-978f-260bf24626a5 tempest-GroupSnapshotsTest-2094225811 None] Lock "cinder-quobyte-f7ac36bc-4340-4407-bfaf-2bee33857f7d" released by "delete_snapshot" :: held 4.179s {{(pid=83093) __release /opt/stack/cinder/cinder/coordination.py:152}}
Feb 25 14:00:42 devstack cinder-volume[83093]: DEBUG cinder.coordination [None req-c1fc131f-5b6c-40ba-978f-260bf24626a5 tempest-GroupSnapshotsTest-2094225811 None] Acquiring lock "cinder-quobyte-8ee12366-644f-47bd-8be2-2c2288069dfd" by "delete_snapshot" {{(pid=83093) __acquire /opt/stack/cinder/cinder/coordination.py:138}}
Feb 25 14:00:42 devstack cinder-volume[83093]: DEBUG cinder.coordination [None req-c1fc131f-5b6c-40ba-978f-260bf24626a5 tempest-GroupSnapshotsTest-2094225811 None] Lock "cinder-quobyte-8ee12366-644f-47bd-8be2-2c2288069dfd" acquired by "delete_snapshot" :: waited 0.014s {{(pid=83093) __acquire /opt/stack/cinder/cinder/coordination.py:141}}
Feb 25 14:00:42 devstack cinder-volume[83093]: DEBUG cinder.coordination [None req-c1fc131f-5b6c-40ba-978f-260bf24626a5 tempest-GroupSnapshotsTest-2094225811 None] Acquiring lock "cinder-quobyte-d6e6fb4d-98b0-48db-8a9d-bf7951136dfd" by "_delete_snapshot" {{(pid=83093) __acquire /opt/stack/cinder/cinder/coordination.py:138}}
Feb 25 14:00:42 devstack cinder-volume[83093]: DEBUG cinder.coordination [None req-c1fc131f-5b6c-40ba-978f-260bf24626a5 tempest-GroupSnapshotsTest-2094225811 None] Lock "cinder-quobyte-d6e6fb4d-98b0-48db-8a9d-bf7951136dfd" acquired by "_delete_snapshot" :: waited 0.025s {{(pid=83093) __acquire /opt/stack/cinder/cinder/coordination.py:141}}
Feb 25 14:00:42 devstack cinder-volume[83093]: DEBUG cinder.volume.drivers.remotefs [None req-c1fc131f-5b6c-40ba-978f-260bf24626a5 tempest-GroupSnapshotsTest-2094225811 None] Deleting offline snapshot d6e6fb4d-98b0-48db-8a9d-bf7951136dfd of volume 8ee12366-644f-47bd-8be2-2c2288069dfd {{(pid=83093) _delete_snapshot /opt/stack/cinder/cinder/volume/drivers/remotefs.py:1288}}
Feb 25 14:00:42 devstack cinder-volume[83093]: DEBUG cinder.volume.drivers.remotefs [None req-c1fc131f-5b6c-40ba-978f-260bf24626a5 tempest-GroupSnapshotsTest-2094225811 None] snapshot_file for this snap is: volume-8ee12366-644f-47bd-8be2-2c2288069dfd.d6e6fb4d-98b0-48db-8a9d-bf7951136dfd {{(pid=83093) _delete_snapshot /opt/stack/cinder/cinder/volume/drivers/remotefs.py:1317}}
Feb 25 14:00:42 devstack cinder-volume[83093]: DEBUG oslo.privsep.daemon [-] privsep: reply[01ef22bf-e96c-4fab-9d52-0918e31578eb]: (4, 'qcow2') {{(pid=83897) _call_back /opt/stack/data/venv/lib/python3.10/site-packages/oslo_privsep/daemon.py:573}}
Feb 25 14:00:42 devstack cinder-volume[83093]: DEBUG oslo_concurrency.processutils [None req-c1fc131f-5b6c-40ba-978f-260bf24626a5 tempest-GroupSnapshotsTest-2094225811 None] Running cmd (subprocess): /opt/stack/data/venv/bin/python3.10 -m oslo_concurrency.prlimit --as=1073741824 --cpu=60 -- sudo cinder-rootwrap /etc/cinder/rootwrap.conf env LC_ALL=C qemu-img info -f qcow2 --output=json --force-share /opt/stack/data/cinder/mnt/7cb00d99d9f9a48decf10f006f1481b3/volume-8ee12366-644f-47bd-8be2-2c2288069dfd.d6e6fb4d-98b0-48db-8a9d-bf7951136dfd {{(pid=83093) execute /opt/stack/data/venv/lib/python3.10/site-packages/oslo_concurrency/processutils.py:440}}
Feb 25 14:00:42 devstack sudo[84914]: quobyte : PWD=/ ; USER=root ; COMMAND=/opt/stack/data/venv/bin/cinder-rootwrap /etc/cinder/rootwrap.conf env LC_ALL=C qemu-img info -f qcow2 --output=json --force-share /opt/stack/data/cinder/mnt/7cb00d99d9f9a48decf10f006f1481b3/volume-8ee12366-644f-47bd-8be2-2c2288069dfd.d6e6fb4d-98b0-48db-8a9d-bf7951136dfd
Feb 25 14:00:42 devstack sudo[84914]: pam_unix(sudo:session): session opened for user root(uid=0) by (uid=1000)
Feb 25 14:00:43 devstack sudo[84914]: pam_unix(sudo:session): session closed for user root
Feb 25 14:00:43 devstack cinder-volume[83093]: DEBUG oslo_concurrency.processutils [None req-c1fc131f-5b6c-40ba-978f-260bf24626a5 tempest-GroupSnapshotsTest-2094225811 None] CMD "/opt/stack/data/venv/bin/python3.10 -m oslo_concurrency.prlimit --as=1073741824 --cpu=60 -- sudo cinder-rootwrap /etc/cinder/rootwrap.conf env LC_ALL=C qemu-img info -f qcow2 --output=json --force-share /opt/stack/data/cinder/mnt/7cb00d99d9f9a48decf10f006f1481b3/volume-8ee12366-644f-47bd-8be2-2c2288069dfd.d6e6fb4d-98b0-48db-8a9d-bf7951136dfd" returned: 0 in 1.017s {{(pid=83093) execute /opt/stack/data/venv/lib/python3.10/site-packages/oslo_concurrency/processutils.py:468}}
Feb 25 14:00:43 devstack cinder-volume[83093]: DEBUG cinder.volume.drivers.remotefs [None req-c1fc131f-5b6c-40ba-978f-260bf24626a5 tempest-GroupSnapshotsTest-2094225811 None] Fetching qemu-img info with special backing_file_template: (/opt/stack/data/cinder/mnt/[0-9a-f]+/)?(volume-8ee12366-644f-47bd-8be2-2c2288069dfd(.(tmp-snap-)?[0-9a-f-]+)?|volume_from_snapshot_cache/(tmp-snap-)?[0-9a-f-]+(.(child-|parent-)[0-9a-f-]+)?)$ {{(pid=83093) _qemu_img_info_base /opt/stack/cinder/cinder/volume/drivers/remotefs.py:896}}
Feb 25 14:00:43 devstack cinder-volume[83093]: DEBUG oslo.privsep.daemon [-] privsep: reply[063da908-4afc-4539-ba30-075b49d47bf6]: (4, 'qcow2') {{(pid=83897) _call_back /opt/stack/data/venv/lib/python3.10/site-packages/oslo_privsep/daemon.py:573}}
Feb 25 14:00:43 devstack cinder-volume[83093]: DEBUG oslo_concurrency.processutils [None req-c1fc131f-5b6c-40ba-978f-260bf24626a5 tempest-GroupSnapshotsTest-2094225811 None] Running cmd (subprocess): /opt/stack/data/venv/bin/python3.10 -m oslo_concurrency.prlimit --as=1073741824 --cpu=60 -- sudo cinder-rootwrap /etc/cinder/rootwrap.conf env LC_ALL=C qemu-img info -f qcow2 --output=json --force-share /opt/stack/data/cinder/mnt/7cb00d99d9f9a48decf10f006f1481b3/volume-8ee12366-644f-47bd-8be2-2c2288069dfd {{(pid=83093) execute /opt/stack/data/venv/lib/python3.10/site-packages/oslo_concurrency/processutils.py:440}}
Feb 25 14:00:43 devstack sudo[84931]: quobyte : PWD=/ ; USER=root ; COMMAND=/opt/stack/data/venv/bin/cinder-rootwrap /etc/cinder/rootwrap.conf env LC_ALL=C qemu-img info -f qcow2 --output=json --force-share /opt/stack/data/cinder/mnt/7cb00d99d9f9a48decf10f006f1481b3/volume-8ee12366-644f-47bd-8be2-2c2288069dfd
Feb 25 14:00:43 devstack sudo[84931]: pam_unix(sudo:session): session opened for user root(uid=0) by (uid=1000)
Feb 25 14:00:44 devstack sudo[84931]: pam_unix(sudo:session): session closed for user root
Feb 25 14:00:44 devstack cinder-volume[83093]: DEBUG oslo_concurrency.processutils [None req-c1fc131f-5b6c-40ba-978f-260bf24626a5 tempest-GroupSnapshotsTest-2094225811 None] CMD "/opt/stack/data/venv/bin/python3.10 -m oslo_concurrency.prlimit --as=1073741824 --cpu=60 -- sudo cinder-rootwrap /etc/cinder/rootwrap.conf env LC_ALL=C qemu-img info -f qcow2 --output=json --force-share /opt/stack/data/cinder/mnt/7cb00d99d9f9a48decf10f006f1481b3/volume-8ee12366-644f-47bd-8be2-2c2288069dfd" returned: 0 in 0.978s {{(pid=83093) execute /opt/stack/data/venv/lib/python3.10/site-packages/oslo_concurrency/processutils.py:468}}
Feb 25 14:00:44 devstack cinder-volume[83093]: DEBUG oslo_concurrency.processutils [None req-c1fc131f-5b6c-40ba-978f-260bf24626a5 tempest-GroupSnapshotsTest-2094225811 None] Running cmd (subprocess): sudo cinder-rootwrap /etc/cinder/rootwrap.conf qemu-img commit -d /opt/stack/data/cinder/mnt/7cb00d99d9f9a48decf10f006f1481b3/volume-8ee12366-644f-47bd-8be2-2c2288069dfd.d6e6fb4d-98b0-48db-8a9d-bf7951136dfd {{(pid=83093) execute /opt/stack/data/venv/lib/python3.10/site-packages/oslo_concurrency/processutils.py:440}}
Feb 25 14:00:44 devstack sudo[84976]: quobyte : PWD=/ ; USER=root ; COMMAND=/opt/stack/data/venv/bin/cinder-rootwrap /etc/cinder/rootwrap.conf qemu-img commit -d /opt/stack/data/cinder/mnt/7cb00d99d9f9a48decf10f006f1481b3/volume-8ee12366-644f-47bd-8be2-2c2288069dfd.d6e6fb4d-98b0-48db-8a9d-bf7951136dfd
Feb 25 14:00:44 devstack sudo[84976]: pam_unix(sudo:session): session opened for user root(uid=0) by (uid=1000)
Feb 25 14:00:45 devstack sudo[84976]: pam_unix(sudo:session): session closed for user root
Feb 25 14:00:45 devstack cinder-volume[83093]: DEBUG oslo_concurrency.processutils [None req-c1fc131f-5b6c-40ba-978f-260bf24626a5 tempest-GroupSnapshotsTest-2094225811 None] CMD "sudo cinder-rootwrap /etc/cinder/rootwrap.conf qemu-img commit -d /opt/stack/data/cinder/mnt/7cb00d99d9f9a48decf10f006f1481b3/volume-8ee12366-644f-47bd-8be2-2c2288069dfd.d6e6fb4d-98b0-48db-8a9d-bf7951136dfd" returned: 0 in 0.688s {{(pid=83093) execute /opt/stack/data/venv/lib/python3.10/site-packages/oslo_concurrency/processutils.py:468}}
Feb 25 14:00:45 devstack cinder-volume[83093]: DEBUG oslo_concurrency.processutils [None req-c1fc131f-5b6c-40ba-978f-260bf24626a5 tempest-GroupSnapshotsTest-2094225811 None] Running cmd (subprocess): sudo cinder-rootwrap /etc/cinder/rootwrap.conf rm -f /opt/stack/data/cinder/mnt/7cb00d99d9f9a48decf10f006f1481b3/volume-8ee12366-644f-47bd-8be2-2c2288069dfd.d6e6fb4d-98b0-48db-8a9d-bf7951136dfd {{(pid=83093) execute /opt/stack/data/venv/lib/python3.10/site-packages/oslo_concurrency/processutils.py:440}}
Feb 25 14:00:45 devstack sudo[85021]: quobyte : PWD=/ ; USER=root ; COMMAND=/opt/stack/data/venv/bin/cinder-rootwrap /etc/cinder/rootwrap.conf rm -f /opt/stack/data/cinder/mnt/7cb00d99d9f9a48decf10f006f1481b3/volume-8ee12366-644f-47bd-8be2-2c2288069dfd.d6e6fb4d-98b0-48db-8a9d-bf7951136dfd
Feb 25 14:00:45 devstack sudo[85021]: pam_unix(sudo:session): session opened for user root(uid=0) by (uid=1000)
Feb 25 14:00:46 devstack sudo[85021]: pam_unix(sudo:session): session closed for user root
Feb 25 14:00:46 devstack cinder-volume[83093]: DEBUG oslo_concurrency.processutils [None req-c1fc131f-5b6c-40ba-978f-260bf24626a5 tempest-GroupSnapshotsTest-2094225811 None] CMD "sudo cinder-rootwrap /etc/cinder/rootwrap.conf rm -f /opt/stack/data/cinder/mnt/7cb00d99d9f9a48decf10f006f1481b3/volume-8ee12366-644f-47bd-8be2-2c2288069dfd.d6e6fb4d-98b0-48db-8a9d-bf7951136dfd" returned: 0 in 1.443s {{(pid=83093) execute /opt/stack/data/venv/lib/python3.10/site-packages/oslo_concurrency/processutils.py:468}}
Feb 25 14:00:47 devstack cinder-volume[83093]: DEBUG cinder.coordination [None req-c1fc131f-5b6c-40ba-978f-260bf24626a5 tempest-GroupSnapshotsTest-2094225811 None] Lock "cinder-quobyte-d6e6fb4d-98b0-48db-8a9d-bf7951136dfd" released by "_delete_snapshot" :: held 4.303s {{(pid=83093) __release /opt/stack/cinder/cinder/coordination.py:152}}
Feb 25 14:00:47 devstack cinder-volume[83093]: DEBUG cinder.coordination [None req-c1fc131f-5b6c-40ba-978f-260bf24626a5 tempest-GroupSnapshotsTest-2094225811 None] Lock "cinder-quobyte-8ee12366-644f-47bd-8be2-2c2288069dfd" released by "delete_snapshot" :: held 4.426s {{(pid=83093) __release /opt/stack/cinder/cinder/coordination.py:152}}
Feb 25 14:00:47 devstack cinder-volume[83093]: WARNING cinder.quota [None req-c1fc131f-5b6c-40ba-978f-260bf24626a5 tempest-GroupSnapshotsTest-2094225811 None] Deprecated: Default quota for resource: gigabytes_tempest-GroupSnapshotsTest-volume-type-557773152 is set by the default quota flag: quota_gigabytes_tempest-GroupSnapshotsTest-volume-type-557773152, it is now deprecated. Please use the default quota class for default quota.
Feb 25 14:00:47 devstack cinder-volume[83093]: WARNING cinder.quota [None req-c1fc131f-5b6c-40ba-978f-260bf24626a5 tempest-GroupSnapshotsTest-2094225811 None] Deprecated: Default quota for resource: snapshots_tempest-GroupSnapshotsTest-volume-type-557773152 is set by the default quota flag: quota_snapshots_tempest-GroupSnapshotsTest-volume-type-557773152, it is now deprecated. Please use the default quota class for default quota.
Feb 25 14:00:47 devstack cinder-volume[83093]: DEBUG cinder.quota [None req-c1fc131f-5b6c-40ba-978f-260bf24626a5 tempest-GroupSnapshotsTest-2094225811 None] Created reservations ['48ae07e2-589d-46c9-ab10-d03d6b4ffe91', '52c453f3-d40a-4fc2-abec-cb5b27f6ef63', '51058dcc-34a1-473f-a16e-9885353d97b3', '03f074e0-ae12-4493-ab31-50e04a74448e'] {{(pid=83093) reserve /opt/stack/cinder/cinder/quota.py:752}}
Feb 25 14:00:47 devstack cinder-volume[83093]: DEBUG cinder.quota [None req-c1fc131f-5b6c-40ba-978f-260bf24626a5 tempest-GroupSnapshotsTest-2094225811 None] Created reservations ['a92ac406-210a-420a-863a-6b0dbb3e1885', '9afaba84-7458-484a-8497-f5acb1d87991', '481d23d8-1dbf-4caf-b94a-3b2d6518c038', 'c47c43f1-9101-47b3-a573-75ea1dd725a3'] {{(pid=83093) reserve /opt/stack/cinder/cinder/quota.py:752}}
Feb 25 14:00:47 devstack cinder-volume[83093]: INFO cinder.volume.manager [None req-c1fc131f-5b6c-40ba-978f-260bf24626a5 tempest-GroupSnapshotsTest-2094225811 None] group_snapshot 9ce98104-7bc2-4a4e-abda-fe9e2cc8ac61: deleted successfully
Feb 25 14:00:47 devstack cinder-volume[83093]: DEBUG cinder.coordination [None req-0cf8f4b7-5884-41bf-9005-b5d9f0f85caf tempest-ServerRescueNegativeTestJSON-805590346 None] Acquiring lock "cinder-ff63491f-52ea-4018-8b43-5fdc77fa908e-delete_volume" by "delete_volume" {{(pid=83093) __acquire /opt/stack/cinder/cinder/coordination.py:138}}
Feb 25 14:00:48 devstack cinder-volume[83093]: DEBUG cinder.coordination [None req-0cf8f4b7-5884-41bf-9005-b5d9f0f85caf tempest-ServerRescueNegativeTestJSON-805590346 None] Lock "cinder-ff63491f-52ea-4018-8b43-5fdc77fa908e-delete_volume" acquired by "delete_volume" :: waited 0.054s {{(pid=83093) __acquire /opt/stack/cinder/cinder/coordination.py:141}}
Feb 25 14:00:48 devstack cinder-volume[83093]: DEBUG cinder.coordination [None req-0cf8f4b7-5884-41bf-9005-b5d9f0f85caf tempest-ServerRescueNegativeTestJSON-805590346 None] Acquiring lock "cinder-quobyte-ff63491f-52ea-4018-8b43-5fdc77fa908e" by "delete_volume" {{(pid=83093) __acquire /opt/stack/cinder/cinder/coordination.py:138}}
Feb 25 14:00:48 devstack cinder-volume[83093]: DEBUG cinder.coordination [None req-0cf8f4b7-5884-41bf-9005-b5d9f0f85caf tempest-ServerRescueNegativeTestJSON-805590346 None] Lock "cinder-quobyte-ff63491f-52ea-4018-8b43-5fdc77fa908e" acquired by "delete_volume" :: waited 0.014s {{(pid=83093) __acquire /opt/stack/cinder/cinder/coordination.py:141}}
Feb 25 14:00:48 devstack cinder-volume[83093]: DEBUG oslo.privsep.daemon [-] privsep: reply[70e3caea-7d65-4521-a5c7-0443c911d010]: (4, 'qcow2') {{(pid=83897) _call_back /opt/stack/data/venv/lib/python3.10/site-packages/oslo_privsep/daemon.py:573}}
Feb 25 14:00:48 devstack cinder-volume[83093]: DEBUG oslo_concurrency.processutils [None req-0cf8f4b7-5884-41bf-9005-b5d9f0f85caf tempest-ServerRescueNegativeTestJSON-805590346 None] Running cmd (subprocess): /opt/stack/data/venv/bin/python3.10 -m oslo_concurrency.prlimit --as=1073741824 --cpu=60 -- sudo cinder-rootwrap /etc/cinder/rootwrap.conf env LC_ALL=C qemu-img info -f qcow2 --output=json --force-share /opt/stack/data/cinder/mnt/7cb00d99d9f9a48decf10f006f1481b3/volume-ff63491f-52ea-4018-8b43-5fdc77fa908e {{(pid=83093) execute /opt/stack/data/venv/lib/python3.10/site-packages/oslo_concurrency/processutils.py:440}}
Feb 25 14:00:48 devstack sudo[85094]: quobyte : PWD=/ ; USER=root ; COMMAND=/opt/stack/data/venv/bin/cinder-rootwrap /etc/cinder/rootwrap.conf env LC_ALL=C qemu-img info -f qcow2 --output=json --force-share /opt/stack/data/cinder/mnt/7cb00d99d9f9a48decf10f006f1481b3/volume-ff63491f-52ea-4018-8b43-5fdc77fa908e
Feb 25 14:00:48 devstack sudo[85094]: pam_unix(sudo:session): session opened for user root(uid=0) by (uid=1000)
Feb 25 14:00:48 devstack sudo[85094]: pam_unix(sudo:session): session closed for user root
Feb 25 14:00:48 devstack cinder-volume[83093]: DEBUG oslo_concurrency.processutils [None req-0cf8f4b7-5884-41bf-9005-b5d9f0f85caf tempest-ServerRescueNegativeTestJSON-805590346 None] CMD "/opt/stack/data/venv/bin/python3.10 -m oslo_concurrency.prlimit --as=1073741824 --cpu=60 -- sudo cinder-rootwrap /etc/cinder/rootwrap.conf env LC_ALL=C qemu-img info -f qcow2 --output=json --force-share /opt/stack/data/cinder/mnt/7cb00d99d9f9a48decf10f006f1481b3/volume-ff63491f-52ea-4018-8b43-5fdc77fa908e" returned: 0 in 0.710s {{(pid=83093) execute /opt/stack/data/venv/lib/python3.10/site-packages/oslo_concurrency/processutils.py:468}}
Feb 25 14:00:48 devstack cinder-volume[83093]: DEBUG oslo_concurrency.processutils [None req-0cf8f4b7-5884-41bf-9005-b5d9f0f85caf tempest-ServerRescueNegativeTestJSON-805590346 None] Running cmd (subprocess): sudo cinder-rootwrap /etc/cinder/rootwrap.conf rm -f /opt/stack/data/cinder/mnt/7cb00d99d9f9a48decf10f006f1481b3/volume-ff63491f-52ea-4018-8b43-5fdc77fa908e {{(pid=83093) execute /opt/stack/data/venv/lib/python3.10/site-packages/oslo_concurrency/processutils.py:440}}
Feb 25 14:00:48 devstack sudo[85106]: quobyte : PWD=/ ; USER=root ; COMMAND=/opt/stack/data/venv/bin/cinder-rootwrap /etc/cinder/rootwrap.conf rm -f /opt/stack/data/cinder/mnt/7cb00d99d9f9a48decf10f006f1481b3/volume-ff63491f-52ea-4018-8b43-5fdc77fa908e
Feb 25 14:00:48 devstack cinder-volume[83093]: DEBUG cinder.coordination [None req-89b41eed-ce2a-4986-9fa5-b2e4b413cd17 tempest-GroupSnapshotsTest-2094225811 None] Acquiring lock "cinder-quobyte-8ee12366-644f-47bd-8be2-2c2288069dfd" by "delete_volume" {{(pid=83093) __acquire /opt/stack/cinder/cinder/coordination.py:138}}
Feb 25 14:00:48 devstack sudo[85106]: pam_unix(sudo:session): session opened for user root(uid=0) by (uid=1000)
Feb 25 14:00:48 devstack cinder-volume[83093]: DEBUG cinder.coordination [None req-89b41eed-ce2a-4986-9fa5-b2e4b413cd17 tempest-GroupSnapshotsTest-2094225811 None] Lock "cinder-quobyte-8ee12366-644f-47bd-8be2-2c2288069dfd" acquired by "delete_volume" :: waited 0.011s {{(pid=83093) __acquire /opt/stack/cinder/cinder/coordination.py:141}}
Feb 25 14:00:48 devstack cinder-volume[83093]: DEBUG oslo.privsep.daemon [-] privsep: reply[8dbb388d-d6e8-41e0-a7f7-c175145ca407]: (4, 'qcow2') {{(pid=83897) _call_back /opt/stack/data/venv/lib/python3.10/site-packages/oslo_privsep/daemon.py:573}}
Feb 25 14:00:48 devstack cinder-volume[83093]: DEBUG oslo_concurrency.processutils [None req-89b41eed-ce2a-4986-9fa5-b2e4b413cd17 tempest-GroupSnapshotsTest-2094225811 None] Running cmd (subprocess): /opt/stack/data/venv/bin/python3.10 -m oslo_concurrency.prlimit --as=1073741824 --cpu=60 -- sudo cinder-rootwrap /etc/cinder/rootwrap.conf env LC_ALL=C qemu-img info -f qcow2 --output=json --force-share /opt/stack/data/cinder/mnt/7cb00d99d9f9a48decf10f006f1481b3/volume-8ee12366-644f-47bd-8be2-2c2288069dfd {{(pid=83093) execute /opt/stack/data/venv/lib/python3.10/site-packages/oslo_concurrency/processutils.py:440}}
Feb 25 14:00:49 devstack sudo[85108]: quobyte : PWD=/ ; USER=root ; COMMAND=/opt/stack/data/venv/bin/cinder-rootwrap /etc/cinder/rootwrap.conf env LC_ALL=C qemu-img info -f qcow2 --output=json --force-share /opt/stack/data/cinder/mnt/7cb00d99d9f9a48decf10f006f1481b3/volume-8ee12366-644f-47bd-8be2-2c2288069dfd
Feb 25 14:00:49 devstack sudo[85108]: pam_unix(sudo:session): session opened for user root(uid=0) by (uid=1000)
Feb 25 14:00:49 devstack sudo[85106]: pam_unix(sudo:session): session closed for user root
Feb 25 14:00:49 devstack cinder-volume[83093]: DEBUG oslo_concurrency.processutils [None req-0cf8f4b7-5884-41bf-9005-b5d9f0f85caf tempest-ServerRescueNegativeTestJSON-805590346 None] CMD "sudo cinder-rootwrap /etc/cinder/rootwrap.conf rm -f /opt/stack/data/cinder/mnt/7cb00d99d9f9a48decf10f006f1481b3/volume-ff63491f-52ea-4018-8b43-5fdc77fa908e" returned: 0 in 0.891s {{(pid=83093) execute /opt/stack/data/venv/lib/python3.10/site-packages/oslo_concurrency/processutils.py:468}}
Feb 25 14:00:49 devstack cinder-volume[83093]: DEBUG cinder.coordination [None req-0cf8f4b7-5884-41bf-9005-b5d9f0f85caf tempest-ServerRescueNegativeTestJSON-805590346 None] Lock "cinder-quobyte-ff63491f-52ea-4018-8b43-5fdc77fa908e" released by "delete_volume" :: held 1.700s {{(pid=83093) __release /opt/stack/cinder/cinder/coordination.py:152}}
Feb 25 14:00:49 devstack cinder-volume[83093]: DEBUG cinder.quota [None req-0cf8f4b7-5884-41bf-9005-b5d9f0f85caf tempest-ServerRescueNegativeTestJSON-805590346 None] Created reservations ['83dfd168-fb7d-4d9e-947f-56315d0e2153', '6c95c3ee-e53d-4c94-839c-d5faae44d01c', 'd0877c78-f3f2-4c87-80e6-65c92becd133', 'a000610e-4f14-45c7-a068-38f43b69be75'] {{(pid=83093) reserve /opt/stack/cinder/cinder/quota.py:752}}
Feb 25 14:00:49 devstack cinder-volume[83093]: DEBUG oslo_concurrency.lockutils [None req-0cf8f4b7-5884-41bf-9005-b5d9f0f85caf tempest-ServerRescueNegativeTestJSON-805590346 None] Acquiring lock "quobyte_ensure" by "cinder.volume.drivers.quobyte.QuobyteDriver._ensure_shares_mounted" {{(pid=83093) inner /opt/stack/data/venv/lib/python3.10/site-packages/oslo_concurrency/lockutils.py:506}}
Feb 25 14:00:49 devstack cinder-volume[83093]: DEBUG oslo_concurrency.lockutils [None req-0cf8f4b7-5884-41bf-9005-b5d9f0f85caf tempest-ServerRescueNegativeTestJSON-805590346 None] Lock "quobyte_ensure" acquired by "cinder.volume.drivers.quobyte.QuobyteDriver._ensure_shares_mounted" :: waited 0.001s {{(pid=83093) inner /opt/stack/data/venv/lib/python3.10/site-packages/oslo_concurrency/lockutils.py:519}}
Feb 25 14:00:49 devstack cinder-volume[83093]: DEBUG cinder.volume.drivers.quobyte [None req-0cf8f4b7-5884-41bf-9005-b5d9f0f85caf tempest-ServerRescueNegativeTestJSON-805590346 None] Quobyte Volume URL set to: {'osci02.corp.quobyte.com/cinder-vol-92796744-4203-4d90-b9a0-4f9c8dda6176': None} {{(pid=83093) _load_shares_config /opt/stack/cinder/cinder/volume/drivers/quobyte.py:617}}
Feb 25 14:00:49 devstack cinder-volume[83093]: DEBUG cinder.volume.drivers.quobyte [None req-0cf8f4b7-5884-41bf-9005-b5d9f0f85caf tempest-ServerRescueNegativeTestJSON-805590346 None] Available shares ['osci02.corp.quobyte.com/cinder-vol-92796744-4203-4d90-b9a0-4f9c8dda6176'] {{(pid=83093) _ensure_shares_mounted /opt/stack/cinder/cinder/volume/drivers/quobyte.py:647}}
Feb 25 14:00:49 devstack cinder-volume[83093]: DEBUG oslo_concurrency.lockutils [None req-0cf8f4b7-5884-41bf-9005-b5d9f0f85caf tempest-ServerRescueNegativeTestJSON-805590346 None] Lock "quobyte_ensure" "released" by "cinder.volume.drivers.quobyte.QuobyteDriver._ensure_shares_mounted" :: held 0.010s {{(pid=83093) inner /opt/stack/data/venv/lib/python3.10/site-packages/oslo_concurrency/lockutils.py:538}}
Feb 25 14:00:49 devstack cinder-volume[83093]: DEBUG oslo_concurrency.processutils [None req-0cf8f4b7-5884-41bf-9005-b5d9f0f85caf tempest-ServerRescueNegativeTestJSON-805590346 None] Running cmd (subprocess): sudo cinder-rootwrap /etc/cinder/rootwrap.conf df --portability --block-size 1 /opt/stack/data/cinder/mnt/7cb00d99d9f9a48decf10f006f1481b3 {{(pid=83093) execute /opt/stack/data/venv/lib/python3.10/site-packages/oslo_concurrency/processutils.py:440}}
Feb 25 14:00:49 devstack sudo[85136]: quobyte : PWD=/ ; USER=root ; COMMAND=/opt/stack/data/venv/bin/cinder-rootwrap /etc/cinder/rootwrap.conf df --portability --block-size 1 /opt/stack/data/cinder/mnt/7cb00d99d9f9a48decf10f006f1481b3
Feb 25 14:00:49 devstack sudo[85136]: pam_unix(sudo:session): session opened for user root(uid=0) by (uid=1000)
Feb 25 14:00:50 devstack sudo[85108]: pam_unix(sudo:session): session closed for user root
Feb 25 14:00:50 devstack cinder-volume[83093]: DEBUG oslo_concurrency.processutils [None req-89b41eed-ce2a-4986-9fa5-b2e4b413cd17 tempest-GroupSnapshotsTest-2094225811 None] CMD "/opt/stack/data/venv/bin/python3.10 -m oslo_concurrency.prlimit --as=1073741824 --cpu=60 -- sudo cinder-rootwrap /etc/cinder/rootwrap.conf env LC_ALL=C qemu-img info -f qcow2 --output=json --force-share /opt/stack/data/cinder/mnt/7cb00d99d9f9a48decf10f006f1481b3/volume-8ee12366-644f-47bd-8be2-2c2288069dfd" returned: 0 in 1.424s {{(pid=83093) execute /opt/stack/data/venv/lib/python3.10/site-packages/oslo_concurrency/processutils.py:468}}
Feb 25 14:00:50 devstack cinder-volume[83093]: DEBUG oslo_concurrency.processutils [None req-89b41eed-ce2a-4986-9fa5-b2e4b413cd17 tempest-GroupSnapshotsTest-2094225811 None] Running cmd (subprocess): sudo cinder-rootwrap /etc/cinder/rootwrap.conf rm -f /opt/stack/data/cinder/mnt/7cb00d99d9f9a48decf10f006f1481b3/volume-8ee12366-644f-47bd-8be2-2c2288069dfd {{(pid=83093) execute /opt/stack/data/venv/lib/python3.10/site-packages/oslo_concurrency/processutils.py:440}}
Feb 25 14:00:50 devstack sudo[85143]: quobyte : PWD=/ ; USER=root ; COMMAND=/opt/stack/data/venv/bin/cinder-rootwrap /etc/cinder/rootwrap.conf rm -f /opt/stack/data/cinder/mnt/7cb00d99d9f9a48decf10f006f1481b3/volume-8ee12366-644f-47bd-8be2-2c2288069dfd
Feb 25 14:00:50 devstack sudo[85143]: pam_unix(sudo:session): session opened for user root(uid=0) by (uid=1000)
Feb 25 14:00:50 devstack sudo[85136]: pam_unix(sudo:session): session closed for user root
Feb 25 14:00:50 devstack cinder-volume[83093]: DEBUG oslo_concurrency.processutils [None req-0cf8f4b7-5884-41bf-9005-b5d9f0f85caf tempest-ServerRescueNegativeTestJSON-805590346 None] CMD "sudo cinder-rootwrap /etc/cinder/rootwrap.conf df --portability --block-size 1 /opt/stack/data/cinder/mnt/7cb00d99d9f9a48decf10f006f1481b3" returned: 0 in 0.483s {{(pid=83093) execute /opt/stack/data/venv/lib/python3.10/site-packages/oslo_concurrency/processutils.py:468}}
Feb 25 14:00:50 devstack cinder-volume[83093]: DEBUG cinder.manager [None req-0cf8f4b7-5884-41bf-9005-b5d9f0f85caf tempest-ServerRescueNegativeTestJSON-805590346 None] Notifying Schedulers of capabilities ... {{(pid=83093) _publish_service_capabilities /opt/stack/cinder/cinder/manager.py:202}}
Feb 25 14:00:50 devstack cinder-volume[83093]: INFO cinder.volume.manager [None req-0cf8f4b7-5884-41bf-9005-b5d9f0f85caf tempest-ServerRescueNegativeTestJSON-805590346 None] Deleted volume successfully.
Feb 25 14:00:50 devstack cinder-volume[83093]: DEBUG cinder.coordination [None req-0cf8f4b7-5884-41bf-9005-b5d9f0f85caf tempest-ServerRescueNegativeTestJSON-805590346 None] Lock "cinder-ff63491f-52ea-4018-8b43-5fdc77fa908e-delete_volume" released by "delete_volume" :: held 2.417s {{(pid=83093) __release /opt/stack/cinder/cinder/coordination.py:152}}
Feb 25 14:00:51 devstack sudo[85143]: pam_unix(sudo:session): session closed for user root
Feb 25 14:00:51 devstack cinder-volume[83093]: DEBUG oslo_concurrency.processutils [None req-89b41eed-ce2a-4986-9fa5-b2e4b413cd17 tempest-GroupSnapshotsTest-2094225811 None] CMD "sudo cinder-rootwrap /etc/cinder/rootwrap.conf rm -f /opt/stack/data/cinder/mnt/7cb00d99d9f9a48decf10f006f1481b3/volume-8ee12366-644f-47bd-8be2-2c2288069dfd" returned: 0 in 0.715s {{(pid=83093) execute /opt/stack/data/venv/lib/python3.10/site-packages/oslo_concurrency/processutils.py:468}}
Feb 25 14:00:51 devstack cinder-volume[83093]: DEBUG cinder.coordination [None req-89b41eed-ce2a-4986-9fa5-b2e4b413cd17 tempest-GroupSnapshotsTest-2094225811 None] Lock "cinder-quobyte-8ee12366-644f-47bd-8be2-2c2288069dfd" released by "delete_volume" :: held 2.200s {{(pid=83093) __release /opt/stack/cinder/cinder/coordination.py:152}}
Feb 25 14:00:51 devstack cinder-volume[83093]: DEBUG cinder.coordination [None req-89b41eed-ce2a-4986-9fa5-b2e4b413cd17 tempest-GroupSnapshotsTest-2094225811 None] Acquiring lock "cinder-quobyte-f7ac36bc-4340-4407-bfaf-2bee33857f7d" by "delete_volume" {{(pid=83093) __acquire /opt/stack/cinder/cinder/coordination.py:138}}
Feb 25 14:00:51 devstack cinder-volume[83093]: DEBUG cinder.coordination [None req-89b41eed-ce2a-4986-9fa5-b2e4b413cd17 tempest-GroupSnapshotsTest-2094225811 None] Lock "cinder-quobyte-f7ac36bc-4340-4407-bfaf-2bee33857f7d" acquired by "delete_volume" :: waited 0.010s {{(pid=83093) __acquire /opt/stack/cinder/cinder/coordination.py:141}}
Feb 25 14:00:51 devstack cinder-volume[83093]: DEBUG oslo.privsep.daemon [-] privsep: reply[70a01185-d3ca-422f-92ad-54865000b52e]: (4, 'qcow2') {{(pid=83897) _call_back /opt/stack/data/venv/lib/python3.10/site-packages/oslo_privsep/daemon.py:573}}
Feb 25 14:00:51 devstack cinder-volume[83093]: DEBUG oslo_concurrency.processutils [None req-89b41eed-ce2a-4986-9fa5-b2e4b413cd17 tempest-GroupSnapshotsTest-2094225811 None] Running cmd (subprocess): /opt/stack/data/venv/bin/python3.10 -m oslo_concurrency.prlimit --as=1073741824 --cpu=60 -- sudo cinder-rootwrap /etc/cinder/rootwrap.conf env LC_ALL=C qemu-img info -f qcow2 --output=json --force-share /opt/stack/data/cinder/mnt/7cb00d99d9f9a48decf10f006f1481b3/volume-f7ac36bc-4340-4407-bfaf-2bee33857f7d {{(pid=83093) execute /opt/stack/data/venv/lib/python3.10/site-packages/oslo_concurrency/processutils.py:440}}
Feb 25 14:00:51 devstack sudo[85146]: quobyte : PWD=/ ; USER=root ; COMMAND=/opt/stack/data/venv/bin/cinder-rootwrap /etc/cinder/rootwrap.conf env LC_ALL=C qemu-img info -f qcow2 --output=json --force-share /opt/stack/data/cinder/mnt/7cb00d99d9f9a48decf10f006f1481b3/volume-f7ac36bc-4340-4407-bfaf-2bee33857f7d
Feb 25 14:00:51 devstack sudo[85146]: pam_unix(sudo:session): session opened for user root(uid=0) by (uid=1000)
Feb 25 14:00:52 devstack sudo[85146]: pam_unix(sudo:session): session closed for user root
Feb 25 14:00:52 devstack cinder-volume[83093]: DEBUG oslo_concurrency.processutils [None req-89b41eed-ce2a-4986-9fa5-b2e4b413cd17 tempest-GroupSnapshotsTest-2094225811 None] CMD "/opt/stack/data/venv/bin/python3.10 -m oslo_concurrency.prlimit --as=1073741824 --cpu=60 -- sudo cinder-rootwrap /etc/cinder/rootwrap.conf env LC_ALL=C qemu-img info -f qcow2 --output=json --force-share /opt/stack/data/cinder/mnt/7cb00d99d9f9a48decf10f006f1481b3/volume-f7ac36bc-4340-4407-bfaf-2bee33857f7d" returned: 0 in 1.115s {{(pid=83093) execute /opt/stack/data/venv/lib/python3.10/site-packages/oslo_concurrency/processutils.py:468}}
Feb 25 14:00:52 devstack cinder-volume[83093]: DEBUG oslo_concurrency.processutils [None req-89b41eed-ce2a-4986-9fa5-b2e4b413cd17 tempest-GroupSnapshotsTest-2094225811 None] Running cmd (subprocess): sudo cinder-rootwrap /etc/cinder/rootwrap.conf rm -f /opt/stack/data/cinder/mnt/7cb00d99d9f9a48decf10f006f1481b3/volume-f7ac36bc-4340-4407-bfaf-2bee33857f7d {{(pid=83093) execute /opt/stack/data/venv/lib/python3.10/site-packages/oslo_concurrency/processutils.py:440}}
Feb 25 14:00:52 devstack sudo[85175]: quobyte : PWD=/ ; USER=root ; COMMAND=/opt/stack/data/venv/bin/cinder-rootwrap /etc/cinder/rootwrap.conf rm -f /opt/stack/data/cinder/mnt/7cb00d99d9f9a48decf10f006f1481b3/volume-f7ac36bc-4340-4407-bfaf-2bee33857f7d
Feb 25 14:00:52 devstack sudo[85175]: pam_unix(sudo:session): session opened for user root(uid=0) by (uid=1000)
Feb 25 14:00:53 devstack sudo[85175]: pam_unix(sudo:session): session closed for user root
Feb 25 14:00:53 devstack cinder-volume[83093]: DEBUG oslo_concurrency.processutils [None req-89b41eed-ce2a-4986-9fa5-b2e4b413cd17 tempest-GroupSnapshotsTest-2094225811 None] CMD "sudo cinder-rootwrap /etc/cinder/rootwrap.conf rm -f /opt/stack/data/cinder/mnt/7cb00d99d9f9a48decf10f006f1481b3/volume-f7ac36bc-4340-4407-bfaf-2bee33857f7d" returned: 0 in 0.752s {{(pid=83093) execute /opt/stack/data/venv/lib/python3.10/site-packages/oslo_concurrency/processutils.py:468}}
Feb 25 14:00:53 devstack cinder-volume[83093]: DEBUG cinder.coordination [None req-89b41eed-ce2a-4986-9fa5-b2e4b413cd17 tempest-GroupSnapshotsTest-2094225811 None] Lock "cinder-quobyte-f7ac36bc-4340-4407-bfaf-2bee33857f7d" released by "delete_volume" :: held 1.936s {{(pid=83093) __release /opt/stack/cinder/cinder/coordination.py:152}}
Feb 25 14:00:53 devstack cinder-volume[83093]: DEBUG cinder.quota [None req-89b41eed-ce2a-4986-9fa5-b2e4b413cd17 tempest-GroupSnapshotsTest-2094225811 None] Created reservations ['90ebd23a-55c1-4f2d-a486-6bab3712eade'] {{(pid=83093) reserve /opt/stack/cinder/cinder/quota.py:752}}
Feb 25 14:00:53 devstack cinder-volume[83093]: WARNING cinder.quota [None req-89b41eed-ce2a-4986-9fa5-b2e4b413cd17 tempest-GroupSnapshotsTest-2094225811 None] Deprecated: Default quota for resource: volumes_tempest-GroupSnapshotsTest-volume-type-557773152 is set by the default quota flag: quota_volumes_tempest-GroupSnapshotsTest-volume-type-557773152, it is now deprecated. Please use the default quota class for default quota.
Feb 25 14:00:53 devstack cinder-volume[83093]: DEBUG cinder.quota [None req-89b41eed-ce2a-4986-9fa5-b2e4b413cd17 tempest-GroupSnapshotsTest-2094225811 None] Created reservations ['506fb2b6-b554-4fa8-8fa6-9cadae54df6e', '40b9750a-c32a-4bfc-a21a-7a99423aef69', '453fcfc2-3fc4-4ab5-8607-ffb4cf9e5a14', '48332380-b1f9-4404-97cc-fbb3adeddfa7'] {{(pid=83093) reserve /opt/stack/cinder/cinder/quota.py:752}}
Feb 25 14:00:53 devstack cinder-volume[83093]: DEBUG cinder.quota [None req-89b41eed-ce2a-4986-9fa5-b2e4b413cd17 tempest-GroupSnapshotsTest-2094225811 None] Created reservations ['3a68a5d6-74df-4d2e-ae1d-2f08b5d5675d', '24bf4fd7-d39a-4168-89bd-b12f5c009748', 'ae3b85ff-aee9-4db4-91ea-40657e038bcb', '7bc232eb-15d3-4cc6-9c7d-01ff200e34cf'] {{(pid=83093) reserve /opt/stack/cinder/cinder/quota.py:752}}
Feb 25 14:00:53 devstack cinder-volume[83093]: DEBUG oslo_concurrency.lockutils [None req-89b41eed-ce2a-4986-9fa5-b2e4b413cd17 tempest-GroupSnapshotsTest-2094225811 None] Acquiring lock "quobyte_ensure" by "cinder.volume.drivers.quobyte.QuobyteDriver._ensure_shares_mounted" {{(pid=83093) inner /opt/stack/data/venv/lib/python3.10/site-packages/oslo_concurrency/lockutils.py:506}}
Feb 25 14:00:53 devstack cinder-volume[83093]: DEBUG oslo_concurrency.lockutils [None req-89b41eed-ce2a-4986-9fa5-b2e4b413cd17 tempest-GroupSnapshotsTest-2094225811 None] Lock "quobyte_ensure" acquired by "cinder.volume.drivers.quobyte.QuobyteDriver._ensure_shares_mounted" :: waited 0.006s {{(pid=83093) inner /opt/stack/data/venv/lib/python3.10/site-packages/oslo_concurrency/lockutils.py:519}}
Feb 25 14:00:53 devstack cinder-volume[83093]: DEBUG cinder.volume.drivers.quobyte [None req-89b41eed-ce2a-4986-9fa5-b2e4b413cd17 tempest-GroupSnapshotsTest-2094225811 None] Quobyte Volume URL set to: {'osci02.corp.quobyte.com/cinder-vol-92796744-4203-4d90-b9a0-4f9c8dda6176': None} {{(pid=83093) _load_shares_config /opt/stack/cinder/cinder/volume/drivers/quobyte.py:617}}
Feb 25 14:00:53 devstack cinder-volume[83093]: DEBUG cinder.volume.drivers.quobyte [None req-89b41eed-ce2a-4986-9fa5-b2e4b413cd17 tempest-GroupSnapshotsTest-2094225811 None] Available shares ['osci02.corp.quobyte.com/cinder-vol-92796744-4203-4d90-b9a0-4f9c8dda6176'] {{(pid=83093) _ensure_shares_mounted /opt/stack/cinder/cinder/volume/drivers/quobyte.py:647}}
Feb 25 14:00:53 devstack cinder-volume[83093]: DEBUG oslo_concurrency.lockutils [None req-89b41eed-ce2a-4986-9fa5-b2e4b413cd17 tempest-GroupSnapshotsTest-2094225811 None] Lock "quobyte_ensure" "released" by "cinder.volume.drivers.quobyte.QuobyteDriver._ensure_shares_mounted" :: held 0.013s {{(pid=83093) inner /opt/stack/data/venv/lib/python3.10/site-packages/oslo_concurrency/lockutils.py:538}}
Feb 25 14:00:53 devstack cinder-volume[83093]: DEBUG oslo_concurrency.processutils [None req-89b41eed-ce2a-4986-9fa5-b2e4b413cd17 tempest-GroupSnapshotsTest-2094225811 None] Running cmd (subprocess): sudo cinder-rootwrap /etc/cinder/rootwrap.conf df --portability --block-size 1 /opt/stack/data/cinder/mnt/7cb00d99d9f9a48decf10f006f1481b3 {{(pid=83093) execute /opt/stack/data/venv/lib/python3.10/site-packages/oslo_concurrency/processutils.py:440}}
Feb 25 14:00:53 devstack sudo[85179]: quobyte : PWD=/ ; USER=root ; COMMAND=/opt/stack/data/venv/bin/cinder-rootwrap /etc/cinder/rootwrap.conf df --portability --block-size 1 /opt/stack/data/cinder/mnt/7cb00d99d9f9a48decf10f006f1481b3
Feb 25 14:00:53 devstack sudo[85179]: pam_unix(sudo:session): session opened for user root(uid=0) by (uid=1000)
Feb 25 14:00:54 devstack sudo[85179]: pam_unix(sudo:session): session closed for user root
Feb 25 14:00:54 devstack cinder-volume[83093]: DEBUG oslo_concurrency.processutils [None req-89b41eed-ce2a-4986-9fa5-b2e4b413cd17 tempest-GroupSnapshotsTest-2094225811 None] CMD "sudo cinder-rootwrap /etc/cinder/rootwrap.conf df --portability --block-size 1 /opt/stack/data/cinder/mnt/7cb00d99d9f9a48decf10f006f1481b3" returned: 0 in 0.986s {{(pid=83093) execute /opt/stack/data/venv/lib/python3.10/site-packages/oslo_concurrency/processutils.py:468}}
Feb 25 14:00:54 devstack cinder-volume[83093]: DEBUG cinder.manager [None req-89b41eed-ce2a-4986-9fa5-b2e4b413cd17 tempest-GroupSnapshotsTest-2094225811 None] Notifying Schedulers of capabilities ... {{(pid=83093) _publish_service_capabilities /opt/stack/cinder/cinder/manager.py:202}}
Feb 25 14:00:54 devstack cinder-volume[83093]: INFO cinder.volume.manager [None req-89b41eed-ce2a-4986-9fa5-b2e4b413cd17 tempest-GroupSnapshotsTest-2094225811 None] Delete group completed successfully.
Feb 25 14:00:54 devstack cinder-volume[83093]: INFO cinder.volume.manager [None req-d92d1dd8-959a-4f21-ae87-f43e76292fbc tempest-GroupSnapshotsTest-2094225811 None] Group tempest-GroupSnapshotsTest-Group-58045339: creating
Feb 25 14:00:54 devstack cinder-volume[83093]: INFO cinder.volume.manager [None req-d92d1dd8-959a-4f21-ae87-f43e76292fbc tempest-GroupSnapshotsTest-2094225811 None] Group tempest-GroupSnapshotsTest-Group-58045339: created successfully
Feb 25 14:00:54 devstack cinder-volume[83093]: INFO cinder.volume.manager [None req-d92d1dd8-959a-4f21-ae87-f43e76292fbc tempest-GroupSnapshotsTest-2094225811 None] Create group completed successfully.
Feb 25 14:00:56 devstack cinder-volume[83093]: DEBUG cinder.volume.flows.manager.create_volume [None req-b562f59a-5466-4a98-8b3d-57b903e125f4 tempest-GroupSnapshotsTest-2094225811 None] Volume reschedule parameters: True retry: {'num_attempts': 1, 'backends': ['devstack@QuobyteHD#QuobyteHD'], 'hosts': ['devstack@QuobyteHD#QuobyteHD']} {{(pid=83093) get_flow /opt/stack/cinder/cinder/volume/flows/manager/create_volume.py:1388}}
Feb 25 14:00:56 devstack cinder-volume[83093]: DEBUG cinder.volume.manager [None req-b562f59a-5466-4a98-8b3d-57b903e125f4 tempest-GroupSnapshotsTest-2094225811 None] Flow 'volume_create_manager' (bd595c87-21f1-4ee1-aefa-2dfe4ad3a791) transitioned into state 'RUNNING' from state 'PENDING' {{(pid=83093) _flow_receiver /opt/stack/data/venv/lib/python3.10/site-packages/taskflow/listeners/logging.py:145}}
Feb 25 14:00:56 devstack cinder-volume[83093]: DEBUG cinder.volume.manager [None req-b562f59a-5466-4a98-8b3d-57b903e125f4 tempest-GroupSnapshotsTest-2094225811 None] Task 'cinder.volume.flows.manager.create_volume.ExtractVolumeRefTask;volume:create' (c814a514-7296-4a9b-a265-19833973589a) transitioned into state 'RUNNING' from state 'PENDING' {{(pid=83093) _task_receiver /opt/stack/data/venv/lib/python3.10/site-packages/taskflow/listeners/logging.py:194}}
Feb 25 14:00:56 devstack cinder-volume[83093]: DEBUG cinder.volume.manager [None req-b562f59a-5466-4a98-8b3d-57b903e125f4 tempest-GroupSnapshotsTest-2094225811 None] Task 'cinder.volume.flows.manager.create_volume.ExtractVolumeRefTask;volume:create' (c814a514-7296-4a9b-a265-19833973589a) transitioned into state 'SUCCESS' from state 'RUNNING' with result 'Volume(_name_id=None,admin_metadata=,attach_status='detached',availability_zone='nova',bootable=False,cluster=,cluster_name=None,consistencygroup=,consistencygroup_id=None,created_at=2026-02-25T13:00:56Z,deleted=False,deleted_at=None,display_description=None,display_name='tempest-volume-362553668',ec2_id=None,encryption_key_id=None,glance_metadata=,group=,group_id=b0a504c7-a0ca-4474-b11d-a17beaaafc6b,host='devstack@QuobyteHD#QuobyteHD',id=b796fda7-ed74-4087-bc9e-b99bcb5557ec,launched_at=None,metadata={},migration_status=None,multiattach=False,previous_status=None,project_id='45ffe998525d4f3d9abcb95b6a80c3a5',provider_auth=None,provider_geometry=None,provider_id=None,provider_location=None,replication_driver_data=None,replication_extended_status=None,replication_status=None,scheduled_at=2026-02-25T13:00:56Z,service_uuid=None,shared_targets=True,size=1,snapshot_id=None,snapshots=,source_volid=None,status='creating',terminated_at=None,updated_at=2026-02-25T13:00:56Z,use_quota=True,user_id='f825b559421b4c29a9a51fca04ef039c',volume_attachment=VolumeAttachmentList,volume_type=VolumeType(438e1bcb-8ba7-48b4-8363-976d1605e35f),volume_type_id=438e1bcb-8ba7-48b4-8363-976d1605e35f)' {{(pid=83093) _task_receiver /opt/stack/data/venv/lib/python3.10/site-packages/taskflow/listeners/logging.py:182}}
Feb 25 14:00:56 devstack cinder-volume[83093]: DEBUG cinder.volume.manager [None req-b562f59a-5466-4a98-8b3d-57b903e125f4 tempest-GroupSnapshotsTest-2094225811 None] Task 'cinder.volume.flows.manager.create_volume.OnFailureRescheduleTask;volume:create' (f23ab76c-1a0c-4e5a-af98-c66379ba2b6d) transitioned into state 'RUNNING' from state 'PENDING' {{(pid=83093) _task_receiver /opt/stack/data/venv/lib/python3.10/site-packages/taskflow/listeners/logging.py:194}}
Feb 25 14:00:56 devstack cinder-volume[83093]: DEBUG cinder.volume.manager [None req-b562f59a-5466-4a98-8b3d-57b903e125f4 tempest-GroupSnapshotsTest-2094225811 None] Task 'cinder.volume.flows.manager.create_volume.OnFailureRescheduleTask;volume:create' (f23ab76c-1a0c-4e5a-af98-c66379ba2b6d) transitioned into state 'SUCCESS' from state 'RUNNING' with result 'None' {{(pid=83093) _task_receiver /opt/stack/data/venv/lib/python3.10/site-packages/taskflow/listeners/logging.py:182}}
Feb 25 14:00:56 devstack cinder-volume[83093]: DEBUG cinder.volume.manager [None req-b562f59a-5466-4a98-8b3d-57b903e125f4 tempest-GroupSnapshotsTest-2094225811 None] Task 'cinder.volume.flows.manager.create_volume.ExtractVolumeSpecTask;volume:create' (e0ba0e65-8809-4316-a386-40eb67a57ba9) transitioned into state 'RUNNING' from state 'PENDING' {{(pid=83093) _task_receiver /opt/stack/data/venv/lib/python3.10/site-packages/taskflow/listeners/logging.py:194}}
