Jul 16 10:54:50 devstack devstack@g-api.service[76721]: DEBUG glance.common.config [None req-82ae43ae-6d26-4849-9d3c-167092b634f0 None None] database.connection_debug = 0 {{(pid=76721) log_opt_values /opt/stack/data/venv/lib/python3.12/site-packages/oslo_config/cfg.py:3253}}
Jul 16 10:54:50 devstack devstack@g-api.service[76721]: DEBUG glance.common.config [None req-82ae43ae-6d26-4849-9d3c-167092b634f0 None None] database.connection_parameters = {{(pid=76721) log_opt_values /opt/stack/data/venv/lib/python3.12/site-packages/oslo_config/cfg.py:3253}}
Jul 16 10:54:50 devstack devstack@g-api.service[76721]: DEBUG glance.common.config [None req-82ae43ae-6d26-4849-9d3c-167092b634f0 None None] database.connection_recycle_time = 3600 {{(pid=76721) log_opt_values /opt/stack/data/venv/lib/python3.12/site-packages/oslo_config/cfg.py:3253}}
Jul 16 10:54:50 devstack devstack@g-api.service[76721]: DEBUG glance.common.config [None req-82ae43ae-6d26-4849-9d3c-167092b634f0 None None] database.connection_trace = False {{(pid=76721) log_opt_values /opt/stack/data/venv/lib/python3.12/site-packages/oslo_config/cfg.py:3253}}
Jul 16 10:54:50 devstack devstack@g-api.service[76721]: DEBUG glance.common.config [None req-82ae43ae-6d26-4849-9d3c-167092b634f0 None None] database.db_inc_retry_interval = True {{(pid=76721) log_opt_values /opt/stack/data/venv/lib/python3.12/site-packages/oslo_config/cfg.py:3253}}
Jul 16 10:54:50 devstack devstack@g-api.service[76721]: DEBUG glance.common.config [None req-82ae43ae-6d26-4849-9d3c-167092b634f0 None None] database.db_max_retries = 20 {{(pid=76721) log_opt_values /opt/stack/data/venv/lib/python3.12/site-packages/oslo_config/cfg.py:3253}}
Jul 16 10:54:50 devstack devstack@g-api.service[76721]: DEBUG glance.common.config [None req-82ae43ae-6d26-4849-9d3c-167092b634f0 None None] database.db_max_retry_interval = 10 {{(pid=76721) log_opt_values /opt/stack/data/venv/lib/python3.12/site-packages/oslo_config/cfg.py:3253}}
Jul 16 10:54:50 devstack devstack@g-api.service[76721]: DEBUG glance.common.config [None req-82ae43ae-6d26-4849-9d3c-167092b634f0 None None] database.db_retry_interval = 1 {{(pid=76721) log_opt_values /opt/stack/data/venv/lib/python3.12/site-packages/oslo_config/cfg.py:3253}}
Jul 16 10:54:50 devstack devstack@g-api.service[76721]: DEBUG glance.common.config [None req-82ae43ae-6d26-4849-9d3c-167092b634f0 None None] database.max_overflow = 50 {{(pid=76721) log_opt_values /opt/stack/data/venv/lib/python3.12/site-packages/oslo_config/cfg.py:3253}}
Jul 16 10:54:50 devstack devstack@g-api.service[76721]: DEBUG glance.common.config [None req-82ae43ae-6d26-4849-9d3c-167092b634f0 None None] database.max_pool_size = 5 {{(pid=76721) log_opt_values /opt/stack/data/venv/lib/python3.12/site-packages/oslo_config/cfg.py:3253}}
Jul 16 10:54:50 devstack devstack@g-api.service[76721]: DEBUG glance.common.config [None req-82ae43ae-6d26-4849-9d3c-167092b634f0 None None] database.max_retries = 10 {{(pid=76721) log_opt_values /opt/stack/data/venv/lib/python3.12/site-packages/oslo_config/cfg.py:3253}}
Jul 16 10:54:50 devstack devstack@g-api.service[76721]: DEBUG glance.common.config [None req-82ae43ae-6d26-4849-9d3c-167092b634f0 None None] database.mysql_sql_mode = TRADITIONAL {{(pid=76721) log_opt_values /opt/stack/data/venv/lib/python3.12/site-packages/oslo_config/cfg.py:3253}}
Jul 16 10:54:50 devstack devstack@g-api.service[76721]: DEBUG glance.common.config [None req-82ae43ae-6d26-4849-9d3c-167092b634f0 None None] database.mysql_wsrep_sync_wait = None {{(pid=76721) log_opt_values /opt/stack/data/venv/lib/python3.12/site-packages/oslo_config/cfg.py:3253}}
Jul 16 10:54:50 devstack devstack@g-api.service[76721]: DEBUG glance.common.config [None req-82ae43ae-6d26-4849-9d3c-167092b634f0 None None] database.pool_timeout = None {{(pid=76721) log_opt_values /opt/stack/data/venv/lib/python3.12/site-packages/oslo_config/cfg.py:3253}}
Jul 16 10:54:50 devstack devstack@g-api.service[76721]: DEBUG glance.common.config [None req-82ae43ae-6d26-4849-9d3c-167092b634f0 None None] database.retry_interval = 10 {{(pid=76721) log_opt_values /opt/stack/data/venv/lib/python3.12/site-packages/oslo_config/cfg.py:3253}}
Jul 16 10:54:50 devstack devstack@g-api.service[76721]: DEBUG glance.common.config [None req-82ae43ae-6d26-4849-9d3c-167092b634f0 None None] database.slave_connection = **** {{(pid=76721) log_opt_values /opt/stack/data/venv/lib/python3.12/site-packages/oslo_config/cfg.py:3253}}
Jul 16 10:54:50 devstack devstack@g-api.service[76721]: DEBUG glance.common.config [None req-82ae43ae-6d26-4849-9d3c-167092b634f0 None None] database.sqlite_synchronous = True {{(pid=76721) log_opt_values /opt/stack/data/venv/lib/python3.12/site-packages/oslo_config/cfg.py:3253}}
Jul 16 10:54:50 devstack devstack@g-api.service[76721]: DEBUG glance.common.config [None req-82ae43ae-6d26-4849-9d3c-167092b634f0 None None] database.synchronous_reader = True {{(pid=76721) log_opt_values /opt/stack/data/venv/lib/python3.12/site-packages/oslo_config/cfg.py:3253}}
Jul 16 10:54:50 devstack devstack@g-api.service[76721]: DEBUG glance.common.config [None req-82ae43ae-6d26-4849-9d3c-167092b634f0 None None] database.use_db_reconnect = False {{(pid=76721) log_opt_values /opt/stack/data/venv/lib/python3.12/site-packages/oslo_config/cfg.py:3253}}
Jul 16 10:54:50 devstack devstack@g-api.service[76721]: DEBUG glance.common.config [None req-82ae43ae-6d26-4849-9d3c-167092b634f0 None None] healthcheck.allowed_source_ranges = [] {{(pid=76721) log_opt_values /opt/stack/data/venv/lib/python3.12/site-packages/oslo_config/cfg.py:3253}}
Jul 16 10:54:50 devstack devstack@g-api.service[76721]: DEBUG glance.common.config [None req-82ae43ae-6d26-4849-9d3c-167092b634f0 None None] healthcheck.backends = ['disable_by_file'] {{(pid=76721) log_opt_values /opt/stack/data/venv/lib/python3.12/site-packages/oslo_config/cfg.py:3253}}
Jul 16 10:54:50 devstack devstack@g-api.service[76721]: DEBUG glance.common.config [None req-82ae43ae-6d26-4849-9d3c-167092b634f0 None None] healthcheck.detailed = False {{(pid=76721) log_opt_values /opt/stack/data/venv/lib/python3.12/site-packages/oslo_config/cfg.py:3253}}
Jul 16 10:54:50 devstack devstack@g-api.service[76721]: DEBUG glance.common.config [None req-82ae43ae-6d26-4849-9d3c-167092b634f0 None None] healthcheck.disable_by_file_path = None {{(pid=76721) log_opt_values /opt/stack/data/venv/lib/python3.12/site-packages/oslo_config/cfg.py:3253}}
Jul 16 10:54:50 devstack devstack@g-api.service[76721]: DEBUG glance.common.config [None req-82ae43ae-6d26-4849-9d3c-167092b634f0 None None] healthcheck.ignore_proxied_requests = False {{(pid=76721) log_opt_values /opt/stack/data/venv/lib/python3.12/site-packages/oslo_config/cfg.py:3253}}
Jul 16 10:54:50 devstack devstack@g-api.service[76721]: DEBUG glance.common.config [None req-82ae43ae-6d26-4849-9d3c-167092b634f0 None None] ******************************************************************************** {{(pid=76721) log_opt_values /opt/stack/data/venv/lib/python3.12/site-packages/oslo_config/cfg.py:3260}}
Jul 16 10:54:50 devstack devstack@g-api.service[76721]: WSGI app 0 (mountpoint='') ready in 5 seconds on interpreter 0x7eaf4f2a4668 pid: 76721 (default app)
Jul 16 10:54:54 devstack devstack@g-api.service[76722]: DEBUG glance.api.middleware.version_negotiation [None req-43883d96-0ac0-49da-a724-baf383188a83 None None] Determining version of request: GET / Accept: application/json {{(pid=76722) process_request /opt/stack/glance/glance/api/middleware/version_negotiation.py:44}}
Jul 16 10:54:54 devstack devstack@g-api.service[76722]: DEBUG glance.api.middleware.version_negotiation [None req-43883d96-0ac0-49da-a724-baf383188a83 None None] Using url versioning {{(pid=76722) process_request /opt/stack/glance/glance/api/middleware/version_negotiation.py:57}}
Jul 16 10:54:54 devstack devstack@g-api.service[76722]: DEBUG glance.api.middleware.version_negotiation [None req-43883d96-0ac0-49da-a724-baf383188a83 None None] Unknown version. Returning version choices. {{(pid=76722) process_request /opt/stack/glance/glance/api/middleware/version_negotiation.py:64}}
Jul 16 10:54:54 devstack devstack@g-api.service[76722]: [pid: 76722|app: 0|req: 2/2] 127.0.0.1 () {34 vars in 519 bytes} [Thu Jul 16 10:54:54 2026] GET / => generated 1571 bytes in 2 msecs (HTTP/1.1 300) 3 headers in 106 bytes (1 switches on core 0)
Jul 16 10:54:54 devstack devstack@g-api.service[76721]: DEBUG glance.api.middleware.version_negotiation [None req-82ae43ae-6d26-4849-9d3c-167092b634f0 None None] Determining version of request: POST /v2/images Accept: */* {{(pid=76721) process_request /opt/stack/glance/glance/api/middleware/version_negotiation.py:44}}
Jul 16 10:54:54 devstack devstack@g-api.service[76721]: DEBUG glance.api.middleware.version_negotiation [None req-82ae43ae-6d26-4849-9d3c-167092b634f0 None None] Using url versioning {{(pid=76721) process_request /opt/stack/glance/glance/api/middleware/version_negotiation.py:57}}
Jul 16 10:54:54 devstack devstack@g-api.service[76721]: DEBUG glance.api.middleware.version_negotiation [None req-82ae43ae-6d26-4849-9d3c-167092b634f0 None None] Matched version: v2 {{(pid=76721) process_request /opt/stack/glance/glance/api/middleware/version_negotiation.py:69}}
Jul 16 10:54:54 devstack devstack@g-api.service[76721]: DEBUG glance.api.middleware.version_negotiation [None req-82ae43ae-6d26-4849-9d3c-167092b634f0 None None] new path /v2/images {{(pid=76721) process_request /opt/stack/glance/glance/api/middleware/version_negotiation.py:70}}
Jul 16 10:54:55 devstack devstack@g-api.service[76721]: [pid: 76721|app: 0|req: 1/3] 127.0.0.1 () {40 vars in 782 bytes} [Thu Jul 16 10:54:54 2026] POST /v2/images => generated 807 bytes in 1108 msecs (HTTP/1.1 201) 6 headers in 314 bytes (1 switches on core 0)
Jul 16 10:54:55 devstack devstack@g-api.service[76722]: DEBUG glance.api.middleware.version_negotiation [None req-43883d96-0ac0-49da-a724-baf383188a83 None None] Determining version of request: PUT /v2/images/385e44b3-f50d-4abd-9c9b-5fd6c16cb66f/file Accept: {{(pid=76722) process_request /opt/stack/glance/glance/api/middleware/version_negotiation.py:44}}
Jul 16 10:54:55 devstack devstack@g-api.service[76722]: DEBUG glance.api.middleware.version_negotiation [None req-43883d96-0ac0-49da-a724-baf383188a83 None None] Using url versioning {{(pid=76722) process_request /opt/stack/glance/glance/api/middleware/version_negotiation.py:57}}
Jul 16 10:54:55 devstack devstack@g-api.service[76722]: DEBUG glance.api.middleware.version_negotiation [None req-43883d96-0ac0-49da-a724-baf383188a83 None None] Matched version: v2 {{(pid=76722) process_request /opt/stack/glance/glance/api/middleware/version_negotiation.py:69}}
Jul 16 10:54:55 devstack devstack@g-api.service[76722]: DEBUG glance.api.middleware.version_negotiation [None req-43883d96-0ac0-49da-a724-baf383188a83 None None] new path /v2/images/385e44b3-f50d-4abd-9c9b-5fd6c16cb66f/file {{(pid=76722) process_request /opt/stack/glance/glance/api/middleware/version_negotiation.py:70}}
Jul 16 10:54:56 devstack devstack@g-api.service[76722]: INFO glance.api.v2.image_data [None req-5ca39ef7-b619-4a4b-9905-f7b93cf7f261 admin admin] Unable to create trust: no such option collect_timing in group [keystone_authtoken] Use the existing user token.
Jul 16 10:54:56 devstack devstack@g-api.service[76722]: DEBUG glance.location [None req-5ca39ef7-b619-4a4b-9905-f7b93cf7f261 admin admin] Enabling in-flight format inspection for qcow2 {{(pid=76722) set_data /opt/stack/glance/glance/location.py:596}}
Jul 16 10:54:56 devstack devstack@g-api.service[76722]: DEBUG oslo_utils.imageutils.format_inspector [None req-5ca39ef7-b619-4a4b-9905-f7b93cf7f261 admin admin] Format inspector for vmdk does not match, excluding from consideration (Signature KDMV not found: b'QFI\xfb') {{(pid=76722) _process_chunk /opt/stack/data/venv/lib/python3.12/site-packages/oslo_utils/imageutils/format_inspector.py:1758}}
Jul 16 10:54:56 devstack devstack@g-api.service[76722]: DEBUG oslo_utils.imageutils.format_inspector [None req-5ca39ef7-b619-4a4b-9905-f7b93cf7f261 admin admin] Format inspector for vhdx does not match, excluding from consideration (Region signature not found at 30000) {{(pid=76722) _process_chunk /opt/stack/data/venv/lib/python3.12/site-packages/oslo_utils/imageutils/format_inspector.py:1758}}
Jul 16 10:54:56 devstack devstack@g-api.service[76722]: DEBUG glance_store._drivers.filesystem [None req-5ca39ef7-b619-4a4b-9905-f7b93cf7f261 admin admin] Wrote 21692416 bytes to /opt/stack/data/glance/images/385e44b3-f50d-4abd-9c9b-5fd6c16cb66f with checksum 87617e24a5e30cb3b87fda8c0764838f and multihash 9a9bce0083a00939ec17c11febbfc767aa211aaa54f51e75c5a8b271a9b5637c77205a518b7a2007cb391d23cceb01e0e4e8d64832317151bc85b734b92a7be0 {{(pid=76722) add /opt/stack/data/venv/lib/python3.12/site-packages/glance_store/_drivers/filesystem.py:899}}
Jul 16 10:54:56 devstack devstack@g-api.service[76722]: INFO glance.location [None req-5ca39ef7-b619-4a4b-9905-f7b93cf7f261 admin admin] Image format matched and virtual size computed: 117440512
Jul 16 10:54:56 devstack devstack@g-api.service[76722]: DEBUG glance_store.backend [None req-5ca39ef7-b619-4a4b-9905-f7b93cf7f261 admin admin] Skipping store.set_acls... not implemented. {{(pid=76722) set_acls /opt/stack/data/venv/lib/python3.12/site-packages/glance_store/backend.py:507}}
Jul 16 10:54:56 devstack devstack@g-api.service[76722]: [pid: 76722|app: 0|req: 3/4] 127.0.0.1 () {40 vars in 875 bytes} [Thu Jul 16 10:54:55 2026] PUT /v2/images/385e44b3-f50d-4abd-9c9b-5fd6c16cb66f/file => generated 0 bytes in 1618 msecs (HTTP/1.1 204) 4 headers in 171 bytes (1 switches on core 0)
Jul 16 10:54:56 devstack devstack@g-api.service[76721]: DEBUG glance.api.middleware.version_negotiation [None req-6a895643-55f3-4555-9da6-1723f9ecc4ee admin admin] Determining version of request: GET /v2/images/385e44b3-f50d-4abd-9c9b-5fd6c16cb66f Accept: */* {{(pid=76721) process_request /opt/stack/glance/glance/api/middleware/version_negotiation.py:44}}
Jul 16 10:54:56 devstack devstack@g-api.service[76721]: DEBUG glance.api.middleware.version_negotiation [None req-6a895643-55f3-4555-9da6-1723f9ecc4ee admin admin] Using url versioning {{(pid=76721) process_request /opt/stack/glance/glance/api/middleware/version_negotiation.py:57}}
Jul 16 10:54:56 devstack devstack@g-api.service[76721]: DEBUG glance.api.middleware.version_negotiation [None req-6a895643-55f3-4555-9da6-1723f9ecc4ee admin admin] Matched version: v2 {{(pid=76721) process_request /opt/stack/glance/glance/api/middleware/version_negotiation.py:69}}
Jul 16 10:54:56 devstack devstack@g-api.service[76721]: DEBUG glance.api.middleware.version_negotiation [None req-6a895643-55f3-4555-9da6-1723f9ecc4ee admin admin] new path /v2/images/385e44b3-f50d-4abd-9c9b-5fd6c16cb66f {{(pid=76721) process_request /opt/stack/glance/glance/api/middleware/version_negotiation.py:70}}
Jul 16 10:54:57 devstack devstack@g-api.service[76721]: [pid: 76721|app: 0|req: 2/5] 127.0.0.1 () {36 vars in 802 bytes} [Thu Jul 16 10:54:56 2026] GET /v2/images/385e44b3-f50d-4abd-9c9b-5fd6c16cb66f => generated 976 bytes in 22 msecs (HTTP/1.1 200) 4 headers in 157 bytes (1 switches on core 0)
Jul 16 10:55:06 devstack devstack@g-api.service[76722]: DEBUG dbcounter [-] [76722] Writing DB stats glance:INSERT=5,glance:SELECT=16,glance:UPDATE=2 {{(pid=76722) stat_writer /opt/stack/data/venv/lib/python3.12/site-packages/dbcounter.py:115}}
Jul 16 10:55:07 devstack devstack@g-api.service[76721]: DEBUG dbcounter [-] [76721] Writing DB stats glance:INSERT=9,glance:SELECT=6 {{(pid=76721) stat_writer /opt/stack/data/venv/lib/python3.12/site-packages/dbcounter.py:115}}
Jul 16 10:55:44 devstack devstack@g-api.service[76722]: DEBUG glance.api.middleware.version_negotiation [None req-5ca39ef7-b619-4a4b-9905-f7b93cf7f261 admin admin] Determining version of request: GET / Accept: application/json {{(pid=76722) process_request /opt/stack/glance/glance/api/middleware/version_negotiation.py:44}}
Jul 16 10:55:44 devstack devstack@g-api.service[76722]: DEBUG glance.api.middleware.version_negotiation [None req-5ca39ef7-b619-4a4b-9905-f7b93cf7f261 admin admin] Using url versioning {{(pid=76722) process_request /opt/stack/glance/glance/api/middleware/version_negotiation.py:57}}
Jul 16 10:55:44 devstack devstack@g-api.service[76722]: DEBUG glance.api.middleware.version_negotiation [None req-5ca39ef7-b619-4a4b-9905-f7b93cf7f261 admin admin] Unknown version. Returning version choices. {{(pid=76722) process_request /opt/stack/glance/glance/api/middleware/version_negotiation.py:64}}
Jul 16 10:55:44 devstack devstack@g-api.service[76722]: [pid: 76722|app: 0|req: 4/6] 127.0.0.1 () {34 vars in 519 bytes} [Thu Jul 16 10:55:44 2026] GET / => generated 1571 bytes in 2 msecs (HTTP/1.1 300) 3 headers in 106 bytes (1 switches on core 0)
Jul 16 10:55:44 devstack devstack@g-api.service[76721]: DEBUG glance.api.middleware.version_negotiation [None req-32b29521-358b-4a86-b86d-f6003be62a1e admin admin] Determining version of request: GET /v2/images Accept: application/json {{(pid=76721) process_request /opt/stack/glance/glance/api/middleware/version_negotiation.py:44}}
Jul 16 10:55:44 devstack devstack@g-api.service[76721]: DEBUG glance.api.middleware.version_negotiation [None req-32b29521-358b-4a86-b86d-f6003be62a1e admin admin] Using url versioning {{(pid=76721) process_request /opt/stack/glance/glance/api/middleware/version_negotiation.py:57}}
Jul 16 10:55:44 devstack devstack@g-api.service[76721]: DEBUG glance.api.middleware.version_negotiation [None req-32b29521-358b-4a86-b86d-f6003be62a1e admin admin] Matched version: v2 {{(pid=76721) process_request /opt/stack/glance/glance/api/middleware/version_negotiation.py:69}}
Jul 16 10:55:44 devstack devstack@g-api.service[76721]: DEBUG glance.api.middleware.version_negotiation [None req-32b29521-358b-4a86-b86d-f6003be62a1e admin admin] new path /v2/images {{(pid=76721) process_request /opt/stack/glance/glance/api/middleware/version_negotiation.py:70}}
Jul 16 10:55:44 devstack devstack@g-api.service[76721]: [pid: 76721|app: 0|req: 3/7] 127.0.0.1 () {36 vars in 741 bytes} [Thu Jul 16 10:55:44 2026] GET /v2/images => generated 1045 bytes in 85 msecs (HTTP/1.1 200) 4 headers in 158 bytes (1 switches on core 0)
Jul 16 10:55:54 devstack devstack@g-api.service[76721]: DEBUG dbcounter [-] [76721] Writing DB stats glance:SELECT=1 {{(pid=76721) stat_writer /opt/stack/data/venv/lib/python3.12/site-packages/dbcounter.py:115}}
Jul 16 10:55:55 devstack devstack@g-api.service[76722]: DEBUG glance.api.middleware.version_negotiation [None req-5ca39ef7-b619-4a4b-9905-f7b93cf7f261 admin admin] Determining version of request: GET / Accept: application/json {{(pid=76722) process_request /opt/stack/glance/glance/api/middleware/version_negotiation.py:44}}
Jul 16 10:55:55 devstack devstack@g-api.service[76722]: DEBUG glance.api.middleware.version_negotiation [None req-5ca39ef7-b619-4a4b-9905-f7b93cf7f261 admin admin] Using url versioning {{(pid=76722) process_request /opt/stack/glance/glance/api/middleware/version_negotiation.py:57}}
Jul 16 10:55:55 devstack devstack@g-api.service[76722]: DEBUG glance.api.middleware.version_negotiation [None req-5ca39ef7-b619-4a4b-9905-f7b93cf7f261 admin admin] Unknown version. Returning version choices. {{(pid=76722) process_request /opt/stack/glance/glance/api/middleware/version_negotiation.py:64}}
Jul 16 10:55:55 devstack devstack@g-api.service[76722]: [pid: 76722|app: 0|req: 5/8] 127.0.0.1 () {34 vars in 519 bytes} [Thu Jul 16 10:55:55 2026] GET / => generated 1571 bytes in 2 msecs (HTTP/1.1 300) 3 headers in 106 bytes (1 switches on core 0)
Jul 16 10:55:55 devstack devstack@g-api.service[76721]: DEBUG glance.api.middleware.version_negotiation [None req-8518d392-67ad-4139-acae-d26a1ee2e692 admin admin] Determining version of request: GET /v2/images/385e44b3-f50d-4abd-9c9b-5fd6c16cb66f Accept: */* {{(pid=76721) process_request /opt/stack/glance/glance/api/middleware/version_negotiation.py:44}}
Jul 16 10:55:55 devstack devstack@g-api.service[76721]: DEBUG glance.api.middleware.version_negotiation [None req-8518d392-67ad-4139-acae-d26a1ee2e692 admin admin] Using url versioning {{(pid=76721) process_request /opt/stack/glance/glance/api/middleware/version_negotiation.py:57}}
Jul 16 10:55:55 devstack devstack@g-api.service[76721]: DEBUG glance.api.middleware.version_negotiation [None req-8518d392-67ad-4139-acae-d26a1ee2e692 admin admin] Matched version: v2 {{(pid=76721) process_request /opt/stack/glance/glance/api/middleware/version_negotiation.py:69}}
Jul 16 10:55:55 devstack devstack@g-api.service[76721]: DEBUG glance.api.middleware.version_negotiation [None req-8518d392-67ad-4139-acae-d26a1ee2e692 admin admin] new path /v2/images/385e44b3-f50d-4abd-9c9b-5fd6c16cb66f {{(pid=76721) process_request /opt/stack/glance/glance/api/middleware/version_negotiation.py:70}}
Jul 16 10:55:55 devstack devstack@g-api.service[76721]: [pid: 76721|app: 0|req: 4/9] 127.0.0.1 () {36 vars in 802 bytes} [Thu Jul 16 10:55:55 2026] GET /v2/images/385e44b3-f50d-4abd-9c9b-5fd6c16cb66f => generated 976 bytes in 68 msecs (HTTP/1.1 200) 4 headers in 157 bytes (1 switches on core 0)
Jul 16 10:56:02 devstack devstack@g-api.service[76722]: DEBUG glance.api.middleware.version_negotiation [None req-5ca39ef7-b619-4a4b-9905-f7b93cf7f261 admin admin] Determining version of request: GET / Accept: application/json {{(pid=76722) process_request /opt/stack/glance/glance/api/middleware/version_negotiation.py:44}}
Jul 16 10:56:02 devstack devstack@g-api.service[76722]: DEBUG glance.api.middleware.version_negotiation [None req-5ca39ef7-b619-4a4b-9905-f7b93cf7f261 admin admin] Using url versioning {{(pid=76722) process_request /opt/stack/glance/glance/api/middleware/version_negotiation.py:57}}
Jul 16 10:56:02 devstack devstack@g-api.service[76722]: DEBUG glance.api.middleware.version_negotiation [None req-5ca39ef7-b619-4a4b-9905-f7b93cf7f261 admin admin] Unknown version. Returning version choices. {{(pid=76722) process_request /opt/stack/glance/glance/api/middleware/version_negotiation.py:64}}
Jul 16 10:56:02 devstack devstack@g-api.service[76722]: [pid: 76722|app: 0|req: 6/10] 127.0.0.1 () {34 vars in 519 bytes} [Thu Jul 16 10:56:02 2026] GET / => generated 1571 bytes in 2 msecs (HTTP/1.1 300) 3 headers in 106 bytes (1 switches on core 0)
Jul 16 10:56:02 devstack devstack@g-api.service[76721]: DEBUG glance.api.middleware.version_negotiation [None req-f61ab6bb-0f5c-4ce6-936a-6154ebd2ef4e admin admin] Determining version of request: GET /v2/images/385e44b3-f50d-4abd-9c9b-5fd6c16cb66f Accept: */* {{(pid=76721) process_request /opt/stack/glance/glance/api/middleware/version_negotiation.py:44}}
Jul 16 10:56:02 devstack devstack@g-api.service[76721]: DEBUG glance.api.middleware.version_negotiation [None req-f61ab6bb-0f5c-4ce6-936a-6154ebd2ef4e admin admin] Using url versioning {{(pid=76721) process_request /opt/stack/glance/glance/api/middleware/version_negotiation.py:57}}
Jul 16 10:56:02 devstack devstack@g-api.service[76721]: DEBUG glance.api.middleware.version_negotiation [None req-f61ab6bb-0f5c-4ce6-936a-6154ebd2ef4e admin admin] Matched version: v2 {{(pid=76721) process_request /opt/stack/glance/glance/api/middleware/version_negotiation.py:69}}
Jul 16 10:56:02 devstack devstack@g-api.service[76721]: DEBUG glance.api.middleware.version_negotiation [None req-f61ab6bb-0f5c-4ce6-936a-6154ebd2ef4e admin admin] new path /v2/images/385e44b3-f50d-4abd-9c9b-5fd6c16cb66f {{(pid=76721) process_request /opt/stack/glance/glance/api/middleware/version_negotiation.py:70}}
Jul 16 10:56:02 devstack devstack@g-api.service[76721]: [pid: 76721|app: 0|req: 5/11] 127.0.0.1 () {36 vars in 802 bytes} [Thu Jul 16 10:56:02 2026] GET /v2/images/385e44b3-f50d-4abd-9c9b-5fd6c16cb66f => generated 976 bytes in 77 msecs (HTTP/1.1 200) 4 headers in 157 bytes (1 switches on core 0)
Jul 16 10:56:12 devstack devstack@g-api.service[76721]: DEBUG dbcounter [-] [76721] Writing DB stats glance:SELECT=4 {{(pid=76721) stat_writer /opt/stack/data/venv/lib/python3.12/site-packages/dbcounter.py:115}}
Jul 16 10:57:19 devstack devstack@g-api.service[76722]: DEBUG glance.api.middleware.version_negotiation [None req-5ca39ef7-b619-4a4b-9905-f7b93cf7f261 admin admin] Determining version of request: GET / Accept: application/json {{(pid=76722) process_request /opt/stack/glance/glance/api/middleware/version_negotiation.py:44}}
Jul 16 10:57:19 devstack devstack@g-api.service[76722]: DEBUG glance.api.middleware.version_negotiation [None req-5ca39ef7-b619-4a4b-9905-f7b93cf7f261 admin admin] Using url versioning {{(pid=76722) process_request /opt/stack/glance/glance/api/middleware/version_negotiation.py:57}}
Jul 16 10:57:19 devstack devstack@g-api.service[76722]: DEBUG glance.api.middleware.version_negotiation [None req-5ca39ef7-b619-4a4b-9905-f7b93cf7f261 admin admin] Unknown version. Returning version choices. {{(pid=76722) process_request /opt/stack/glance/glance/api/middleware/version_negotiation.py:64}}
Jul 16 10:57:19 devstack devstack@g-api.service[76722]: [pid: 76722|app: 0|req: 7/12] 127.0.0.1 () {36 vars in 488 bytes} [Thu Jul 16 10:57:19 2026] GET / => generated 1571 bytes in 2 msecs (HTTP/1.1 300) 3 headers in 106 bytes (1 switches on core 0)
Jul 16 11:00:02 devstack devstack@g-api.service[76721]: DEBUG glance.api.middleware.version_negotiation [None req-d85772d5-2599-499a-b121-4b7a77a6b417 admin admin] Determining version of request: GET / Accept: application/json {{(pid=76721) process_request /opt/stack/glance/glance/api/middleware/version_negotiation.py:44}}
Jul 16 11:00:02 devstack devstack@g-api.service[76721]: DEBUG glance.api.middleware.version_negotiation [None req-d85772d5-2599-499a-b121-4b7a77a6b417 admin admin] Using url versioning {{(pid=76721) process_request /opt/stack/glance/glance/api/middleware/version_negotiation.py:57}}
Jul 16 11:00:02 devstack devstack@g-api.service[76721]: DEBUG glance.api.middleware.version_negotiation [None req-d85772d5-2599-499a-b121-4b7a77a6b417 admin admin] Unknown version. Returning version choices. {{(pid=76721) process_request /opt/stack/glance/glance/api/middleware/version_negotiation.py:64}}
Jul 16 11:00:02 devstack devstack@g-api.service[76721]: [pid: 76721|app: 0|req: 6/13] 127.0.0.1 () {34 vars in 505 bytes} [Thu Jul 16 11:00:02 2026] GET / => generated 1571 bytes in 5 msecs (HTTP/1.1 300) 3 headers in 106 bytes (1 switches on core 0)
Jul 16 11:00:02 devstack devstack@g-api.service[76722]: DEBUG glance.api.middleware.version_negotiation [None req-5ca39ef7-b619-4a4b-9905-f7b93cf7f261 admin admin] Determining version of request: GET /v2/images/385e44b3-f50d-4abd-9c9b-5fd6c16cb66f Accept: */* {{(pid=76722) process_request /opt/stack/glance/glance/api/middleware/version_negotiation.py:44}}
Jul 16 11:00:02 devstack devstack@g-api.service[76722]: DEBUG glance.api.middleware.version_negotiation [None req-5ca39ef7-b619-4a4b-9905-f7b93cf7f261 admin admin] Using url versioning {{(pid=76722) process_request /opt/stack/glance/glance/api/middleware/version_negotiation.py:57}}
Jul 16 11:00:02 devstack devstack@g-api.service[76722]: DEBUG glance.api.middleware.version_negotiation [None req-5ca39ef7-b619-4a4b-9905-f7b93cf7f261 admin admin] Matched version: v2 {{(pid=76722) process_request /opt/stack/glance/glance/api/middleware/version_negotiation.py:69}}
Jul 16 11:00:02 devstack devstack@g-api.service[76722]: DEBUG glance.api.middleware.version_negotiation [None req-5ca39ef7-b619-4a4b-9905-f7b93cf7f261 admin admin] new path /v2/images/385e44b3-f50d-4abd-9c9b-5fd6c16cb66f {{(pid=76722) process_request /opt/stack/glance/glance/api/middleware/version_negotiation.py:70}}
Jul 16 11:00:03 devstack devstack@g-api.service[76722]: [pid: 76722|app: 0|req: 8/14] 127.0.0.1 () {42 vars in 1061 bytes} [Thu Jul 16 11:00:02 2026] GET /v2/images/385e44b3-f50d-4abd-9c9b-5fd6c16cb66f => generated 976 bytes in 307 msecs (HTTP/1.1 200) 4 headers in 157 bytes (1 switches on core 0)
Jul 16 11:00:03 devstack devstack@g-api.service[76721]: DEBUG glance.api.middleware.version_negotiation [None req-d85772d5-2599-499a-b121-4b7a77a6b417 admin admin] Determining version of request: GET /v2/schemas/image Accept: */* {{(pid=76721) process_request /opt/stack/glance/glance/api/middleware/version_negotiation.py:44}}
Jul 16 11:00:03 devstack devstack@g-api.service[76721]: DEBUG glance.api.middleware.version_negotiation [None req-d85772d5-2599-499a-b121-4b7a77a6b417 admin admin] Using url versioning {{(pid=76721) process_request /opt/stack/glance/glance/api/middleware/version_negotiation.py:57}}
Jul 16 11:00:03 devstack devstack@g-api.service[76721]: DEBUG glance.api.middleware.version_negotiation [None req-d85772d5-2599-499a-b121-4b7a77a6b417 admin admin] Matched version: v2 {{(pid=76721) process_request /opt/stack/glance/glance/api/middleware/version_negotiation.py:69}}
Jul 16 11:00:03 devstack devstack@g-api.service[76721]: DEBUG glance.api.middleware.version_negotiation [None req-d85772d5-2599-499a-b121-4b7a77a6b417 admin admin] new path /v2/schemas/image {{(pid=76721) process_request /opt/stack/glance/glance/api/middleware/version_negotiation.py:70}}
Jul 16 11:00:03 devstack devstack@g-api.service[76721]: [pid: 76721|app: 0|req: 7/15] 127.0.0.1 () {42 vars in 1001 bytes} [Thu Jul 16 11:00:03 2026] GET /v2/schemas/image => generated 6083 bytes in 12 msecs (HTTP/1.1 200) 4 headers in 158 bytes (1 switches on core 0)
Jul 16 11:00:13 devstack devstack@g-api.service[76722]: DEBUG dbcounter [-] [76722] Writing DB stats glance:SELECT=2 {{(pid=76722) stat_writer /opt/stack/data/venv/lib/python3.12/site-packages/dbcounter.py:115}}
Jul 16 11:00:15 devstack devstack@g-api.service[76722]: DEBUG glance.api.middleware.version_negotiation [None req-ad18f182-d4d2-4213-93f4-fa4f0686e6e5 tempest-DeleteServersTestJSON-786761488 tempest-DeleteServersTestJSON-786761488-project-member] Determining version of request: GET /v2/images/385e44b3-f50d-4abd-9c9b-5fd6c16cb66f Accept: */* {{(pid=76722) process_request /opt/stack/glance/glance/api/middleware/version_negotiation.py:44}}
Jul 16 11:00:15 devstack devstack@g-api.service[76722]: DEBUG glance.api.middleware.version_negotiation [None req-ad18f182-d4d2-4213-93f4-fa4f0686e6e5 tempest-DeleteServersTestJSON-786761488 tempest-DeleteServersTestJSON-786761488-project-member] Using url versioning {{(pid=76722) process_request /opt/stack/glance/glance/api/middleware/version_negotiation.py:57}}
Jul 16 11:00:15 devstack devstack@g-api.service[76722]: DEBUG glance.api.middleware.version_negotiation [None req-ad18f182-d4d2-4213-93f4-fa4f0686e6e5 tempest-DeleteServersTestJSON-786761488 tempest-DeleteServersTestJSON-786761488-project-member] Matched version: v2 {{(pid=76722) process_request /opt/stack/glance/glance/api/middleware/version_negotiation.py:69}}
Jul 16 11:00:15 devstack devstack@g-api.service[76722]: DEBUG glance.api.middleware.version_negotiation [None req-ad18f182-d4d2-4213-93f4-fa4f0686e6e5 tempest-DeleteServersTestJSON-786761488 tempest-DeleteServersTestJSON-786761488-project-member] new path /v2/images/385e44b3-f50d-4abd-9c9b-5fd6c16cb66f {{(pid=76722) process_request /opt/stack/glance/glance/api/middleware/version_negotiation.py:70}}
Jul 16 11:00:16 devstack devstack@g-api.service[76722]: [pid: 76722|app: 0|req: 9/16] 127.0.0.1 () {42 vars in 1061 bytes} [Thu Jul 16 11:00:15 2026] GET /v2/images/385e44b3-f50d-4abd-9c9b-5fd6c16cb66f => generated 976 bytes in 176 msecs (HTTP/1.1 200) 4 headers in 157 bytes (1 switches on core 0)
Jul 16 11:00:16 devstack devstack@g-api.service[76721]: DEBUG glance.api.middleware.version_negotiation [None req-ad18f182-d4d2-4213-93f4-fa4f0686e6e5 tempest-DeleteServersTestJSON-786761488 tempest-DeleteServersTestJSON-786761488-project-member] Determining version of request: GET /v2/images/385e44b3-f50d-4abd-9c9b-5fd6c16cb66f/file Accept: */* {{(pid=76721) process_request /opt/stack/glance/glance/api/middleware/version_negotiation.py:44}}
Jul 16 11:00:16 devstack devstack@g-api.service[76721]: DEBUG glance.api.middleware.version_negotiation [None req-ad18f182-d4d2-4213-93f4-fa4f0686e6e5 tempest-DeleteServersTestJSON-786761488 tempest-DeleteServersTestJSON-786761488-project-member] Using url versioning {{(pid=76721) process_request /opt/stack/glance/glance/api/middleware/version_negotiation.py:57}}
Jul 16 11:00:16 devstack devstack@g-api.service[76721]: DEBUG glance.api.middleware.version_negotiation [None req-ad18f182-d4d2-4213-93f4-fa4f0686e6e5 tempest-DeleteServersTestJSON-786761488 tempest-DeleteServersTestJSON-786761488-project-member] Matched version: v2 {{(pid=76721) process_request /opt/stack/glance/glance/api/middleware/version_negotiation.py:69}}
Jul 16 11:00:16 devstack devstack@g-api.service[76721]: DEBUG glance.api.middleware.version_negotiation [None req-ad18f182-d4d2-4213-93f4-fa4f0686e6e5 tempest-DeleteServersTestJSON-786761488 tempest-DeleteServersTestJSON-786761488-project-member] new path /v2/images/385e44b3-f50d-4abd-9c9b-5fd6c16cb66f/file {{(pid=76721) process_request /opt/stack/glance/glance/api/middleware/version_negotiation.py:70}}
Jul 16 11:00:16 devstack devstack@g-api.service[76721]: DEBUG glance_store._drivers.filesystem [None req-ad18f182-d4d2-4213-93f4-fa4f0686e6e5 tempest-DeleteServersTestJSON-786761488 tempest-DeleteServersTestJSON-786761488-project-member] Found image at /opt/stack/data/glance/images/385e44b3-f50d-4abd-9c9b-5fd6c16cb66f. Returning in ChunkedFile. {{(pid=76721) get /opt/stack/data/venv/lib/python3.12/site-packages/glance_store/_drivers/filesystem.py:724}}
Jul 16 11:00:16 devstack devstack@g-api.service[76721]: DEBUG glance.image_cache [None req-ad18f182-d4d2-4213-93f4-fa4f0686e6e5 tempest-DeleteServersTestJSON-786761488 tempest-DeleteServersTestJSON-786761488-project-member] Tee'ing image '385e44b3-f50d-4abd-9c9b-5fd6c16cb66f' into cache {{(pid=76721) get_caching_iter /opt/stack/glance/glance/image_cache/__init__.py:356}}
Jul 16 11:00:16 devstack devstack@g-api.service[76721]: DEBUG glance.image_cache.drivers.centralized_db [None req-ad18f182-d4d2-4213-93f4-fa4f0686e6e5 tempest-DeleteServersTestJSON-786761488 tempest-DeleteServersTestJSON-786761488-project-member] Fetch finished, moving '/opt/stack/data/glance/cache/incomplete/385e44b3-f50d-4abd-9c9b-5fd6c16cb66f' to '/opt/stack/data/glance/cache/385e44b3-f50d-4abd-9c9b-5fd6c16cb66f' {{(pid=76721) commit /opt/stack/glance/glance/image_cache/drivers/centralized_db.py:243}}
Jul 16 11:00:16 devstack devstack@g-api.service[76721]: DEBUG glance.image_cache.drivers.centralized_db [None req-ad18f182-d4d2-4213-93f4-fa4f0686e6e5 tempest-DeleteServersTestJSON-786761488 tempest-DeleteServersTestJSON-786761488-project-member] Image cached successfully. {{(pid=76721) commit /opt/stack/glance/glance/image_cache/drivers/centralized_db.py:258}}
Jul 16 11:00:16 devstack devstack@g-api.service[76721]: [pid: 76721|app: 0|req: 8/17] 127.0.0.1 () {42 vars in 1071 bytes} [Thu Jul 16 11:00:16 2026] GET /v2/images/385e44b3-f50d-4abd-9c9b-5fd6c16cb66f/file => generated 21692416 bytes in 507 msecs (HTTP/1.1 200) 4 headers in 191 bytes (337 switches on core 0)
Jul 16 11:00:16 devstack devstack@g-api.service[76722]: DEBUG glance.api.middleware.version_negotiation [None req-ad18f182-d4d2-4213-93f4-fa4f0686e6e5 tempest-DeleteServersTestJSON-786761488 tempest-DeleteServersTestJSON-786761488-project-member] Determining version of request: GET /v2/images/385e44b3-f50d-4abd-9c9b-5fd6c16cb66f Accept: */* {{(pid=76722) process_request /opt/stack/glance/glance/api/middleware/version_negotiation.py:44}}
Jul 16 11:00:16 devstack devstack@g-api.service[76722]: DEBUG glance.api.middleware.version_negotiation [None req-ad18f182-d4d2-4213-93f4-fa4f0686e6e5 tempest-DeleteServersTestJSON-786761488 tempest-DeleteServersTestJSON-786761488-project-member] Using url versioning {{(pid=76722) process_request /opt/stack/glance/glance/api/middleware/version_negotiation.py:57}}
Jul 16 11:00:16 devstack devstack@g-api.service[76722]: DEBUG glance.api.middleware.version_negotiation [None req-ad18f182-d4d2-4213-93f4-fa4f0686e6e5 tempest-DeleteServersTestJSON-786761488 tempest-DeleteServersTestJSON-786761488-project-member] Matched version: v2 {{(pid=76722) process_request /opt/stack/glance/glance/api/middleware/version_negotiation.py:69}}
Jul 16 11:00:16 devstack devstack@g-api.service[76722]: DEBUG glance.api.middleware.version_negotiation [None req-ad18f182-d4d2-4213-93f4-fa4f0686e6e5 tempest-DeleteServersTestJSON-786761488 tempest-DeleteServersTestJSON-786761488-project-member] new path /v2/images/385e44b3-f50d-4abd-9c9b-5fd6c16cb66f {{(pid=76722) process_request /opt/stack/glance/glance/api/middleware/version_negotiation.py:70}}
Jul 16 11:00:16 devstack devstack@g-api.service[76722]: [pid: 76722|app: 0|req: 10/18] 127.0.0.1 () {42 vars in 1061 bytes} [Thu Jul 16 11:00:16 2026] GET /v2/images/385e44b3-f50d-4abd-9c9b-5fd6c16cb66f => generated 976 bytes in 36 msecs (HTTP/1.1 200) 4 headers in 157 bytes (1 switches on core 0)
Jul 16 11:00:16 devstack devstack@g-api.service[76721]: DEBUG glance.api.middleware.version_negotiation [None req-ad18f182-d4d2-4213-93f4-fa4f0686e6e5 tempest-DeleteServersTestJSON-786761488 tempest-DeleteServersTestJSON-786761488-project-member] Determining version of request: GET /v2/schemas/image Accept: */* {{(pid=76721) process_request /opt/stack/glance/glance/api/middleware/version_negotiation.py:44}}
Jul 16 11:00:16 devstack devstack@g-api.service[76721]: DEBUG glance.api.middleware.version_negotiation [None req-ad18f182-d4d2-4213-93f4-fa4f0686e6e5 tempest-DeleteServersTestJSON-786761488 tempest-DeleteServersTestJSON-786761488-project-member] Using url versioning {{(pid=76721) process_request /opt/stack/glance/glance/api/middleware/version_negotiation.py:57}}
Jul 16 11:00:16 devstack devstack@g-api.service[76721]: DEBUG glance.api.middleware.version_negotiation [None req-ad18f182-d4d2-4213-93f4-fa4f0686e6e5 tempest-DeleteServersTestJSON-786761488 tempest-DeleteServersTestJSON-786761488-project-member] Matched version: v2 {{(pid=76721) process_request /opt/stack/glance/glance/api/middleware/version_negotiation.py:69}}
Jul 16 11:00:16 devstack devstack@g-api.service[76721]: DEBUG glance.api.middleware.version_negotiation [None req-ad18f182-d4d2-4213-93f4-fa4f0686e6e5 tempest-DeleteServersTestJSON-786761488 tempest-DeleteServersTestJSON-786761488-project-member] new path /v2/schemas/image {{(pid=76721) process_request /opt/stack/glance/glance/api/middleware/version_negotiation.py:70}}
Jul 16 11:00:16 devstack devstack@g-api.service[76721]: [pid: 76721|app: 0|req: 9/19] 127.0.0.1 () {42 vars in 1001 bytes} [Thu Jul 16 11:00:16 2026] GET /v2/schemas/image => generated 6083 bytes in 11 msecs (HTTP/1.1 200) 4 headers in 158 bytes (1 switches on core 0)
Jul 16 11:00:26 devstack devstack@g-api.service[76721]: DEBUG dbcounter [-] [76721] Writing DB stats glance:SELECT=5,glance:INSERT=1 {{(pid=76721) stat_writer /opt/stack/data/venv/lib/python3.12/site-packages/dbcounter.py:115}}
Jul 16 11:00:26 devstack devstack@g-api.service[76722]: DEBUG dbcounter [-] [76722] Writing DB stats glance:SELECT=4 {{(pid=76722) stat_writer /opt/stack/data/venv/lib/python3.12/site-packages/dbcounter.py:115}}
Jul 16 11:00:49 devstack devstack@g-api.service[76722]: DEBUG glance.api.middleware.version_negotiation [None req-ad18f182-d4d2-4213-93f4-fa4f0686e6e5 tempest-DeleteServersTestJSON-786761488 tempest-DeleteServersTestJSON-786761488-project-member] Determining version of request: GET / Accept: application/json {{(pid=76722) process_request /opt/stack/glance/glance/api/middleware/version_negotiation.py:44}}
Jul 16 11:00:49 devstack devstack@g-api.service[76722]: DEBUG glance.api.middleware.version_negotiation [None req-ad18f182-d4d2-4213-93f4-fa4f0686e6e5 tempest-DeleteServersTestJSON-786761488 tempest-DeleteServersTestJSON-786761488-project-member] Using url versioning {{(pid=76722) process_request /opt/stack/glance/glance/api/middleware/version_negotiation.py:57}}
Jul 16 11:00:49 devstack devstack@g-api.service[76722]: DEBUG glance.api.middleware.version_negotiation [None req-ad18f182-d4d2-4213-93f4-fa4f0686e6e5 tempest-DeleteServersTestJSON-786761488 tempest-DeleteServersTestJSON-786761488-project-member] Unknown version. Returning version choices. {{(pid=76722) process_request /opt/stack/glance/glance/api/middleware/version_negotiation.py:64}}
Jul 16 11:00:49 devstack devstack@g-api.service[76722]: [pid: 76722|app: 0|req: 11/20] 127.0.0.1 () {34 vars in 505 bytes} [Thu Jul 16 11:00:49 2026] GET / => generated 1571 bytes in 8 msecs (HTTP/1.1 300) 3 headers in 106 bytes (1 switches on core 0)
Jul 16 11:00:49 devstack devstack@g-api.service[76721]: DEBUG glance.api.middleware.version_negotiation [None req-ad18f182-d4d2-4213-93f4-fa4f0686e6e5 tempest-DeleteServersTestJSON-786761488 tempest-DeleteServersTestJSON-786761488-project-member] Determining version of request: GET /v2/images/385e44b3-f50d-4abd-9c9b-5fd6c16cb66f Accept: */* {{(pid=76721) process_request /opt/stack/glance/glance/api/middleware/version_negotiation.py:44}}
Jul 16 11:00:49 devstack devstack@g-api.service[76721]: DEBUG glance.api.middleware.version_negotiation [None req-ad18f182-d4d2-4213-93f4-fa4f0686e6e5 tempest-DeleteServersTestJSON-786761488 tempest-DeleteServersTestJSON-786761488-project-member] Using url versioning {{(pid=76721) process_request /opt/stack/glance/glance/api/middleware/version_negotiation.py:57}}
Jul 16 11:00:49 devstack devstack@g-api.service[76721]: DEBUG glance.api.middleware.version_negotiation [None req-ad18f182-d4d2-4213-93f4-fa4f0686e6e5 tempest-DeleteServersTestJSON-786761488 tempest-DeleteServersTestJSON-786761488-project-member] Matched version: v2 {{(pid=76721) process_request /opt/stack/glance/glance/api/middleware/version_negotiation.py:69}}
Jul 16 11:00:49 devstack devstack@g-api.service[76721]: DEBUG glance.api.middleware.version_negotiation [None req-ad18f182-d4d2-4213-93f4-fa4f0686e6e5 tempest-DeleteServersTestJSON-786761488 tempest-DeleteServersTestJSON-786761488-project-member] new path /v2/images/385e44b3-f50d-4abd-9c9b-5fd6c16cb66f {{(pid=76721) process_request /opt/stack/glance/glance/api/middleware/version_negotiation.py:70}}
Jul 16 11:00:49 devstack devstack@g-api.service[76721]: [pid: 76721|app: 0|req: 10/21] 127.0.0.1 () {42 vars in 1061 bytes} [Thu Jul 16 11:00:49 2026] GET /v2/images/385e44b3-f50d-4abd-9c9b-5fd6c16cb66f => generated 976 bytes in 39 msecs (HTTP/1.1 200) 4 headers in 157 bytes (1 switches on core 0)
Jul 16 11:00:49 devstack devstack@g-api.service[76722]: DEBUG glance.api.middleware.version_negotiation [None req-ad18f182-d4d2-4213-93f4-fa4f0686e6e5 tempest-DeleteServersTestJSON-786761488 tempest-DeleteServersTestJSON-786761488-project-member] Determining version of request: GET /v2/schemas/image Accept: */* {{(pid=76722) process_request /opt/stack/glance/glance/api/middleware/version_negotiation.py:44}}
Jul 16 11:00:49 devstack devstack@g-api.service[76722]: DEBUG glance.api.middleware.version_negotiation [None req-ad18f182-d4d2-4213-93f4-fa4f0686e6e5 tempest-DeleteServersTestJSON-786761488 tempest-DeleteServersTestJSON-786761488-project-member] Using url versioning {{(pid=76722) process_request /opt/stack/glance/glance/api/middleware/version_negotiation.py:57}}
Jul 16 11:00:49 devstack devstack@g-api.service[76722]: DEBUG glance.api.middleware.version_negotiation [None req-ad18f182-d4d2-4213-93f4-fa4f0686e6e5 tempest-DeleteServersTestJSON-786761488 tempest-DeleteServersTestJSON-786761488-project-member] Matched version: v2 {{(pid=76722) process_request /opt/stack/glance/glance/api/middleware/version_negotiation.py:69}}
Jul 16 11:00:49 devstack devstack@g-api.service[76722]: DEBUG glance.api.middleware.version_negotiation [None req-ad18f182-d4d2-4213-93f4-fa4f0686e6e5 tempest-DeleteServersTestJSON-786761488 tempest-DeleteServersTestJSON-786761488-project-member] new path /v2/schemas/image {{(pid=76722) process_request /opt/stack/glance/glance/api/middleware/version_negotiation.py:70}}
Jul 16 11:00:49 devstack devstack@g-api.service[76722]: [pid: 76722|app: 0|req: 12/22] 127.0.0.1 () {42 vars in 1001 bytes} [Thu Jul 16 11:00:49 2026] GET /v2/schemas/image => generated 6083 bytes in 14 msecs (HTTP/1.1 200) 4 headers in 158 bytes (1 switches on core 0)
Jul 16 11:00:51 devstack devstack@g-api.service[76721]: DEBUG glance.api.middleware.version_negotiation [None req-e40c498a-6278-44ec-8961-a6d55e7238e6 tempest-VolumesAdminNegativeTest-1357003119 tempest-VolumesAdminNegativeTest-1357003119-project-member] Determining version of request: GET /v2/images/385e44b3-f50d-4abd-9c9b-5fd6c16cb66f Accept: */* {{(pid=76721) process_request /opt/stack/glance/glance/api/middleware/version_negotiation.py:44}}
Jul 16 11:00:51 devstack devstack@g-api.service[76721]: DEBUG glance.api.middleware.version_negotiation [None req-e40c498a-6278-44ec-8961-a6d55e7238e6 tempest-VolumesAdminNegativeTest-1357003119 tempest-VolumesAdminNegativeTest-1357003119-project-member] Using url versioning {{(pid=76721) process_request /opt/stack/glance/glance/api/middleware/version_negotiation.py:57}}
Jul 16 11:00:51 devstack devstack@g-api.service[76721]: DEBUG glance.api.middleware.version_negotiation [None req-e40c498a-6278-44ec-8961-a6d55e7238e6 tempest-VolumesAdminNegativeTest-1357003119 tempest-VolumesAdminNegativeTest-1357003119-project-member] Matched version: v2 {{(pid=76721) process_request /opt/stack/glance/glance/api/middleware/version_negotiation.py:69}}
Jul 16 11:00:51 devstack devstack@g-api.service[76721]: DEBUG glance.api.middleware.version_negotiation [None req-e40c498a-6278-44ec-8961-a6d55e7238e6 tempest-VolumesAdminNegativeTest-1357003119 tempest-VolumesAdminNegativeTest-1357003119-project-member] new path /v2/images/385e44b3-f50d-4abd-9c9b-5fd6c16cb66f {{(pid=76721) process_request /opt/stack/glance/glance/api/middleware/version_negotiation.py:70}}
Jul 16 11:00:51 devstack devstack@g-api.service[76721]: [pid: 76721|app: 0|req: 11/23] 127.0.0.1 () {42 vars in 1061 bytes} [Thu Jul 16 11:00:51 2026] GET /v2/images/385e44b3-f50d-4abd-9c9b-5fd6c16cb66f => generated 976 bytes in 69 msecs (HTTP/1.1 200) 4 headers in 157 bytes (1 switches on core 0)
Jul 16 11:00:51 devstack devstack@g-api.service[76722]: DEBUG glance.api.middleware.version_negotiation [None req-e40c498a-6278-44ec-8961-a6d55e7238e6 tempest-VolumesAdminNegativeTest-1357003119 tempest-VolumesAdminNegativeTest-1357003119-project-member] Determining version of request: GET /v2/schemas/image Accept: */* {{(pid=76722) process_request /opt/stack/glance/glance/api/middleware/version_negotiation.py:44}}
Jul 16 11:00:51 devstack devstack@g-api.service[76722]: DEBUG glance.api.middleware.version_negotiation [None req-e40c498a-6278-44ec-8961-a6d55e7238e6 tempest-VolumesAdminNegativeTest-1357003119 tempest-VolumesAdminNegativeTest-1357003119-project-member] Using url versioning {{(pid=76722) process_request /opt/stack/glance/glance/api/middleware/version_negotiation.py:57}}
Jul 16 11:00:51 devstack devstack@g-api.service[76722]: DEBUG glance.api.middleware.version_negotiation [None req-e40c498a-6278-44ec-8961-a6d55e7238e6 tempest-VolumesAdminNegativeTest-1357003119 tempest-VolumesAdminNegativeTest-1357003119-project-member] Matched version: v2 {{(pid=76722) process_request /opt/stack/glance/glance/api/middleware/version_negotiation.py:69}}
Jul 16 11:00:51 devstack devstack@g-api.service[76722]: DEBUG glance.api.middleware.version_negotiation [None req-e40c498a-6278-44ec-8961-a6d55e7238e6 tempest-VolumesAdminNegativeTest-1357003119 tempest-VolumesAdminNegativeTest-1357003119-project-member] new path /v2/schemas/image {{(pid=76722) process_request /opt/stack/glance/glance/api/middleware/version_negotiation.py:70}}
Jul 16 11:00:51 devstack devstack@g-api.service[76722]: [pid: 76722|app: 0|req: 13/24] 127.0.0.1 () {42 vars in 1001 bytes} [Thu Jul 16 11:00:51 2026] GET /v2/schemas/image => generated 6083 bytes in 18 msecs (HTTP/1.1 200) 4 headers in 158 bytes (1 switches on core 0)
Jul 16 11:01:01 devstack devstack@g-api.service[76721]: DEBUG dbcounter [-] [76721] Writing DB stats glance:SELECT=4 {{(pid=76721) stat_writer /opt/stack/data/venv/lib/python3.12/site-packages/dbcounter.py:115}}
Jul 16 11:01:26 devstack devstack@g-api.service[76721]: DEBUG glance.api.middleware.version_negotiation [None req-4903b922-b4b1-45fb-9f7a-05cf28375ac9 tempest-TaggedAttachmentsTest-1189789483 tempest-TaggedAttachmentsTest-1189789483-project-member] Determining version of request: GET /v2/images/385e44b3-f50d-4abd-9c9b-5fd6c16cb66f Accept: */* {{(pid=76721) process_request /opt/stack/glance/glance/api/middleware/version_negotiation.py:44}}
Jul 16 11:01:26 devstack devstack@g-api.service[76721]: DEBUG glance.api.middleware.version_negotiation [None req-4903b922-b4b1-45fb-9f7a-05cf28375ac9 tempest-TaggedAttachmentsTest-1189789483 tempest-TaggedAttachmentsTest-1189789483-project-member] Using url versioning {{(pid=76721) process_request /opt/stack/glance/glance/api/middleware/version_negotiation.py:57}}
Jul 16 11:01:26 devstack devstack@g-api.service[76721]: DEBUG glance.api.middleware.version_negotiation [None req-4903b922-b4b1-45fb-9f7a-05cf28375ac9 tempest-TaggedAttachmentsTest-1189789483 tempest-TaggedAttachmentsTest-1189789483-project-member] Matched version: v2 {{(pid=76721) process_request /opt/stack/glance/glance/api/middleware/version_negotiation.py:69}}
Jul 16 11:01:26 devstack devstack@g-api.service[76721]: DEBUG glance.api.middleware.version_negotiation [None req-4903b922-b4b1-45fb-9f7a-05cf28375ac9 tempest-TaggedAttachmentsTest-1189789483 tempest-TaggedAttachmentsTest-1189789483-project-member] new path /v2/images/385e44b3-f50d-4abd-9c9b-5fd6c16cb66f {{(pid=76721) process_request /opt/stack/glance/glance/api/middleware/version_negotiation.py:70}}
