Feb 12 06:24:00 devstack devstack@g-api.service[71520]: DEBUG glance.common.config [None req-c025b87b-fe17-45bf-88d1-8a147cfdd36c None None] barbican_service_user.split_loggers = False {{(pid=71520) log_opt_values /opt/stack/data/venv/lib/python3.10/site-packages/oslo_config/cfg.py:2824}}
Feb 12 06:24:00 devstack devstack@g-api.service[71520]: DEBUG glance.common.config [None req-c025b87b-fe17-45bf-88d1-8a147cfdd36c None None] barbican_service_user.timeout = None {{(pid=71520) log_opt_values /opt/stack/data/venv/lib/python3.10/site-packages/oslo_config/cfg.py:2824}}
Feb 12 06:24:00 devstack devstack@g-api.service[71520]: DEBUG glance.common.config [None req-c025b87b-fe17-45bf-88d1-8a147cfdd36c None None] database.asyncio_connection = **** {{(pid=71520) log_opt_values /opt/stack/data/venv/lib/python3.10/site-packages/oslo_config/cfg.py:2824}}
Feb 12 06:24:00 devstack devstack@g-api.service[71521]: DEBUG glance.api.middleware.version_negotiation [None req-9afa2b5e-1e3a-45c8-92e8-2aa15465475e None None] Determining version of request: GET / Accept: */* {{(pid=71521) process_request /opt/stack/glance/glance/api/middleware/version_negotiation.py:44}}
Feb 12 06:24:00 devstack devstack@g-api.service[71520]: DEBUG glance.common.config [None req-c025b87b-fe17-45bf-88d1-8a147cfdd36c None None] database.asyncio_slave_connection = **** {{(pid=71520) log_opt_values /opt/stack/data/venv/lib/python3.10/site-packages/oslo_config/cfg.py:2824}}
Feb 12 06:24:00 devstack devstack@g-api.service[71520]: DEBUG glance.common.config [None req-c025b87b-fe17-45bf-88d1-8a147cfdd36c None None] database.backend = sqlalchemy {{(pid=71520) log_opt_values /opt/stack/data/venv/lib/python3.10/site-packages/oslo_config/cfg.py:2824}}
Feb 12 06:24:00 devstack devstack@g-api.service[71521]: DEBUG glance.api.middleware.version_negotiation [None req-9afa2b5e-1e3a-45c8-92e8-2aa15465475e None None] Using url versioning {{(pid=71521) process_request /opt/stack/glance/glance/api/middleware/version_negotiation.py:57}}
Feb 12 06:24:00 devstack devstack@g-api.service[71520]: DEBUG glance.common.config [None req-c025b87b-fe17-45bf-88d1-8a147cfdd36c None None] database.connection = **** {{(pid=71520) log_opt_values /opt/stack/data/venv/lib/python3.10/site-packages/oslo_config/cfg.py:2824}}
Feb 12 06:24:00 devstack devstack@g-api.service[71520]: DEBUG glance.common.config [None req-c025b87b-fe17-45bf-88d1-8a147cfdd36c None None] database.connection_debug = 0 {{(pid=71520) log_opt_values /opt/stack/data/venv/lib/python3.10/site-packages/oslo_config/cfg.py:2824}}
Feb 12 06:24:00 devstack devstack@g-api.service[71521]: DEBUG glance.api.middleware.version_negotiation [None req-9afa2b5e-1e3a-45c8-92e8-2aa15465475e None None] Unknown version. Returning version choices. {{(pid=71521) process_request /opt/stack/glance/glance/api/middleware/version_negotiation.py:64}}
Feb 12 06:24:00 devstack devstack@g-api.service[71520]: DEBUG glance.common.config [None req-c025b87b-fe17-45bf-88d1-8a147cfdd36c None None] database.connection_parameters = {{(pid=71520) log_opt_values /opt/stack/data/venv/lib/python3.10/site-packages/oslo_config/cfg.py:2824}}
Feb 12 06:24:00 devstack devstack@g-api.service[71520]: DEBUG glance.common.config [None req-c025b87b-fe17-45bf-88d1-8a147cfdd36c None None] database.connection_recycle_time = 3600 {{(pid=71520) log_opt_values /opt/stack/data/venv/lib/python3.10/site-packages/oslo_config/cfg.py:2824}}
Feb 12 06:24:00 devstack devstack@g-api.service[71520]: DEBUG glance.common.config [None req-c025b87b-fe17-45bf-88d1-8a147cfdd36c None None] database.connection_trace = False {{(pid=71520) log_opt_values /opt/stack/data/venv/lib/python3.10/site-packages/oslo_config/cfg.py:2824}}
Feb 12 06:24:00 devstack devstack@g-api.service[71520]: DEBUG glance.common.config [None req-c025b87b-fe17-45bf-88d1-8a147cfdd36c None None] database.db_inc_retry_interval = True {{(pid=71520) log_opt_values /opt/stack/data/venv/lib/python3.10/site-packages/oslo_config/cfg.py:2824}}
Feb 12 06:24:00 devstack devstack@g-api.service[71520]: DEBUG glance.common.config [None req-c025b87b-fe17-45bf-88d1-8a147cfdd36c None None] database.db_max_retries = 20 {{(pid=71520) log_opt_values /opt/stack/data/venv/lib/python3.10/site-packages/oslo_config/cfg.py:2824}}
Feb 12 06:24:00 devstack devstack@g-api.service[71521]: [pid: 71521|app: 0|req: 1/1] 127.0.0.1 () {32 vars in 402 bytes} [Thu Feb 12 06:24:00 2026] GET / => generated 1459 bytes in 2 msecs (HTTP/1.1 300) 3 headers in 106 bytes (1 switches on core 0)
Feb 12 06:24:00 devstack devstack@g-api.service[71520]: DEBUG glance.common.config [None req-c025b87b-fe17-45bf-88d1-8a147cfdd36c None None] database.db_max_retry_interval = 10 {{(pid=71520) log_opt_values /opt/stack/data/venv/lib/python3.10/site-packages/oslo_config/cfg.py:2824}}
Feb 12 06:24:00 devstack devstack@g-api.service[71520]: DEBUG glance.common.config [None req-c025b87b-fe17-45bf-88d1-8a147cfdd36c None None] database.db_retry_interval = 1 {{(pid=71520) log_opt_values /opt/stack/data/venv/lib/python3.10/site-packages/oslo_config/cfg.py:2824}}
Feb 12 06:24:00 devstack devstack@g-api.service[71520]: DEBUG glance.common.config [None req-c025b87b-fe17-45bf-88d1-8a147cfdd36c None None] database.max_overflow = 50 {{(pid=71520) log_opt_values /opt/stack/data/venv/lib/python3.10/site-packages/oslo_config/cfg.py:2824}}
Feb 12 06:24:00 devstack devstack@g-api.service[71520]: DEBUG glance.common.config [None req-c025b87b-fe17-45bf-88d1-8a147cfdd36c None None] database.max_pool_size = 5 {{(pid=71520) log_opt_values /opt/stack/data/venv/lib/python3.10/site-packages/oslo_config/cfg.py:2824}}
Feb 12 06:24:00 devstack devstack@g-api.service[71520]: DEBUG glance.common.config [None req-c025b87b-fe17-45bf-88d1-8a147cfdd36c None None] database.max_retries = 10 {{(pid=71520) log_opt_values /opt/stack/data/venv/lib/python3.10/site-packages/oslo_config/cfg.py:2824}}
Feb 12 06:24:00 devstack devstack@g-api.service[71520]: DEBUG glance.common.config [None req-c025b87b-fe17-45bf-88d1-8a147cfdd36c None None] database.mysql_sql_mode = TRADITIONAL {{(pid=71520) log_opt_values /opt/stack/data/venv/lib/python3.10/site-packages/oslo_config/cfg.py:2824}}
Feb 12 06:24:00 devstack devstack@g-api.service[71520]: DEBUG glance.common.config [None req-c025b87b-fe17-45bf-88d1-8a147cfdd36c None None] database.mysql_wsrep_sync_wait = None {{(pid=71520) log_opt_values /opt/stack/data/venv/lib/python3.10/site-packages/oslo_config/cfg.py:2824}}
Feb 12 06:24:00 devstack devstack@g-api.service[71520]: DEBUG glance.common.config [None req-c025b87b-fe17-45bf-88d1-8a147cfdd36c None None] database.pool_timeout = None {{(pid=71520) log_opt_values /opt/stack/data/venv/lib/python3.10/site-packages/oslo_config/cfg.py:2824}}
Feb 12 06:24:00 devstack devstack@g-api.service[71520]: DEBUG glance.common.config [None req-c025b87b-fe17-45bf-88d1-8a147cfdd36c None None] database.retry_interval = 10 {{(pid=71520) log_opt_values /opt/stack/data/venv/lib/python3.10/site-packages/oslo_config/cfg.py:2824}}
Feb 12 06:24:00 devstack devstack@g-api.service[71520]: DEBUG glance.common.config [None req-c025b87b-fe17-45bf-88d1-8a147cfdd36c None None] database.slave_connection = **** {{(pid=71520) log_opt_values /opt/stack/data/venv/lib/python3.10/site-packages/oslo_config/cfg.py:2824}}
Feb 12 06:24:00 devstack devstack@g-api.service[71520]: DEBUG glance.common.config [None req-c025b87b-fe17-45bf-88d1-8a147cfdd36c None None] database.sqlite_synchronous = True {{(pid=71520) log_opt_values /opt/stack/data/venv/lib/python3.10/site-packages/oslo_config/cfg.py:2824}}
Feb 12 06:24:00 devstack devstack@g-api.service[71520]: DEBUG glance.common.config [None req-c025b87b-fe17-45bf-88d1-8a147cfdd36c None None] database.synchronous_reader = True {{(pid=71520) log_opt_values /opt/stack/data/venv/lib/python3.10/site-packages/oslo_config/cfg.py:2824}}
Feb 12 06:24:00 devstack devstack@g-api.service[71520]: DEBUG glance.common.config [None req-c025b87b-fe17-45bf-88d1-8a147cfdd36c None None] database.use_db_reconnect = False {{(pid=71520) log_opt_values /opt/stack/data/venv/lib/python3.10/site-packages/oslo_config/cfg.py:2824}}
Feb 12 06:24:00 devstack devstack@g-api.service[71520]: DEBUG glance.common.config [None req-c025b87b-fe17-45bf-88d1-8a147cfdd36c None None] healthcheck.allowed_source_ranges = [] {{(pid=71520) log_opt_values /opt/stack/data/venv/lib/python3.10/site-packages/oslo_config/cfg.py:2824}}
Feb 12 06:24:00 devstack devstack@g-api.service[71520]: DEBUG glance.common.config [None req-c025b87b-fe17-45bf-88d1-8a147cfdd36c None None] healthcheck.backends = ['disable_by_file'] {{(pid=71520) log_opt_values /opt/stack/data/venv/lib/python3.10/site-packages/oslo_config/cfg.py:2824}}
Feb 12 06:24:00 devstack devstack@g-api.service[71520]: DEBUG glance.common.config [None req-c025b87b-fe17-45bf-88d1-8a147cfdd36c None None] healthcheck.detailed = False {{(pid=71520) log_opt_values /opt/stack/data/venv/lib/python3.10/site-packages/oslo_config/cfg.py:2824}}
Feb 12 06:24:00 devstack devstack@g-api.service[71520]: DEBUG glance.common.config [None req-c025b87b-fe17-45bf-88d1-8a147cfdd36c None None] healthcheck.disable_by_file_path = None {{(pid=71520) log_opt_values /opt/stack/data/venv/lib/python3.10/site-packages/oslo_config/cfg.py:2824}}
Feb 12 06:24:00 devstack devstack@g-api.service[71520]: DEBUG glance.common.config [None req-c025b87b-fe17-45bf-88d1-8a147cfdd36c None None] healthcheck.ignore_proxied_requests = False {{(pid=71520) log_opt_values /opt/stack/data/venv/lib/python3.10/site-packages/oslo_config/cfg.py:2824}}
Feb 12 06:24:00 devstack devstack@g-api.service[71520]: DEBUG glance.common.config [None req-c025b87b-fe17-45bf-88d1-8a147cfdd36c None None] ******************************************************************************** {{(pid=71520) log_opt_values /opt/stack/data/venv/lib/python3.10/site-packages/oslo_config/cfg.py:2828}}
Feb 12 06:24:00 devstack devstack@g-api.service[71520]: WSGI app 0 (mountpoint='') ready in 3 seconds on interpreter 0x5591674c66a0 pid: 71520 (default app)
Feb 12 06:24:03 devstack devstack@g-api.service[71521]: DEBUG glance.api.middleware.version_negotiation [None req-9afa2b5e-1e3a-45c8-92e8-2aa15465475e None None] Determining version of request: GET / Accept: application/json {{(pid=71521) process_request /opt/stack/glance/glance/api/middleware/version_negotiation.py:44}}
Feb 12 06:24:03 devstack devstack@g-api.service[71521]: DEBUG glance.api.middleware.version_negotiation [None req-9afa2b5e-1e3a-45c8-92e8-2aa15465475e None None] Using url versioning {{(pid=71521) process_request /opt/stack/glance/glance/api/middleware/version_negotiation.py:57}}
Feb 12 06:24:03 devstack devstack@g-api.service[71521]: DEBUG glance.api.middleware.version_negotiation [None req-9afa2b5e-1e3a-45c8-92e8-2aa15465475e None None] Unknown version. Returning version choices. {{(pid=71521) process_request /opt/stack/glance/glance/api/middleware/version_negotiation.py:64}}
Feb 12 06:24:03 devstack devstack@g-api.service[71521]: [pid: 71521|app: 0|req: 2/2] 127.0.0.1 () {34 vars in 519 bytes} [Thu Feb 12 06:24:03 2026] GET / => generated 1459 bytes in 3 msecs (HTTP/1.1 300) 3 headers in 106 bytes (1 switches on core 0)
Feb 12 06:24:03 devstack devstack@g-api.service[71520]: DEBUG glance.api.middleware.version_negotiation [None req-c025b87b-fe17-45bf-88d1-8a147cfdd36c None None] Determining version of request: POST /v2/images Accept: */* {{(pid=71520) process_request /opt/stack/glance/glance/api/middleware/version_negotiation.py:44}}
Feb 12 06:24:03 devstack devstack@g-api.service[71520]: DEBUG glance.api.middleware.version_negotiation [None req-c025b87b-fe17-45bf-88d1-8a147cfdd36c None None] Using url versioning {{(pid=71520) process_request /opt/stack/glance/glance/api/middleware/version_negotiation.py:57}}
Feb 12 06:24:03 devstack devstack@g-api.service[71520]: DEBUG glance.api.middleware.version_negotiation [None req-c025b87b-fe17-45bf-88d1-8a147cfdd36c None None] Matched version: v2 {{(pid=71520) process_request /opt/stack/glance/glance/api/middleware/version_negotiation.py:69}}
Feb 12 06:24:03 devstack devstack@g-api.service[71520]: DEBUG glance.api.middleware.version_negotiation [None req-c025b87b-fe17-45bf-88d1-8a147cfdd36c None None] new path /v2/images {{(pid=71520) process_request /opt/stack/glance/glance/api/middleware/version_negotiation.py:70}}
Feb 12 06:24:04 devstack devstack@g-api.service[71520]: [pid: 71520|app: 0|req: 1/3] 127.0.0.1 () {40 vars in 782 bytes} [Thu Feb 12 06:24:03 2026] POST /v2/images => generated 807 bytes in 950 msecs (HTTP/1.1 201) 6 headers in 314 bytes (1 switches on core 0)
Feb 12 06:24:04 devstack devstack@g-api.service[71521]: DEBUG glance.api.middleware.version_negotiation [None req-9afa2b5e-1e3a-45c8-92e8-2aa15465475e None None] Determining version of request: PUT /v2/images/035f7245-f57f-48c7-bcca-0d62b72d7a29/file Accept: {{(pid=71521) process_request /opt/stack/glance/glance/api/middleware/version_negotiation.py:44}}
Feb 12 06:24:04 devstack devstack@g-api.service[71521]: DEBUG glance.api.middleware.version_negotiation [None req-9afa2b5e-1e3a-45c8-92e8-2aa15465475e None None] Using url versioning {{(pid=71521) process_request /opt/stack/glance/glance/api/middleware/version_negotiation.py:57}}
Feb 12 06:24:04 devstack devstack@g-api.service[71521]: DEBUG glance.api.middleware.version_negotiation [None req-9afa2b5e-1e3a-45c8-92e8-2aa15465475e None None] Matched version: v2 {{(pid=71521) process_request /opt/stack/glance/glance/api/middleware/version_negotiation.py:69}}
Feb 12 06:24:04 devstack devstack@g-api.service[71521]: DEBUG glance.api.middleware.version_negotiation [None req-9afa2b5e-1e3a-45c8-92e8-2aa15465475e None None] new path /v2/images/035f7245-f57f-48c7-bcca-0d62b72d7a29/file {{(pid=71521) process_request /opt/stack/glance/glance/api/middleware/version_negotiation.py:70}}
Feb 12 06:24:05 devstack devstack@g-api.service[71521]: INFO glance.api.v2.image_data [None req-f68adefb-e15c-4d8b-99ae-6cff4ca877e8 admin admin] Unable to create trust: no such option collect_timing in group [keystone_authtoken] Use the existing user token.
Feb 12 06:24:05 devstack devstack@g-api.service[71521]: DEBUG glance.location [None req-f68adefb-e15c-4d8b-99ae-6cff4ca877e8 admin admin] Enabling in-flight format inspection for qcow2 {{(pid=71521) set_data /opt/stack/glance/glance/location.py:616}}
Feb 12 06:24:05 devstack devstack@g-api.service[71521]: DEBUG oslo_utils.imageutils.format_inspector [None req-f68adefb-e15c-4d8b-99ae-6cff4ca877e8 admin admin] Format inspector for vmdk does not match, excluding from consideration (Signature KDMV not found: b'QFI\xfb') {{(pid=71521) _process_chunk /opt/stack/data/venv/lib/python3.10/site-packages/oslo_utils/imageutils/format_inspector.py:1537}}
Feb 12 06:24:05 devstack devstack@g-api.service[71521]: DEBUG oslo_utils.imageutils.format_inspector [None req-f68adefb-e15c-4d8b-99ae-6cff4ca877e8 admin admin] Format inspector for vhdx does not match, excluding from consideration (Region signature not found at 30000) {{(pid=71521) _process_chunk /opt/stack/data/venv/lib/python3.10/site-packages/oslo_utils/imageutils/format_inspector.py:1537}}
Feb 12 06:24:05 devstack devstack@g-api.service[71521]: DEBUG glance_store._drivers.filesystem [None req-f68adefb-e15c-4d8b-99ae-6cff4ca877e8 admin admin] Wrote 21692416 bytes to /opt/stack/data/glance/images/035f7245-f57f-48c7-bcca-0d62b72d7a29 with checksum 87617e24a5e30cb3b87fda8c0764838f and multihash 9a9bce0083a00939ec17c11febbfc767aa211aaa54f51e75c5a8b271a9b5637c77205a518b7a2007cb391d23cceb01e0e4e8d64832317151bc85b734b92a7be0 {{(pid=71521) add /opt/stack/data/venv/lib/python3.10/site-packages/glance_store/_drivers/filesystem.py:794}}
Feb 12 06:24:05 devstack devstack@g-api.service[71521]: INFO glance.location [None req-f68adefb-e15c-4d8b-99ae-6cff4ca877e8 admin admin] Image format matched and virtual size computed: 117440512
Feb 12 06:24:05 devstack devstack@g-api.service[71521]: DEBUG glance_store.backend [None req-f68adefb-e15c-4d8b-99ae-6cff4ca877e8 admin admin] Skipping store.set_acls... not implemented. {{(pid=71521) set_acls /opt/stack/data/venv/lib/python3.10/site-packages/glance_store/backend.py:507}}
Feb 12 06:24:05 devstack devstack@g-api.service[71521]: [pid: 71521|app: 0|req: 3/4] 127.0.0.1 () {40 vars in 875 bytes} [Thu Feb 12 06:24:04 2026] PUT /v2/images/035f7245-f57f-48c7-bcca-0d62b72d7a29/file => generated 0 bytes in 1431 msecs (HTTP/1.1 204) 4 headers in 171 bytes (1 switches on core 0)
Feb 12 06:24:05 devstack devstack@g-api.service[71520]: DEBUG glance.api.middleware.version_negotiation [None req-896707a5-aa5f-4a96-8452-9050c8038d6a admin admin] Determining version of request: GET /v2/images/035f7245-f57f-48c7-bcca-0d62b72d7a29 Accept: */* {{(pid=71520) process_request /opt/stack/glance/glance/api/middleware/version_negotiation.py:44}}
Feb 12 06:24:05 devstack devstack@g-api.service[71520]: DEBUG glance.api.middleware.version_negotiation [None req-896707a5-aa5f-4a96-8452-9050c8038d6a admin admin] Using url versioning {{(pid=71520) process_request /opt/stack/glance/glance/api/middleware/version_negotiation.py:57}}
Feb 12 06:24:05 devstack devstack@g-api.service[71520]: DEBUG glance.api.middleware.version_negotiation [None req-896707a5-aa5f-4a96-8452-9050c8038d6a admin admin] Matched version: v2 {{(pid=71520) process_request /opt/stack/glance/glance/api/middleware/version_negotiation.py:69}}
Feb 12 06:24:05 devstack devstack@g-api.service[71520]: DEBUG glance.api.middleware.version_negotiation [None req-896707a5-aa5f-4a96-8452-9050c8038d6a admin admin] new path /v2/images/035f7245-f57f-48c7-bcca-0d62b72d7a29 {{(pid=71520) process_request /opt/stack/glance/glance/api/middleware/version_negotiation.py:70}}
Feb 12 06:24:05 devstack devstack@g-api.service[71520]: [pid: 71520|app: 0|req: 2/5] 127.0.0.1 () {36 vars in 802 bytes} [Thu Feb 12 06:24:05 2026] GET /v2/images/035f7245-f57f-48c7-bcca-0d62b72d7a29 => generated 976 bytes in 17 msecs (HTTP/1.1 200) 4 headers in 157 bytes (1 switches on core 0)
Feb 12 06:24:15 devstack devstack@g-api.service[71521]: DEBUG dbcounter [-] [71521] Writing DB stats glance:INSERT=5,glance:SELECT=16,glance:UPDATE=2 {{(pid=71521) stat_writer /opt/stack/data/venv/lib/python3.10/site-packages/dbcounter.py:115}}
Feb 12 06:24:15 devstack devstack@g-api.service[71520]: DEBUG dbcounter [-] [71520] Writing DB stats glance:INSERT=9,glance:SELECT=6 {{(pid=71520) stat_writer /opt/stack/data/venv/lib/python3.10/site-packages/dbcounter.py:115}}
Feb 12 06:24:33 devstack devstack@g-api.service[71521]: DEBUG glance.api.middleware.version_negotiation [None req-f68adefb-e15c-4d8b-99ae-6cff4ca877e8 admin admin] Determining version of request: GET / Accept: application/json {{(pid=71521) process_request /opt/stack/glance/glance/api/middleware/version_negotiation.py:44}}
Feb 12 06:24:33 devstack devstack@g-api.service[71521]: DEBUG glance.api.middleware.version_negotiation [None req-f68adefb-e15c-4d8b-99ae-6cff4ca877e8 admin admin] Using url versioning {{(pid=71521) process_request /opt/stack/glance/glance/api/middleware/version_negotiation.py:57}}
Feb 12 06:24:33 devstack devstack@g-api.service[71521]: DEBUG glance.api.middleware.version_negotiation [None req-f68adefb-e15c-4d8b-99ae-6cff4ca877e8 admin admin] Unknown version. Returning version choices. {{(pid=71521) process_request /opt/stack/glance/glance/api/middleware/version_negotiation.py:64}}
Feb 12 06:24:33 devstack devstack@g-api.service[71521]: [pid: 71521|app: 0|req: 4/6] 127.0.0.1 () {34 vars in 519 bytes} [Thu Feb 12 06:24:33 2026] GET / => generated 1459 bytes in 2 msecs (HTTP/1.1 300) 3 headers in 106 bytes (1 switches on core 0)
Feb 12 06:24:33 devstack devstack@g-api.service[71520]: DEBUG glance.api.middleware.version_negotiation [None req-06463f90-030d-4fe3-94a5-104c139fe9be admin admin] Determining version of request: GET /v2/images Accept: application/json {{(pid=71520) process_request /opt/stack/glance/glance/api/middleware/version_negotiation.py:44}}
Feb 12 06:24:33 devstack devstack@g-api.service[71520]: DEBUG glance.api.middleware.version_negotiation [None req-06463f90-030d-4fe3-94a5-104c139fe9be admin admin] Using url versioning {{(pid=71520) process_request /opt/stack/glance/glance/api/middleware/version_negotiation.py:57}}
Feb 12 06:24:33 devstack devstack@g-api.service[71520]: DEBUG glance.api.middleware.version_negotiation [None req-06463f90-030d-4fe3-94a5-104c139fe9be admin admin] Matched version: v2 {{(pid=71520) process_request /opt/stack/glance/glance/api/middleware/version_negotiation.py:69}}
Feb 12 06:24:33 devstack devstack@g-api.service[71520]: DEBUG glance.api.middleware.version_negotiation [None req-06463f90-030d-4fe3-94a5-104c139fe9be admin admin] new path /v2/images {{(pid=71520) process_request /opt/stack/glance/glance/api/middleware/version_negotiation.py:70}}
Feb 12 06:24:33 devstack devstack@g-api.service[71520]: [pid: 71520|app: 0|req: 3/7] 127.0.0.1 () {36 vars in 741 bytes} [Thu Feb 12 06:24:33 2026] GET /v2/images => generated 1045 bytes in 65 msecs (HTTP/1.1 200) 4 headers in 158 bytes (1 switches on core 0)
Feb 12 06:24:38 devstack devstack@g-api.service[71521]: DEBUG glance.api.middleware.version_negotiation [None req-f68adefb-e15c-4d8b-99ae-6cff4ca877e8 admin admin] Determining version of request: GET / Accept: application/json {{(pid=71521) process_request /opt/stack/glance/glance/api/middleware/version_negotiation.py:44}}
Feb 12 06:24:38 devstack devstack@g-api.service[71521]: DEBUG glance.api.middleware.version_negotiation [None req-f68adefb-e15c-4d8b-99ae-6cff4ca877e8 admin admin] Using url versioning {{(pid=71521) process_request /opt/stack/glance/glance/api/middleware/version_negotiation.py:57}}
Feb 12 06:24:38 devstack devstack@g-api.service[71521]: DEBUG glance.api.middleware.version_negotiation [None req-f68adefb-e15c-4d8b-99ae-6cff4ca877e8 admin admin] Unknown version. Returning version choices. {{(pid=71521) process_request /opt/stack/glance/glance/api/middleware/version_negotiation.py:64}}
Feb 12 06:24:38 devstack devstack@g-api.service[71521]: [pid: 71521|app: 0|req: 5/8] 127.0.0.1 () {34 vars in 519 bytes} [Thu Feb 12 06:24:38 2026] GET / => generated 1459 bytes in 3 msecs (HTTP/1.1 300) 3 headers in 106 bytes (1 switches on core 0)
Feb 12 06:24:38 devstack devstack@g-api.service[71520]: DEBUG glance.api.middleware.version_negotiation [None req-15f541a1-4f6d-4c86-9cb3-16eab1887b3c admin admin] Determining version of request: GET /v2/images/035f7245-f57f-48c7-bcca-0d62b72d7a29 Accept: */* {{(pid=71520) process_request /opt/stack/glance/glance/api/middleware/version_negotiation.py:44}}
Feb 12 06:24:38 devstack devstack@g-api.service[71520]: DEBUG glance.api.middleware.version_negotiation [None req-15f541a1-4f6d-4c86-9cb3-16eab1887b3c admin admin] Using url versioning {{(pid=71520) process_request /opt/stack/glance/glance/api/middleware/version_negotiation.py:57}}
Feb 12 06:24:38 devstack devstack@g-api.service[71520]: DEBUG glance.api.middleware.version_negotiation [None req-15f541a1-4f6d-4c86-9cb3-16eab1887b3c admin admin] Matched version: v2 {{(pid=71520) process_request /opt/stack/glance/glance/api/middleware/version_negotiation.py:69}}
Feb 12 06:24:38 devstack devstack@g-api.service[71520]: DEBUG glance.api.middleware.version_negotiation [None req-15f541a1-4f6d-4c86-9cb3-16eab1887b3c admin admin] new path /v2/images/035f7245-f57f-48c7-bcca-0d62b72d7a29 {{(pid=71520) process_request /opt/stack/glance/glance/api/middleware/version_negotiation.py:70}}
Feb 12 06:24:38 devstack devstack@g-api.service[71520]: [pid: 71520|app: 0|req: 4/9] 127.0.0.1 () {36 vars in 802 bytes} [Thu Feb 12 06:24:38 2026] GET /v2/images/035f7245-f57f-48c7-bcca-0d62b72d7a29 => generated 976 bytes in 46 msecs (HTTP/1.1 200) 4 headers in 157 bytes (1 switches on core 0)
Feb 12 06:24:42 devstack devstack@g-api.service[71521]: DEBUG glance.api.middleware.version_negotiation [None req-f68adefb-e15c-4d8b-99ae-6cff4ca877e8 admin admin] Determining version of request: GET / Accept: application/json {{(pid=71521) process_request /opt/stack/glance/glance/api/middleware/version_negotiation.py:44}}
Feb 12 06:24:42 devstack devstack@g-api.service[71521]: DEBUG glance.api.middleware.version_negotiation [None req-f68adefb-e15c-4d8b-99ae-6cff4ca877e8 admin admin] Using url versioning {{(pid=71521) process_request /opt/stack/glance/glance/api/middleware/version_negotiation.py:57}}
Feb 12 06:24:42 devstack devstack@g-api.service[71521]: DEBUG glance.api.middleware.version_negotiation [None req-f68adefb-e15c-4d8b-99ae-6cff4ca877e8 admin admin] Unknown version. Returning version choices. {{(pid=71521) process_request /opt/stack/glance/glance/api/middleware/version_negotiation.py:64}}
Feb 12 06:24:42 devstack devstack@g-api.service[71521]: [pid: 71521|app: 0|req: 6/10] 127.0.0.1 () {34 vars in 519 bytes} [Thu Feb 12 06:24:42 2026] GET / => generated 1459 bytes in 3 msecs (HTTP/1.1 300) 3 headers in 106 bytes (1 switches on core 0)
Feb 12 06:24:42 devstack devstack@g-api.service[71520]: DEBUG glance.api.middleware.version_negotiation [None req-f5a16842-0238-4554-96c3-d75b8d59246c admin admin] Determining version of request: GET /v2/images/035f7245-f57f-48c7-bcca-0d62b72d7a29 Accept: */* {{(pid=71520) process_request /opt/stack/glance/glance/api/middleware/version_negotiation.py:44}}
Feb 12 06:24:42 devstack devstack@g-api.service[71520]: DEBUG glance.api.middleware.version_negotiation [None req-f5a16842-0238-4554-96c3-d75b8d59246c admin admin] Using url versioning {{(pid=71520) process_request /opt/stack/glance/glance/api/middleware/version_negotiation.py:57}}
Feb 12 06:24:42 devstack devstack@g-api.service[71520]: DEBUG glance.api.middleware.version_negotiation [None req-f5a16842-0238-4554-96c3-d75b8d59246c admin admin] Matched version: v2 {{(pid=71520) process_request /opt/stack/glance/glance/api/middleware/version_negotiation.py:69}}
Feb 12 06:24:42 devstack devstack@g-api.service[71520]: DEBUG glance.api.middleware.version_negotiation [None req-f5a16842-0238-4554-96c3-d75b8d59246c admin admin] new path /v2/images/035f7245-f57f-48c7-bcca-0d62b72d7a29 {{(pid=71520) process_request /opt/stack/glance/glance/api/middleware/version_negotiation.py:70}}
Feb 12 06:24:42 devstack devstack@g-api.service[71520]: [pid: 71520|app: 0|req: 5/11] 127.0.0.1 () {36 vars in 802 bytes} [Thu Feb 12 06:24:42 2026] GET /v2/images/035f7245-f57f-48c7-bcca-0d62b72d7a29 => generated 976 bytes in 43 msecs (HTTP/1.1 200) 4 headers in 157 bytes (1 switches on core 0)
Feb 12 06:24:52 devstack devstack@g-api.service[71520]: DEBUG dbcounter [-] [71520] Writing DB stats glance:SELECT=5 {{(pid=71520) stat_writer /opt/stack/data/venv/lib/python3.10/site-packages/dbcounter.py:115}}
Feb 12 06:26:00 devstack devstack@g-api.service[71521]: DEBUG glance.api.middleware.version_negotiation [None req-f68adefb-e15c-4d8b-99ae-6cff4ca877e8 admin admin] Determining version of request: GET / Accept: application/json {{(pid=71521) process_request /opt/stack/glance/glance/api/middleware/version_negotiation.py:44}}
Feb 12 06:26:00 devstack devstack@g-api.service[71521]: DEBUG glance.api.middleware.version_negotiation [None req-f68adefb-e15c-4d8b-99ae-6cff4ca877e8 admin admin] Using url versioning {{(pid=71521) process_request /opt/stack/glance/glance/api/middleware/version_negotiation.py:57}}
Feb 12 06:26:00 devstack devstack@g-api.service[71521]: DEBUG glance.api.middleware.version_negotiation [None req-f68adefb-e15c-4d8b-99ae-6cff4ca877e8 admin admin] Unknown version. Returning version choices. {{(pid=71521) process_request /opt/stack/glance/glance/api/middleware/version_negotiation.py:64}}
Feb 12 06:26:00 devstack devstack@g-api.service[71521]: [pid: 71521|app: 0|req: 7/12] 127.0.0.1 () {36 vars in 490 bytes} [Thu Feb 12 06:26:00 2026] GET / => generated 1459 bytes in 2 msecs (HTTP/1.1 300) 3 headers in 106 bytes (1 switches on core 0)
Feb 12 06:26:43 devstack devstack@g-api.service[71520]: DEBUG glance.api.middleware.version_negotiation [None req-fa801035-4149-4401-a952-3b19be4351f6 admin admin] Determining version of request: GET / Accept: application/json {{(pid=71520) process_request /opt/stack/glance/glance/api/middleware/version_negotiation.py:44}}
Feb 12 06:26:43 devstack devstack@g-api.service[71520]: DEBUG glance.api.middleware.version_negotiation [None req-fa801035-4149-4401-a952-3b19be4351f6 admin admin] Using url versioning {{(pid=71520) process_request /opt/stack/glance/glance/api/middleware/version_negotiation.py:57}}
Feb 12 06:26:43 devstack devstack@g-api.service[71520]: DEBUG glance.api.middleware.version_negotiation [None req-fa801035-4149-4401-a952-3b19be4351f6 admin admin] Unknown version. Returning version choices. {{(pid=71520) process_request /opt/stack/glance/glance/api/middleware/version_negotiation.py:64}}
Feb 12 06:26:43 devstack devstack@g-api.service[71520]: [pid: 71520|app: 0|req: 6/13] 127.0.0.1 () {34 vars in 506 bytes} [Thu Feb 12 06:26:43 2026] GET / => generated 1459 bytes in 2 msecs (HTTP/1.1 300) 3 headers in 106 bytes (1 switches on core 0)
Feb 12 06:26:43 devstack devstack@g-api.service[71521]: DEBUG glance.api.middleware.version_negotiation [None req-f68adefb-e15c-4d8b-99ae-6cff4ca877e8 admin admin] Determining version of request: GET /v2/images/035f7245-f57f-48c7-bcca-0d62b72d7a29 Accept: */* {{(pid=71521) process_request /opt/stack/glance/glance/api/middleware/version_negotiation.py:44}}
Feb 12 06:26:43 devstack devstack@g-api.service[71521]: DEBUG glance.api.middleware.version_negotiation [None req-f68adefb-e15c-4d8b-99ae-6cff4ca877e8 admin admin] Using url versioning {{(pid=71521) process_request /opt/stack/glance/glance/api/middleware/version_negotiation.py:57}}
Feb 12 06:26:43 devstack devstack@g-api.service[71521]: DEBUG glance.api.middleware.version_negotiation [None req-f68adefb-e15c-4d8b-99ae-6cff4ca877e8 admin admin] Matched version: v2 {{(pid=71521) process_request /opt/stack/glance/glance/api/middleware/version_negotiation.py:69}}
Feb 12 06:26:43 devstack devstack@g-api.service[71521]: DEBUG glance.api.middleware.version_negotiation [None req-f68adefb-e15c-4d8b-99ae-6cff4ca877e8 admin admin] new path /v2/images/035f7245-f57f-48c7-bcca-0d62b72d7a29 {{(pid=71521) process_request /opt/stack/glance/glance/api/middleware/version_negotiation.py:70}}
Feb 12 06:26:43 devstack devstack@g-api.service[71521]: WARNING keystonemiddleware.auth_token [None req-f68adefb-e15c-4d8b-99ae-6cff4ca877e8 admin admin] A valid token was submitted as a service token, but it was not a valid service token. This is incorrect but backwards compatible behaviour. This will be removed in future releases.
Feb 12 06:26:43 devstack devstack@g-api.service[71521]: [pid: 71521|app: 0|req: 8/14] 127.0.0.1 () {42 vars in 1061 bytes} [Thu Feb 12 06:26:43 2026] GET /v2/images/035f7245-f57f-48c7-bcca-0d62b72d7a29 => generated 976 bytes in 36 msecs (HTTP/1.1 200) 4 headers in 157 bytes (1 switches on core 0)
Feb 12 06:26:43 devstack devstack@g-api.service[71520]: DEBUG glance.api.middleware.version_negotiation [None req-fa801035-4149-4401-a952-3b19be4351f6 admin admin] Determining version of request: GET /v2/schemas/image Accept: */* {{(pid=71520) process_request /opt/stack/glance/glance/api/middleware/version_negotiation.py:44}}
Feb 12 06:26:43 devstack devstack@g-api.service[71520]: DEBUG glance.api.middleware.version_negotiation [None req-fa801035-4149-4401-a952-3b19be4351f6 admin admin] Using url versioning {{(pid=71520) process_request /opt/stack/glance/glance/api/middleware/version_negotiation.py:57}}
Feb 12 06:26:43 devstack devstack@g-api.service[71520]: DEBUG glance.api.middleware.version_negotiation [None req-fa801035-4149-4401-a952-3b19be4351f6 admin admin] Matched version: v2 {{(pid=71520) process_request /opt/stack/glance/glance/api/middleware/version_negotiation.py:69}}
Feb 12 06:26:43 devstack devstack@g-api.service[71520]: DEBUG glance.api.middleware.version_negotiation [None req-fa801035-4149-4401-a952-3b19be4351f6 admin admin] new path /v2/schemas/image {{(pid=71520) process_request /opt/stack/glance/glance/api/middleware/version_negotiation.py:70}}
Feb 12 06:26:43 devstack devstack@g-api.service[71520]: WARNING keystonemiddleware.auth_token [None req-fa801035-4149-4401-a952-3b19be4351f6 admin admin] A valid token was submitted as a service token, but it was not a valid service token. This is incorrect but backwards compatible behaviour. This will be removed in future releases.
Feb 12 06:26:43 devstack devstack@g-api.service[71520]: [pid: 71520|app: 0|req: 7/15] 127.0.0.1 () {42 vars in 1001 bytes} [Thu Feb 12 06:26:43 2026] GET /v2/schemas/image => generated 6083 bytes in 5 msecs (HTTP/1.1 200) 4 headers in 158 bytes (1 switches on core 0)
Feb 12 06:26:52 devstack devstack@g-api.service[71521]: DEBUG glance.api.middleware.version_negotiation [None req-4fe39481-92e2-4816-b7f8-f5f96f34ce0b tempest-ServersNegativeTestJSON-784737641 tempest-ServersNegativeTestJSON-784737641-project-member] Determining version of request: GET /v2/images/035f7245-f57f-48c7-bcca-0d62b72d7a29 Accept: */* {{(pid=71521) process_request /opt/stack/glance/glance/api/middleware/version_negotiation.py:44}}
Feb 12 06:26:52 devstack devstack@g-api.service[71521]: DEBUG glance.api.middleware.version_negotiation [None req-4fe39481-92e2-4816-b7f8-f5f96f34ce0b tempest-ServersNegativeTestJSON-784737641 tempest-ServersNegativeTestJSON-784737641-project-member] Using url versioning {{(pid=71521) process_request /opt/stack/glance/glance/api/middleware/version_negotiation.py:57}}
Feb 12 06:26:52 devstack devstack@g-api.service[71521]: DEBUG glance.api.middleware.version_negotiation [None req-4fe39481-92e2-4816-b7f8-f5f96f34ce0b tempest-ServersNegativeTestJSON-784737641 tempest-ServersNegativeTestJSON-784737641-project-member] Matched version: v2 {{(pid=71521) process_request /opt/stack/glance/glance/api/middleware/version_negotiation.py:69}}
Feb 12 06:26:52 devstack devstack@g-api.service[71521]: DEBUG glance.api.middleware.version_negotiation [None req-4fe39481-92e2-4816-b7f8-f5f96f34ce0b tempest-ServersNegativeTestJSON-784737641 tempest-ServersNegativeTestJSON-784737641-project-member] new path /v2/images/035f7245-f57f-48c7-bcca-0d62b72d7a29 {{(pid=71521) process_request /opt/stack/glance/glance/api/middleware/version_negotiation.py:70}}
Feb 12 06:26:52 devstack devstack@g-api.service[71521]: [pid: 71521|app: 0|req: 9/16] 127.0.0.1 () {42 vars in 1061 bytes} [Thu Feb 12 06:26:52 2026] GET /v2/images/035f7245-f57f-48c7-bcca-0d62b72d7a29 => generated 976 bytes in 23 msecs (HTTP/1.1 200) 4 headers in 157 bytes (1 switches on core 0)
Feb 12 06:26:52 devstack devstack@g-api.service[71520]: DEBUG glance.api.middleware.version_negotiation [None req-4fe39481-92e2-4816-b7f8-f5f96f34ce0b tempest-ServersNegativeTestJSON-784737641 tempest-ServersNegativeTestJSON-784737641-project-member] Determining version of request: GET /v2/images/035f7245-f57f-48c7-bcca-0d62b72d7a29/file Accept: */* {{(pid=71520) process_request /opt/stack/glance/glance/api/middleware/version_negotiation.py:44}}
Feb 12 06:26:52 devstack devstack@g-api.service[71520]: DEBUG glance.api.middleware.version_negotiation [None req-4fe39481-92e2-4816-b7f8-f5f96f34ce0b tempest-ServersNegativeTestJSON-784737641 tempest-ServersNegativeTestJSON-784737641-project-member] Using url versioning {{(pid=71520) process_request /opt/stack/glance/glance/api/middleware/version_negotiation.py:57}}
Feb 12 06:26:52 devstack devstack@g-api.service[71520]: DEBUG glance.api.middleware.version_negotiation [None req-4fe39481-92e2-4816-b7f8-f5f96f34ce0b tempest-ServersNegativeTestJSON-784737641 tempest-ServersNegativeTestJSON-784737641-project-member] Matched version: v2 {{(pid=71520) process_request /opt/stack/glance/glance/api/middleware/version_negotiation.py:69}}
Feb 12 06:26:52 devstack devstack@g-api.service[71520]: DEBUG glance.api.middleware.version_negotiation [None req-4fe39481-92e2-4816-b7f8-f5f96f34ce0b tempest-ServersNegativeTestJSON-784737641 tempest-ServersNegativeTestJSON-784737641-project-member] new path /v2/images/035f7245-f57f-48c7-bcca-0d62b72d7a29/file {{(pid=71520) process_request /opt/stack/glance/glance/api/middleware/version_negotiation.py:70}}
Feb 12 06:26:52 devstack devstack@g-api.service[71520]: DEBUG glance_store._drivers.filesystem [None req-4fe39481-92e2-4816-b7f8-f5f96f34ce0b tempest-ServersNegativeTestJSON-784737641 tempest-ServersNegativeTestJSON-784737641-project-member] Found image at /opt/stack/data/glance/images/035f7245-f57f-48c7-bcca-0d62b72d7a29. Returning in ChunkedFile. {{(pid=71520) get /opt/stack/data/venv/lib/python3.10/site-packages/glance_store/_drivers/filesystem.py:618}}
Feb 12 06:26:52 devstack devstack@g-api.service[71520]: DEBUG glance.image_cache [None req-4fe39481-92e2-4816-b7f8-f5f96f34ce0b tempest-ServersNegativeTestJSON-784737641 tempest-ServersNegativeTestJSON-784737641-project-member] Tee'ing image '035f7245-f57f-48c7-bcca-0d62b72d7a29' into cache {{(pid=71520) get_caching_iter /opt/stack/glance/glance/image_cache/__init__.py:350}}
Feb 12 06:26:52 devstack devstack@g-api.service[71520]: DEBUG glance.image_cache.drivers.centralized_db [None req-4fe39481-92e2-4816-b7f8-f5f96f34ce0b tempest-ServersNegativeTestJSON-784737641 tempest-ServersNegativeTestJSON-784737641-project-member] Fetch finished, moving '/opt/stack/data/glance/cache/incomplete/035f7245-f57f-48c7-bcca-0d62b72d7a29' to '/opt/stack/data/glance/cache/035f7245-f57f-48c7-bcca-0d62b72d7a29' {{(pid=71520) commit /opt/stack/glance/glance/image_cache/drivers/centralized_db.py:235}}
Feb 12 06:26:52 devstack devstack@g-api.service[71520]: DEBUG glance.image_cache.drivers.centralized_db [None req-4fe39481-92e2-4816-b7f8-f5f96f34ce0b tempest-ServersNegativeTestJSON-784737641 tempest-ServersNegativeTestJSON-784737641-project-member] Image cached successfully. {{(pid=71520) commit /opt/stack/glance/glance/image_cache/drivers/centralized_db.py:250}}
Feb 12 06:26:52 devstack devstack@g-api.service[71520]: [pid: 71520|app: 0|req: 8/17] 127.0.0.1 () {42 vars in 1071 bytes} [Thu Feb 12 06:26:52 2026] GET /v2/images/035f7245-f57f-48c7-bcca-0d62b72d7a29/file => generated 21692416 bytes in 208 msecs (HTTP/1.1 200) 4 headers in 191 bytes (331 switches on core 0)
Feb 12 06:26:52 devstack devstack@g-api.service[71521]: DEBUG glance.api.middleware.version_negotiation [None req-4fe39481-92e2-4816-b7f8-f5f96f34ce0b tempest-ServersNegativeTestJSON-784737641 tempest-ServersNegativeTestJSON-784737641-project-member] Determining version of request: GET /v2/images/035f7245-f57f-48c7-bcca-0d62b72d7a29 Accept: */* {{(pid=71521) process_request /opt/stack/glance/glance/api/middleware/version_negotiation.py:44}}
Feb 12 06:26:52 devstack devstack@g-api.service[71521]: DEBUG glance.api.middleware.version_negotiation [None req-4fe39481-92e2-4816-b7f8-f5f96f34ce0b tempest-ServersNegativeTestJSON-784737641 tempest-ServersNegativeTestJSON-784737641-project-member] Using url versioning {{(pid=71521) process_request /opt/stack/glance/glance/api/middleware/version_negotiation.py:57}}
Feb 12 06:26:52 devstack devstack@g-api.service[71521]: DEBUG glance.api.middleware.version_negotiation [None req-4fe39481-92e2-4816-b7f8-f5f96f34ce0b tempest-ServersNegativeTestJSON-784737641 tempest-ServersNegativeTestJSON-784737641-project-member] Matched version: v2 {{(pid=71521) process_request /opt/stack/glance/glance/api/middleware/version_negotiation.py:69}}
Feb 12 06:26:52 devstack devstack@g-api.service[71521]: DEBUG glance.api.middleware.version_negotiation [None req-4fe39481-92e2-4816-b7f8-f5f96f34ce0b tempest-ServersNegativeTestJSON-784737641 tempest-ServersNegativeTestJSON-784737641-project-member] new path /v2/images/035f7245-f57f-48c7-bcca-0d62b72d7a29 {{(pid=71521) process_request /opt/stack/glance/glance/api/middleware/version_negotiation.py:70}}
Feb 12 06:26:52 devstack devstack@g-api.service[71521]: [pid: 71521|app: 0|req: 10/18] 127.0.0.1 () {42 vars in 1061 bytes} [Thu Feb 12 06:26:52 2026] GET /v2/images/035f7245-f57f-48c7-bcca-0d62b72d7a29 => generated 976 bytes in 18 msecs (HTTP/1.1 200) 4 headers in 157 bytes (1 switches on core 0)
Feb 12 06:26:52 devstack devstack@g-api.service[71520]: DEBUG glance.api.middleware.version_negotiation [None req-4fe39481-92e2-4816-b7f8-f5f96f34ce0b tempest-ServersNegativeTestJSON-784737641 tempest-ServersNegativeTestJSON-784737641-project-member] Determining version of request: GET /v2/schemas/image Accept: */* {{(pid=71520) process_request /opt/stack/glance/glance/api/middleware/version_negotiation.py:44}}
Feb 12 06:26:52 devstack devstack@g-api.service[71520]: DEBUG glance.api.middleware.version_negotiation [None req-4fe39481-92e2-4816-b7f8-f5f96f34ce0b tempest-ServersNegativeTestJSON-784737641 tempest-ServersNegativeTestJSON-784737641-project-member] Using url versioning {{(pid=71520) process_request /opt/stack/glance/glance/api/middleware/version_negotiation.py:57}}
Feb 12 06:26:52 devstack devstack@g-api.service[71520]: DEBUG glance.api.middleware.version_negotiation [None req-4fe39481-92e2-4816-b7f8-f5f96f34ce0b tempest-ServersNegativeTestJSON-784737641 tempest-ServersNegativeTestJSON-784737641-project-member] Matched version: v2 {{(pid=71520) process_request /opt/stack/glance/glance/api/middleware/version_negotiation.py:69}}
Feb 12 06:26:52 devstack devstack@g-api.service[71520]: DEBUG glance.api.middleware.version_negotiation [None req-4fe39481-92e2-4816-b7f8-f5f96f34ce0b tempest-ServersNegativeTestJSON-784737641 tempest-ServersNegativeTestJSON-784737641-project-member] new path /v2/schemas/image {{(pid=71520) process_request /opt/stack/glance/glance/api/middleware/version_negotiation.py:70}}
Feb 12 06:26:52 devstack devstack@g-api.service[71520]: [pid: 71520|app: 0|req: 9/19] 127.0.0.1 () {42 vars in 1001 bytes} [Thu Feb 12 06:26:52 2026] GET /v2/schemas/image => generated 6083 bytes in 7 msecs (HTTP/1.1 200) 4 headers in 158 bytes (1 switches on core 0)
Feb 12 06:27:02 devstack devstack@g-api.service[71520]: DEBUG dbcounter [-] [71520] Writing DB stats glance:SELECT=5,glance:INSERT=1 {{(pid=71520) stat_writer /opt/stack/data/venv/lib/python3.10/site-packages/dbcounter.py:115}}
Feb 12 06:27:02 devstack devstack@g-api.service[71521]: DEBUG dbcounter [-] [71521] Writing DB stats glance:SELECT=6 {{(pid=71521) stat_writer /opt/stack/data/venv/lib/python3.10/site-packages/dbcounter.py:115}}
Feb 12 06:27:08 devstack devstack@g-api.service[71521]: DEBUG glance.api.middleware.version_negotiation [None req-4fe39481-92e2-4816-b7f8-f5f96f34ce0b tempest-ServersNegativeTestJSON-784737641 tempest-ServersNegativeTestJSON-784737641-project-member] Determining version of request: GET /v2/images/035f7245-f57f-48c7-bcca-0d62b72d7a29 Accept: */* {{(pid=71521) process_request /opt/stack/glance/glance/api/middleware/version_negotiation.py:44}}
Feb 12 06:27:08 devstack devstack@g-api.service[71521]: DEBUG glance.api.middleware.version_negotiation [None req-4fe39481-92e2-4816-b7f8-f5f96f34ce0b tempest-ServersNegativeTestJSON-784737641 tempest-ServersNegativeTestJSON-784737641-project-member] Using url versioning {{(pid=71521) process_request /opt/stack/glance/glance/api/middleware/version_negotiation.py:57}}
Feb 12 06:27:08 devstack devstack@g-api.service[71521]: DEBUG glance.api.middleware.version_negotiation [None req-4fe39481-92e2-4816-b7f8-f5f96f34ce0b tempest-ServersNegativeTestJSON-784737641 tempest-ServersNegativeTestJSON-784737641-project-member] Matched version: v2 {{(pid=71521) process_request /opt/stack/glance/glance/api/middleware/version_negotiation.py:69}}
Feb 12 06:27:08 devstack devstack@g-api.service[71521]: DEBUG glance.api.middleware.version_negotiation [None req-4fe39481-92e2-4816-b7f8-f5f96f34ce0b tempest-ServersNegativeTestJSON-784737641 tempest-ServersNegativeTestJSON-784737641-project-member] new path /v2/images/035f7245-f57f-48c7-bcca-0d62b72d7a29 {{(pid=71521) process_request /opt/stack/glance/glance/api/middleware/version_negotiation.py:70}}
Feb 12 06:27:08 devstack devstack@g-api.service[71521]: [pid: 71521|app: 0|req: 11/20] 127.0.0.1 () {42 vars in 1061 bytes} [Thu Feb 12 06:27:08 2026] GET /v2/images/035f7245-f57f-48c7-bcca-0d62b72d7a29 => generated 976 bytes in 24 msecs (HTTP/1.1 200) 4 headers in 157 bytes (1 switches on core 0)
Feb 12 06:27:08 devstack devstack@g-api.service[71520]: DEBUG glance.api.middleware.version_negotiation [None req-4fe39481-92e2-4816-b7f8-f5f96f34ce0b tempest-ServersNegativeTestJSON-784737641 tempest-ServersNegativeTestJSON-784737641-project-member] Determining version of request: GET /v2/schemas/image Accept: */* {{(pid=71520) process_request /opt/stack/glance/glance/api/middleware/version_negotiation.py:44}}
Feb 12 06:27:08 devstack devstack@g-api.service[71520]: DEBUG glance.api.middleware.version_negotiation [None req-4fe39481-92e2-4816-b7f8-f5f96f34ce0b tempest-ServersNegativeTestJSON-784737641 tempest-ServersNegativeTestJSON-784737641-project-member] Using url versioning {{(pid=71520) process_request /opt/stack/glance/glance/api/middleware/version_negotiation.py:57}}
Feb 12 06:27:08 devstack devstack@g-api.service[71520]: DEBUG glance.api.middleware.version_negotiation [None req-4fe39481-92e2-4816-b7f8-f5f96f34ce0b tempest-ServersNegativeTestJSON-784737641 tempest-ServersNegativeTestJSON-784737641-project-member] Matched version: v2 {{(pid=71520) process_request /opt/stack/glance/glance/api/middleware/version_negotiation.py:69}}
Feb 12 06:27:08 devstack devstack@g-api.service[71520]: DEBUG glance.api.middleware.version_negotiation [None req-4fe39481-92e2-4816-b7f8-f5f96f34ce0b tempest-ServersNegativeTestJSON-784737641 tempest-ServersNegativeTestJSON-784737641-project-member] new path /v2/schemas/image {{(pid=71520) process_request /opt/stack/glance/glance/api/middleware/version_negotiation.py:70}}
Feb 12 06:27:08 devstack devstack@g-api.service[71520]: [pid: 71520|app: 0|req: 10/21] 127.0.0.1 () {42 vars in 1001 bytes} [Thu Feb 12 06:27:08 2026] GET /v2/schemas/image => generated 6083 bytes in 6 msecs (HTTP/1.1 200) 4 headers in 158 bytes (1 switches on core 0)
Feb 12 06:27:13 devstack devstack@g-api.service[71521]: DEBUG glance.api.middleware.version_negotiation [None req-28955a23-4911-45e4-951d-523bd4ae9490 tempest-VolumesAdminNegativeTest-770644484 tempest-VolumesAdminNegativeTest-770644484-project-member] Determining version of request: GET /v2/images/035f7245-f57f-48c7-bcca-0d62b72d7a29 Accept: */* {{(pid=71521) process_request /opt/stack/glance/glance/api/middleware/version_negotiation.py:44}}
Feb 12 06:27:13 devstack devstack@g-api.service[71521]: DEBUG glance.api.middleware.version_negotiation [None req-28955a23-4911-45e4-951d-523bd4ae9490 tempest-VolumesAdminNegativeTest-770644484 tempest-VolumesAdminNegativeTest-770644484-project-member] Using url versioning {{(pid=71521) process_request /opt/stack/glance/glance/api/middleware/version_negotiation.py:57}}
Feb 12 06:27:13 devstack devstack@g-api.service[71521]: DEBUG glance.api.middleware.version_negotiation [None req-28955a23-4911-45e4-951d-523bd4ae9490 tempest-VolumesAdminNegativeTest-770644484 tempest-VolumesAdminNegativeTest-770644484-project-member] Matched version: v2 {{(pid=71521) process_request /opt/stack/glance/glance/api/middleware/version_negotiation.py:69}}
Feb 12 06:27:13 devstack devstack@g-api.service[71521]: DEBUG glance.api.middleware.version_negotiation [None req-28955a23-4911-45e4-951d-523bd4ae9490 tempest-VolumesAdminNegativeTest-770644484 tempest-VolumesAdminNegativeTest-770644484-project-member] new path /v2/images/035f7245-f57f-48c7-bcca-0d62b72d7a29 {{(pid=71521) process_request /opt/stack/glance/glance/api/middleware/version_negotiation.py:70}}
Feb 12 06:27:13 devstack devstack@g-api.service[71521]: [pid: 71521|app: 0|req: 12/22] 127.0.0.1 () {42 vars in 1061 bytes} [Thu Feb 12 06:27:13 2026] GET /v2/images/035f7245-f57f-48c7-bcca-0d62b72d7a29 => generated 976 bytes in 16 msecs (HTTP/1.1 200) 4 headers in 157 bytes (1 switches on core 0)
Feb 12 06:27:13 devstack devstack@g-api.service[71520]: DEBUG glance.api.middleware.version_negotiation [None req-28955a23-4911-45e4-951d-523bd4ae9490 tempest-VolumesAdminNegativeTest-770644484 tempest-VolumesAdminNegativeTest-770644484-project-member] Determining version of request: GET /v2/schemas/image Accept: */* {{(pid=71520) process_request /opt/stack/glance/glance/api/middleware/version_negotiation.py:44}}
Feb 12 06:27:13 devstack devstack@g-api.service[71520]: DEBUG glance.api.middleware.version_negotiation [None req-28955a23-4911-45e4-951d-523bd4ae9490 tempest-VolumesAdminNegativeTest-770644484 tempest-VolumesAdminNegativeTest-770644484-project-member] Using url versioning {{(pid=71520) process_request /opt/stack/glance/glance/api/middleware/version_negotiation.py:57}}
Feb 12 06:27:13 devstack devstack@g-api.service[71520]: DEBUG glance.api.middleware.version_negotiation [None req-28955a23-4911-45e4-951d-523bd4ae9490 tempest-VolumesAdminNegativeTest-770644484 tempest-VolumesAdminNegativeTest-770644484-project-member] Matched version: v2 {{(pid=71520) process_request /opt/stack/glance/glance/api/middleware/version_negotiation.py:69}}
Feb 12 06:27:13 devstack devstack@g-api.service[71520]: DEBUG glance.api.middleware.version_negotiation [None req-28955a23-4911-45e4-951d-523bd4ae9490 tempest-VolumesAdminNegativeTest-770644484 tempest-VolumesAdminNegativeTest-770644484-project-member] new path /v2/schemas/image {{(pid=71520) process_request /opt/stack/glance/glance/api/middleware/version_negotiation.py:70}}
Feb 12 06:27:13 devstack devstack@g-api.service[71520]: [pid: 71520|app: 0|req: 11/23] 127.0.0.1 () {42 vars in 1001 bytes} [Thu Feb 12 06:27:13 2026] GET /v2/schemas/image => generated 6083 bytes in 6 msecs (HTTP/1.1 200) 4 headers in 158 bytes (1 switches on core 0)
Feb 12 06:27:23 devstack devstack@g-api.service[71521]: DEBUG dbcounter [-] [71521] Writing DB stats glance:SELECT=4 {{(pid=71521) stat_writer /opt/stack/data/venv/lib/python3.10/site-packages/dbcounter.py:115}}
