Jun 23 15:54:48 devstack cinder-volume[93590]: DEBUG cinder.volume.manager [None req-65c4af0f-e988-4261-8b36-8155c080fe9c tempest-ServersNegativeTestJSON-55488518 None] Task 'cinder.volume.flows.manager.create_volume.ExtractVolumeRefTask;volume:create' (a919dc38-859e-470a-9a5e-234022c48fef) transitioned into state 'SUCCESS' from state 'RUNNING' with result 'Volume(_name_id=None,admin_metadata=,attach_status='detached',availability_zone='nova',bootable=False,cluster=,cluster_name=None,consistencygroup=,consistencygroup_id=None,created_at=2026-06-23T13:54:48Z,deleted=False,deleted_at=None,display_description=None,display_name='tempest-ServersNegativeTestJSON-volume-362619367',ec2_id=None,encryption_key_id=None,glance_metadata=,group=,group_id=None,host='devstack@QuobyteHD#QuobyteHD',id=8cf66c54-415b-4f6e-97a5-25a5daa8d380,launched_at=None,metadata={},migration_status=None,multiattach=False,previous_status=None,project_id='03f34122c08b4fd19c870c49e0177a3e',provider_auth=None,provider_geometry=None,provider_id=None,provider_location=None,replication_driver_data=None,replication_extended_status=None,replication_status=None,scheduled_at=2026-06-23T13:54:49Z,service_uuid=None,shared_targets=True,size=1,snapshot_id=None,snapshots=,source_volid=None,status='creating',terminated_at=None,updated_at=2026-06-23T13:54:49Z,use_quota=True,user_id='2a72a99c86ce4ead95e513c42767169b',volume_attachment=VolumeAttachmentList,volume_type=VolumeType(a9f8bfcc-c983-4f47-bbbd-cf3fb02439f9),volume_type_id=a9f8bfcc-c983-4f47-bbbd-cf3fb02439f9)' {{(pid=93590) _task_receiver /opt/stack/data/venv/lib/python3.12/site-packages/taskflow/listeners/logging.py:218}}
Jun 23 15:54:48 devstack cinder-volume[93590]: DEBUG cinder.volume.manager [None req-65c4af0f-e988-4261-8b36-8155c080fe9c tempest-ServersNegativeTestJSON-55488518 None] Task 'cinder.volume.flows.manager.create_volume.OnFailureRescheduleTask;volume:create' (e9041494-e9db-41a3-a8c3-25b1caa3a6a5) transitioned into state 'RUNNING' from state 'PENDING' {{(pid=93590) _task_receiver /opt/stack/data/venv/lib/python3.12/site-packages/taskflow/listeners/logging.py:242}}
Jun 23 15:54:48 devstack cinder-volume[93590]: DEBUG cinder.volume.manager [None req-65c4af0f-e988-4261-8b36-8155c080fe9c tempest-ServersNegativeTestJSON-55488518 None] Task 'cinder.volume.flows.manager.create_volume.OnFailureRescheduleTask;volume:create' (e9041494-e9db-41a3-a8c3-25b1caa3a6a5) transitioned into state 'SUCCESS' from state 'RUNNING' with result 'None' {{(pid=93590) _task_receiver /opt/stack/data/venv/lib/python3.12/site-packages/taskflow/listeners/logging.py:218}}
Jun 23 15:54:48 devstack cinder-volume[93590]: DEBUG cinder.volume.manager [None req-65c4af0f-e988-4261-8b36-8155c080fe9c tempest-ServersNegativeTestJSON-55488518 None] Task 'cinder.volume.flows.manager.create_volume.ExtractVolumeSpecTask;volume:create' (11f11d14-5930-4039-8440-c488c2331c2e) transitioned into state 'RUNNING' from state 'PENDING' {{(pid=93590) _task_receiver /opt/stack/data/venv/lib/python3.12/site-packages/taskflow/listeners/logging.py:242}}
Jun 23 15:54:48 devstack cinder-volume[93590]: DEBUG cinder.volume.manager [None req-65c4af0f-e988-4261-8b36-8155c080fe9c tempest-ServersNegativeTestJSON-55488518 None] Task 'cinder.volume.flows.manager.create_volume.ExtractVolumeSpecTask;volume:create' (11f11d14-5930-4039-8440-c488c2331c2e) transitioned into state 'SUCCESS' from state 'RUNNING' with result '{'status': 'creating', 'type': 'raw', 'volume_id': '8cf66c54-415b-4f6e-97a5-25a5daa8d380', 'volume_name': 'volume-8cf66c54-415b-4f6e-97a5-25a5daa8d380', 'volume_size': 1}' {{(pid=93590) _task_receiver /opt/stack/data/venv/lib/python3.12/site-packages/taskflow/listeners/logging.py:218}}
Jun 23 15:54:48 devstack cinder-volume[93590]: DEBUG cinder.volume.manager [None req-65c4af0f-e988-4261-8b36-8155c080fe9c tempest-ServersNegativeTestJSON-55488518 None] Task 'cinder.volume.flows.manager.create_volume.NotifyVolumeActionTask;volume:create, create.start' (0fb118d4-3e14-4298-9cd0-ba0f247cea51) transitioned into state 'RUNNING' from state 'PENDING' {{(pid=93590) _task_receiver /opt/stack/data/venv/lib/python3.12/site-packages/taskflow/listeners/logging.py:242}}
Jun 23 15:54:48 devstack cinder-volume[93590]: DEBUG cinder.volume.manager [None req-65c4af0f-e988-4261-8b36-8155c080fe9c tempest-ServersNegativeTestJSON-55488518 None] Task 'cinder.volume.flows.manager.create_volume.NotifyVolumeActionTask;volume:create, create.start' (0fb118d4-3e14-4298-9cd0-ba0f247cea51) transitioned into state 'SUCCESS' from state 'RUNNING' with result 'None' {{(pid=93590) _task_receiver /opt/stack/data/venv/lib/python3.12/site-packages/taskflow/listeners/logging.py:218}}
Jun 23 15:54:48 devstack cinder-volume[93590]: DEBUG cinder.volume.manager [None req-65c4af0f-e988-4261-8b36-8155c080fe9c tempest-ServersNegativeTestJSON-55488518 None] Task 'cinder.volume.flows.manager.create_volume.CreateVolumeFromSpecTask;volume:create' (fdd67b5b-bff4-4eb1-ac67-dd4069fa810c) transitioned into state 'RUNNING' from state 'PENDING' {{(pid=93590) _task_receiver /opt/stack/data/venv/lib/python3.12/site-packages/taskflow/listeners/logging.py:242}}
Jun 23 15:54:48 devstack sudo[98745]: pam_unix(sudo:session): session closed for user root
Jun 23 15:54:48 devstack cinder-volume[93590]: INFO cinder.volume.flows.manager.create_volume [None req-65c4af0f-e988-4261-8b36-8155c080fe9c tempest-ServersNegativeTestJSON-55488518 None] Volume 8cf66c54-415b-4f6e-97a5-25a5daa8d380: being created as raw with specification: {'status': 'creating', 'volume_name': 'volume-8cf66c54-415b-4f6e-97a5-25a5daa8d380', 'volume_size': 1}
Jun 23 15:54:48 devstack cinder-volume[93590]: DEBUG oslo_concurrency.lockutils [None req-65c4af0f-e988-4261-8b36-8155c080fe9c tempest-ServersNegativeTestJSON-55488518 None] Acquiring lock "quobyte" by "cinder.volume.drivers.quobyte.QuobyteDriver.create_volume" {{(pid=93590) inner /opt/stack/data/venv/lib/python3.12/site-packages/oslo_concurrency/lockutils.py:511}}
Jun 23 15:54:48 devstack cinder-volume[93590]: DEBUG oslo_concurrency.processutils [None req-fa9f4d9c-b309-4e9a-89e6-ca2dac30e0b4 tempest-GroupsV314Test-1312276915 None] CMD "sudo cinder-rootwrap /etc/cinder/rootwrap.conf qemu-img create -f qcow2 -o backing_file=/opt/stack/data/cinder/mnt/8bbbaeab0afdaab8b3b6ada3a8b7d30c/volume-16fa0b75-efbf-467a-84cd-71f80a446cdb,backing_fmt=qcow2 /opt/stack/data/cinder/mnt/8bbbaeab0afdaab8b3b6ada3a8b7d30c/volume-16fa0b75-efbf-467a-84cd-71f80a446cdb.4d44deb8-06d7-4e2c-b45c-a421ca7e54ae 1G" returned: 0 in 0.947s {{(pid=93590) execute /opt/stack/data/venv/lib/python3.12/site-packages/oslo_concurrency/processutils.py:468}}
Jun 23 15:54:48 devstack cinder-volume[93590]: DEBUG oslo_concurrency.processutils [None req-fa9f4d9c-b309-4e9a-89e6-ca2dac30e0b4 tempest-GroupsV314Test-1312276915 None] Running cmd (subprocess): sudo cinder-rootwrap /etc/cinder/rootwrap.conf qemu-img rebase -u -b volume-16fa0b75-efbf-467a-84cd-71f80a446cdb -F qcow2 /opt/stack/data/cinder/mnt/8bbbaeab0afdaab8b3b6ada3a8b7d30c/volume-16fa0b75-efbf-467a-84cd-71f80a446cdb.4d44deb8-06d7-4e2c-b45c-a421ca7e54ae {{(pid=93590) execute /opt/stack/data/venv/lib/python3.12/site-packages/oslo_concurrency/processutils.py:440}}
Jun 23 15:54:48 devstack sudo[98755]: quobyte : PWD=/ ; USER=root ; COMMAND=/opt/stack/data/venv/bin/cinder-rootwrap /etc/cinder/rootwrap.conf qemu-img rebase -u -b volume-16fa0b75-efbf-467a-84cd-71f80a446cdb -F qcow2 /opt/stack/data/cinder/mnt/8bbbaeab0afdaab8b3b6ada3a8b7d30c/volume-16fa0b75-efbf-467a-84cd-71f80a446cdb.4d44deb8-06d7-4e2c-b45c-a421ca7e54ae
Jun 23 15:54:48 devstack sudo[98755]: pam_unix(sudo:session): session opened for user root(uid=0) by (uid=1000)
Jun 23 15:54:49 devstack sudo[98755]: pam_unix(sudo:session): session closed for user root
Jun 23 15:54:49 devstack cinder-volume[93590]: DEBUG oslo_concurrency.processutils [None req-fa9f4d9c-b309-4e9a-89e6-ca2dac30e0b4 tempest-GroupsV314Test-1312276915 None] CMD "sudo cinder-rootwrap /etc/cinder/rootwrap.conf qemu-img rebase -u -b volume-16fa0b75-efbf-467a-84cd-71f80a446cdb -F qcow2 /opt/stack/data/cinder/mnt/8bbbaeab0afdaab8b3b6ada3a8b7d30c/volume-16fa0b75-efbf-467a-84cd-71f80a446cdb.4d44deb8-06d7-4e2c-b45c-a421ca7e54ae" returned: 0 in 0.685s {{(pid=93590) execute /opt/stack/data/venv/lib/python3.12/site-packages/oslo_concurrency/processutils.py:468}}
Jun 23 15:54:49 devstack cinder-volume[93590]: WARNING cinder.volume.drivers.remotefs [None req-fa9f4d9c-b309-4e9a-89e6-ca2dac30e0b4 tempest-GroupsV314Test-1312276915 None] /opt/stack/data/cinder/mnt/8bbbaeab0afdaab8b3b6ada3a8b7d30c/volume-16fa0b75-efbf-467a-84cd-71f80a446cdb.4d44deb8-06d7-4e2c-b45c-a421ca7e54ae is being set with open permissions: ugo+rw: NotImplementedError
Jun 23 15:54:49 devstack cinder-volume[93590]: DEBUG oslo_concurrency.processutils [None req-fa9f4d9c-b309-4e9a-89e6-ca2dac30e0b4 tempest-GroupsV314Test-1312276915 None] Running cmd (subprocess): sudo cinder-rootwrap /etc/cinder/rootwrap.conf chmod ugo+rw /opt/stack/data/cinder/mnt/8bbbaeab0afdaab8b3b6ada3a8b7d30c/volume-16fa0b75-efbf-467a-84cd-71f80a446cdb.4d44deb8-06d7-4e2c-b45c-a421ca7e54ae {{(pid=93590) execute /opt/stack/data/venv/lib/python3.12/site-packages/oslo_concurrency/processutils.py:440}}
Jun 23 15:54:49 devstack sudo[98769]: quobyte : PWD=/ ; USER=root ; COMMAND=/opt/stack/data/venv/bin/cinder-rootwrap /etc/cinder/rootwrap.conf chmod ugo+rw /opt/stack/data/cinder/mnt/8bbbaeab0afdaab8b3b6ada3a8b7d30c/volume-16fa0b75-efbf-467a-84cd-71f80a446cdb.4d44deb8-06d7-4e2c-b45c-a421ca7e54ae
Jun 23 15:54:49 devstack sudo[98769]: pam_unix(sudo:session): session opened for user root(uid=0) by (uid=1000)
Jun 23 15:54:50 devstack sudo[98769]: pam_unix(sudo:session): session closed for user root
Jun 23 15:54:50 devstack cinder-volume[93590]: DEBUG oslo_concurrency.processutils [None req-fa9f4d9c-b309-4e9a-89e6-ca2dac30e0b4 tempest-GroupsV314Test-1312276915 None] CMD "sudo cinder-rootwrap /etc/cinder/rootwrap.conf chmod ugo+rw /opt/stack/data/cinder/mnt/8bbbaeab0afdaab8b3b6ada3a8b7d30c/volume-16fa0b75-efbf-467a-84cd-71f80a446cdb.4d44deb8-06d7-4e2c-b45c-a421ca7e54ae" returned: 0 in 0.840s {{(pid=93590) execute /opt/stack/data/venv/lib/python3.12/site-packages/oslo_concurrency/processutils.py:468}}
Jun 23 15:54:50 devstack cinder-volume[93590]: DEBUG oslo_concurrency.processutils [None req-fa9f4d9c-b309-4e9a-89e6-ca2dac30e0b4 tempest-GroupsV314Test-1312276915 None] Running cmd (subprocess): sudo cinder-rootwrap /etc/cinder/rootwrap.conf truncate -s0 /opt/stack/data/cinder/mnt/8bbbaeab0afdaab8b3b6ada3a8b7d30c/volume-16fa0b75-efbf-467a-84cd-71f80a446cdb.info {{(pid=93590) execute /opt/stack/data/venv/lib/python3.12/site-packages/oslo_concurrency/processutils.py:440}}
Jun 23 15:54:50 devstack sudo[98817]: quobyte : PWD=/ ; USER=root ; COMMAND=/opt/stack/data/venv/bin/cinder-rootwrap /etc/cinder/rootwrap.conf truncate -s0 /opt/stack/data/cinder/mnt/8bbbaeab0afdaab8b3b6ada3a8b7d30c/volume-16fa0b75-efbf-467a-84cd-71f80a446cdb.info
Jun 23 15:54:50 devstack sudo[98817]: pam_unix(sudo:session): session opened for user root(uid=0) by (uid=1000)
Jun 23 15:54:50 devstack sudo[98817]: pam_unix(sudo:session): session closed for user root
Jun 23 15:54:51 devstack cinder-volume[93590]: DEBUG oslo_concurrency.processutils [None req-fa9f4d9c-b309-4e9a-89e6-ca2dac30e0b4 tempest-GroupsV314Test-1312276915 None] CMD "sudo cinder-rootwrap /etc/cinder/rootwrap.conf truncate -s0 /opt/stack/data/cinder/mnt/8bbbaeab0afdaab8b3b6ada3a8b7d30c/volume-16fa0b75-efbf-467a-84cd-71f80a446cdb.info" returned: 0 in 0.690s {{(pid=93590) execute /opt/stack/data/venv/lib/python3.12/site-packages/oslo_concurrency/processutils.py:468}}
Jun 23 15:54:51 devstack cinder-volume[93590]: WARNING cinder.volume.drivers.remotefs [None req-fa9f4d9c-b309-4e9a-89e6-ca2dac30e0b4 tempest-GroupsV314Test-1312276915 None] /opt/stack/data/cinder/mnt/8bbbaeab0afdaab8b3b6ada3a8b7d30c/volume-16fa0b75-efbf-467a-84cd-71f80a446cdb.info is being set with open permissions: ugo+rw: NotImplementedError
Jun 23 15:54:51 devstack cinder-volume[93590]: DEBUG oslo_concurrency.processutils [None req-fa9f4d9c-b309-4e9a-89e6-ca2dac30e0b4 tempest-GroupsV314Test-1312276915 None] Running cmd (subprocess): sudo cinder-rootwrap /etc/cinder/rootwrap.conf chmod ugo+rw /opt/stack/data/cinder/mnt/8bbbaeab0afdaab8b3b6ada3a8b7d30c/volume-16fa0b75-efbf-467a-84cd-71f80a446cdb.info {{(pid=93590) execute /opt/stack/data/venv/lib/python3.12/site-packages/oslo_concurrency/processutils.py:440}}
Jun 23 15:54:51 devstack sudo[98821]: quobyte : PWD=/ ; USER=root ; COMMAND=/opt/stack/data/venv/bin/cinder-rootwrap /etc/cinder/rootwrap.conf chmod ugo+rw /opt/stack/data/cinder/mnt/8bbbaeab0afdaab8b3b6ada3a8b7d30c/volume-16fa0b75-efbf-467a-84cd-71f80a446cdb.info
Jun 23 15:54:51 devstack sudo[98821]: pam_unix(sudo:session): session opened for user root(uid=0) by (uid=1000)
Jun 23 15:54:51 devstack sudo[98821]: pam_unix(sudo:session): session closed for user root
Jun 23 15:54:51 devstack cinder-volume[93590]: DEBUG oslo_concurrency.processutils [None req-fa9f4d9c-b309-4e9a-89e6-ca2dac30e0b4 tempest-GroupsV314Test-1312276915 None] CMD "sudo cinder-rootwrap /etc/cinder/rootwrap.conf chmod ugo+rw /opt/stack/data/cinder/mnt/8bbbaeab0afdaab8b3b6ada3a8b7d30c/volume-16fa0b75-efbf-467a-84cd-71f80a446cdb.info" returned: 0 in 0.628s {{(pid=93590) execute /opt/stack/data/venv/lib/python3.12/site-packages/oslo_concurrency/processutils.py:468}}
Jun 23 15:54:51 devstack cinder-volume[93590]: DEBUG cinder.coordination [None req-fa9f4d9c-b309-4e9a-89e6-ca2dac30e0b4 tempest-GroupsV314Test-1312276915 None] Acquiring lock "cinder-quobyte-25261c8a-f426-4466-b4eb-10b8d4b8b6d2" by "_copy_volume_from_snapshot" {{(pid=93590) __acquire /opt/stack/cinder/cinder/coordination.py:138}}
Jun 23 15:54:51 devstack cinder-volume[93590]: DEBUG cinder.coordination [None req-fa9f4d9c-b309-4e9a-89e6-ca2dac30e0b4 tempest-GroupsV314Test-1312276915 None] Lock "cinder-quobyte-25261c8a-f426-4466-b4eb-10b8d4b8b6d2" acquired by "_copy_volume_from_snapshot" :: waited 0.016s {{(pid=93590) __acquire /opt/stack/cinder/cinder/coordination.py:141}}
Jun 23 15:54:51 devstack cinder-volume[93590]: DEBUG cinder.volume.drivers.quobyte [None req-fa9f4d9c-b309-4e9a-89e6-ca2dac30e0b4 tempest-GroupsV314Test-1312276915 None] snapshot: 4d44deb8-06d7-4e2c-b45c-a421ca7e54ae, volume: 25261c8a-f426-4466-b4eb-10b8d4b8b6d2, {{(pid=93590) _copy_volume_from_snapshot /opt/stack/cinder/cinder/volume/drivers/quobyte.py:401}}
Jun 23 15:54:51 devstack cinder-volume[93590]: DEBUG oslo_concurrency.lockutils [None req-fa9f4d9c-b309-4e9a-89e6-ca2dac30e0b4 tempest-GroupsV314Test-1312276915 None] Acquiring lock "quobyte_ensure" by "cinder.volume.drivers.quobyte.QuobyteDriver._ensure_shares_mounted" {{(pid=93590) inner /opt/stack/data/venv/lib/python3.12/site-packages/oslo_concurrency/lockutils.py:511}}
Jun 23 15:54:51 devstack cinder-volume[93590]: DEBUG oslo_concurrency.lockutils [None req-fa9f4d9c-b309-4e9a-89e6-ca2dac30e0b4 tempest-GroupsV314Test-1312276915 None] Lock "quobyte_ensure" acquired by "cinder.volume.drivers.quobyte.QuobyteDriver._ensure_shares_mounted" :: waited 0.001s {{(pid=93590) inner /opt/stack/data/venv/lib/python3.12/site-packages/oslo_concurrency/lockutils.py:524}}
Jun 23 15:54:51 devstack cinder-volume[93590]: DEBUG cinder.volume.drivers.quobyte [None req-fa9f4d9c-b309-4e9a-89e6-ca2dac30e0b4 tempest-GroupsV314Test-1312276915 None] Quobyte Volume URL set to: {'osci02.corp.quobyte.com/cinder-vol-432110f1-119d-4590-898e-3761ad078bdc': None} {{(pid=93590) _load_shares_config /opt/stack/cinder/cinder/volume/drivers/quobyte.py:617}}
Jun 23 15:54:51 devstack cinder-volume[93590]: DEBUG cinder.volume.drivers.quobyte [None req-fa9f4d9c-b309-4e9a-89e6-ca2dac30e0b4 tempest-GroupsV314Test-1312276915 None] Available shares ['osci02.corp.quobyte.com/cinder-vol-432110f1-119d-4590-898e-3761ad078bdc'] {{(pid=93590) _ensure_shares_mounted /opt/stack/cinder/cinder/volume/drivers/quobyte.py:647}}
Jun 23 15:54:51 devstack cinder-volume[93590]: DEBUG oslo_concurrency.lockutils [None req-fa9f4d9c-b309-4e9a-89e6-ca2dac30e0b4 tempest-GroupsV314Test-1312276915 None] Lock "quobyte_ensure" "released" by "cinder.volume.drivers.quobyte.QuobyteDriver._ensure_shares_mounted" :: held 0.006s {{(pid=93590) inner /opt/stack/data/venv/lib/python3.12/site-packages/oslo_concurrency/lockutils.py:543}}
Jun 23 15:54:51 devstack cinder-volume[93590]: DEBUG oslo.privsep.daemon [-] privsep: reply[4f2310a6-2837-4a04-9a46-2cb0f17a6b2f]: (4, 'qcow2') {{(pid=94820) _call_back /opt/stack/data/venv/lib/python3.12/site-packages/oslo_privsep/daemon.py:580}}
Jun 23 15:54:51 devstack cinder-volume[93590]: DEBUG oslo_concurrency.processutils [None req-fa9f4d9c-b309-4e9a-89e6-ca2dac30e0b4 tempest-GroupsV314Test-1312276915 None] Running cmd (subprocess): /opt/stack/data/venv/bin/python3.12 -m oslo_concurrency.prlimit --as=1073741824 --cpu=60 -- sudo cinder-rootwrap /etc/cinder/rootwrap.conf env LC_ALL=C qemu-img info -f qcow2 --output=json --force-share /opt/stack/data/cinder/mnt/8bbbaeab0afdaab8b3b6ada3a8b7d30c/volume-16fa0b75-efbf-467a-84cd-71f80a446cdb.4d44deb8-06d7-4e2c-b45c-a421ca7e54ae {{(pid=93590) execute /opt/stack/data/venv/lib/python3.12/site-packages/oslo_concurrency/processutils.py:440}}
Jun 23 15:54:51 devstack sudo[98824]: quobyte : PWD=/ ; USER=root ; COMMAND=/opt/stack/data/venv/bin/cinder-rootwrap /etc/cinder/rootwrap.conf env LC_ALL=C qemu-img info -f qcow2 --output=json --force-share /opt/stack/data/cinder/mnt/8bbbaeab0afdaab8b3b6ada3a8b7d30c/volume-16fa0b75-efbf-467a-84cd-71f80a446cdb.4d44deb8-06d7-4e2c-b45c-a421ca7e54ae
Jun 23 15:54:51 devstack sudo[98824]: pam_unix(sudo:session): session opened for user root(uid=0) by (uid=1000)
Jun 23 15:54:52 devstack sudo[98824]: pam_unix(sudo:session): session closed for user root
Jun 23 15:54:52 devstack cinder-volume[93590]: DEBUG oslo_concurrency.processutils [None req-fa9f4d9c-b309-4e9a-89e6-ca2dac30e0b4 tempest-GroupsV314Test-1312276915 None] CMD "/opt/stack/data/venv/bin/python3.12 -m oslo_concurrency.prlimit --as=1073741824 --cpu=60 -- sudo cinder-rootwrap /etc/cinder/rootwrap.conf env LC_ALL=C qemu-img info -f qcow2 --output=json --force-share /opt/stack/data/cinder/mnt/8bbbaeab0afdaab8b3b6ada3a8b7d30c/volume-16fa0b75-efbf-467a-84cd-71f80a446cdb.4d44deb8-06d7-4e2c-b45c-a421ca7e54ae" returned: 0 in 0.836s {{(pid=93590) execute /opt/stack/data/venv/lib/python3.12/site-packages/oslo_concurrency/processutils.py:468}}
Jun 23 15:54:52 devstack cinder-volume[93590]: DEBUG cinder.volume.drivers.remotefs [None req-fa9f4d9c-b309-4e9a-89e6-ca2dac30e0b4 tempest-GroupsV314Test-1312276915 None] Fetching qemu-img info with special backing_file_template: (/opt/stack/data/cinder/mnt/[0-9a-f]+/)?(volume-16fa0b75-efbf-467a-84cd-71f80a446cdb(.(tmp-snap-)?[0-9a-f-]+)?|volume_from_snapshot_cache/(tmp-snap-)?[0-9a-f-]+(.(child-|parent-)[0-9a-f-]+)?)$ {{(pid=93590) _qemu_img_info_base /opt/stack/cinder/cinder/volume/drivers/remotefs.py:896}}
Jun 23 15:54:52 devstack cinder-volume[93590]: DEBUG cinder.volume.drivers.quobyte [None req-fa9f4d9c-b309-4e9a-89e6-ca2dac30e0b4 tempest-GroupsV314Test-1312276915 None] will copy from snapshot at /opt/stack/data/cinder/mnt/8bbbaeab0afdaab8b3b6ada3a8b7d30c/volume-16fa0b75-efbf-467a-84cd-71f80a446cdb {{(pid=93590) _copy_volume_from_snapshot /opt/stack/cinder/cinder/volume/drivers/quobyte.py:420}}
Jun 23 15:54:52 devstack cinder-volume[93590]: DEBUG cinder.volume.drivers.quobyte [None req-fa9f4d9c-b309-4e9a-89e6-ca2dac30e0b4 tempest-GroupsV314Test-1312276915 None] Creating direct copy from snapshot {{(pid=93590) _copy_volume_from_snapshot /opt/stack/cinder/cinder/volume/drivers/quobyte.py:428}}
Jun 23 15:54:52 devstack cinder-volume[93590]: DEBUG oslo.privsep.daemon [-] privsep: reply[c6969784-606d-4911-8755-8310c0124734]: (4, 'qcow2') {{(pid=94820) _call_back /opt/stack/data/venv/lib/python3.12/site-packages/oslo_privsep/daemon.py:580}}
Jun 23 15:54:52 devstack cinder-volume[93590]: DEBUG oslo_concurrency.processutils [None req-fa9f4d9c-b309-4e9a-89e6-ca2dac30e0b4 tempest-GroupsV314Test-1312276915 None] Running cmd (subprocess): /opt/stack/data/venv/bin/python3.12 -m oslo_concurrency.prlimit --as=1073741824 --cpu=60 -- sudo cinder-rootwrap /etc/cinder/rootwrap.conf env LC_ALL=C qemu-img info -f qcow2 --output=json /opt/stack/data/cinder/mnt/8bbbaeab0afdaab8b3b6ada3a8b7d30c/volume-16fa0b75-efbf-467a-84cd-71f80a446cdb {{(pid=93590) execute /opt/stack/data/venv/lib/python3.12/site-packages/oslo_concurrency/processutils.py:440}}
Jun 23 15:54:52 devstack sudo[98836]: quobyte : PWD=/ ; USER=root ; COMMAND=/opt/stack/data/venv/bin/cinder-rootwrap /etc/cinder/rootwrap.conf env LC_ALL=C qemu-img info -f qcow2 --output=json /opt/stack/data/cinder/mnt/8bbbaeab0afdaab8b3b6ada3a8b7d30c/volume-16fa0b75-efbf-467a-84cd-71f80a446cdb
Jun 23 15:54:52 devstack sudo[98836]: pam_unix(sudo:session): session opened for user root(uid=0) by (uid=1000)
Jun 23 15:54:53 devstack sudo[98836]: pam_unix(sudo:session): session closed for user root
Jun 23 15:54:53 devstack cinder-volume[93590]: DEBUG oslo_concurrency.processutils [None req-fa9f4d9c-b309-4e9a-89e6-ca2dac30e0b4 tempest-GroupsV314Test-1312276915 None] CMD "/opt/stack/data/venv/bin/python3.12 -m oslo_concurrency.prlimit --as=1073741824 --cpu=60 -- sudo cinder-rootwrap /etc/cinder/rootwrap.conf env LC_ALL=C qemu-img info -f qcow2 --output=json /opt/stack/data/cinder/mnt/8bbbaeab0afdaab8b3b6ada3a8b7d30c/volume-16fa0b75-efbf-467a-84cd-71f80a446cdb" returned: 0 in 0.741s {{(pid=93590) execute /opt/stack/data/venv/lib/python3.12/site-packages/oslo_concurrency/processutils.py:468}}
Jun 23 15:54:53 devstack cinder-volume[93590]: DEBUG cinder.utils [None req-fa9f4d9c-b309-4e9a-89e6-ca2dac30e0b4 tempest-GroupsV314Test-1312276915 None] Path /opt/stack/data/cinder/mnt/8bbbaeab0afdaab8b3b6ada3a8b7d30c/volume-25261c8a-f426-4466-b4eb-10b8d4b8b6d2 not found in is_blk_device check {{(pid=93590) is_blk_device /opt/stack/cinder/cinder/utils.py:615}}
Jun 23 15:54:53 devstack cinder-volume[93590]: DEBUG oslo_concurrency.processutils [None req-fa9f4d9c-b309-4e9a-89e6-ca2dac30e0b4 tempest-GroupsV314Test-1312276915 None] Running cmd (subprocess): sudo cinder-rootwrap /etc/cinder/rootwrap.conf qemu-img convert -O qcow2 /opt/stack/data/cinder/mnt/8bbbaeab0afdaab8b3b6ada3a8b7d30c/volume-16fa0b75-efbf-467a-84cd-71f80a446cdb /opt/stack/data/cinder/mnt/8bbbaeab0afdaab8b3b6ada3a8b7d30c/volume-25261c8a-f426-4466-b4eb-10b8d4b8b6d2 {{(pid=93590) execute /opt/stack/data/venv/lib/python3.12/site-packages/oslo_concurrency/processutils.py:440}}
Jun 23 15:54:53 devstack sudo[98841]: quobyte : PWD=/ ; USER=root ; COMMAND=/opt/stack/data/venv/bin/cinder-rootwrap /etc/cinder/rootwrap.conf qemu-img convert -O qcow2 /opt/stack/data/cinder/mnt/8bbbaeab0afdaab8b3b6ada3a8b7d30c/volume-16fa0b75-efbf-467a-84cd-71f80a446cdb /opt/stack/data/cinder/mnt/8bbbaeab0afdaab8b3b6ada3a8b7d30c/volume-25261c8a-f426-4466-b4eb-10b8d4b8b6d2
Jun 23 15:54:53 devstack sudo[98841]: pam_unix(sudo:session): session opened for user root(uid=0) by (uid=1000)
Jun 23 15:54:59 devstack sudo[98841]: pam_unix(sudo:session): session closed for user root
Jun 23 15:54:59 devstack cinder-volume[93590]: DEBUG oslo_concurrency.processutils [None req-fa9f4d9c-b309-4e9a-89e6-ca2dac30e0b4 tempest-GroupsV314Test-1312276915 None] CMD "sudo cinder-rootwrap /etc/cinder/rootwrap.conf qemu-img convert -O qcow2 /opt/stack/data/cinder/mnt/8bbbaeab0afdaab8b3b6ada3a8b7d30c/volume-16fa0b75-efbf-467a-84cd-71f80a446cdb /opt/stack/data/cinder/mnt/8bbbaeab0afdaab8b3b6ada3a8b7d30c/volume-25261c8a-f426-4466-b4eb-10b8d4b8b6d2" returned: 0 in 5.816s {{(pid=93590) execute /opt/stack/data/venv/lib/python3.12/site-packages/oslo_concurrency/processutils.py:468}}
Jun 23 15:54:59 devstack cinder-volume[93590]: DEBUG oslo.privsep.daemon [-] privsep: reply[8a4dac5c-2bd3-444b-94f0-5e8df830f59d]: (4, 'qcow2') {{(pid=94820) _call_back /opt/stack/data/venv/lib/python3.12/site-packages/oslo_privsep/daemon.py:580}}
Jun 23 15:54:59 devstack cinder-volume[93590]: DEBUG oslo_concurrency.processutils [None req-fa9f4d9c-b309-4e9a-89e6-ca2dac30e0b4 tempest-GroupsV314Test-1312276915 None] Running cmd (subprocess): /opt/stack/data/venv/bin/python3.12 -m oslo_concurrency.prlimit --as=1073741824 --cpu=60 -- sudo cinder-rootwrap /etc/cinder/rootwrap.conf env LC_ALL=C qemu-img info -f qcow2 --output=json /opt/stack/data/cinder/mnt/8bbbaeab0afdaab8b3b6ada3a8b7d30c/volume-16fa0b75-efbf-467a-84cd-71f80a446cdb {{(pid=93590) execute /opt/stack/data/venv/lib/python3.12/site-packages/oslo_concurrency/processutils.py:440}}
Jun 23 15:54:59 devstack sudo[98869]: quobyte : PWD=/ ; USER=root ; COMMAND=/opt/stack/data/venv/bin/cinder-rootwrap /etc/cinder/rootwrap.conf env LC_ALL=C qemu-img info -f qcow2 --output=json /opt/stack/data/cinder/mnt/8bbbaeab0afdaab8b3b6ada3a8b7d30c/volume-16fa0b75-efbf-467a-84cd-71f80a446cdb
Jun 23 15:54:59 devstack sudo[98869]: pam_unix(sudo:session): session opened for user root(uid=0) by (uid=1000)
Jun 23 15:55:00 devstack sudo[98869]: pam_unix(sudo:session): session closed for user root
Jun 23 15:55:00 devstack cinder-volume[93590]: DEBUG oslo_concurrency.processutils [None req-fa9f4d9c-b309-4e9a-89e6-ca2dac30e0b4 tempest-GroupsV314Test-1312276915 None] CMD "/opt/stack/data/venv/bin/python3.12 -m oslo_concurrency.prlimit --as=1073741824 --cpu=60 -- sudo cinder-rootwrap /etc/cinder/rootwrap.conf env LC_ALL=C qemu-img info -f qcow2 --output=json /opt/stack/data/cinder/mnt/8bbbaeab0afdaab8b3b6ada3a8b7d30c/volume-16fa0b75-efbf-467a-84cd-71f80a446cdb" returned: 0 in 0.920s {{(pid=93590) execute /opt/stack/data/venv/lib/python3.12/site-packages/oslo_concurrency/processutils.py:468}}
Jun 23 15:55:00 devstack cinder-volume[93590]: DEBUG cinder.image.image_utils [None req-fa9f4d9c-b309-4e9a-89e6-ca2dac30e0b4 tempest-GroupsV314Test-1312276915 None] Image conversion details: src /opt/stack/data/cinder/mnt/8bbbaeab0afdaab8b3b6ada3a8b7d30c/volume-16fa0b75-efbf-467a-84cd-71f80a446cdb, size 1024.00 MB, duration 5.82 sec, destination /opt/stack/data/cinder/mnt/8bbbaeab0afdaab8b3b6ada3a8b7d30c/volume-25261c8a-f426-4466-b4eb-10b8d4b8b6d2 {{(pid=93590) _convert_image /opt/stack/cinder/cinder/image/image_utils.py:536}}
Jun 23 15:55:00 devstack cinder-volume[93590]: INFO cinder.image.image_utils [None req-fa9f4d9c-b309-4e9a-89e6-ca2dac30e0b4 tempest-GroupsV314Test-1312276915 None] Converted 1024.00 MB image at 176.05 MB/s
Jun 23 15:55:00 devstack cinder-volume[93590]: WARNING cinder.volume.drivers.remotefs [None req-fa9f4d9c-b309-4e9a-89e6-ca2dac30e0b4 tempest-GroupsV314Test-1312276915 None] /opt/stack/data/cinder/mnt/8bbbaeab0afdaab8b3b6ada3a8b7d30c/volume-25261c8a-f426-4466-b4eb-10b8d4b8b6d2 is being set with open permissions: ugo+rw: NotImplementedError
Jun 23 15:55:00 devstack cinder-volume[93590]: DEBUG oslo_concurrency.processutils [None req-fa9f4d9c-b309-4e9a-89e6-ca2dac30e0b4 tempest-GroupsV314Test-1312276915 None] Running cmd (subprocess): sudo cinder-rootwrap /etc/cinder/rootwrap.conf chmod ugo+rw /opt/stack/data/cinder/mnt/8bbbaeab0afdaab8b3b6ada3a8b7d30c/volume-25261c8a-f426-4466-b4eb-10b8d4b8b6d2 {{(pid=93590) execute /opt/stack/data/venv/lib/python3.12/site-packages/oslo_concurrency/processutils.py:440}}
Jun 23 15:55:00 devstack sudo[98875]: quobyte : PWD=/ ; USER=root ; COMMAND=/opt/stack/data/venv/bin/cinder-rootwrap /etc/cinder/rootwrap.conf chmod ugo+rw /opt/stack/data/cinder/mnt/8bbbaeab0afdaab8b3b6ada3a8b7d30c/volume-25261c8a-f426-4466-b4eb-10b8d4b8b6d2
Jun 23 15:55:00 devstack sudo[98875]: pam_unix(sudo:session): session opened for user root(uid=0) by (uid=1000)
Jun 23 15:55:00 devstack cinder-volume[93590]: DEBUG dbcounter [-] [93590] Writing DB stats cinder:SELECT=13,cinder:UPDATE=7,cinder:INSERT=2,cinder:DELETE=1 {{(pid=93590) stat_writer /opt/stack/data/venv/lib/python3.12/site-packages/dbcounter.py:115}}
Jun 23 15:55:00 devstack cinder-volume[93590]: DEBUG dbcounter [-] [93590] Writing DB stats cinder:UPDATE=10,cinder:SELECT=13,cinder:INSERT=2,cinder:DELETE=1 {{(pid=93590) stat_writer /opt/stack/data/venv/lib/python3.12/site-packages/dbcounter.py:115}}
Jun 23 15:55:00 devstack sudo[98875]: pam_unix(sudo:session): session closed for user root
Jun 23 15:55:00 devstack cinder-volume[93590]: DEBUG oslo_concurrency.processutils [None req-fa9f4d9c-b309-4e9a-89e6-ca2dac30e0b4 tempest-GroupsV314Test-1312276915 None] CMD "sudo cinder-rootwrap /etc/cinder/rootwrap.conf chmod ugo+rw /opt/stack/data/cinder/mnt/8bbbaeab0afdaab8b3b6ada3a8b7d30c/volume-25261c8a-f426-4466-b4eb-10b8d4b8b6d2" returned: 0 in 0.673s {{(pid=93590) execute /opt/stack/data/venv/lib/python3.12/site-packages/oslo_concurrency/processutils.py:468}}
Jun 23 15:55:00 devstack cinder-volume[93590]: DEBUG cinder.coordination [None req-fa9f4d9c-b309-4e9a-89e6-ca2dac30e0b4 tempest-GroupsV314Test-1312276915 None] Lock "cinder-quobyte-25261c8a-f426-4466-b4eb-10b8d4b8b6d2" released by "_copy_volume_from_snapshot" :: held 9.066s {{(pid=93590) __release /opt/stack/cinder/cinder/coordination.py:152}}
Jun 23 15:55:00 devstack cinder-volume[93590]: DEBUG cinder.coordination [None req-fa9f4d9c-b309-4e9a-89e6-ca2dac30e0b4 tempest-GroupsV314Test-1312276915 None] Acquiring lock "cinder-quobyte-4d44deb8-06d7-4e2c-b45c-a421ca7e54ae" by "_delete_snapshot" {{(pid=93590) __acquire /opt/stack/cinder/cinder/coordination.py:138}}
Jun 23 15:55:00 devstack cinder-volume[93590]: DEBUG cinder.coordination [None req-fa9f4d9c-b309-4e9a-89e6-ca2dac30e0b4 tempest-GroupsV314Test-1312276915 None] Lock "cinder-quobyte-4d44deb8-06d7-4e2c-b45c-a421ca7e54ae" acquired by "_delete_snapshot" :: waited 0.018s {{(pid=93590) __acquire /opt/stack/cinder/cinder/coordination.py:141}}
Jun 23 15:55:00 devstack cinder-volume[93590]: DEBUG cinder.volume.drivers.remotefs [None req-fa9f4d9c-b309-4e9a-89e6-ca2dac30e0b4 tempest-GroupsV314Test-1312276915 None] Deleting offline snapshot 4d44deb8-06d7-4e2c-b45c-a421ca7e54ae of volume 16fa0b75-efbf-467a-84cd-71f80a446cdb {{(pid=93590) _delete_snapshot /opt/stack/cinder/cinder/volume/drivers/remotefs.py:1288}}
Jun 23 15:55:00 devstack cinder-volume[93590]: DEBUG cinder.volume.drivers.remotefs [None req-fa9f4d9c-b309-4e9a-89e6-ca2dac30e0b4 tempest-GroupsV314Test-1312276915 None] snapshot_file for this snap is: volume-16fa0b75-efbf-467a-84cd-71f80a446cdb.4d44deb8-06d7-4e2c-b45c-a421ca7e54ae {{(pid=93590) _delete_snapshot /opt/stack/cinder/cinder/volume/drivers/remotefs.py:1317}}
Jun 23 15:55:00 devstack cinder-volume[93590]: DEBUG oslo.privsep.daemon [-] privsep: reply[a103a126-6472-49f2-8c91-e9cd17851a0b]: (4, 'qcow2') {{(pid=94820) _call_back /opt/stack/data/venv/lib/python3.12/site-packages/oslo_privsep/daemon.py:580}}
Jun 23 15:55:00 devstack cinder-volume[93590]: DEBUG oslo_concurrency.processutils [None req-fa9f4d9c-b309-4e9a-89e6-ca2dac30e0b4 tempest-GroupsV314Test-1312276915 None] Running cmd (subprocess): /opt/stack/data/venv/bin/python3.12 -m oslo_concurrency.prlimit --as=1073741824 --cpu=60 -- sudo cinder-rootwrap /etc/cinder/rootwrap.conf env LC_ALL=C qemu-img info -f qcow2 --output=json --force-share /opt/stack/data/cinder/mnt/8bbbaeab0afdaab8b3b6ada3a8b7d30c/volume-16fa0b75-efbf-467a-84cd-71f80a446cdb.4d44deb8-06d7-4e2c-b45c-a421ca7e54ae {{(pid=93590) execute /opt/stack/data/venv/lib/python3.12/site-packages/oslo_concurrency/processutils.py:440}}
Jun 23 15:55:00 devstack sudo[99208]: quobyte : PWD=/ ; USER=root ; COMMAND=/opt/stack/data/venv/bin/cinder-rootwrap /etc/cinder/rootwrap.conf env LC_ALL=C qemu-img info -f qcow2 --output=json --force-share /opt/stack/data/cinder/mnt/8bbbaeab0afdaab8b3b6ada3a8b7d30c/volume-16fa0b75-efbf-467a-84cd-71f80a446cdb.4d44deb8-06d7-4e2c-b45c-a421ca7e54ae
Jun 23 15:55:00 devstack sudo[99208]: pam_unix(sudo:session): session opened for user root(uid=0) by (uid=1000)
Jun 23 15:55:01 devstack sudo[99208]: pam_unix(sudo:session): session closed for user root
Jun 23 15:55:01 devstack cinder-volume[93590]: DEBUG oslo_concurrency.processutils [None req-fa9f4d9c-b309-4e9a-89e6-ca2dac30e0b4 tempest-GroupsV314Test-1312276915 None] CMD "/opt/stack/data/venv/bin/python3.12 -m oslo_concurrency.prlimit --as=1073741824 --cpu=60 -- sudo cinder-rootwrap /etc/cinder/rootwrap.conf env LC_ALL=C qemu-img info -f qcow2 --output=json --force-share /opt/stack/data/cinder/mnt/8bbbaeab0afdaab8b3b6ada3a8b7d30c/volume-16fa0b75-efbf-467a-84cd-71f80a446cdb.4d44deb8-06d7-4e2c-b45c-a421ca7e54ae" returned: 0 in 0.872s {{(pid=93590) execute /opt/stack/data/venv/lib/python3.12/site-packages/oslo_concurrency/processutils.py:468}}
Jun 23 15:55:01 devstack cinder-volume[93590]: DEBUG cinder.volume.drivers.remotefs [None req-fa9f4d9c-b309-4e9a-89e6-ca2dac30e0b4 tempest-GroupsV314Test-1312276915 None] Fetching qemu-img info with special backing_file_template: (/opt/stack/data/cinder/mnt/[0-9a-f]+/)?(volume-16fa0b75-efbf-467a-84cd-71f80a446cdb(.(tmp-snap-)?[0-9a-f-]+)?|volume_from_snapshot_cache/(tmp-snap-)?[0-9a-f-]+(.(child-|parent-)[0-9a-f-]+)?)$ {{(pid=93590) _qemu_img_info_base /opt/stack/cinder/cinder/volume/drivers/remotefs.py:896}}
Jun 23 15:55:01 devstack cinder-volume[93590]: DEBUG oslo.privsep.daemon [-] privsep: reply[6653d738-6e28-4724-930f-b174cfcd68ef]: (4, 'qcow2') {{(pid=94820) _call_back /opt/stack/data/venv/lib/python3.12/site-packages/oslo_privsep/daemon.py:580}}
Jun 23 15:55:01 devstack cinder-volume[93590]: DEBUG oslo_concurrency.processutils [None req-fa9f4d9c-b309-4e9a-89e6-ca2dac30e0b4 tempest-GroupsV314Test-1312276915 None] Running cmd (subprocess): /opt/stack/data/venv/bin/python3.12 -m oslo_concurrency.prlimit --as=1073741824 --cpu=60 -- sudo cinder-rootwrap /etc/cinder/rootwrap.conf env LC_ALL=C qemu-img info -f qcow2 --output=json --force-share /opt/stack/data/cinder/mnt/8bbbaeab0afdaab8b3b6ada3a8b7d30c/volume-16fa0b75-efbf-467a-84cd-71f80a446cdb {{(pid=93590) execute /opt/stack/data/venv/lib/python3.12/site-packages/oslo_concurrency/processutils.py:440}}
Jun 23 15:55:01 devstack sudo[99219]: quobyte : PWD=/ ; USER=root ; COMMAND=/opt/stack/data/venv/bin/cinder-rootwrap /etc/cinder/rootwrap.conf env LC_ALL=C qemu-img info -f qcow2 --output=json --force-share /opt/stack/data/cinder/mnt/8bbbaeab0afdaab8b3b6ada3a8b7d30c/volume-16fa0b75-efbf-467a-84cd-71f80a446cdb
Jun 23 15:55:01 devstack sudo[99219]: pam_unix(sudo:session): session opened for user root(uid=0) by (uid=1000)
Jun 23 15:55:02 devstack sudo[99219]: pam_unix(sudo:session): session closed for user root
Jun 23 15:55:02 devstack cinder-volume[93590]: DEBUG oslo_concurrency.processutils [None req-fa9f4d9c-b309-4e9a-89e6-ca2dac30e0b4 tempest-GroupsV314Test-1312276915 None] CMD "/opt/stack/data/venv/bin/python3.12 -m oslo_concurrency.prlimit --as=1073741824 --cpu=60 -- sudo cinder-rootwrap /etc/cinder/rootwrap.conf env LC_ALL=C qemu-img info -f qcow2 --output=json --force-share /opt/stack/data/cinder/mnt/8bbbaeab0afdaab8b3b6ada3a8b7d30c/volume-16fa0b75-efbf-467a-84cd-71f80a446cdb" returned: 0 in 1.030s {{(pid=93590) execute /opt/stack/data/venv/lib/python3.12/site-packages/oslo_concurrency/processutils.py:468}}
Jun 23 15:55:02 devstack cinder-volume[93590]: DEBUG oslo_concurrency.processutils [None req-fa9f4d9c-b309-4e9a-89e6-ca2dac30e0b4 tempest-GroupsV314Test-1312276915 None] Running cmd (subprocess): sudo cinder-rootwrap /etc/cinder/rootwrap.conf qemu-img commit -d /opt/stack/data/cinder/mnt/8bbbaeab0afdaab8b3b6ada3a8b7d30c/volume-16fa0b75-efbf-467a-84cd-71f80a446cdb.4d44deb8-06d7-4e2c-b45c-a421ca7e54ae {{(pid=93590) execute /opt/stack/data/venv/lib/python3.12/site-packages/oslo_concurrency/processutils.py:440}}
Jun 23 15:55:02 devstack sudo[99224]: quobyte : PWD=/ ; USER=root ; COMMAND=/opt/stack/data/venv/bin/cinder-rootwrap /etc/cinder/rootwrap.conf qemu-img commit -d /opt/stack/data/cinder/mnt/8bbbaeab0afdaab8b3b6ada3a8b7d30c/volume-16fa0b75-efbf-467a-84cd-71f80a446cdb.4d44deb8-06d7-4e2c-b45c-a421ca7e54ae
Jun 23 15:55:02 devstack sudo[99224]: pam_unix(sudo:session): session opened for user root(uid=0) by (uid=1000)
Jun 23 15:55:03 devstack sudo[99224]: pam_unix(sudo:session): session closed for user root
Jun 23 15:55:03 devstack cinder-volume[93590]: DEBUG oslo_concurrency.processutils [None req-fa9f4d9c-b309-4e9a-89e6-ca2dac30e0b4 tempest-GroupsV314Test-1312276915 None] CMD "sudo cinder-rootwrap /etc/cinder/rootwrap.conf qemu-img commit -d /opt/stack/data/cinder/mnt/8bbbaeab0afdaab8b3b6ada3a8b7d30c/volume-16fa0b75-efbf-467a-84cd-71f80a446cdb.4d44deb8-06d7-4e2c-b45c-a421ca7e54ae" returned: 0 in 0.831s {{(pid=93590) execute /opt/stack/data/venv/lib/python3.12/site-packages/oslo_concurrency/processutils.py:468}}
Jun 23 15:55:03 devstack cinder-volume[93590]: DEBUG oslo_concurrency.processutils [None req-fa9f4d9c-b309-4e9a-89e6-ca2dac30e0b4 tempest-GroupsV314Test-1312276915 None] Running cmd (subprocess): sudo cinder-rootwrap /etc/cinder/rootwrap.conf rm -f /opt/stack/data/cinder/mnt/8bbbaeab0afdaab8b3b6ada3a8b7d30c/volume-16fa0b75-efbf-467a-84cd-71f80a446cdb.4d44deb8-06d7-4e2c-b45c-a421ca7e54ae {{(pid=93590) execute /opt/stack/data/venv/lib/python3.12/site-packages/oslo_concurrency/processutils.py:440}}
Jun 23 15:55:03 devstack sudo[99230]: quobyte : PWD=/ ; USER=root ; COMMAND=/opt/stack/data/venv/bin/cinder-rootwrap /etc/cinder/rootwrap.conf rm -f /opt/stack/data/cinder/mnt/8bbbaeab0afdaab8b3b6ada3a8b7d30c/volume-16fa0b75-efbf-467a-84cd-71f80a446cdb.4d44deb8-06d7-4e2c-b45c-a421ca7e54ae
Jun 23 15:55:03 devstack sudo[99230]: pam_unix(sudo:session): session opened for user root(uid=0) by (uid=1000)
Jun 23 15:55:04 devstack sudo[99230]: pam_unix(sudo:session): session closed for user root
Jun 23 15:55:04 devstack cinder-volume[93590]: DEBUG oslo_concurrency.processutils [None req-fa9f4d9c-b309-4e9a-89e6-ca2dac30e0b4 tempest-GroupsV314Test-1312276915 None] CMD "sudo cinder-rootwrap /etc/cinder/rootwrap.conf rm -f /opt/stack/data/cinder/mnt/8bbbaeab0afdaab8b3b6ada3a8b7d30c/volume-16fa0b75-efbf-467a-84cd-71f80a446cdb.4d44deb8-06d7-4e2c-b45c-a421ca7e54ae" returned: 0 in 0.662s {{(pid=93590) execute /opt/stack/data/venv/lib/python3.12/site-packages/oslo_concurrency/processutils.py:468}}
Jun 23 15:55:04 devstack cinder-volume[93590]: DEBUG cinder.coordination [None req-fa9f4d9c-b309-4e9a-89e6-ca2dac30e0b4 tempest-GroupsV314Test-1312276915 None] Lock "cinder-quobyte-4d44deb8-06d7-4e2c-b45c-a421ca7e54ae" released by "_delete_snapshot" :: held 3.492s {{(pid=93590) __release /opt/stack/cinder/cinder/coordination.py:152}}
Jun 23 15:55:04 devstack cinder-volume[93590]: DEBUG oslo_concurrency.lockutils [None req-fa9f4d9c-b309-4e9a-89e6-ca2dac30e0b4 tempest-GroupsV314Test-1312276915 None] Lock "quobyte" "released" by "cinder.volume.drivers.quobyte.QuobyteDriver.create_cloned_volume" :: held 17.528s {{(pid=93590) inner /opt/stack/data/venv/lib/python3.12/site-packages/oslo_concurrency/lockutils.py:543}}
Jun 23 15:55:04 devstack cinder-volume[93590]: DEBUG oslo_concurrency.lockutils [None req-bad5e2e2-8f3c-48c7-b70d-6de8d7bc107f tempest-VolumeQuotasNegativeTestJSON-1985759520 None] Lock "quobyte" acquired by "cinder.volume.drivers.quobyte.QuobyteDriver.create_volume" :: waited 16.944s {{(pid=93590) inner /opt/stack/data/venv/lib/python3.12/site-packages/oslo_concurrency/lockutils.py:524}}
Jun 23 15:55:04 devstack cinder-volume[93590]: DEBUG cinder.volume.drivers.quobyte [None req-bad5e2e2-8f3c-48c7-b70d-6de8d7bc107f tempest-VolumeQuotasNegativeTestJSON-1985759520 None] ==> create_volume: call "{'self': , 'volume': Volume(_name_id=None,admin_metadata=,attach_status='detached',availability_zone='nova',bootable=False,cluster=,cluster_name=None,consistencygroup=,consistencygroup_id=None,created_at=2026-06-23T13:54:47Z,deleted=False,deleted_at=None,display_description=None,display_name='tempest-VolumeQuotasNegativeTestJSON-Volume-751625545',ec2_id=None,encryption_key_id=None,glance_metadata=,group=,group_id=None,host='devstack@QuobyteHD#QuobyteHD',id=0105ffea-bd34-44b9-9d05-97616a1ee163,launched_at=None,metadata={},migration_status=None,multiattach=False,previous_status=None,project_id='1ff228e14a3e41aa8e09d8ff2c409590',provider_auth=None,provider_geometry=None,provider_id=None,provider_location=None,replication_driver_data=None,replication_extended_status=None,replication_status=None,scheduled_at=2026-06-23T13:54:47Z,service_uuid=None,shared_targets=True,size=1,snapshot_id=None,snapshots=,source_volid=None,status='creating',terminated_at=None,updated_at=2026-06-23T13:54:47Z,use_quota=True,user_id='a05b0f20007c4cafb141c1e50b43b3bd',volume_attachment=VolumeAttachmentList,volume_type=VolumeType(a9f8bfcc-c983-4f47-bbbd-cf3fb02439f9),volume_type_id=a9f8bfcc-c983-4f47-bbbd-cf3fb02439f9)}" {{(pid=93590) trace_logging_wrapper /opt/stack/cinder/cinder/volume/volume_utils.py:1497}}
Jun 23 15:55:04 devstack cinder-volume[93590]: DEBUG cinder.volume.drivers.remotefs [None req-bad5e2e2-8f3c-48c7-b70d-6de8d7bc107f tempest-VolumeQuotasNegativeTestJSON-1985759520 None] Creating volume 0105ffea-bd34-44b9-9d05-97616a1ee163 {{(pid=93590) create_volume /opt/stack/cinder/cinder/volume/drivers/remotefs.py:292}}
Jun 23 15:55:04 devstack cinder-volume[93590]: DEBUG oslo_concurrency.lockutils [None req-bad5e2e2-8f3c-48c7-b70d-6de8d7bc107f tempest-VolumeQuotasNegativeTestJSON-1985759520 None] Acquiring lock "quobyte_ensure" by "cinder.volume.drivers.quobyte.QuobyteDriver._ensure_shares_mounted" {{(pid=93590) inner /opt/stack/data/venv/lib/python3.12/site-packages/oslo_concurrency/lockutils.py:511}}
Jun 23 15:55:04 devstack cinder-volume[93590]: DEBUG oslo_concurrency.lockutils [None req-bad5e2e2-8f3c-48c7-b70d-6de8d7bc107f tempest-VolumeQuotasNegativeTestJSON-1985759520 None] Lock "quobyte_ensure" acquired by "cinder.volume.drivers.quobyte.QuobyteDriver._ensure_shares_mounted" :: waited 0.001s {{(pid=93590) inner /opt/stack/data/venv/lib/python3.12/site-packages/oslo_concurrency/lockutils.py:524}}
Jun 23 15:55:04 devstack cinder-volume[93590]: DEBUG cinder.volume.drivers.quobyte [None req-bad5e2e2-8f3c-48c7-b70d-6de8d7bc107f tempest-VolumeQuotasNegativeTestJSON-1985759520 None] Quobyte Volume URL set to: {'osci02.corp.quobyte.com/cinder-vol-432110f1-119d-4590-898e-3761ad078bdc': None} {{(pid=93590) _load_shares_config /opt/stack/cinder/cinder/volume/drivers/quobyte.py:617}}
Jun 23 15:55:04 devstack cinder-volume[93590]: DEBUG cinder.volume.drivers.quobyte [None req-bad5e2e2-8f3c-48c7-b70d-6de8d7bc107f tempest-VolumeQuotasNegativeTestJSON-1985759520 None] Available shares ['osci02.corp.quobyte.com/cinder-vol-432110f1-119d-4590-898e-3761ad078bdc'] {{(pid=93590) _ensure_shares_mounted /opt/stack/cinder/cinder/volume/drivers/quobyte.py:647}}
Jun 23 15:55:04 devstack cinder-volume[93590]: DEBUG oslo_concurrency.lockutils [None req-bad5e2e2-8f3c-48c7-b70d-6de8d7bc107f tempest-VolumeQuotasNegativeTestJSON-1985759520 None] Lock "quobyte_ensure" "released" by "cinder.volume.drivers.quobyte.QuobyteDriver._ensure_shares_mounted" :: held 0.007s {{(pid=93590) inner /opt/stack/data/venv/lib/python3.12/site-packages/oslo_concurrency/lockutils.py:543}}
Jun 23 15:55:04 devstack cinder-volume[93590]: DEBUG cinder.volume.drivers.quobyte [None req-bad5e2e2-8f3c-48c7-b70d-6de8d7bc107f tempest-VolumeQuotasNegativeTestJSON-1985759520 None] Selected osci02.corp.quobyte.com/cinder-vol-432110f1-119d-4590-898e-3761ad078bdc as target Quobyte volume. {{(pid=93590) _find_share /opt/stack/cinder/cinder/volume/drivers/quobyte.py:668}}
Jun 23 15:55:04 devstack cinder-volume[93590]: INFO cinder.volume.drivers.remotefs [None req-bad5e2e2-8f3c-48c7-b70d-6de8d7bc107f tempest-VolumeQuotasNegativeTestJSON-1985759520 None] casted to osci02.corp.quobyte.com/cinder-vol-432110f1-119d-4590-898e-3761ad078bdc
Jun 23 15:55:04 devstack cinder-volume[93590]: DEBUG oslo_concurrency.processutils [None req-bad5e2e2-8f3c-48c7-b70d-6de8d7bc107f tempest-VolumeQuotasNegativeTestJSON-1985759520 None] Running cmd (subprocess): sudo cinder-rootwrap /etc/cinder/rootwrap.conf qemu-img create -f qcow2 -o preallocation=metadata /opt/stack/data/cinder/mnt/8bbbaeab0afdaab8b3b6ada3a8b7d30c/volume-0105ffea-bd34-44b9-9d05-97616a1ee163 1073741824 {{(pid=93590) execute /opt/stack/data/venv/lib/python3.12/site-packages/oslo_concurrency/processutils.py:440}}
Jun 23 15:55:04 devstack sudo[99233]: quobyte : PWD=/ ; USER=root ; COMMAND=/opt/stack/data/venv/bin/cinder-rootwrap /etc/cinder/rootwrap.conf qemu-img create -f qcow2 -o preallocation=metadata /opt/stack/data/cinder/mnt/8bbbaeab0afdaab8b3b6ada3a8b7d30c/volume-0105ffea-bd34-44b9-9d05-97616a1ee163 1073741824
Jun 23 15:55:04 devstack sudo[99233]: pam_unix(sudo:session): session opened for user root(uid=0) by (uid=1000)
Jun 23 15:55:04 devstack cinder-volume[93590]: INFO cinder.volume.manager [None req-fa9f4d9c-b309-4e9a-89e6-ca2dac30e0b4 tempest-GroupsV314Test-1312276915 None] Create group from source-group-608a6bf5-008d-428a-aa78-adcb62562aa0 completed successfully.
Jun 23 15:55:04 devstack cinder-volume[93590]: DEBUG cinder.volume.manager [req-7df5880a-bdf7-4e4f-9642-71c1bb135752 req-b82f9b45-355f-471e-bb00-57339aa4d7ec tempest-AttachVolumeShelveTestJSON-278109412 None] No connector for attachment 1c80d2af-4ed9-457c-b7b1-16c22b93d623; skipping storage backend terminate_connection call. {{(pid=93590) _connection_terminate /opt/stack/cinder/cinder/volume/manager.py:5010}}
Jun 23 15:55:04 devstack cinder-volume[93590]: DEBUG cinder.volume.manager [req-7df5880a-bdf7-4e4f-9642-71c1bb135752 req-b82f9b45-355f-471e-bb00-57339aa4d7ec tempest-AttachVolumeShelveTestJSON-278109412 None] Deleting attachment 1c80d2af-4ed9-457c-b7b1-16c22b93d623. {{(pid=93590) attachment_delete /opt/stack/cinder/cinder/volume/manager.py:5055}}
Jun 23 15:55:05 devstack sudo[99233]: pam_unix(sudo:session): session closed for user root
Jun 23 15:55:05 devstack cinder-volume[93590]: DEBUG oslo_concurrency.processutils [None req-bad5e2e2-8f3c-48c7-b70d-6de8d7bc107f tempest-VolumeQuotasNegativeTestJSON-1985759520 None] CMD "sudo cinder-rootwrap /etc/cinder/rootwrap.conf qemu-img create -f qcow2 -o preallocation=metadata /opt/stack/data/cinder/mnt/8bbbaeab0afdaab8b3b6ada3a8b7d30c/volume-0105ffea-bd34-44b9-9d05-97616a1ee163 1073741824" returned: 0 in 0.984s {{(pid=93590) execute /opt/stack/data/venv/lib/python3.12/site-packages/oslo_concurrency/processutils.py:468}}
Jun 23 15:55:05 devstack cinder-volume[93590]: DEBUG oslo_concurrency.processutils [None req-bad5e2e2-8f3c-48c7-b70d-6de8d7bc107f tempest-VolumeQuotasNegativeTestJSON-1985759520 None] Running cmd (subprocess): sudo cinder-rootwrap /etc/cinder/rootwrap.conf chmod ugo+rw /opt/stack/data/cinder/mnt/8bbbaeab0afdaab8b3b6ada3a8b7d30c/volume-0105ffea-bd34-44b9-9d05-97616a1ee163 {{(pid=93590) execute /opt/stack/data/venv/lib/python3.12/site-packages/oslo_concurrency/processutils.py:440}}
Jun 23 15:55:05 devstack sudo[99238]: quobyte : PWD=/ ; USER=root ; COMMAND=/opt/stack/data/venv/bin/cinder-rootwrap /etc/cinder/rootwrap.conf chmod ugo+rw /opt/stack/data/cinder/mnt/8bbbaeab0afdaab8b3b6ada3a8b7d30c/volume-0105ffea-bd34-44b9-9d05-97616a1ee163
Jun 23 15:55:05 devstack sudo[99238]: pam_unix(sudo:session): session opened for user root(uid=0) by (uid=1000)
Jun 23 15:55:05 devstack cinder-volume[93590]: DEBUG cinder.coordination [None req-3edc0438-8d77-412d-862f-be8200b44174 tempest-GroupsV314Test-1312276915 None] Acquiring lock "cinder-quobyte-25261c8a-f426-4466-b4eb-10b8d4b8b6d2" by "delete_volume" {{(pid=93590) __acquire /opt/stack/cinder/cinder/coordination.py:138}}
Jun 23 15:55:05 devstack cinder-volume[93590]: DEBUG cinder.coordination [None req-3edc0438-8d77-412d-862f-be8200b44174 tempest-GroupsV314Test-1312276915 None] Lock "cinder-quobyte-25261c8a-f426-4466-b4eb-10b8d4b8b6d2" acquired by "delete_volume" :: waited 0.030s {{(pid=93590) __acquire /opt/stack/cinder/cinder/coordination.py:141}}
Jun 23 15:55:05 devstack cinder-volume[93590]: DEBUG oslo.privsep.daemon [-] privsep: reply[845b6e17-c051-48fd-93fe-e0c519d1c4de]: (4, 'qcow2') {{(pid=94820) _call_back /opt/stack/data/venv/lib/python3.12/site-packages/oslo_privsep/daemon.py:580}}
Jun 23 15:55:05 devstack cinder-volume[93590]: DEBUG oslo_concurrency.processutils [None req-3edc0438-8d77-412d-862f-be8200b44174 tempest-GroupsV314Test-1312276915 None] Running cmd (subprocess): /opt/stack/data/venv/bin/python3.12 -m oslo_concurrency.prlimit --as=1073741824 --cpu=60 -- sudo cinder-rootwrap /etc/cinder/rootwrap.conf env LC_ALL=C qemu-img info -f qcow2 --output=json --force-share /opt/stack/data/cinder/mnt/8bbbaeab0afdaab8b3b6ada3a8b7d30c/volume-25261c8a-f426-4466-b4eb-10b8d4b8b6d2 {{(pid=93590) execute /opt/stack/data/venv/lib/python3.12/site-packages/oslo_concurrency/processutils.py:440}}
Jun 23 15:55:05 devstack sudo[99240]: quobyte : PWD=/ ; USER=root ; COMMAND=/opt/stack/data/venv/bin/cinder-rootwrap /etc/cinder/rootwrap.conf env LC_ALL=C qemu-img info -f qcow2 --output=json --force-share /opt/stack/data/cinder/mnt/8bbbaeab0afdaab8b3b6ada3a8b7d30c/volume-25261c8a-f426-4466-b4eb-10b8d4b8b6d2
Jun 23 15:55:05 devstack sudo[99240]: pam_unix(sudo:session): session opened for user root(uid=0) by (uid=1000)
Jun 23 15:55:05 devstack cinder-volume[93590]: DEBUG oslo_service.periodic_task [None req-44c42b70-e3db-4680-94c7-2ddb6a4eef05 None None] Running periodic task VolumeManager.publish_service_capabilities {{(pid=93590) run_periodic_tasks /opt/stack/data/venv/lib/python3.12/site-packages/oslo_service/periodic_task.py:225}}
Jun 23 15:55:05 devstack cinder-volume[93590]: DEBUG oslo_concurrency.lockutils [None req-44c42b70-e3db-4680-94c7-2ddb6a4eef05 None None] Acquiring lock "quobyte_ensure" by "cinder.volume.drivers.quobyte.QuobyteDriver._ensure_shares_mounted" {{(pid=93590) inner /opt/stack/data/venv/lib/python3.12/site-packages/oslo_concurrency/lockutils.py:511}}
