Jun 23 15:55:42 devstack cinder-volume[93590]: DEBUG cinder.volume.manager [None req-23d825a0-30b6-4614-9dcf-b3beb3136e07 tempest-VolumeTypesAccessTest-1131990077 None] Task 'cinder.volume.flows.manager.create_volume.CreateVolumeOnFinishTask;volume:create, create.end' (d9324df8-8dd6-43ee-ace2-922ae18acdd7) transitioned into state 'RUNNING' from state 'PENDING' {{(pid=93590) _task_receiver /opt/stack/data/venv/lib/python3.12/site-packages/taskflow/listeners/logging.py:242}}
Jun 23 15:55:42 devstack cinder-volume[93590]: INFO cinder.volume.flows.manager.create_volume [None req-23d825a0-30b6-4614-9dcf-b3beb3136e07 tempest-VolumeTypesAccessTest-1131990077 None] Volume volume-54502369-6613-4960-8aad-607d61ae05da (54502369-6613-4960-8aad-607d61ae05da): created successfully
Jun 23 15:55:42 devstack cinder-volume[93590]: DEBUG cinder.volume.manager [None req-23d825a0-30b6-4614-9dcf-b3beb3136e07 tempest-VolumeTypesAccessTest-1131990077 None] Task 'cinder.volume.flows.manager.create_volume.CreateVolumeOnFinishTask;volume:create, create.end' (d9324df8-8dd6-43ee-ace2-922ae18acdd7) transitioned into state 'SUCCESS' from state 'RUNNING' with result 'None' {{(pid=93590) _task_receiver /opt/stack/data/venv/lib/python3.12/site-packages/taskflow/listeners/logging.py:218}}
Jun 23 15:55:42 devstack cinder-volume[93590]: DEBUG cinder.volume.manager [None req-23d825a0-30b6-4614-9dcf-b3beb3136e07 tempest-VolumeTypesAccessTest-1131990077 None] Flow 'volume_create_manager' (7142de5d-24eb-47db-91c6-76c6d54fc214) transitioned into state 'SUCCESS' from state 'RUNNING' {{(pid=93590) _flow_receiver /opt/stack/data/venv/lib/python3.12/site-packages/taskflow/listeners/logging.py:160}}
Jun 23 15:55:42 devstack cinder-volume[93590]: INFO cinder.volume.manager [None req-23d825a0-30b6-4614-9dcf-b3beb3136e07 tempest-VolumeTypesAccessTest-1131990077 None] Created volume successfully.
Jun 23 15:55:43 devstack sudo[99668]: pam_unix(sudo:session): session closed for user root
Jun 23 15:55:43 devstack cinder-volume[93590]: DEBUG oslo_concurrency.processutils [None req-12bb675a-d77d-4e8f-9831-6a07f7f2e583 tempest-SnapshotsActionsTest-881655375 None] CMD "sudo cinder-rootwrap /etc/cinder/rootwrap.conf qemu-img create -f qcow2 -o preallocation=metadata /opt/stack/data/cinder/mnt/8bbbaeab0afdaab8b3b6ada3a8b7d30c/volume-8c68c49c-8778-44d3-9c4c-0c3aa1a8627a 1073741824" returned: 0 in 1.018s {{(pid=93590) execute /opt/stack/data/venv/lib/python3.12/site-packages/oslo_concurrency/processutils.py:468}}
Jun 23 15:55:43 devstack cinder-volume[93590]: DEBUG cinder.coordination [None req-198405b3-eb69-4b15-8384-b537d48022d1 tempest-VolumeTypesAccessTest-1131990077 None] Acquiring lock "cinder-54502369-6613-4960-8aad-607d61ae05da-delete_volume" by "delete_volume" {{(pid=93590) __acquire /opt/stack/cinder/cinder/coordination.py:138}}
Jun 23 15:55:43 devstack cinder-volume[93590]: DEBUG cinder.coordination [None req-198405b3-eb69-4b15-8384-b537d48022d1 tempest-VolumeTypesAccessTest-1131990077 None] Lock "cinder-54502369-6613-4960-8aad-607d61ae05da-delete_volume" acquired by "delete_volume" :: waited 0.036s {{(pid=93590) __acquire /opt/stack/cinder/cinder/coordination.py:141}}
Jun 23 15:55:43 devstack cinder-volume[93590]: DEBUG oslo_concurrency.processutils [None req-12bb675a-d77d-4e8f-9831-6a07f7f2e583 tempest-SnapshotsActionsTest-881655375 None] Running cmd (subprocess): sudo cinder-rootwrap /etc/cinder/rootwrap.conf chmod ugo+rw /opt/stack/data/cinder/mnt/8bbbaeab0afdaab8b3b6ada3a8b7d30c/volume-8c68c49c-8778-44d3-9c4c-0c3aa1a8627a {{(pid=93590) execute /opt/stack/data/venv/lib/python3.12/site-packages/oslo_concurrency/processutils.py:440}}
Jun 23 15:55:43 devstack cinder-volume[93590]: DEBUG cinder.coordination [None req-198405b3-eb69-4b15-8384-b537d48022d1 tempest-VolumeTypesAccessTest-1131990077 None] Acquiring lock "cinder-quobyte-54502369-6613-4960-8aad-607d61ae05da" by "delete_volume" {{(pid=93590) __acquire /opt/stack/cinder/cinder/coordination.py:138}}
Jun 23 15:55:43 devstack sudo[99677]: quobyte : PWD=/ ; USER=root ; COMMAND=/opt/stack/data/venv/bin/cinder-rootwrap /etc/cinder/rootwrap.conf chmod ugo+rw /opt/stack/data/cinder/mnt/8bbbaeab0afdaab8b3b6ada3a8b7d30c/volume-8c68c49c-8778-44d3-9c4c-0c3aa1a8627a
Jun 23 15:55:43 devstack sudo[99677]: pam_unix(sudo:session): session opened for user root(uid=0) by (uid=1000)
Jun 23 15:55:43 devstack cinder-volume[93590]: DEBUG cinder.coordination [None req-198405b3-eb69-4b15-8384-b537d48022d1 tempest-VolumeTypesAccessTest-1131990077 None] Lock "cinder-quobyte-54502369-6613-4960-8aad-607d61ae05da" acquired by "delete_volume" :: waited 0.024s {{(pid=93590) __acquire /opt/stack/cinder/cinder/coordination.py:141}}
Jun 23 15:55:43 devstack cinder-volume[93590]: DEBUG oslo.privsep.daemon [-] privsep: reply[5ae3f11d-80a1-4226-b6f5-76ba1a8a2d52]: (4, 'qcow2') {{(pid=94820) _call_back /opt/stack/data/venv/lib/python3.12/site-packages/oslo_privsep/daemon.py:580}}
Jun 23 15:55:43 devstack cinder-volume[93590]: DEBUG oslo_concurrency.processutils [None req-198405b3-eb69-4b15-8384-b537d48022d1 tempest-VolumeTypesAccessTest-1131990077 None] Running cmd (subprocess): /opt/stack/data/venv/bin/python3.12 -m oslo_concurrency.prlimit --as=1073741824 --cpu=60 -- sudo cinder-rootwrap /etc/cinder/rootwrap.conf env LC_ALL=C qemu-img info -f qcow2 --output=json --force-share /opt/stack/data/cinder/mnt/8bbbaeab0afdaab8b3b6ada3a8b7d30c/volume-54502369-6613-4960-8aad-607d61ae05da {{(pid=93590) execute /opt/stack/data/venv/lib/python3.12/site-packages/oslo_concurrency/processutils.py:440}}
Jun 23 15:55:44 devstack sudo[99679]: quobyte : PWD=/ ; USER=root ; COMMAND=/opt/stack/data/venv/bin/cinder-rootwrap /etc/cinder/rootwrap.conf env LC_ALL=C qemu-img info -f qcow2 --output=json --force-share /opt/stack/data/cinder/mnt/8bbbaeab0afdaab8b3b6ada3a8b7d30c/volume-54502369-6613-4960-8aad-607d61ae05da
Jun 23 15:55:44 devstack sudo[99679]: pam_unix(sudo:session): session opened for user root(uid=0) by (uid=1000)
Jun 23 15:55:44 devstack sudo[99677]: pam_unix(sudo:session): session closed for user root
Jun 23 15:55:44 devstack cinder-volume[93590]: DEBUG oslo_concurrency.processutils [None req-12bb675a-d77d-4e8f-9831-6a07f7f2e583 tempest-SnapshotsActionsTest-881655375 None] CMD "sudo cinder-rootwrap /etc/cinder/rootwrap.conf chmod ugo+rw /opt/stack/data/cinder/mnt/8bbbaeab0afdaab8b3b6ada3a8b7d30c/volume-8c68c49c-8778-44d3-9c4c-0c3aa1a8627a" returned: 0 in 0.745s {{(pid=93590) execute /opt/stack/data/venv/lib/python3.12/site-packages/oslo_concurrency/processutils.py:468}}
Jun 23 15:55:44 devstack cinder-volume[93590]: DEBUG cinder.volume.drivers.quobyte [None req-12bb675a-d77d-4e8f-9831-6a07f7f2e583 tempest-SnapshotsActionsTest-881655375 None] <== create_volume: return (1863ms) {'provider_location': 'osci02.corp.quobyte.com/cinder-vol-432110f1-119d-4590-898e-3761ad078bdc'} {{(pid=93590) trace_logging_wrapper /opt/stack/cinder/cinder/volume/volume_utils.py:1522}}
Jun 23 15:55:44 devstack cinder-volume[93590]: DEBUG oslo_concurrency.lockutils [None req-12bb675a-d77d-4e8f-9831-6a07f7f2e583 tempest-SnapshotsActionsTest-881655375 None] Lock "quobyte" "released" by "cinder.volume.drivers.quobyte.QuobyteDriver.create_volume" :: held 1.866s {{(pid=93590) inner /opt/stack/data/venv/lib/python3.12/site-packages/oslo_concurrency/lockutils.py:543}}
Jun 23 15:55:44 devstack cinder-volume[93590]: DEBUG cinder.volume.manager [None req-12bb675a-d77d-4e8f-9831-6a07f7f2e583 tempest-SnapshotsActionsTest-881655375 None] Task 'cinder.volume.flows.manager.create_volume.CreateVolumeFromSpecTask;volume:create' (1d158c1a-0406-4ba1-bf7c-795df7adc283) transitioned into state 'SUCCESS' from state 'RUNNING' with result '{'status': 'creating', 'volume_name': 'volume-8c68c49c-8778-44d3-9c4c-0c3aa1a8627a', 'volume_size': 1}' {{(pid=93590) _task_receiver /opt/stack/data/venv/lib/python3.12/site-packages/taskflow/listeners/logging.py:218}}
Jun 23 15:55:44 devstack cinder-volume[93590]: DEBUG cinder.volume.manager [None req-12bb675a-d77d-4e8f-9831-6a07f7f2e583 tempest-SnapshotsActionsTest-881655375 None] Task 'cinder.volume.flows.manager.create_volume.CreateVolumeOnFinishTask;volume:create, create.end' (026b7601-3a06-4cb0-9984-8a0715cb5f19) transitioned into state 'RUNNING' from state 'PENDING' {{(pid=93590) _task_receiver /opt/stack/data/venv/lib/python3.12/site-packages/taskflow/listeners/logging.py:242}}
Jun 23 15:55:44 devstack cinder-volume[93590]: INFO cinder.volume.flows.manager.create_volume [None req-12bb675a-d77d-4e8f-9831-6a07f7f2e583 tempest-SnapshotsActionsTest-881655375 None] Volume volume-8c68c49c-8778-44d3-9c4c-0c3aa1a8627a (8c68c49c-8778-44d3-9c4c-0c3aa1a8627a): created successfully
Jun 23 15:55:44 devstack cinder-volume[93590]: DEBUG cinder.volume.manager [None req-12bb675a-d77d-4e8f-9831-6a07f7f2e583 tempest-SnapshotsActionsTest-881655375 None] Task 'cinder.volume.flows.manager.create_volume.CreateVolumeOnFinishTask;volume:create, create.end' (026b7601-3a06-4cb0-9984-8a0715cb5f19) transitioned into state 'SUCCESS' from state 'RUNNING' with result 'None' {{(pid=93590) _task_receiver /opt/stack/data/venv/lib/python3.12/site-packages/taskflow/listeners/logging.py:218}}
Jun 23 15:55:44 devstack cinder-volume[93590]: DEBUG cinder.volume.manager [None req-12bb675a-d77d-4e8f-9831-6a07f7f2e583 tempest-SnapshotsActionsTest-881655375 None] Flow 'volume_create_manager' (97d9c573-c6f5-4b0c-a425-74d726b9685f) transitioned into state 'SUCCESS' from state 'RUNNING' {{(pid=93590) _flow_receiver /opt/stack/data/venv/lib/python3.12/site-packages/taskflow/listeners/logging.py:160}}
Jun 23 15:55:44 devstack cinder-volume[93590]: INFO cinder.volume.manager [None req-12bb675a-d77d-4e8f-9831-6a07f7f2e583 tempest-SnapshotsActionsTest-881655375 None] Created volume successfully.
Jun 23 15:55:44 devstack sudo[99679]: pam_unix(sudo:session): session closed for user root
Jun 23 15:55:44 devstack cinder-volume[93590]: DEBUG oslo_concurrency.processutils [None req-198405b3-eb69-4b15-8384-b537d48022d1 tempest-VolumeTypesAccessTest-1131990077 None] CMD "/opt/stack/data/venv/bin/python3.12 -m oslo_concurrency.prlimit --as=1073741824 --cpu=60 -- sudo cinder-rootwrap /etc/cinder/rootwrap.conf env LC_ALL=C qemu-img info -f qcow2 --output=json --force-share /opt/stack/data/cinder/mnt/8bbbaeab0afdaab8b3b6ada3a8b7d30c/volume-54502369-6613-4960-8aad-607d61ae05da" returned: 0 in 1.019s {{(pid=93590) execute /opt/stack/data/venv/lib/python3.12/site-packages/oslo_concurrency/processutils.py:468}}
Jun 23 15:55:44 devstack cinder-volume[93590]: DEBUG oslo_concurrency.processutils [None req-198405b3-eb69-4b15-8384-b537d48022d1 tempest-VolumeTypesAccessTest-1131990077 None] Running cmd (subprocess): sudo cinder-rootwrap /etc/cinder/rootwrap.conf rm -f /opt/stack/data/cinder/mnt/8bbbaeab0afdaab8b3b6ada3a8b7d30c/volume-54502369-6613-4960-8aad-607d61ae05da {{(pid=93590) execute /opt/stack/data/venv/lib/python3.12/site-packages/oslo_concurrency/processutils.py:440}}
Jun 23 15:55:44 devstack sudo[99685]: quobyte : PWD=/ ; USER=root ; COMMAND=/opt/stack/data/venv/bin/cinder-rootwrap /etc/cinder/rootwrap.conf rm -f /opt/stack/data/cinder/mnt/8bbbaeab0afdaab8b3b6ada3a8b7d30c/volume-54502369-6613-4960-8aad-607d61ae05da
Jun 23 15:55:44 devstack sudo[99685]: pam_unix(sudo:session): session opened for user root(uid=0) by (uid=1000)
Jun 23 15:55:45 devstack sudo[99685]: pam_unix(sudo:session): session closed for user root
Jun 23 15:55:45 devstack cinder-volume[93590]: DEBUG oslo_concurrency.processutils [None req-198405b3-eb69-4b15-8384-b537d48022d1 tempest-VolumeTypesAccessTest-1131990077 None] CMD "sudo cinder-rootwrap /etc/cinder/rootwrap.conf rm -f /opt/stack/data/cinder/mnt/8bbbaeab0afdaab8b3b6ada3a8b7d30c/volume-54502369-6613-4960-8aad-607d61ae05da" returned: 0 in 0.704s {{(pid=93590) execute /opt/stack/data/venv/lib/python3.12/site-packages/oslo_concurrency/processutils.py:468}}
Jun 23 15:55:45 devstack cinder-volume[93590]: DEBUG cinder.coordination [None req-198405b3-eb69-4b15-8384-b537d48022d1 tempest-VolumeTypesAccessTest-1131990077 None] Lock "cinder-quobyte-54502369-6613-4960-8aad-607d61ae05da" released by "delete_volume" :: held 1.790s {{(pid=93590) __release /opt/stack/cinder/cinder/coordination.py:152}}
Jun 23 15:55:45 devstack cinder-volume[93590]: WARNING cinder.quota [None req-198405b3-eb69-4b15-8384-b537d48022d1 tempest-VolumeTypesAccessTest-1131990077 None] Deprecated: Default quota for resource: volumes_tempest-VolumeTypesAccessTest-volume-type-1773255431 is set by the default quota flag: quota_volumes_tempest-VolumeTypesAccessTest-volume-type-1773255431, it is now deprecated. Please use the default quota class for default quota.
Jun 23 15:55:45 devstack cinder-volume[93590]: WARNING cinder.quota [None req-198405b3-eb69-4b15-8384-b537d48022d1 tempest-VolumeTypesAccessTest-1131990077 None] Deprecated: Default quota for resource: gigabytes_tempest-VolumeTypesAccessTest-volume-type-1773255431 is set by the default quota flag: quota_gigabytes_tempest-VolumeTypesAccessTest-volume-type-1773255431, it is now deprecated. Please use the default quota class for default quota.
Jun 23 15:55:45 devstack cinder-volume[93590]: DEBUG cinder.quota [None req-198405b3-eb69-4b15-8384-b537d48022d1 tempest-VolumeTypesAccessTest-1131990077 None] Created reservations ['e306e369-c354-4b47-a588-b36b9e0407dd', '2ab19d1b-7703-4266-b13a-d852c2611e66', '0a22336a-eece-4394-806c-c96926d148a5', '84bbb9a0-1de5-42cd-a815-b165d3c4dd37'] {{(pid=93590) reserve /opt/stack/cinder/cinder/quota.py:752}}
Jun 23 15:55:45 devstack cinder-volume[93590]: DEBUG oslo_concurrency.lockutils [None req-198405b3-eb69-4b15-8384-b537d48022d1 tempest-VolumeTypesAccessTest-1131990077 None] Acquiring lock "quobyte_ensure" by "cinder.volume.drivers.quobyte.QuobyteDriver._ensure_shares_mounted" {{(pid=93590) inner /opt/stack/data/venv/lib/python3.12/site-packages/oslo_concurrency/lockutils.py:511}}
Jun 23 15:55:45 devstack cinder-volume[93590]: DEBUG oslo_concurrency.lockutils [None req-198405b3-eb69-4b15-8384-b537d48022d1 tempest-VolumeTypesAccessTest-1131990077 None] Lock "quobyte_ensure" acquired by "cinder.volume.drivers.quobyte.QuobyteDriver._ensure_shares_mounted" :: waited 0.002s {{(pid=93590) inner /opt/stack/data/venv/lib/python3.12/site-packages/oslo_concurrency/lockutils.py:524}}
Jun 23 15:55:45 devstack cinder-volume[93590]: DEBUG cinder.volume.drivers.quobyte [None req-198405b3-eb69-4b15-8384-b537d48022d1 tempest-VolumeTypesAccessTest-1131990077 None] Quobyte Volume URL set to: {'osci02.corp.quobyte.com/cinder-vol-432110f1-119d-4590-898e-3761ad078bdc': None} {{(pid=93590) _load_shares_config /opt/stack/cinder/cinder/volume/drivers/quobyte.py:617}}
Jun 23 15:55:45 devstack cinder-volume[93590]: DEBUG cinder.volume.drivers.quobyte [None req-198405b3-eb69-4b15-8384-b537d48022d1 tempest-VolumeTypesAccessTest-1131990077 None] Available shares ['osci02.corp.quobyte.com/cinder-vol-432110f1-119d-4590-898e-3761ad078bdc'] {{(pid=93590) _ensure_shares_mounted /opt/stack/cinder/cinder/volume/drivers/quobyte.py:647}}
Jun 23 15:55:45 devstack cinder-volume[93590]: DEBUG oslo_concurrency.lockutils [None req-198405b3-eb69-4b15-8384-b537d48022d1 tempest-VolumeTypesAccessTest-1131990077 None] Lock "quobyte_ensure" "released" by "cinder.volume.drivers.quobyte.QuobyteDriver._ensure_shares_mounted" :: held 0.009s {{(pid=93590) inner /opt/stack/data/venv/lib/python3.12/site-packages/oslo_concurrency/lockutils.py:543}}
Jun 23 15:55:45 devstack cinder-volume[93590]: DEBUG oslo_concurrency.processutils [None req-198405b3-eb69-4b15-8384-b537d48022d1 tempest-VolumeTypesAccessTest-1131990077 None] Running cmd (subprocess): sudo cinder-rootwrap /etc/cinder/rootwrap.conf df --portability --block-size 1 /opt/stack/data/cinder/mnt/8bbbaeab0afdaab8b3b6ada3a8b7d30c {{(pid=93590) execute /opt/stack/data/venv/lib/python3.12/site-packages/oslo_concurrency/processutils.py:440}}
Jun 23 15:55:45 devstack sudo[99688]: quobyte : PWD=/ ; USER=root ; COMMAND=/opt/stack/data/venv/bin/cinder-rootwrap /etc/cinder/rootwrap.conf df --portability --block-size 1 /opt/stack/data/cinder/mnt/8bbbaeab0afdaab8b3b6ada3a8b7d30c
Jun 23 15:55:45 devstack sudo[99688]: pam_unix(sudo:session): session opened for user root(uid=0) by (uid=1000)
Jun 23 15:55:45 devstack cinder-volume[93590]: DEBUG oslo_concurrency.lockutils [None req-842db88c-6ccc-4a50-90b1-a9e8f394aae3 tempest-SnapshotsActionsTest-881655375 None] Acquiring lock "quobyte" by "cinder.volume.drivers.quobyte.QuobyteDriver.create_snapshot" {{(pid=93590) inner /opt/stack/data/venv/lib/python3.12/site-packages/oslo_concurrency/lockutils.py:511}}
Jun 23 15:55:45 devstack cinder-volume[93590]: DEBUG oslo_concurrency.lockutils [None req-842db88c-6ccc-4a50-90b1-a9e8f394aae3 tempest-SnapshotsActionsTest-881655375 None] Lock "quobyte" acquired by "cinder.volume.drivers.quobyte.QuobyteDriver.create_snapshot" :: waited 0.002s {{(pid=93590) inner /opt/stack/data/venv/lib/python3.12/site-packages/oslo_concurrency/lockutils.py:524}}
Jun 23 15:55:45 devstack cinder-volume[93590]: DEBUG cinder.volume.drivers.remotefs [None req-842db88c-6ccc-4a50-90b1-a9e8f394aae3 tempest-SnapshotsActionsTest-881655375 None] Creating offline snapshot c65042bd-a44a-4320-a79a-abdee1fa15a4 of volume 8c68c49c-8778-44d3-9c4c-0c3aa1a8627a {{(pid=93590) _create_snapshot /opt/stack/cinder/cinder/volume/drivers/remotefs.py:1816}}
Jun 23 15:55:45 devstack cinder-volume[93590]: DEBUG oslo.privsep.daemon [-] privsep: reply[38848838-9131-4df5-aeb9-aa9dcb9dfa82]: (4, 'qcow2') {{(pid=94820) _call_back /opt/stack/data/venv/lib/python3.12/site-packages/oslo_privsep/daemon.py:580}}
Jun 23 15:55:45 devstack cinder-volume[93590]: DEBUG oslo_concurrency.processutils [None req-842db88c-6ccc-4a50-90b1-a9e8f394aae3 tempest-SnapshotsActionsTest-881655375 None] Running cmd (subprocess): /opt/stack/data/venv/bin/python3.12 -m oslo_concurrency.prlimit --as=1073741824 --cpu=60 -- sudo cinder-rootwrap /etc/cinder/rootwrap.conf env LC_ALL=C qemu-img info -f qcow2 --output=json --force-share /opt/stack/data/cinder/mnt/8bbbaeab0afdaab8b3b6ada3a8b7d30c/volume-8c68c49c-8778-44d3-9c4c-0c3aa1a8627a {{(pid=93590) execute /opt/stack/data/venv/lib/python3.12/site-packages/oslo_concurrency/processutils.py:440}}
Jun 23 15:55:46 devstack sudo[99690]: quobyte : PWD=/ ; USER=root ; COMMAND=/opt/stack/data/venv/bin/cinder-rootwrap /etc/cinder/rootwrap.conf env LC_ALL=C qemu-img info -f qcow2 --output=json --force-share /opt/stack/data/cinder/mnt/8bbbaeab0afdaab8b3b6ada3a8b7d30c/volume-8c68c49c-8778-44d3-9c4c-0c3aa1a8627a
Jun 23 15:55:46 devstack sudo[99690]: pam_unix(sudo:session): session opened for user root(uid=0) by (uid=1000)
Jun 23 15:55:46 devstack sudo[99688]: pam_unix(sudo:session): session closed for user root
Jun 23 15:55:46 devstack cinder-volume[93590]: DEBUG oslo_concurrency.processutils [None req-198405b3-eb69-4b15-8384-b537d48022d1 tempest-VolumeTypesAccessTest-1131990077 None] CMD "sudo cinder-rootwrap /etc/cinder/rootwrap.conf df --portability --block-size 1 /opt/stack/data/cinder/mnt/8bbbaeab0afdaab8b3b6ada3a8b7d30c" returned: 0 in 1.033s {{(pid=93590) execute /opt/stack/data/venv/lib/python3.12/site-packages/oslo_concurrency/processutils.py:468}}
Jun 23 15:55:46 devstack cinder-volume[93590]: DEBUG cinder.manager [None req-198405b3-eb69-4b15-8384-b537d48022d1 tempest-VolumeTypesAccessTest-1131990077 None] Notifying Schedulers of capabilities ... {{(pid=93590) _publish_service_capabilities /opt/stack/cinder/cinder/manager.py:219}}
Jun 23 15:55:46 devstack cinder-volume[93590]: INFO cinder.volume.manager [None req-198405b3-eb69-4b15-8384-b537d48022d1 tempest-VolumeTypesAccessTest-1131990077 None] Deleted volume successfully.
Jun 23 15:55:46 devstack cinder-volume[93590]: DEBUG cinder.coordination [None req-198405b3-eb69-4b15-8384-b537d48022d1 tempest-VolumeTypesAccessTest-1131990077 None] Lock "cinder-54502369-6613-4960-8aad-607d61ae05da-delete_volume" released by "delete_volume" :: held 3.164s {{(pid=93590) __release /opt/stack/cinder/cinder/coordination.py:152}}
Jun 23 15:55:47 devstack sudo[99690]: pam_unix(sudo:session): session closed for user root
Jun 23 15:55:47 devstack cinder-volume[93590]: DEBUG oslo_concurrency.processutils [None req-842db88c-6ccc-4a50-90b1-a9e8f394aae3 tempest-SnapshotsActionsTest-881655375 None] CMD "/opt/stack/data/venv/bin/python3.12 -m oslo_concurrency.prlimit --as=1073741824 --cpu=60 -- sudo cinder-rootwrap /etc/cinder/rootwrap.conf env LC_ALL=C qemu-img info -f qcow2 --output=json --force-share /opt/stack/data/cinder/mnt/8bbbaeab0afdaab8b3b6ada3a8b7d30c/volume-8c68c49c-8778-44d3-9c4c-0c3aa1a8627a" returned: 0 in 1.312s {{(pid=93590) execute /opt/stack/data/venv/lib/python3.12/site-packages/oslo_concurrency/processutils.py:468}}
Jun 23 15:55:47 devstack cinder-volume[93590]: DEBUG oslo_concurrency.processutils [None req-842db88c-6ccc-4a50-90b1-a9e8f394aae3 tempest-SnapshotsActionsTest-881655375 None] Running cmd (subprocess): sudo cinder-rootwrap /etc/cinder/rootwrap.conf qemu-img create -f qcow2 -o backing_file=/opt/stack/data/cinder/mnt/8bbbaeab0afdaab8b3b6ada3a8b7d30c/volume-8c68c49c-8778-44d3-9c4c-0c3aa1a8627a,backing_fmt=qcow2 /opt/stack/data/cinder/mnt/8bbbaeab0afdaab8b3b6ada3a8b7d30c/volume-8c68c49c-8778-44d3-9c4c-0c3aa1a8627a.c65042bd-a44a-4320-a79a-abdee1fa15a4 1G {{(pid=93590) execute /opt/stack/data/venv/lib/python3.12/site-packages/oslo_concurrency/processutils.py:440}}
Jun 23 15:55:47 devstack sudo[99696]: quobyte : PWD=/ ; USER=root ; COMMAND=/opt/stack/data/venv/bin/cinder-rootwrap /etc/cinder/rootwrap.conf qemu-img create -f qcow2 -o backing_file=/opt/stack/data/cinder/mnt/8bbbaeab0afdaab8b3b6ada3a8b7d30c/volume-8c68c49c-8778-44d3-9c4c-0c3aa1a8627a,backing_fmt=qcow2 /opt/stack/data/cinder/mnt/8bbbaeab0afdaab8b3b6ada3a8b7d30c/volume-8c68c49c-8778-44d3-9c4c-0c3aa1a8627a.c65042bd-a44a-4320-a79a-abdee1fa15a4 1G
Jun 23 15:55:47 devstack sudo[99696]: pam_unix(sudo:session): session opened for user root(uid=0) by (uid=1000)
Jun 23 15:55:48 devstack sudo[99696]: pam_unix(sudo:session): session closed for user root
Jun 23 15:55:48 devstack cinder-volume[93590]: DEBUG oslo_concurrency.processutils [None req-842db88c-6ccc-4a50-90b1-a9e8f394aae3 tempest-SnapshotsActionsTest-881655375 None] CMD "sudo cinder-rootwrap /etc/cinder/rootwrap.conf qemu-img create -f qcow2 -o backing_file=/opt/stack/data/cinder/mnt/8bbbaeab0afdaab8b3b6ada3a8b7d30c/volume-8c68c49c-8778-44d3-9c4c-0c3aa1a8627a,backing_fmt=qcow2 /opt/stack/data/cinder/mnt/8bbbaeab0afdaab8b3b6ada3a8b7d30c/volume-8c68c49c-8778-44d3-9c4c-0c3aa1a8627a.c65042bd-a44a-4320-a79a-abdee1fa15a4 1G" returned: 0 in 1.539s {{(pid=93590) execute /opt/stack/data/venv/lib/python3.12/site-packages/oslo_concurrency/processutils.py:468}}
Jun 23 15:55:48 devstack cinder-volume[93590]: DEBUG oslo_concurrency.processutils [None req-842db88c-6ccc-4a50-90b1-a9e8f394aae3 tempest-SnapshotsActionsTest-881655375 None] Running cmd (subprocess): sudo cinder-rootwrap /etc/cinder/rootwrap.conf qemu-img rebase -u -b volume-8c68c49c-8778-44d3-9c4c-0c3aa1a8627a -F qcow2 /opt/stack/data/cinder/mnt/8bbbaeab0afdaab8b3b6ada3a8b7d30c/volume-8c68c49c-8778-44d3-9c4c-0c3aa1a8627a.c65042bd-a44a-4320-a79a-abdee1fa15a4 {{(pid=93590) execute /opt/stack/data/venv/lib/python3.12/site-packages/oslo_concurrency/processutils.py:440}}
Jun 23 15:55:48 devstack sudo[99702]: quobyte : PWD=/ ; USER=root ; COMMAND=/opt/stack/data/venv/bin/cinder-rootwrap /etc/cinder/rootwrap.conf qemu-img rebase -u -b volume-8c68c49c-8778-44d3-9c4c-0c3aa1a8627a -F qcow2 /opt/stack/data/cinder/mnt/8bbbaeab0afdaab8b3b6ada3a8b7d30c/volume-8c68c49c-8778-44d3-9c4c-0c3aa1a8627a.c65042bd-a44a-4320-a79a-abdee1fa15a4
Jun 23 15:55:48 devstack sudo[99702]: pam_unix(sudo:session): session opened for user root(uid=0) by (uid=1000)
Jun 23 15:55:49 devstack sudo[99702]: pam_unix(sudo:session): session closed for user root
Jun 23 15:55:49 devstack cinder-volume[93590]: DEBUG oslo_concurrency.processutils [None req-842db88c-6ccc-4a50-90b1-a9e8f394aae3 tempest-SnapshotsActionsTest-881655375 None] CMD "sudo cinder-rootwrap /etc/cinder/rootwrap.conf qemu-img rebase -u -b volume-8c68c49c-8778-44d3-9c4c-0c3aa1a8627a -F qcow2 /opt/stack/data/cinder/mnt/8bbbaeab0afdaab8b3b6ada3a8b7d30c/volume-8c68c49c-8778-44d3-9c4c-0c3aa1a8627a.c65042bd-a44a-4320-a79a-abdee1fa15a4" returned: 0 in 1.049s {{(pid=93590) execute /opt/stack/data/venv/lib/python3.12/site-packages/oslo_concurrency/processutils.py:468}}
Jun 23 15:55:49 devstack cinder-volume[93590]: WARNING cinder.volume.drivers.remotefs [None req-842db88c-6ccc-4a50-90b1-a9e8f394aae3 tempest-SnapshotsActionsTest-881655375 None] /opt/stack/data/cinder/mnt/8bbbaeab0afdaab8b3b6ada3a8b7d30c/volume-8c68c49c-8778-44d3-9c4c-0c3aa1a8627a.c65042bd-a44a-4320-a79a-abdee1fa15a4 is being set with open permissions: ugo+rw
Jun 23 15:55:49 devstack cinder-volume[93590]: DEBUG oslo_concurrency.processutils [None req-842db88c-6ccc-4a50-90b1-a9e8f394aae3 tempest-SnapshotsActionsTest-881655375 None] Running cmd (subprocess): sudo cinder-rootwrap /etc/cinder/rootwrap.conf chmod ugo+rw /opt/stack/data/cinder/mnt/8bbbaeab0afdaab8b3b6ada3a8b7d30c/volume-8c68c49c-8778-44d3-9c4c-0c3aa1a8627a.c65042bd-a44a-4320-a79a-abdee1fa15a4 {{(pid=93590) execute /opt/stack/data/venv/lib/python3.12/site-packages/oslo_concurrency/processutils.py:440}}
Jun 23 15:55:49 devstack sudo[99711]: quobyte : PWD=/ ; USER=root ; COMMAND=/opt/stack/data/venv/bin/cinder-rootwrap /etc/cinder/rootwrap.conf chmod ugo+rw /opt/stack/data/cinder/mnt/8bbbaeab0afdaab8b3b6ada3a8b7d30c/volume-8c68c49c-8778-44d3-9c4c-0c3aa1a8627a.c65042bd-a44a-4320-a79a-abdee1fa15a4
Jun 23 15:55:49 devstack sudo[99711]: pam_unix(sudo:session): session opened for user root(uid=0) by (uid=1000)
Jun 23 15:55:50 devstack sudo[99711]: pam_unix(sudo:session): session closed for user root
Jun 23 15:55:50 devstack cinder-volume[93590]: DEBUG oslo_concurrency.processutils [None req-842db88c-6ccc-4a50-90b1-a9e8f394aae3 tempest-SnapshotsActionsTest-881655375 None] CMD "sudo cinder-rootwrap /etc/cinder/rootwrap.conf chmod ugo+rw /opt/stack/data/cinder/mnt/8bbbaeab0afdaab8b3b6ada3a8b7d30c/volume-8c68c49c-8778-44d3-9c4c-0c3aa1a8627a.c65042bd-a44a-4320-a79a-abdee1fa15a4" returned: 0 in 0.851s {{(pid=93590) execute /opt/stack/data/venv/lib/python3.12/site-packages/oslo_concurrency/processutils.py:468}}
Jun 23 15:55:50 devstack cinder-volume[93590]: DEBUG oslo_concurrency.processutils [None req-842db88c-6ccc-4a50-90b1-a9e8f394aae3 tempest-SnapshotsActionsTest-881655375 None] Running cmd (subprocess): sudo cinder-rootwrap /etc/cinder/rootwrap.conf truncate -s0 /opt/stack/data/cinder/mnt/8bbbaeab0afdaab8b3b6ada3a8b7d30c/volume-8c68c49c-8778-44d3-9c4c-0c3aa1a8627a.info {{(pid=93590) execute /opt/stack/data/venv/lib/python3.12/site-packages/oslo_concurrency/processutils.py:440}}
Jun 23 15:55:50 devstack sudo[99719]: quobyte : PWD=/ ; USER=root ; COMMAND=/opt/stack/data/venv/bin/cinder-rootwrap /etc/cinder/rootwrap.conf truncate -s0 /opt/stack/data/cinder/mnt/8bbbaeab0afdaab8b3b6ada3a8b7d30c/volume-8c68c49c-8778-44d3-9c4c-0c3aa1a8627a.info
Jun 23 15:55:50 devstack sudo[99719]: pam_unix(sudo:session): session opened for user root(uid=0) by (uid=1000)
Jun 23 15:55:51 devstack sudo[99719]: pam_unix(sudo:session): session closed for user root
Jun 23 15:55:51 devstack cinder-volume[93590]: DEBUG oslo_concurrency.processutils [None req-842db88c-6ccc-4a50-90b1-a9e8f394aae3 tempest-SnapshotsActionsTest-881655375 None] CMD "sudo cinder-rootwrap /etc/cinder/rootwrap.conf truncate -s0 /opt/stack/data/cinder/mnt/8bbbaeab0afdaab8b3b6ada3a8b7d30c/volume-8c68c49c-8778-44d3-9c4c-0c3aa1a8627a.info" returned: 0 in 0.958s {{(pid=93590) execute /opt/stack/data/venv/lib/python3.12/site-packages/oslo_concurrency/processutils.py:468}}
Jun 23 15:55:51 devstack cinder-volume[93590]: WARNING cinder.volume.drivers.remotefs [None req-842db88c-6ccc-4a50-90b1-a9e8f394aae3 tempest-SnapshotsActionsTest-881655375 None] /opt/stack/data/cinder/mnt/8bbbaeab0afdaab8b3b6ada3a8b7d30c/volume-8c68c49c-8778-44d3-9c4c-0c3aa1a8627a.info is being set with open permissions: ugo+rw
Jun 23 15:55:51 devstack cinder-volume[93590]: DEBUG oslo_concurrency.processutils [None req-842db88c-6ccc-4a50-90b1-a9e8f394aae3 tempest-SnapshotsActionsTest-881655375 None] Running cmd (subprocess): sudo cinder-rootwrap /etc/cinder/rootwrap.conf chmod ugo+rw /opt/stack/data/cinder/mnt/8bbbaeab0afdaab8b3b6ada3a8b7d30c/volume-8c68c49c-8778-44d3-9c4c-0c3aa1a8627a.info {{(pid=93590) execute /opt/stack/data/venv/lib/python3.12/site-packages/oslo_concurrency/processutils.py:440}}
Jun 23 15:55:51 devstack sudo[99723]: quobyte : PWD=/ ; USER=root ; COMMAND=/opt/stack/data/venv/bin/cinder-rootwrap /etc/cinder/rootwrap.conf chmod ugo+rw /opt/stack/data/cinder/mnt/8bbbaeab0afdaab8b3b6ada3a8b7d30c/volume-8c68c49c-8778-44d3-9c4c-0c3aa1a8627a.info
Jun 23 15:55:51 devstack sudo[99723]: pam_unix(sudo:session): session opened for user root(uid=0) by (uid=1000)
Jun 23 15:55:52 devstack sudo[99723]: pam_unix(sudo:session): session closed for user root
Jun 23 15:55:52 devstack cinder-volume[93590]: DEBUG oslo_concurrency.processutils [None req-842db88c-6ccc-4a50-90b1-a9e8f394aae3 tempest-SnapshotsActionsTest-881655375 None] CMD "sudo cinder-rootwrap /etc/cinder/rootwrap.conf chmod ugo+rw /opt/stack/data/cinder/mnt/8bbbaeab0afdaab8b3b6ada3a8b7d30c/volume-8c68c49c-8778-44d3-9c4c-0c3aa1a8627a.info" returned: 0 in 1.161s {{(pid=93590) execute /opt/stack/data/venv/lib/python3.12/site-packages/oslo_concurrency/processutils.py:468}}
Jun 23 15:55:52 devstack cinder-volume[93590]: DEBUG oslo_concurrency.lockutils [None req-842db88c-6ccc-4a50-90b1-a9e8f394aae3 tempest-SnapshotsActionsTest-881655375 None] Lock "quobyte" "released" by "cinder.volume.drivers.quobyte.QuobyteDriver.create_snapshot" :: held 7.021s {{(pid=93590) inner /opt/stack/data/venv/lib/python3.12/site-packages/oslo_concurrency/lockutils.py:543}}
Jun 23 15:55:53 devstack cinder-volume[93590]: INFO cinder.volume.manager [None req-842db88c-6ccc-4a50-90b1-a9e8f394aae3 tempest-SnapshotsActionsTest-881655375 None] Create snapshot completed successfully
Jun 23 15:55:54 devstack cinder-volume[93590]: DEBUG oslo_concurrency.lockutils [None req-2a6f37c5-23c9-4bc5-b1d9-d17291e1cdcd tempest-SnapshotsActionsTest-881655375 None] Acquiring lock "quobyte" by "cinder.volume.drivers.quobyte.QuobyteDriver.create_snapshot" {{(pid=93590) inner /opt/stack/data/venv/lib/python3.12/site-packages/oslo_concurrency/lockutils.py:511}}
Jun 23 15:55:54 devstack cinder-volume[93590]: DEBUG oslo_concurrency.lockutils [None req-2a6f37c5-23c9-4bc5-b1d9-d17291e1cdcd tempest-SnapshotsActionsTest-881655375 None] Lock "quobyte" acquired by "cinder.volume.drivers.quobyte.QuobyteDriver.create_snapshot" :: waited 0.001s {{(pid=93590) inner /opt/stack/data/venv/lib/python3.12/site-packages/oslo_concurrency/lockutils.py:524}}
Jun 23 15:55:54 devstack cinder-volume[93590]: DEBUG cinder.volume.drivers.remotefs [None req-2a6f37c5-23c9-4bc5-b1d9-d17291e1cdcd tempest-SnapshotsActionsTest-881655375 None] Creating offline snapshot f0e3cde4-674f-40f4-a457-33d5fd3a7eb2 of volume 8c68c49c-8778-44d3-9c4c-0c3aa1a8627a {{(pid=93590) _create_snapshot /opt/stack/cinder/cinder/volume/drivers/remotefs.py:1816}}
Jun 23 15:55:54 devstack cinder-volume[93590]: DEBUG oslo.privsep.daemon [-] privsep: reply[55cace0a-d6de-4195-87f7-77996b3e4d9d]: (4, 'qcow2') {{(pid=94820) _call_back /opt/stack/data/venv/lib/python3.12/site-packages/oslo_privsep/daemon.py:580}}
Jun 23 15:55:54 devstack cinder-volume[93590]: DEBUG oslo_concurrency.processutils [None req-2a6f37c5-23c9-4bc5-b1d9-d17291e1cdcd tempest-SnapshotsActionsTest-881655375 None] Running cmd (subprocess): /opt/stack/data/venv/bin/python3.12 -m oslo_concurrency.prlimit --as=1073741824 --cpu=60 -- sudo cinder-rootwrap /etc/cinder/rootwrap.conf env LC_ALL=C qemu-img info -f qcow2 --output=json --force-share /opt/stack/data/cinder/mnt/8bbbaeab0afdaab8b3b6ada3a8b7d30c/volume-8c68c49c-8778-44d3-9c4c-0c3aa1a8627a.c65042bd-a44a-4320-a79a-abdee1fa15a4 {{(pid=93590) execute /opt/stack/data/venv/lib/python3.12/site-packages/oslo_concurrency/processutils.py:440}}
Jun 23 15:55:54 devstack sudo[99770]: quobyte : PWD=/ ; USER=root ; COMMAND=/opt/stack/data/venv/bin/cinder-rootwrap /etc/cinder/rootwrap.conf env LC_ALL=C qemu-img info -f qcow2 --output=json --force-share /opt/stack/data/cinder/mnt/8bbbaeab0afdaab8b3b6ada3a8b7d30c/volume-8c68c49c-8778-44d3-9c4c-0c3aa1a8627a.c65042bd-a44a-4320-a79a-abdee1fa15a4
Jun 23 15:55:54 devstack sudo[99770]: pam_unix(sudo:session): session opened for user root(uid=0) by (uid=1000)
Jun 23 15:55:55 devstack sudo[99770]: pam_unix(sudo:session): session closed for user root
Jun 23 15:55:55 devstack cinder-volume[93590]: DEBUG oslo_concurrency.processutils [None req-2a6f37c5-23c9-4bc5-b1d9-d17291e1cdcd tempest-SnapshotsActionsTest-881655375 None] CMD "/opt/stack/data/venv/bin/python3.12 -m oslo_concurrency.prlimit --as=1073741824 --cpu=60 -- sudo cinder-rootwrap /etc/cinder/rootwrap.conf env LC_ALL=C qemu-img info -f qcow2 --output=json --force-share /opt/stack/data/cinder/mnt/8bbbaeab0afdaab8b3b6ada3a8b7d30c/volume-8c68c49c-8778-44d3-9c4c-0c3aa1a8627a.c65042bd-a44a-4320-a79a-abdee1fa15a4" returned: 0 in 1.063s {{(pid=93590) execute /opt/stack/data/venv/lib/python3.12/site-packages/oslo_concurrency/processutils.py:468}}
Jun 23 15:55:55 devstack cinder-volume[93590]: DEBUG cinder.volume.drivers.remotefs [None req-2a6f37c5-23c9-4bc5-b1d9-d17291e1cdcd tempest-SnapshotsActionsTest-881655375 None] Fetching qemu-img info with special backing_file_template: (/opt/stack/data/cinder/mnt/[0-9a-f]+/)?(volume-8c68c49c-8778-44d3-9c4c-0c3aa1a8627a(.(tmp-snap-)?[0-9a-f-]+)?|volume_from_snapshot_cache/(tmp-snap-)?[0-9a-f-]+(.(child-|parent-)[0-9a-f-]+)?)$ {{(pid=93590) _qemu_img_info_base /opt/stack/cinder/cinder/volume/drivers/remotefs.py:896}}
Jun 23 15:55:55 devstack cinder-volume[93590]: DEBUG oslo_concurrency.processutils [None req-2a6f37c5-23c9-4bc5-b1d9-d17291e1cdcd tempest-SnapshotsActionsTest-881655375 None] Running cmd (subprocess): sudo cinder-rootwrap /etc/cinder/rootwrap.conf qemu-img create -f qcow2 -o backing_file=/opt/stack/data/cinder/mnt/8bbbaeab0afdaab8b3b6ada3a8b7d30c/volume-8c68c49c-8778-44d3-9c4c-0c3aa1a8627a.c65042bd-a44a-4320-a79a-abdee1fa15a4,backing_fmt=qcow2 /opt/stack/data/cinder/mnt/8bbbaeab0afdaab8b3b6ada3a8b7d30c/volume-8c68c49c-8778-44d3-9c4c-0c3aa1a8627a.f0e3cde4-674f-40f4-a457-33d5fd3a7eb2 1G {{(pid=93590) execute /opt/stack/data/venv/lib/python3.12/site-packages/oslo_concurrency/processutils.py:440}}
Jun 23 15:55:55 devstack sudo[99775]: quobyte : PWD=/ ; USER=root ; COMMAND=/opt/stack/data/venv/bin/cinder-rootwrap /etc/cinder/rootwrap.conf qemu-img create -f qcow2 -o backing_file=/opt/stack/data/cinder/mnt/8bbbaeab0afdaab8b3b6ada3a8b7d30c/volume-8c68c49c-8778-44d3-9c4c-0c3aa1a8627a.c65042bd-a44a-4320-a79a-abdee1fa15a4,backing_fmt=qcow2 /opt/stack/data/cinder/mnt/8bbbaeab0afdaab8b3b6ada3a8b7d30c/volume-8c68c49c-8778-44d3-9c4c-0c3aa1a8627a.f0e3cde4-674f-40f4-a457-33d5fd3a7eb2 1G
Jun 23 15:55:55 devstack sudo[99775]: pam_unix(sudo:session): session opened for user root(uid=0) by (uid=1000)
Jun 23 15:55:56 devstack sudo[99775]: pam_unix(sudo:session): session closed for user root
Jun 23 15:55:56 devstack cinder-volume[93590]: DEBUG oslo_concurrency.processutils [None req-2a6f37c5-23c9-4bc5-b1d9-d17291e1cdcd tempest-SnapshotsActionsTest-881655375 None] CMD "sudo cinder-rootwrap /etc/cinder/rootwrap.conf qemu-img create -f qcow2 -o backing_file=/opt/stack/data/cinder/mnt/8bbbaeab0afdaab8b3b6ada3a8b7d30c/volume-8c68c49c-8778-44d3-9c4c-0c3aa1a8627a.c65042bd-a44a-4320-a79a-abdee1fa15a4,backing_fmt=qcow2 /opt/stack/data/cinder/mnt/8bbbaeab0afdaab8b3b6ada3a8b7d30c/volume-8c68c49c-8778-44d3-9c4c-0c3aa1a8627a.f0e3cde4-674f-40f4-a457-33d5fd3a7eb2 1G" returned: 0 in 1.082s {{(pid=93590) execute /opt/stack/data/venv/lib/python3.12/site-packages/oslo_concurrency/processutils.py:468}}
Jun 23 15:55:56 devstack cinder-volume[93590]: DEBUG oslo_concurrency.processutils [None req-2a6f37c5-23c9-4bc5-b1d9-d17291e1cdcd tempest-SnapshotsActionsTest-881655375 None] Running cmd (subprocess): sudo cinder-rootwrap /etc/cinder/rootwrap.conf qemu-img rebase -u -b volume-8c68c49c-8778-44d3-9c4c-0c3aa1a8627a.c65042bd-a44a-4320-a79a-abdee1fa15a4 -F qcow2 /opt/stack/data/cinder/mnt/8bbbaeab0afdaab8b3b6ada3a8b7d30c/volume-8c68c49c-8778-44d3-9c4c-0c3aa1a8627a.f0e3cde4-674f-40f4-a457-33d5fd3a7eb2 {{(pid=93590) execute /opt/stack/data/venv/lib/python3.12/site-packages/oslo_concurrency/processutils.py:440}}
Jun 23 15:55:56 devstack sudo[99786]: quobyte : PWD=/ ; USER=root ; COMMAND=/opt/stack/data/venv/bin/cinder-rootwrap /etc/cinder/rootwrap.conf qemu-img rebase -u -b volume-8c68c49c-8778-44d3-9c4c-0c3aa1a8627a.c65042bd-a44a-4320-a79a-abdee1fa15a4 -F qcow2 /opt/stack/data/cinder/mnt/8bbbaeab0afdaab8b3b6ada3a8b7d30c/volume-8c68c49c-8778-44d3-9c4c-0c3aa1a8627a.f0e3cde4-674f-40f4-a457-33d5fd3a7eb2
Jun 23 15:55:56 devstack sudo[99786]: pam_unix(sudo:session): session opened for user root(uid=0) by (uid=1000)
Jun 23 15:55:57 devstack sudo[99786]: pam_unix(sudo:session): session closed for user root
Jun 23 15:55:57 devstack cinder-volume[93590]: DEBUG oslo_concurrency.processutils [None req-2a6f37c5-23c9-4bc5-b1d9-d17291e1cdcd tempest-SnapshotsActionsTest-881655375 None] CMD "sudo cinder-rootwrap /etc/cinder/rootwrap.conf qemu-img rebase -u -b volume-8c68c49c-8778-44d3-9c4c-0c3aa1a8627a.c65042bd-a44a-4320-a79a-abdee1fa15a4 -F qcow2 /opt/stack/data/cinder/mnt/8bbbaeab0afdaab8b3b6ada3a8b7d30c/volume-8c68c49c-8778-44d3-9c4c-0c3aa1a8627a.f0e3cde4-674f-40f4-a457-33d5fd3a7eb2" returned: 0 in 0.844s {{(pid=93590) execute /opt/stack/data/venv/lib/python3.12/site-packages/oslo_concurrency/processutils.py:468}}
Jun 23 15:55:57 devstack cinder-volume[93590]: WARNING cinder.volume.drivers.remotefs [None req-2a6f37c5-23c9-4bc5-b1d9-d17291e1cdcd tempest-SnapshotsActionsTest-881655375 None] /opt/stack/data/cinder/mnt/8bbbaeab0afdaab8b3b6ada3a8b7d30c/volume-8c68c49c-8778-44d3-9c4c-0c3aa1a8627a.f0e3cde4-674f-40f4-a457-33d5fd3a7eb2 is being set with open permissions: ugo+rw
Jun 23 15:55:57 devstack cinder-volume[93590]: DEBUG oslo_concurrency.processutils [None req-2a6f37c5-23c9-4bc5-b1d9-d17291e1cdcd tempest-SnapshotsActionsTest-881655375 None] Running cmd (subprocess): sudo cinder-rootwrap /etc/cinder/rootwrap.conf chmod ugo+rw /opt/stack/data/cinder/mnt/8bbbaeab0afdaab8b3b6ada3a8b7d30c/volume-8c68c49c-8778-44d3-9c4c-0c3aa1a8627a.f0e3cde4-674f-40f4-a457-33d5fd3a7eb2 {{(pid=93590) execute /opt/stack/data/venv/lib/python3.12/site-packages/oslo_concurrency/processutils.py:440}}
Jun 23 15:55:57 devstack sudo[99793]: quobyte : PWD=/ ; USER=root ; COMMAND=/opt/stack/data/venv/bin/cinder-rootwrap /etc/cinder/rootwrap.conf chmod ugo+rw /opt/stack/data/cinder/mnt/8bbbaeab0afdaab8b3b6ada3a8b7d30c/volume-8c68c49c-8778-44d3-9c4c-0c3aa1a8627a.f0e3cde4-674f-40f4-a457-33d5fd3a7eb2
Jun 23 15:55:57 devstack sudo[99793]: pam_unix(sudo:session): session opened for user root(uid=0) by (uid=1000)
Jun 23 15:55:58 devstack sudo[99793]: pam_unix(sudo:session): session closed for user root
Jun 23 15:55:58 devstack cinder-volume[93590]: DEBUG oslo_concurrency.processutils [None req-2a6f37c5-23c9-4bc5-b1d9-d17291e1cdcd tempest-SnapshotsActionsTest-881655375 None] CMD "sudo cinder-rootwrap /etc/cinder/rootwrap.conf chmod ugo+rw /opt/stack/data/cinder/mnt/8bbbaeab0afdaab8b3b6ada3a8b7d30c/volume-8c68c49c-8778-44d3-9c4c-0c3aa1a8627a.f0e3cde4-674f-40f4-a457-33d5fd3a7eb2" returned: 0 in 0.740s {{(pid=93590) execute /opt/stack/data/venv/lib/python3.12/site-packages/oslo_concurrency/processutils.py:468}}
Jun 23 15:55:58 devstack cinder-volume[93590]: DEBUG oslo_concurrency.lockutils [None req-2a6f37c5-23c9-4bc5-b1d9-d17291e1cdcd tempest-SnapshotsActionsTest-881655375 None] Lock "quobyte" "released" by "cinder.volume.drivers.quobyte.QuobyteDriver.create_snapshot" :: held 3.857s {{(pid=93590) inner /opt/stack/data/venv/lib/python3.12/site-packages/oslo_concurrency/lockutils.py:543}}
Jun 23 15:55:58 devstack cinder-volume[93590]: INFO cinder.volume.manager [None req-2a6f37c5-23c9-4bc5-b1d9-d17291e1cdcd tempest-SnapshotsActionsTest-881655375 None] Create snapshot completed successfully
Jun 23 15:55:58 devstack cinder-volume[93590]: DEBUG cinder.coordination [None req-d01cfe86-9c6c-4d2f-974c-6d6c47fd3594 tempest-SnapshotsActionsTest-1119513316 None] Acquiring lock "cinder-f0e3cde4-674f-40f4-a457-33d5fd3a7eb2-delete_snapshot" by "delete_snapshot" {{(pid=93590) __acquire /opt/stack/cinder/cinder/coordination.py:138}}
Jun 23 15:55:58 devstack cinder-volume[93590]: DEBUG cinder.coordination [None req-d01cfe86-9c6c-4d2f-974c-6d6c47fd3594 tempest-SnapshotsActionsTest-1119513316 None] Lock "cinder-f0e3cde4-674f-40f4-a457-33d5fd3a7eb2-delete_snapshot" acquired by "delete_snapshot" :: waited 0.023s {{(pid=93590) __acquire /opt/stack/cinder/cinder/coordination.py:141}}
Jun 23 15:55:58 devstack cinder-volume[93590]: DEBUG cinder.coordination [None req-d01cfe86-9c6c-4d2f-974c-6d6c47fd3594 tempest-SnapshotsActionsTest-1119513316 None] Acquiring lock "cinder-quobyte-8c68c49c-8778-44d3-9c4c-0c3aa1a8627a" by "delete_snapshot" {{(pid=93590) __acquire /opt/stack/cinder/cinder/coordination.py:138}}
Jun 23 15:55:58 devstack cinder-volume[93590]: DEBUG cinder.coordination [None req-d01cfe86-9c6c-4d2f-974c-6d6c47fd3594 tempest-SnapshotsActionsTest-1119513316 None] Lock "cinder-quobyte-8c68c49c-8778-44d3-9c4c-0c3aa1a8627a" acquired by "delete_snapshot" :: waited 0.021s {{(pid=93590) __acquire /opt/stack/cinder/cinder/coordination.py:141}}
Jun 23 15:55:58 devstack cinder-volume[93590]: DEBUG cinder.coordination [None req-d01cfe86-9c6c-4d2f-974c-6d6c47fd3594 tempest-SnapshotsActionsTest-1119513316 None] Acquiring lock "cinder-quobyte-f0e3cde4-674f-40f4-a457-33d5fd3a7eb2" by "_delete_snapshot" {{(pid=93590) __acquire /opt/stack/cinder/cinder/coordination.py:138}}
Jun 23 15:55:58 devstack cinder-volume[93590]: DEBUG cinder.coordination [None req-d01cfe86-9c6c-4d2f-974c-6d6c47fd3594 tempest-SnapshotsActionsTest-1119513316 None] Lock "cinder-quobyte-f0e3cde4-674f-40f4-a457-33d5fd3a7eb2" acquired by "_delete_snapshot" :: waited 0.019s {{(pid=93590) __acquire /opt/stack/cinder/cinder/coordination.py:141}}
Jun 23 15:55:58 devstack cinder-volume[93590]: DEBUG cinder.volume.drivers.remotefs [None req-d01cfe86-9c6c-4d2f-974c-6d6c47fd3594 tempest-SnapshotsActionsTest-1119513316 None] Deleting offline snapshot f0e3cde4-674f-40f4-a457-33d5fd3a7eb2 of volume 8c68c49c-8778-44d3-9c4c-0c3aa1a8627a {{(pid=93590) _delete_snapshot /opt/stack/cinder/cinder/volume/drivers/remotefs.py:1288}}
Jun 23 15:55:58 devstack cinder-volume[93590]: DEBUG cinder.volume.drivers.remotefs [None req-d01cfe86-9c6c-4d2f-974c-6d6c47fd3594 tempest-SnapshotsActionsTest-1119513316 None] snapshot_file for this snap is: volume-8c68c49c-8778-44d3-9c4c-0c3aa1a8627a.f0e3cde4-674f-40f4-a457-33d5fd3a7eb2 {{(pid=93590) _delete_snapshot /opt/stack/cinder/cinder/volume/drivers/remotefs.py:1317}}
Jun 23 15:55:58 devstack cinder-volume[93590]: DEBUG oslo.privsep.daemon [-] privsep: reply[c14931d5-2e62-41a7-b8fc-b0eed022e027]: (4, 'qcow2') {{(pid=94820) _call_back /opt/stack/data/venv/lib/python3.12/site-packages/oslo_privsep/daemon.py:580}}
Jun 23 15:55:58 devstack cinder-volume[93590]: DEBUG oslo_concurrency.processutils [None req-d01cfe86-9c6c-4d2f-974c-6d6c47fd3594 tempest-SnapshotsActionsTest-1119513316 None] Running cmd (subprocess): /opt/stack/data/venv/bin/python3.12 -m oslo_concurrency.prlimit --as=1073741824 --cpu=60 -- sudo cinder-rootwrap /etc/cinder/rootwrap.conf env LC_ALL=C qemu-img info -f qcow2 --output=json --force-share /opt/stack/data/cinder/mnt/8bbbaeab0afdaab8b3b6ada3a8b7d30c/volume-8c68c49c-8778-44d3-9c4c-0c3aa1a8627a.f0e3cde4-674f-40f4-a457-33d5fd3a7eb2 {{(pid=93590) execute /opt/stack/data/venv/lib/python3.12/site-packages/oslo_concurrency/processutils.py:440}}
Jun 23 15:55:58 devstack sudo[99796]: quobyte : PWD=/ ; USER=root ; COMMAND=/opt/stack/data/venv/bin/cinder-rootwrap /etc/cinder/rootwrap.conf env LC_ALL=C qemu-img info -f qcow2 --output=json --force-share /opt/stack/data/cinder/mnt/8bbbaeab0afdaab8b3b6ada3a8b7d30c/volume-8c68c49c-8778-44d3-9c4c-0c3aa1a8627a.f0e3cde4-674f-40f4-a457-33d5fd3a7eb2
Jun 23 15:55:58 devstack sudo[99796]: pam_unix(sudo:session): session opened for user root(uid=0) by (uid=1000)
Jun 23 15:55:59 devstack sudo[99796]: pam_unix(sudo:session): session closed for user root
Jun 23 15:55:59 devstack cinder-volume[93590]: DEBUG oslo_concurrency.processutils [None req-d01cfe86-9c6c-4d2f-974c-6d6c47fd3594 tempest-SnapshotsActionsTest-1119513316 None] CMD "/opt/stack/data/venv/bin/python3.12 -m oslo_concurrency.prlimit --as=1073741824 --cpu=60 -- sudo cinder-rootwrap /etc/cinder/rootwrap.conf env LC_ALL=C qemu-img info -f qcow2 --output=json --force-share /opt/stack/data/cinder/mnt/8bbbaeab0afdaab8b3b6ada3a8b7d30c/volume-8c68c49c-8778-44d3-9c4c-0c3aa1a8627a.f0e3cde4-674f-40f4-a457-33d5fd3a7eb2" returned: 0 in 1.007s {{(pid=93590) execute /opt/stack/data/venv/lib/python3.12/site-packages/oslo_concurrency/processutils.py:468}}
Jun 23 15:55:59 devstack cinder-volume[93590]: DEBUG cinder.volume.drivers.remotefs [None req-d01cfe86-9c6c-4d2f-974c-6d6c47fd3594 tempest-SnapshotsActionsTest-1119513316 None] Fetching qemu-img info with special backing_file_template: (/opt/stack/data/cinder/mnt/[0-9a-f]+/)?(volume-8c68c49c-8778-44d3-9c4c-0c3aa1a8627a(.(tmp-snap-)?[0-9a-f-]+)?|volume_from_snapshot_cache/(tmp-snap-)?[0-9a-f-]+(.(child-|parent-)[0-9a-f-]+)?)$ {{(pid=93590) _qemu_img_info_base /opt/stack/cinder/cinder/volume/drivers/remotefs.py:896}}
Jun 23 15:55:59 devstack cinder-volume[93590]: DEBUG oslo.privsep.daemon [-] privsep: reply[f56c914f-78e7-467d-a756-0fb5fe7efddb]: (4, 'qcow2') {{(pid=94820) _call_back /opt/stack/data/venv/lib/python3.12/site-packages/oslo_privsep/daemon.py:580}}
Jun 23 15:55:59 devstack cinder-volume[93590]: DEBUG oslo_concurrency.processutils [None req-d01cfe86-9c6c-4d2f-974c-6d6c47fd3594 tempest-SnapshotsActionsTest-1119513316 None] Running cmd (subprocess): /opt/stack/data/venv/bin/python3.12 -m oslo_concurrency.prlimit --as=1073741824 --cpu=60 -- sudo cinder-rootwrap /etc/cinder/rootwrap.conf env LC_ALL=C qemu-img info -f qcow2 --output=json --force-share /opt/stack/data/cinder/mnt/8bbbaeab0afdaab8b3b6ada3a8b7d30c/volume-8c68c49c-8778-44d3-9c4c-0c3aa1a8627a.c65042bd-a44a-4320-a79a-abdee1fa15a4 {{(pid=93590) execute /opt/stack/data/venv/lib/python3.12/site-packages/oslo_concurrency/processutils.py:440}}
Jun 23 15:55:59 devstack sudo[99801]: quobyte : PWD=/ ; USER=root ; COMMAND=/opt/stack/data/venv/bin/cinder-rootwrap /etc/cinder/rootwrap.conf env LC_ALL=C qemu-img info -f qcow2 --output=json --force-share /opt/stack/data/cinder/mnt/8bbbaeab0afdaab8b3b6ada3a8b7d30c/volume-8c68c49c-8778-44d3-9c4c-0c3aa1a8627a.c65042bd-a44a-4320-a79a-abdee1fa15a4
Jun 23 15:55:59 devstack sudo[99801]: pam_unix(sudo:session): session opened for user root(uid=0) by (uid=1000)
Jun 23 15:56:00 devstack cinder-volume[93590]: DEBUG cinder.coordination [None req-1d05b840-c56a-4f1f-8013-953ff2db6dc0 tempest-AttachVolumeShelveTestJSON-278109412 None] Acquiring lock "cinder-3e3fcf8d-b93f-4de3-ab18-3577ccce4607-delete_volume" by "delete_volume" {{(pid=93590) __acquire /opt/stack/cinder/cinder/coordination.py:138}}
Jun 23 15:56:00 devstack cinder-volume[93590]: DEBUG cinder.coordination [None req-1d05b840-c56a-4f1f-8013-953ff2db6dc0 tempest-AttachVolumeShelveTestJSON-278109412 None] Lock "cinder-3e3fcf8d-b93f-4de3-ab18-3577ccce4607-delete_volume" acquired by "delete_volume" :: waited 0.027s {{(pid=93590) __acquire /opt/stack/cinder/cinder/coordination.py:141}}
Jun 23 15:56:00 devstack sudo[99801]: pam_unix(sudo:session): session closed for user root
Jun 23 15:56:00 devstack cinder-volume[93590]: DEBUG oslo_concurrency.processutils [None req-d01cfe86-9c6c-4d2f-974c-6d6c47fd3594 tempest-SnapshotsActionsTest-1119513316 None] CMD "/opt/stack/data/venv/bin/python3.12 -m oslo_concurrency.prlimit --as=1073741824 --cpu=60 -- sudo cinder-rootwrap /etc/cinder/rootwrap.conf env LC_ALL=C qemu-img info -f qcow2 --output=json --force-share /opt/stack/data/cinder/mnt/8bbbaeab0afdaab8b3b6ada3a8b7d30c/volume-8c68c49c-8778-44d3-9c4c-0c3aa1a8627a.c65042bd-a44a-4320-a79a-abdee1fa15a4" returned: 0 in 1.108s {{(pid=93590) execute /opt/stack/data/venv/lib/python3.12/site-packages/oslo_concurrency/processutils.py:468}}
Jun 23 15:56:00 devstack cinder-volume[93590]: DEBUG cinder.volume.drivers.remotefs [None req-d01cfe86-9c6c-4d2f-974c-6d6c47fd3594 tempest-SnapshotsActionsTest-1119513316 None] Fetching qemu-img info with special backing_file_template: (/opt/stack/data/cinder/mnt/[0-9a-f]+/)?(volume-8c68c49c-8778-44d3-9c4c-0c3aa1a8627a(.(tmp-snap-)?[0-9a-f-]+)?|volume_from_snapshot_cache/(tmp-snap-)?[0-9a-f-]+(.(child-|parent-)[0-9a-f-]+)?)$ {{(pid=93590) _qemu_img_info_base /opt/stack/cinder/cinder/volume/drivers/remotefs.py:896}}
Jun 23 15:56:00 devstack cinder-volume[93590]: DEBUG oslo_concurrency.processutils [None req-d01cfe86-9c6c-4d2f-974c-6d6c47fd3594 tempest-SnapshotsActionsTest-1119513316 None] Running cmd (subprocess): sudo cinder-rootwrap /etc/cinder/rootwrap.conf qemu-img commit -d /opt/stack/data/cinder/mnt/8bbbaeab0afdaab8b3b6ada3a8b7d30c/volume-8c68c49c-8778-44d3-9c4c-0c3aa1a8627a.f0e3cde4-674f-40f4-a457-33d5fd3a7eb2 {{(pid=93590) execute /opt/stack/data/venv/lib/python3.12/site-packages/oslo_concurrency/processutils.py:440}}
Jun 23 15:56:00 devstack sudo[99806]: quobyte : PWD=/ ; USER=root ; COMMAND=/opt/stack/data/venv/bin/cinder-rootwrap /etc/cinder/rootwrap.conf qemu-img commit -d /opt/stack/data/cinder/mnt/8bbbaeab0afdaab8b3b6ada3a8b7d30c/volume-8c68c49c-8778-44d3-9c4c-0c3aa1a8627a.f0e3cde4-674f-40f4-a457-33d5fd3a7eb2
Jun 23 15:56:00 devstack sudo[99806]: pam_unix(sudo:session): session opened for user root(uid=0) by (uid=1000)
