Jul 14 13:02:19 devstack cinder-volume[86977]: DEBUG cinder.coordination [None req-6636bb94-cb26-485e-af8f-4833a81caac0 tempest-AbsoluteLimitsTests-655815924 None] Lock "cinder-726d773e-7420-4729-b769-50342c1d620e-delete_volume" acquired by "delete_volume" :: waited 0.022s {{(pid=86977) __acquire /opt/stack/cinder/cinder/coordination.py:141}}
Jul 14 13:02:19 devstack cinder-volume[86977]: DEBUG cinder.coordination [None req-6636bb94-cb26-485e-af8f-4833a81caac0 tempest-AbsoluteLimitsTests-655815924 None] Acquiring lock "cinder-quobyte-726d773e-7420-4729-b769-50342c1d620e" by "delete_volume" {{(pid=86977) __acquire /opt/stack/cinder/cinder/coordination.py:138}}
Jul 14 13:02:19 devstack cinder-volume[86977]: DEBUG cinder.coordination [None req-6636bb94-cb26-485e-af8f-4833a81caac0 tempest-AbsoluteLimitsTests-655815924 None] Lock "cinder-quobyte-726d773e-7420-4729-b769-50342c1d620e" acquired by "delete_volume" :: waited 0.018s {{(pid=86977) __acquire /opt/stack/cinder/cinder/coordination.py:141}}
Jul 14 13:02:19 devstack cinder-volume[86977]: DEBUG oslo.privsep.daemon [-] privsep: reply[8bdac309-8dbc-4145-bb92-b48e7032b7ee]: (4, 'qcow2') {{(pid=88743) _call_back /opt/stack/data/venv/lib/python3.12/site-packages/oslo_privsep/daemon.py:580}}
Jul 14 13:02:19 devstack cinder-volume[86977]: DEBUG oslo_concurrency.processutils [None req-6636bb94-cb26-485e-af8f-4833a81caac0 tempest-AbsoluteLimitsTests-655815924 None] Running cmd (subprocess): /opt/stack/data/venv/bin/python3.12 -m oslo_concurrency.prlimit --as=1073741824 --cpu=60 -- sudo cinder-rootwrap /etc/cinder/rootwrap.conf env LC_ALL=C qemu-img info -f qcow2 --output=json --force-share /opt/stack/data/cinder/mnt/0fe8e8a4d08f52b884440ad5f91d3132/volume-726d773e-7420-4729-b769-50342c1d620e {{(pid=86977) execute /opt/stack/data/venv/lib/python3.12/site-packages/oslo_concurrency/processutils.py:440}}
Jul 14 13:02:19 devstack sudo[95344]: quobyte : PWD=/ ; USER=root ; COMMAND=/opt/stack/data/venv/bin/cinder-rootwrap /etc/cinder/rootwrap.conf env LC_ALL=C qemu-img info -f qcow2 --output=json --force-share /opt/stack/data/cinder/mnt/0fe8e8a4d08f52b884440ad5f91d3132/volume-726d773e-7420-4729-b769-50342c1d620e
Jul 14 13:02:19 devstack sudo[95344]: pam_unix(sudo:session): session opened for user root(uid=0) by (uid=1000)
Jul 14 13:02:19 devstack sudo[95022]: pam_unix(sudo:session): session closed for user root
Jul 14 13:02:20 devstack cinder-volume[86977]: DEBUG oslo_concurrency.processutils [None req-a8a10e77-e3fa-435e-b488-5717c3c1a03d tempest-SnapshotMetadataTestJSON-237188989 None] CMD "sudo cinder-rootwrap /etc/cinder/rootwrap.conf qemu-img create -f qcow2 -o preallocation=metadata /opt/stack/data/cinder/mnt/0fe8e8a4d08f52b884440ad5f91d3132/volume-e11274fb-1306-473a-b358-74ce56ee9cd7 1073741824" returned: 0 in 0.543s {{(pid=86977) execute /opt/stack/data/venv/lib/python3.12/site-packages/oslo_concurrency/processutils.py:468}}
Jul 14 13:02:20 devstack cinder-volume[86977]: DEBUG oslo_concurrency.processutils [None req-a8a10e77-e3fa-435e-b488-5717c3c1a03d tempest-SnapshotMetadataTestJSON-237188989 None] Running cmd (subprocess): sudo cinder-rootwrap /etc/cinder/rootwrap.conf chmod ugo+rw /opt/stack/data/cinder/mnt/0fe8e8a4d08f52b884440ad5f91d3132/volume-e11274fb-1306-473a-b358-74ce56ee9cd7 {{(pid=86977) execute /opt/stack/data/venv/lib/python3.12/site-packages/oslo_concurrency/processutils.py:440}}
Jul 14 13:02:20 devstack sudo[95346]: quobyte : PWD=/ ; USER=root ; COMMAND=/opt/stack/data/venv/bin/cinder-rootwrap /etc/cinder/rootwrap.conf chmod ugo+rw /opt/stack/data/cinder/mnt/0fe8e8a4d08f52b884440ad5f91d3132/volume-e11274fb-1306-473a-b358-74ce56ee9cd7
Jul 14 13:02:20 devstack sudo[95346]: pam_unix(sudo:session): session opened for user root(uid=0) by (uid=1000)
Jul 14 13:02:20 devstack sudo[95344]: pam_unix(sudo:session): session closed for user root
Jul 14 13:02:20 devstack cinder-volume[86977]: DEBUG oslo_concurrency.processutils [None req-6636bb94-cb26-485e-af8f-4833a81caac0 tempest-AbsoluteLimitsTests-655815924 None] CMD "/opt/stack/data/venv/bin/python3.12 -m oslo_concurrency.prlimit --as=1073741824 --cpu=60 -- sudo cinder-rootwrap /etc/cinder/rootwrap.conf env LC_ALL=C qemu-img info -f qcow2 --output=json --force-share /opt/stack/data/cinder/mnt/0fe8e8a4d08f52b884440ad5f91d3132/volume-726d773e-7420-4729-b769-50342c1d620e" returned: 0 in 0.436s {{(pid=86977) execute /opt/stack/data/venv/lib/python3.12/site-packages/oslo_concurrency/processutils.py:468}}
Jul 14 13:02:20 devstack cinder-volume[86977]: DEBUG oslo_concurrency.processutils [None req-6636bb94-cb26-485e-af8f-4833a81caac0 tempest-AbsoluteLimitsTests-655815924 None] Running cmd (subprocess): sudo cinder-rootwrap /etc/cinder/rootwrap.conf rm -f /opt/stack/data/cinder/mnt/0fe8e8a4d08f52b884440ad5f91d3132/volume-726d773e-7420-4729-b769-50342c1d620e {{(pid=86977) execute /opt/stack/data/venv/lib/python3.12/site-packages/oslo_concurrency/processutils.py:440}}
Jul 14 13:02:20 devstack sudo[95346]: pam_unix(sudo:session): session closed for user root
Jul 14 13:02:20 devstack cinder-volume[86977]: DEBUG oslo_concurrency.processutils [None req-a8a10e77-e3fa-435e-b488-5717c3c1a03d tempest-SnapshotMetadataTestJSON-237188989 None] CMD "sudo cinder-rootwrap /etc/cinder/rootwrap.conf chmod ugo+rw /opt/stack/data/cinder/mnt/0fe8e8a4d08f52b884440ad5f91d3132/volume-e11274fb-1306-473a-b358-74ce56ee9cd7" returned: 0 in 0.285s {{(pid=86977) execute /opt/stack/data/venv/lib/python3.12/site-packages/oslo_concurrency/processutils.py:468}}
Jul 14 13:02:20 devstack cinder-volume[86977]: DEBUG cinder.volume.drivers.quobyte [None req-a8a10e77-e3fa-435e-b488-5717c3c1a03d tempest-SnapshotMetadataTestJSON-237188989 None] <== create_volume: return (879ms) {'provider_location': 'osci02.corp.quobyte.com/cinder-vol-5305ce97-ea21-4e9c-a6d2-98be88eb92f1'} {{(pid=86977) trace_logging_wrapper /opt/stack/cinder/cinder/volume/volume_utils.py:1522}}
Jul 14 13:02:20 devstack sudo[95352]: quobyte : PWD=/ ; USER=root ; COMMAND=/opt/stack/data/venv/bin/cinder-rootwrap /etc/cinder/rootwrap.conf rm -f /opt/stack/data/cinder/mnt/0fe8e8a4d08f52b884440ad5f91d3132/volume-726d773e-7420-4729-b769-50342c1d620e
Jul 14 13:02:20 devstack sudo[95352]: pam_unix(sudo:session): session opened for user root(uid=0) by (uid=1000)
Jul 14 13:02:20 devstack cinder-volume[86977]: DEBUG oslo_concurrency.lockutils [None req-a8a10e77-e3fa-435e-b488-5717c3c1a03d tempest-SnapshotMetadataTestJSON-237188989 None] Lock "quobyte" "released" by "cinder.volume.drivers.quobyte.QuobyteDriver.create_volume" :: held 0.881s {{(pid=86977) inner /opt/stack/data/venv/lib/python3.12/site-packages/oslo_concurrency/lockutils.py:543}}
Jul 14 13:02:20 devstack cinder-volume[86977]: DEBUG cinder.volume.manager [None req-a8a10e77-e3fa-435e-b488-5717c3c1a03d tempest-SnapshotMetadataTestJSON-237188989 None] Task 'cinder.volume.flows.manager.create_volume.CreateVolumeFromSpecTask;volume:create' (7168ab91-fd83-4c46-86bb-94b298edabe3) transitioned into state 'SUCCESS' from state 'RUNNING' with result '{'status': 'creating', 'volume_name': 'volume-e11274fb-1306-473a-b358-74ce56ee9cd7', 'volume_size': 1}' {{(pid=86977) _task_receiver /opt/stack/data/venv/lib/python3.12/site-packages/taskflow/listeners/logging.py:218}}
Jul 14 13:02:20 devstack cinder-volume[86977]: DEBUG cinder.volume.manager [None req-a8a10e77-e3fa-435e-b488-5717c3c1a03d tempest-SnapshotMetadataTestJSON-237188989 None] Task 'cinder.volume.flows.manager.create_volume.CreateVolumeOnFinishTask;volume:create, create.end' (6ff8cb2d-2413-42c9-92e3-703faa50964c) transitioned into state 'RUNNING' from state 'PENDING' {{(pid=86977) _task_receiver /opt/stack/data/venv/lib/python3.12/site-packages/taskflow/listeners/logging.py:242}}
Jul 14 13:02:20 devstack cinder-volume[86977]: INFO cinder.volume.flows.manager.create_volume [None req-a8a10e77-e3fa-435e-b488-5717c3c1a03d tempest-SnapshotMetadataTestJSON-237188989 None] Volume volume-e11274fb-1306-473a-b358-74ce56ee9cd7 (e11274fb-1306-473a-b358-74ce56ee9cd7): created successfully
Jul 14 13:02:20 devstack cinder-volume[86977]: DEBUG cinder.volume.manager [None req-a8a10e77-e3fa-435e-b488-5717c3c1a03d tempest-SnapshotMetadataTestJSON-237188989 None] Task 'cinder.volume.flows.manager.create_volume.CreateVolumeOnFinishTask;volume:create, create.end' (6ff8cb2d-2413-42c9-92e3-703faa50964c) transitioned into state 'SUCCESS' from state 'RUNNING' with result 'None' {{(pid=86977) _task_receiver /opt/stack/data/venv/lib/python3.12/site-packages/taskflow/listeners/logging.py:218}}
Jul 14 13:02:20 devstack cinder-volume[86977]: DEBUG cinder.volume.manager [None req-a8a10e77-e3fa-435e-b488-5717c3c1a03d tempest-SnapshotMetadataTestJSON-237188989 None] Flow 'volume_create_manager' (feab6b50-4341-4725-91aa-26261ed22f89) transitioned into state 'SUCCESS' from state 'RUNNING' {{(pid=86977) _flow_receiver /opt/stack/data/venv/lib/python3.12/site-packages/taskflow/listeners/logging.py:160}}
Jul 14 13:02:20 devstack cinder-volume[86977]: INFO cinder.volume.manager [None req-a8a10e77-e3fa-435e-b488-5717c3c1a03d tempest-SnapshotMetadataTestJSON-237188989 None] Created volume successfully.
Jul 14 13:02:20 devstack sudo[95352]: pam_unix(sudo:session): session closed for user root
Jul 14 13:02:20 devstack cinder-volume[86977]: DEBUG oslo_concurrency.processutils [None req-6636bb94-cb26-485e-af8f-4833a81caac0 tempest-AbsoluteLimitsTests-655815924 None] CMD "sudo cinder-rootwrap /etc/cinder/rootwrap.conf rm -f /opt/stack/data/cinder/mnt/0fe8e8a4d08f52b884440ad5f91d3132/volume-726d773e-7420-4729-b769-50342c1d620e" returned: 0 in 0.254s {{(pid=86977) execute /opt/stack/data/venv/lib/python3.12/site-packages/oslo_concurrency/processutils.py:468}}
Jul 14 13:02:20 devstack cinder-volume[86977]: DEBUG cinder.coordination [None req-6636bb94-cb26-485e-af8f-4833a81caac0 tempest-AbsoluteLimitsTests-655815924 None] Lock "cinder-quobyte-726d773e-7420-4729-b769-50342c1d620e" released by "delete_volume" :: held 0.735s {{(pid=86977) __release /opt/stack/cinder/cinder/coordination.py:152}}
Jul 14 13:02:20 devstack cinder-volume[86977]: DEBUG cinder.quota [None req-6636bb94-cb26-485e-af8f-4833a81caac0 tempest-AbsoluteLimitsTests-655815924 None] Created reservations ['ad0719e3-30ee-43af-91a0-b579cdbe4d30', '60990d8e-8e80-47dd-986f-fd56c9edcce0', '866b9678-4255-4aea-a41a-04d7c6f6b3f7', '5308a09e-5484-4f6b-8310-f8b7785f338c'] {{(pid=86977) reserve /opt/stack/cinder/cinder/quota.py:752}}
Jul 14 13:02:20 devstack cinder-volume[86977]: DEBUG oslo_concurrency.lockutils [None req-6636bb94-cb26-485e-af8f-4833a81caac0 tempest-AbsoluteLimitsTests-655815924 None] Acquiring lock "quobyte_ensure" by "cinder.volume.drivers.quobyte.QuobyteDriver._ensure_shares_mounted" {{(pid=86977) inner /opt/stack/data/venv/lib/python3.12/site-packages/oslo_concurrency/lockutils.py:511}}
Jul 14 13:02:20 devstack cinder-volume[86977]: DEBUG oslo_concurrency.lockutils [None req-6636bb94-cb26-485e-af8f-4833a81caac0 tempest-AbsoluteLimitsTests-655815924 None] Lock "quobyte_ensure" acquired by "cinder.volume.drivers.quobyte.QuobyteDriver._ensure_shares_mounted" :: waited 0.001s {{(pid=86977) inner /opt/stack/data/venv/lib/python3.12/site-packages/oslo_concurrency/lockutils.py:524}}
Jul 14 13:02:20 devstack cinder-volume[86977]: DEBUG cinder.volume.drivers.quobyte [None req-6636bb94-cb26-485e-af8f-4833a81caac0 tempest-AbsoluteLimitsTests-655815924 None] Quobyte Volume URL set to: {'osci02.corp.quobyte.com/cinder-vol-5305ce97-ea21-4e9c-a6d2-98be88eb92f1': None} {{(pid=86977) _load_shares_config /opt/stack/cinder/cinder/volume/drivers/quobyte.py:617}}
Jul 14 13:02:20 devstack cinder-volume[86977]: DEBUG cinder.volume.drivers.quobyte [None req-6636bb94-cb26-485e-af8f-4833a81caac0 tempest-AbsoluteLimitsTests-655815924 None] Available shares ['osci02.corp.quobyte.com/cinder-vol-5305ce97-ea21-4e9c-a6d2-98be88eb92f1'] {{(pid=86977) _ensure_shares_mounted /opt/stack/cinder/cinder/volume/drivers/quobyte.py:647}}
Jul 14 13:02:20 devstack cinder-volume[86977]: DEBUG oslo_concurrency.lockutils [None req-6636bb94-cb26-485e-af8f-4833a81caac0 tempest-AbsoluteLimitsTests-655815924 None] Lock "quobyte_ensure" "released" by "cinder.volume.drivers.quobyte.QuobyteDriver._ensure_shares_mounted" :: held 0.008s {{(pid=86977) inner /opt/stack/data/venv/lib/python3.12/site-packages/oslo_concurrency/lockutils.py:543}}
Jul 14 13:02:20 devstack cinder-volume[86977]: DEBUG oslo_concurrency.processutils [None req-6636bb94-cb26-485e-af8f-4833a81caac0 tempest-AbsoluteLimitsTests-655815924 None] Running cmd (subprocess): sudo cinder-rootwrap /etc/cinder/rootwrap.conf df --portability --block-size 1 /opt/stack/data/cinder/mnt/0fe8e8a4d08f52b884440ad5f91d3132 {{(pid=86977) execute /opt/stack/data/venv/lib/python3.12/site-packages/oslo_concurrency/processutils.py:440}}
Jul 14 13:02:20 devstack sudo[95355]: quobyte : PWD=/ ; USER=root ; COMMAND=/opt/stack/data/venv/bin/cinder-rootwrap /etc/cinder/rootwrap.conf df --portability --block-size 1 /opt/stack/data/cinder/mnt/0fe8e8a4d08f52b884440ad5f91d3132
Jul 14 13:02:20 devstack sudo[95355]: pam_unix(sudo:session): session opened for user root(uid=0) by (uid=1000)
Jul 14 13:02:20 devstack sudo[95355]: pam_unix(sudo:session): session closed for user root
Jul 14 13:02:20 devstack cinder-volume[86977]: DEBUG oslo_concurrency.processutils [None req-6636bb94-cb26-485e-af8f-4833a81caac0 tempest-AbsoluteLimitsTests-655815924 None] CMD "sudo cinder-rootwrap /etc/cinder/rootwrap.conf df --portability --block-size 1 /opt/stack/data/cinder/mnt/0fe8e8a4d08f52b884440ad5f91d3132" returned: 0 in 0.247s {{(pid=86977) execute /opt/stack/data/venv/lib/python3.12/site-packages/oslo_concurrency/processutils.py:468}}
Jul 14 13:02:20 devstack cinder-volume[86977]: DEBUG cinder.manager [None req-6636bb94-cb26-485e-af8f-4833a81caac0 tempest-AbsoluteLimitsTests-655815924 None] Notifying Schedulers of capabilities ... {{(pid=86977) _publish_service_capabilities /opt/stack/cinder/cinder/manager.py:219}}
Jul 14 13:02:20 devstack cinder-volume[86977]: INFO cinder.volume.manager [None req-6636bb94-cb26-485e-af8f-4833a81caac0 tempest-AbsoluteLimitsTests-655815924 None] Deleted volume successfully.
Jul 14 13:02:20 devstack cinder-volume[86977]: DEBUG cinder.coordination [None req-6636bb94-cb26-485e-af8f-4833a81caac0 tempest-AbsoluteLimitsTests-655815924 None] Lock "cinder-726d773e-7420-4729-b769-50342c1d620e-delete_volume" released by "delete_volume" :: held 1.240s {{(pid=86977) __release /opt/stack/cinder/cinder/coordination.py:152}}
Jul 14 13:02:21 devstack cinder-volume[86977]: INFO cinder.volume.manager [req-e566fd71-a62f-4a74-96d7-9b44f14c1311 req-d06a007a-c7a4-40d9-babb-95b255184073 tempest-AttachVolumeNegativeTest-115818279 None] Terminate volume connection completed successfully.
Jul 14 13:02:21 devstack cinder-volume[86977]: DEBUG cinder.volume.manager [req-e566fd71-a62f-4a74-96d7-9b44f14c1311 req-d06a007a-c7a4-40d9-babb-95b255184073 tempest-AttachVolumeNegativeTest-115818279 None] Deleting attachment f6eb40a8-4728-41d8-9838-bb119a174182. {{(pid=86977) attachment_delete /opt/stack/cinder/cinder/volume/manager.py:5055}}
Jul 14 13:02:21 devstack cinder-volume[86977]: DEBUG oslo_concurrency.lockutils [None req-e5f6feb8-a120-4bbf-9ce3-3aa78d54fd59 tempest-SnapshotMetadataTestJSON-237188989 None] Acquiring lock "quobyte" by "cinder.volume.drivers.quobyte.QuobyteDriver.create_snapshot" {{(pid=86977) inner /opt/stack/data/venv/lib/python3.12/site-packages/oslo_concurrency/lockutils.py:511}}
Jul 14 13:02:21 devstack cinder-volume[86977]: DEBUG oslo_concurrency.lockutils [None req-e5f6feb8-a120-4bbf-9ce3-3aa78d54fd59 tempest-SnapshotMetadataTestJSON-237188989 None] Lock "quobyte" acquired by "cinder.volume.drivers.quobyte.QuobyteDriver.create_snapshot" :: waited 0.001s {{(pid=86977) inner /opt/stack/data/venv/lib/python3.12/site-packages/oslo_concurrency/lockutils.py:524}}
Jul 14 13:02:21 devstack cinder-volume[86977]: DEBUG cinder.volume.drivers.remotefs [None req-e5f6feb8-a120-4bbf-9ce3-3aa78d54fd59 tempest-SnapshotMetadataTestJSON-237188989 None] Creating offline snapshot 226ea4e8-aa73-4176-89cc-39561da42eef of volume e11274fb-1306-473a-b358-74ce56ee9cd7 {{(pid=86977) _create_snapshot /opt/stack/cinder/cinder/volume/drivers/remotefs.py:1816}}
Jul 14 13:02:21 devstack cinder-volume[86977]: DEBUG oslo.privsep.daemon [-] privsep: reply[3029cc3a-ced0-46ce-99cd-f79368a97f22]: (4, 'qcow2') {{(pid=88743) _call_back /opt/stack/data/venv/lib/python3.12/site-packages/oslo_privsep/daemon.py:580}}
Jul 14 13:02:21 devstack cinder-volume[86977]: DEBUG oslo_concurrency.processutils [None req-e5f6feb8-a120-4bbf-9ce3-3aa78d54fd59 tempest-SnapshotMetadataTestJSON-237188989 None] Running cmd (subprocess): /opt/stack/data/venv/bin/python3.12 -m oslo_concurrency.prlimit --as=1073741824 --cpu=60 -- sudo cinder-rootwrap /etc/cinder/rootwrap.conf env LC_ALL=C qemu-img info -f qcow2 --output=json --force-share /opt/stack/data/cinder/mnt/0fe8e8a4d08f52b884440ad5f91d3132/volume-e11274fb-1306-473a-b358-74ce56ee9cd7 {{(pid=86977) execute /opt/stack/data/venv/lib/python3.12/site-packages/oslo_concurrency/processutils.py:440}}
Jul 14 13:02:21 devstack sudo[95385]: quobyte : PWD=/ ; USER=root ; COMMAND=/opt/stack/data/venv/bin/cinder-rootwrap /etc/cinder/rootwrap.conf env LC_ALL=C qemu-img info -f qcow2 --output=json --force-share /opt/stack/data/cinder/mnt/0fe8e8a4d08f52b884440ad5f91d3132/volume-e11274fb-1306-473a-b358-74ce56ee9cd7
Jul 14 13:02:21 devstack sudo[95385]: pam_unix(sudo:session): session opened for user root(uid=0) by (uid=1000)
Jul 14 13:02:22 devstack sudo[95385]: pam_unix(sudo:session): session closed for user root
Jul 14 13:02:22 devstack cinder-volume[86977]: DEBUG oslo_concurrency.processutils [None req-e5f6feb8-a120-4bbf-9ce3-3aa78d54fd59 tempest-SnapshotMetadataTestJSON-237188989 None] CMD "/opt/stack/data/venv/bin/python3.12 -m oslo_concurrency.prlimit --as=1073741824 --cpu=60 -- sudo cinder-rootwrap /etc/cinder/rootwrap.conf env LC_ALL=C qemu-img info -f qcow2 --output=json --force-share /opt/stack/data/cinder/mnt/0fe8e8a4d08f52b884440ad5f91d3132/volume-e11274fb-1306-473a-b358-74ce56ee9cd7" returned: 0 in 0.395s {{(pid=86977) execute /opt/stack/data/venv/lib/python3.12/site-packages/oslo_concurrency/processutils.py:468}}
Jul 14 13:02:22 devstack cinder-volume[86977]: DEBUG oslo_concurrency.processutils [None req-e5f6feb8-a120-4bbf-9ce3-3aa78d54fd59 tempest-SnapshotMetadataTestJSON-237188989 None] Running cmd (subprocess): sudo cinder-rootwrap /etc/cinder/rootwrap.conf qemu-img create -f qcow2 -o backing_file=/opt/stack/data/cinder/mnt/0fe8e8a4d08f52b884440ad5f91d3132/volume-e11274fb-1306-473a-b358-74ce56ee9cd7,backing_fmt=qcow2 /opt/stack/data/cinder/mnt/0fe8e8a4d08f52b884440ad5f91d3132/volume-e11274fb-1306-473a-b358-74ce56ee9cd7.226ea4e8-aa73-4176-89cc-39561da42eef 1G {{(pid=86977) execute /opt/stack/data/venv/lib/python3.12/site-packages/oslo_concurrency/processutils.py:440}}
Jul 14 13:02:22 devstack sudo[95390]: quobyte : PWD=/ ; USER=root ; COMMAND=/opt/stack/data/venv/bin/cinder-rootwrap /etc/cinder/rootwrap.conf qemu-img create -f qcow2 -o backing_file=/opt/stack/data/cinder/mnt/0fe8e8a4d08f52b884440ad5f91d3132/volume-e11274fb-1306-473a-b358-74ce56ee9cd7,backing_fmt=qcow2 /opt/stack/data/cinder/mnt/0fe8e8a4d08f52b884440ad5f91d3132/volume-e11274fb-1306-473a-b358-74ce56ee9cd7.226ea4e8-aa73-4176-89cc-39561da42eef 1G
Jul 14 13:02:22 devstack sudo[95390]: pam_unix(sudo:session): session opened for user root(uid=0) by (uid=1000)
Jul 14 13:02:22 devstack sudo[95390]: pam_unix(sudo:session): session closed for user root
Jul 14 13:02:22 devstack cinder-volume[86977]: DEBUG oslo_concurrency.processutils [None req-e5f6feb8-a120-4bbf-9ce3-3aa78d54fd59 tempest-SnapshotMetadataTestJSON-237188989 None] CMD "sudo cinder-rootwrap /etc/cinder/rootwrap.conf qemu-img create -f qcow2 -o backing_file=/opt/stack/data/cinder/mnt/0fe8e8a4d08f52b884440ad5f91d3132/volume-e11274fb-1306-473a-b358-74ce56ee9cd7,backing_fmt=qcow2 /opt/stack/data/cinder/mnt/0fe8e8a4d08f52b884440ad5f91d3132/volume-e11274fb-1306-473a-b358-74ce56ee9cd7.226ea4e8-aa73-4176-89cc-39561da42eef 1G" returned: 0 in 0.534s {{(pid=86977) execute /opt/stack/data/venv/lib/python3.12/site-packages/oslo_concurrency/processutils.py:468}}
Jul 14 13:02:22 devstack cinder-volume[86977]: DEBUG oslo_concurrency.processutils [None req-e5f6feb8-a120-4bbf-9ce3-3aa78d54fd59 tempest-SnapshotMetadataTestJSON-237188989 None] Running cmd (subprocess): sudo cinder-rootwrap /etc/cinder/rootwrap.conf qemu-img rebase -u -b volume-e11274fb-1306-473a-b358-74ce56ee9cd7 -F qcow2 /opt/stack/data/cinder/mnt/0fe8e8a4d08f52b884440ad5f91d3132/volume-e11274fb-1306-473a-b358-74ce56ee9cd7.226ea4e8-aa73-4176-89cc-39561da42eef {{(pid=86977) execute /opt/stack/data/venv/lib/python3.12/site-packages/oslo_concurrency/processutils.py:440}}
Jul 14 13:02:22 devstack sudo[95396]: quobyte : PWD=/ ; USER=root ; COMMAND=/opt/stack/data/venv/bin/cinder-rootwrap /etc/cinder/rootwrap.conf qemu-img rebase -u -b volume-e11274fb-1306-473a-b358-74ce56ee9cd7 -F qcow2 /opt/stack/data/cinder/mnt/0fe8e8a4d08f52b884440ad5f91d3132/volume-e11274fb-1306-473a-b358-74ce56ee9cd7.226ea4e8-aa73-4176-89cc-39561da42eef
Jul 14 13:02:22 devstack sudo[95396]: pam_unix(sudo:session): session opened for user root(uid=0) by (uid=1000)
Jul 14 13:02:23 devstack sudo[95396]: pam_unix(sudo:session): session closed for user root
Jul 14 13:02:23 devstack cinder-volume[86977]: DEBUG oslo_concurrency.processutils [None req-e5f6feb8-a120-4bbf-9ce3-3aa78d54fd59 tempest-SnapshotMetadataTestJSON-237188989 None] CMD "sudo cinder-rootwrap /etc/cinder/rootwrap.conf qemu-img rebase -u -b volume-e11274fb-1306-473a-b358-74ce56ee9cd7 -F qcow2 /opt/stack/data/cinder/mnt/0fe8e8a4d08f52b884440ad5f91d3132/volume-e11274fb-1306-473a-b358-74ce56ee9cd7.226ea4e8-aa73-4176-89cc-39561da42eef" returned: 0 in 0.449s {{(pid=86977) execute /opt/stack/data/venv/lib/python3.12/site-packages/oslo_concurrency/processutils.py:468}}
Jul 14 13:02:23 devstack cinder-volume[86977]: WARNING cinder.volume.drivers.remotefs [None req-e5f6feb8-a120-4bbf-9ce3-3aa78d54fd59 tempest-SnapshotMetadataTestJSON-237188989 None] /opt/stack/data/cinder/mnt/0fe8e8a4d08f52b884440ad5f91d3132/volume-e11274fb-1306-473a-b358-74ce56ee9cd7.226ea4e8-aa73-4176-89cc-39561da42eef is being set with open permissions: ugo+rw
Jul 14 13:02:23 devstack cinder-volume[86977]: DEBUG oslo_concurrency.processutils [None req-e5f6feb8-a120-4bbf-9ce3-3aa78d54fd59 tempest-SnapshotMetadataTestJSON-237188989 None] Running cmd (subprocess): sudo cinder-rootwrap /etc/cinder/rootwrap.conf chmod ugo+rw /opt/stack/data/cinder/mnt/0fe8e8a4d08f52b884440ad5f91d3132/volume-e11274fb-1306-473a-b358-74ce56ee9cd7.226ea4e8-aa73-4176-89cc-39561da42eef {{(pid=86977) execute /opt/stack/data/venv/lib/python3.12/site-packages/oslo_concurrency/processutils.py:440}}
Jul 14 13:02:23 devstack sudo[95420]: quobyte : PWD=/ ; USER=root ; COMMAND=/opt/stack/data/venv/bin/cinder-rootwrap /etc/cinder/rootwrap.conf chmod ugo+rw /opt/stack/data/cinder/mnt/0fe8e8a4d08f52b884440ad5f91d3132/volume-e11274fb-1306-473a-b358-74ce56ee9cd7.226ea4e8-aa73-4176-89cc-39561da42eef
Jul 14 13:02:23 devstack sudo[95420]: pam_unix(sudo:session): session opened for user root(uid=0) by (uid=1000)
Jul 14 13:02:23 devstack sudo[95420]: pam_unix(sudo:session): session closed for user root
Jul 14 13:02:23 devstack cinder-volume[86977]: DEBUG oslo_concurrency.processutils [None req-e5f6feb8-a120-4bbf-9ce3-3aa78d54fd59 tempest-SnapshotMetadataTestJSON-237188989 None] CMD "sudo cinder-rootwrap /etc/cinder/rootwrap.conf chmod ugo+rw /opt/stack/data/cinder/mnt/0fe8e8a4d08f52b884440ad5f91d3132/volume-e11274fb-1306-473a-b358-74ce56ee9cd7.226ea4e8-aa73-4176-89cc-39561da42eef" returned: 0 in 0.325s {{(pid=86977) execute /opt/stack/data/venv/lib/python3.12/site-packages/oslo_concurrency/processutils.py:468}}
Jul 14 13:02:23 devstack cinder-volume[86977]: DEBUG oslo_concurrency.processutils [None req-e5f6feb8-a120-4bbf-9ce3-3aa78d54fd59 tempest-SnapshotMetadataTestJSON-237188989 None] Running cmd (subprocess): sudo cinder-rootwrap /etc/cinder/rootwrap.conf truncate -s0 /opt/stack/data/cinder/mnt/0fe8e8a4d08f52b884440ad5f91d3132/volume-e11274fb-1306-473a-b358-74ce56ee9cd7.info {{(pid=86977) execute /opt/stack/data/venv/lib/python3.12/site-packages/oslo_concurrency/processutils.py:440}}
Jul 14 13:02:23 devstack sudo[95424]: quobyte : PWD=/ ; USER=root ; COMMAND=/opt/stack/data/venv/bin/cinder-rootwrap /etc/cinder/rootwrap.conf truncate -s0 /opt/stack/data/cinder/mnt/0fe8e8a4d08f52b884440ad5f91d3132/volume-e11274fb-1306-473a-b358-74ce56ee9cd7.info
Jul 14 13:02:23 devstack sudo[95424]: pam_unix(sudo:session): session opened for user root(uid=0) by (uid=1000)
Jul 14 13:02:23 devstack sudo[95424]: pam_unix(sudo:session): session closed for user root
Jul 14 13:02:23 devstack cinder-volume[86977]: DEBUG oslo_concurrency.processutils [None req-e5f6feb8-a120-4bbf-9ce3-3aa78d54fd59 tempest-SnapshotMetadataTestJSON-237188989 None] CMD "sudo cinder-rootwrap /etc/cinder/rootwrap.conf truncate -s0 /opt/stack/data/cinder/mnt/0fe8e8a4d08f52b884440ad5f91d3132/volume-e11274fb-1306-473a-b358-74ce56ee9cd7.info" returned: 0 in 0.363s {{(pid=86977) execute /opt/stack/data/venv/lib/python3.12/site-packages/oslo_concurrency/processutils.py:468}}
Jul 14 13:02:23 devstack cinder-volume[86977]: WARNING cinder.volume.drivers.remotefs [None req-e5f6feb8-a120-4bbf-9ce3-3aa78d54fd59 tempest-SnapshotMetadataTestJSON-237188989 None] /opt/stack/data/cinder/mnt/0fe8e8a4d08f52b884440ad5f91d3132/volume-e11274fb-1306-473a-b358-74ce56ee9cd7.info is being set with open permissions: ugo+rw
Jul 14 13:02:23 devstack cinder-volume[86977]: DEBUG oslo_concurrency.processutils [None req-e5f6feb8-a120-4bbf-9ce3-3aa78d54fd59 tempest-SnapshotMetadataTestJSON-237188989 None] Running cmd (subprocess): sudo cinder-rootwrap /etc/cinder/rootwrap.conf chmod ugo+rw /opt/stack/data/cinder/mnt/0fe8e8a4d08f52b884440ad5f91d3132/volume-e11274fb-1306-473a-b358-74ce56ee9cd7.info {{(pid=86977) execute /opt/stack/data/venv/lib/python3.12/site-packages/oslo_concurrency/processutils.py:440}}
Jul 14 13:02:23 devstack sudo[95428]: quobyte : PWD=/ ; USER=root ; COMMAND=/opt/stack/data/venv/bin/cinder-rootwrap /etc/cinder/rootwrap.conf chmod ugo+rw /opt/stack/data/cinder/mnt/0fe8e8a4d08f52b884440ad5f91d3132/volume-e11274fb-1306-473a-b358-74ce56ee9cd7.info
Jul 14 13:02:23 devstack sudo[95428]: pam_unix(sudo:session): session opened for user root(uid=0) by (uid=1000)
Jul 14 13:02:24 devstack sudo[95428]: pam_unix(sudo:session): session closed for user root
Jul 14 13:02:24 devstack cinder-volume[86977]: DEBUG oslo_concurrency.processutils [None req-e5f6feb8-a120-4bbf-9ce3-3aa78d54fd59 tempest-SnapshotMetadataTestJSON-237188989 None] CMD "sudo cinder-rootwrap /etc/cinder/rootwrap.conf chmod ugo+rw /opt/stack/data/cinder/mnt/0fe8e8a4d08f52b884440ad5f91d3132/volume-e11274fb-1306-473a-b358-74ce56ee9cd7.info" returned: 0 in 0.257s {{(pid=86977) execute /opt/stack/data/venv/lib/python3.12/site-packages/oslo_concurrency/processutils.py:468}}
Jul 14 13:02:24 devstack cinder-volume[86977]: DEBUG oslo_concurrency.lockutils [None req-e5f6feb8-a120-4bbf-9ce3-3aa78d54fd59 tempest-SnapshotMetadataTestJSON-237188989 None] Lock "quobyte" "released" by "cinder.volume.drivers.quobyte.QuobyteDriver.create_snapshot" :: held 2.447s {{(pid=86977) inner /opt/stack/data/venv/lib/python3.12/site-packages/oslo_concurrency/lockutils.py:543}}
Jul 14 13:02:24 devstack cinder-volume[86977]: INFO cinder.volume.manager [None req-e5f6feb8-a120-4bbf-9ce3-3aa78d54fd59 tempest-SnapshotMetadataTestJSON-237188989 None] Create snapshot completed successfully
Jul 14 13:02:25 devstack cinder-volume[86977]: DEBUG cinder.coordination [None req-6e296f59-baa7-4899-a8ad-7cc53cf3ea60 tempest-SnapshotMetadataTestJSON-237188989 None] Acquiring lock "cinder-226ea4e8-aa73-4176-89cc-39561da42eef-delete_snapshot" by "delete_snapshot" {{(pid=86977) __acquire /opt/stack/cinder/cinder/coordination.py:138}}
Jul 14 13:02:25 devstack cinder-volume[86977]: DEBUG cinder.coordination [None req-6e296f59-baa7-4899-a8ad-7cc53cf3ea60 tempest-SnapshotMetadataTestJSON-237188989 None] Lock "cinder-226ea4e8-aa73-4176-89cc-39561da42eef-delete_snapshot" acquired by "delete_snapshot" :: waited 0.047s {{(pid=86977) __acquire /opt/stack/cinder/cinder/coordination.py:141}}
Jul 14 13:02:25 devstack cinder-volume[86977]: DEBUG cinder.coordination [None req-6e296f59-baa7-4899-a8ad-7cc53cf3ea60 tempest-SnapshotMetadataTestJSON-237188989 None] Acquiring lock "cinder-quobyte-e11274fb-1306-473a-b358-74ce56ee9cd7" by "delete_snapshot" {{(pid=86977) __acquire /opt/stack/cinder/cinder/coordination.py:138}}
Jul 14 13:02:25 devstack cinder-volume[86977]: DEBUG cinder.coordination [None req-6e296f59-baa7-4899-a8ad-7cc53cf3ea60 tempest-SnapshotMetadataTestJSON-237188989 None] Lock "cinder-quobyte-e11274fb-1306-473a-b358-74ce56ee9cd7" acquired by "delete_snapshot" :: waited 0.034s {{(pid=86977) __acquire /opt/stack/cinder/cinder/coordination.py:141}}
Jul 14 13:02:25 devstack cinder-volume[86977]: DEBUG cinder.coordination [None req-6e296f59-baa7-4899-a8ad-7cc53cf3ea60 tempest-SnapshotMetadataTestJSON-237188989 None] Acquiring lock "cinder-quobyte-226ea4e8-aa73-4176-89cc-39561da42eef" by "_delete_snapshot" {{(pid=86977) __acquire /opt/stack/cinder/cinder/coordination.py:138}}
Jul 14 13:02:25 devstack cinder-volume[86977]: DEBUG cinder.coordination [None req-6e296f59-baa7-4899-a8ad-7cc53cf3ea60 tempest-SnapshotMetadataTestJSON-237188989 None] Lock "cinder-quobyte-226ea4e8-aa73-4176-89cc-39561da42eef" acquired by "_delete_snapshot" :: waited 0.026s {{(pid=86977) __acquire /opt/stack/cinder/cinder/coordination.py:141}}
Jul 14 13:02:25 devstack cinder-volume[86977]: DEBUG cinder.volume.drivers.remotefs [None req-6e296f59-baa7-4899-a8ad-7cc53cf3ea60 tempest-SnapshotMetadataTestJSON-237188989 None] Deleting offline snapshot 226ea4e8-aa73-4176-89cc-39561da42eef of volume e11274fb-1306-473a-b358-74ce56ee9cd7 {{(pid=86977) _delete_snapshot /opt/stack/cinder/cinder/volume/drivers/remotefs.py:1288}}
Jul 14 13:02:25 devstack cinder-volume[86977]: DEBUG cinder.volume.drivers.remotefs [None req-6e296f59-baa7-4899-a8ad-7cc53cf3ea60 tempest-SnapshotMetadataTestJSON-237188989 None] snapshot_file for this snap is: volume-e11274fb-1306-473a-b358-74ce56ee9cd7.226ea4e8-aa73-4176-89cc-39561da42eef {{(pid=86977) _delete_snapshot /opt/stack/cinder/cinder/volume/drivers/remotefs.py:1317}}
Jul 14 13:02:25 devstack cinder-volume[86977]: DEBUG oslo.privsep.daemon [-] privsep: reply[71ad79f4-a752-47b1-ba26-142488ed973b]: (4, 'qcow2') {{(pid=88743) _call_back /opt/stack/data/venv/lib/python3.12/site-packages/oslo_privsep/daemon.py:580}}
Jul 14 13:02:25 devstack cinder-volume[86977]: DEBUG oslo_concurrency.processutils [None req-6e296f59-baa7-4899-a8ad-7cc53cf3ea60 tempest-SnapshotMetadataTestJSON-237188989 None] Running cmd (subprocess): /opt/stack/data/venv/bin/python3.12 -m oslo_concurrency.prlimit --as=1073741824 --cpu=60 -- sudo cinder-rootwrap /etc/cinder/rootwrap.conf env LC_ALL=C qemu-img info -f qcow2 --output=json --force-share /opt/stack/data/cinder/mnt/0fe8e8a4d08f52b884440ad5f91d3132/volume-e11274fb-1306-473a-b358-74ce56ee9cd7.226ea4e8-aa73-4176-89cc-39561da42eef {{(pid=86977) execute /opt/stack/data/venv/lib/python3.12/site-packages/oslo_concurrency/processutils.py:440}}
Jul 14 13:02:26 devstack sudo[95434]: quobyte : PWD=/ ; USER=root ; COMMAND=/opt/stack/data/venv/bin/cinder-rootwrap /etc/cinder/rootwrap.conf env LC_ALL=C qemu-img info -f qcow2 --output=json --force-share /opt/stack/data/cinder/mnt/0fe8e8a4d08f52b884440ad5f91d3132/volume-e11274fb-1306-473a-b358-74ce56ee9cd7.226ea4e8-aa73-4176-89cc-39561da42eef
Jul 14 13:02:26 devstack sudo[95434]: pam_unix(sudo:session): session opened for user root(uid=0) by (uid=1000)
Jul 14 13:02:26 devstack sudo[95434]: pam_unix(sudo:session): session closed for user root
Jul 14 13:02:26 devstack cinder-volume[86977]: DEBUG oslo_concurrency.processutils [None req-6e296f59-baa7-4899-a8ad-7cc53cf3ea60 tempest-SnapshotMetadataTestJSON-237188989 None] CMD "/opt/stack/data/venv/bin/python3.12 -m oslo_concurrency.prlimit --as=1073741824 --cpu=60 -- sudo cinder-rootwrap /etc/cinder/rootwrap.conf env LC_ALL=C qemu-img info -f qcow2 --output=json --force-share /opt/stack/data/cinder/mnt/0fe8e8a4d08f52b884440ad5f91d3132/volume-e11274fb-1306-473a-b358-74ce56ee9cd7.226ea4e8-aa73-4176-89cc-39561da42eef" returned: 0 in 0.453s {{(pid=86977) execute /opt/stack/data/venv/lib/python3.12/site-packages/oslo_concurrency/processutils.py:468}}
Jul 14 13:02:26 devstack cinder-volume[86977]: DEBUG cinder.volume.drivers.remotefs [None req-6e296f59-baa7-4899-a8ad-7cc53cf3ea60 tempest-SnapshotMetadataTestJSON-237188989 None] Fetching qemu-img info with special backing_file_template: (/opt/stack/data/cinder/mnt/[0-9a-f]+/)?(volume-e11274fb-1306-473a-b358-74ce56ee9cd7(.(tmp-snap-)?[0-9a-f-]+)?|volume_from_snapshot_cache/(tmp-snap-)?[0-9a-f-]+(.(child-|parent-)[0-9a-f-]+)?)$ {{(pid=86977) _qemu_img_info_base /opt/stack/cinder/cinder/volume/drivers/remotefs.py:896}}
Jul 14 13:02:26 devstack cinder-volume[86977]: DEBUG oslo.privsep.daemon [-] privsep: reply[44bf54b3-138a-4438-afc6-ea95198b4982]: (4, 'qcow2') {{(pid=88743) _call_back /opt/stack/data/venv/lib/python3.12/site-packages/oslo_privsep/daemon.py:580}}
Jul 14 13:02:26 devstack cinder-volume[86977]: DEBUG oslo_concurrency.processutils [None req-6e296f59-baa7-4899-a8ad-7cc53cf3ea60 tempest-SnapshotMetadataTestJSON-237188989 None] Running cmd (subprocess): /opt/stack/data/venv/bin/python3.12 -m oslo_concurrency.prlimit --as=1073741824 --cpu=60 -- sudo cinder-rootwrap /etc/cinder/rootwrap.conf env LC_ALL=C qemu-img info -f qcow2 --output=json --force-share /opt/stack/data/cinder/mnt/0fe8e8a4d08f52b884440ad5f91d3132/volume-e11274fb-1306-473a-b358-74ce56ee9cd7 {{(pid=86977) execute /opt/stack/data/venv/lib/python3.12/site-packages/oslo_concurrency/processutils.py:440}}
Jul 14 13:02:26 devstack sudo[95439]: quobyte : PWD=/ ; USER=root ; COMMAND=/opt/stack/data/venv/bin/cinder-rootwrap /etc/cinder/rootwrap.conf env LC_ALL=C qemu-img info -f qcow2 --output=json --force-share /opt/stack/data/cinder/mnt/0fe8e8a4d08f52b884440ad5f91d3132/volume-e11274fb-1306-473a-b358-74ce56ee9cd7
Jul 14 13:02:26 devstack sudo[95439]: pam_unix(sudo:session): session opened for user root(uid=0) by (uid=1000)
Jul 14 13:02:26 devstack sudo[95439]: pam_unix(sudo:session): session closed for user root
Jul 14 13:02:26 devstack cinder-volume[86977]: DEBUG oslo_concurrency.processutils [None req-6e296f59-baa7-4899-a8ad-7cc53cf3ea60 tempest-SnapshotMetadataTestJSON-237188989 None] CMD "/opt/stack/data/venv/bin/python3.12 -m oslo_concurrency.prlimit --as=1073741824 --cpu=60 -- sudo cinder-rootwrap /etc/cinder/rootwrap.conf env LC_ALL=C qemu-img info -f qcow2 --output=json --force-share /opt/stack/data/cinder/mnt/0fe8e8a4d08f52b884440ad5f91d3132/volume-e11274fb-1306-473a-b358-74ce56ee9cd7" returned: 0 in 0.497s {{(pid=86977) execute /opt/stack/data/venv/lib/python3.12/site-packages/oslo_concurrency/processutils.py:468}}
Jul 14 13:02:26 devstack cinder-volume[86977]: DEBUG oslo_concurrency.processutils [None req-6e296f59-baa7-4899-a8ad-7cc53cf3ea60 tempest-SnapshotMetadataTestJSON-237188989 None] Running cmd (subprocess): sudo cinder-rootwrap /etc/cinder/rootwrap.conf qemu-img commit -d /opt/stack/data/cinder/mnt/0fe8e8a4d08f52b884440ad5f91d3132/volume-e11274fb-1306-473a-b358-74ce56ee9cd7.226ea4e8-aa73-4176-89cc-39561da42eef {{(pid=86977) execute /opt/stack/data/venv/lib/python3.12/site-packages/oslo_concurrency/processutils.py:440}}
Jul 14 13:02:26 devstack sudo[95446]: quobyte : PWD=/ ; USER=root ; COMMAND=/opt/stack/data/venv/bin/cinder-rootwrap /etc/cinder/rootwrap.conf qemu-img commit -d /opt/stack/data/cinder/mnt/0fe8e8a4d08f52b884440ad5f91d3132/volume-e11274fb-1306-473a-b358-74ce56ee9cd7.226ea4e8-aa73-4176-89cc-39561da42eef
Jul 14 13:02:26 devstack sudo[95446]: pam_unix(sudo:session): session opened for user root(uid=0) by (uid=1000)
Jul 14 13:02:27 devstack cinder-volume[86977]: DEBUG cinder.volume.flows.manager.create_volume [None req-f1953163-e196-4a2b-a672-db20b4300e33 tempest-VolumesExtendTest-331170324 None] Volume reschedule parameters: True retry: {'num_attempts': 1, 'backends': ['devstack@QuobyteHD#QuobyteHD'], 'hosts': ['devstack@QuobyteHD#QuobyteHD']} {{(pid=86977) get_flow /opt/stack/cinder/cinder/volume/flows/manager/create_volume.py:1397}}
Jul 14 13:02:27 devstack cinder-volume[86977]: DEBUG cinder.volume.manager [None req-f1953163-e196-4a2b-a672-db20b4300e33 tempest-VolumesExtendTest-331170324 None] Flow 'volume_create_manager' (42b53548-10dd-4111-89b4-a38d25a4ddc9) transitioned into state 'RUNNING' from state 'PENDING' {{(pid=86977) _flow_receiver /opt/stack/data/venv/lib/python3.12/site-packages/taskflow/listeners/logging.py:160}}
Jul 14 13:02:27 devstack cinder-volume[86977]: DEBUG cinder.volume.manager [None req-f1953163-e196-4a2b-a672-db20b4300e33 tempest-VolumesExtendTest-331170324 None] Task 'cinder.volume.flows.manager.create_volume.ExtractVolumeRefTask;volume:create' (f2f4e609-ac98-4890-87d8-e16f62dcb921) transitioned into state 'RUNNING' from state 'PENDING' {{(pid=86977) _task_receiver /opt/stack/data/venv/lib/python3.12/site-packages/taskflow/listeners/logging.py:242}}
Jul 14 13:02:27 devstack cinder-volume[86977]: DEBUG cinder.volume.manager [None req-f1953163-e196-4a2b-a672-db20b4300e33 tempest-VolumesExtendTest-331170324 None] Task 'cinder.volume.flows.manager.create_volume.ExtractVolumeRefTask;volume:create' (f2f4e609-ac98-4890-87d8-e16f62dcb921) transitioned into state 'SUCCESS' from state 'RUNNING' with result 'Volume(_name_id=None,admin_metadata=,attach_status='detached',availability_zone='nova',bootable=False,cluster=,cluster_name=None,consistencygroup=,consistencygroup_id=None,created_at=2026-07-14T11:02:27Z,deleted=False,deleted_at=None,display_description=None,display_name='tempest-VolumesExtendTest-Volume-311959834',ec2_id=None,encryption_key_id=None,glance_metadata=,group=,group_id=None,host='devstack@QuobyteHD#QuobyteHD',id=124c4ce4-0b1c-4c40-b461-79d8984fc451,launched_at=None,metadata={},migration_status=None,multiattach=False,previous_status=None,project_id='c64962cf2ede45d586a6702fd9f74a68',provider_auth=None,provider_geometry=None,provider_id=None,provider_location=None,replication_driver_data=None,replication_extended_status=None,replication_status=None,scheduled_at=2026-07-14T11:02:27Z,service_uuid=None,shared_targets=True,size=1,snapshot_id=None,snapshots=,source_volid=None,status='creating',terminated_at=None,updated_at=2026-07-14T11:02:27Z,use_quota=True,user_id='a7ae3927c245493a92c5bc8b91681c01',volume_attachment=VolumeAttachmentList,volume_type=VolumeType(984e1f4d-9995-4b88-9e95-1b12d7bddfd0),volume_type_id=984e1f4d-9995-4b88-9e95-1b12d7bddfd0)' {{(pid=86977) _task_receiver /opt/stack/data/venv/lib/python3.12/site-packages/taskflow/listeners/logging.py:218}}
Jul 14 13:02:27 devstack cinder-volume[86977]: DEBUG cinder.volume.manager [None req-f1953163-e196-4a2b-a672-db20b4300e33 tempest-VolumesExtendTest-331170324 None] Task 'cinder.volume.flows.manager.create_volume.OnFailureRescheduleTask;volume:create' (b083ecb9-da34-4229-a1ce-a44c7636cffe) transitioned into state 'RUNNING' from state 'PENDING' {{(pid=86977) _task_receiver /opt/stack/data/venv/lib/python3.12/site-packages/taskflow/listeners/logging.py:242}}
Jul 14 13:02:27 devstack cinder-volume[86977]: DEBUG cinder.volume.manager [None req-f1953163-e196-4a2b-a672-db20b4300e33 tempest-VolumesExtendTest-331170324 None] Task 'cinder.volume.flows.manager.create_volume.OnFailureRescheduleTask;volume:create' (b083ecb9-da34-4229-a1ce-a44c7636cffe) transitioned into state 'SUCCESS' from state 'RUNNING' with result 'None' {{(pid=86977) _task_receiver /opt/stack/data/venv/lib/python3.12/site-packages/taskflow/listeners/logging.py:218}}
Jul 14 13:02:27 devstack cinder-volume[86977]: DEBUG cinder.volume.manager [None req-f1953163-e196-4a2b-a672-db20b4300e33 tempest-VolumesExtendTest-331170324 None] Task 'cinder.volume.flows.manager.create_volume.ExtractVolumeSpecTask;volume:create' (edd47f51-2219-4797-8667-ef1aa91f01d5) transitioned into state 'RUNNING' from state 'PENDING' {{(pid=86977) _task_receiver /opt/stack/data/venv/lib/python3.12/site-packages/taskflow/listeners/logging.py:242}}
Jul 14 13:02:27 devstack cinder-volume[86977]: DEBUG cinder.image.glance [None req-f1953163-e196-4a2b-a672-db20b4300e33 tempest-VolumesExtendTest-331170324 None] Creating Keystone auth plugin from conf {{(pid=86977) _create_glance_client /opt/stack/cinder/cinder/image/glance.py:135}}
Jul 14 13:02:27 devstack sudo[95446]: pam_unix(sudo:session): session closed for user root
Jul 14 13:02:27 devstack cinder-volume[86977]: DEBUG oslo_concurrency.processutils [None req-6e296f59-baa7-4899-a8ad-7cc53cf3ea60 tempest-SnapshotMetadataTestJSON-237188989 None] CMD "sudo cinder-rootwrap /etc/cinder/rootwrap.conf qemu-img commit -d /opt/stack/data/cinder/mnt/0fe8e8a4d08f52b884440ad5f91d3132/volume-e11274fb-1306-473a-b358-74ce56ee9cd7.226ea4e8-aa73-4176-89cc-39561da42eef" returned: 0 in 0.554s {{(pid=86977) execute /opt/stack/data/venv/lib/python3.12/site-packages/oslo_concurrency/processutils.py:468}}
Jul 14 13:02:27 devstack cinder-volume[86977]: DEBUG oslo_concurrency.processutils [None req-6e296f59-baa7-4899-a8ad-7cc53cf3ea60 tempest-SnapshotMetadataTestJSON-237188989 None] Running cmd (subprocess): sudo cinder-rootwrap /etc/cinder/rootwrap.conf rm -f /opt/stack/data/cinder/mnt/0fe8e8a4d08f52b884440ad5f91d3132/volume-e11274fb-1306-473a-b358-74ce56ee9cd7.226ea4e8-aa73-4176-89cc-39561da42eef {{(pid=86977) execute /opt/stack/data/venv/lib/python3.12/site-packages/oslo_concurrency/processutils.py:440}}
Jul 14 13:02:27 devstack sudo[95452]: quobyte : PWD=/ ; USER=root ; COMMAND=/opt/stack/data/venv/bin/cinder-rootwrap /etc/cinder/rootwrap.conf rm -f /opt/stack/data/cinder/mnt/0fe8e8a4d08f52b884440ad5f91d3132/volume-e11274fb-1306-473a-b358-74ce56ee9cd7.226ea4e8-aa73-4176-89cc-39561da42eef
Jul 14 13:02:27 devstack sudo[95452]: pam_unix(sudo:session): session opened for user root(uid=0) by (uid=1000)
Jul 14 13:02:27 devstack cinder-volume[86977]: DEBUG cinder.volume.manager [None req-f1953163-e196-4a2b-a672-db20b4300e33 tempest-VolumesExtendTest-331170324 None] Task 'cinder.volume.flows.manager.create_volume.ExtractVolumeSpecTask;volume:create' (edd47f51-2219-4797-8667-ef1aa91f01d5) transitioned into state 'SUCCESS' from state 'RUNNING' with result '{'status': 'creating', 'type': 'image', 'volume_id': '124c4ce4-0b1c-4c40-b461-79d8984fc451', 'volume_name': 'volume-124c4ce4-0b1c-4c40-b461-79d8984fc451', 'volume_size': 1, 'image_id': '33abf4a9-ef06-4448-a45c-b53dca509874', 'image_location': (None, [{'url': 'file:///opt/stack/data/glance/images/33abf4a9-ef06-4448-a45c-b53dca509874', 'metadata': {}}]), 'image_meta': {'name': 'cirros-0.6.3-x86_64-disk', 'disk_format': 'qcow2', 'container_format': 'bare', 'visibility': 'public', 'size': 21692416, 'virtual_size': 117440512, 'status': 'active', 'checksum': '87617e24a5e30cb3b87fda8c0764838f', 'protected': False, 'min_ram': 0, 'min_disk': 0, 'owner': '1cc8c62448314c45912011edd3ae5374', 'os_hidden': False, 'os_hash_algo': 'sha512', 'os_hash_value': '9a9bce0083a00939ec17c11febbfc767aa211aaa54f51e75c5a8b271a9b5637c77205a518b7a2007cb391d23cceb01e0e4e8d64832317151bc85b734b92a7be0', 'id': '33abf4a9-ef06-4448-a45c-b53dca509874', 'created_at': datetime.datetime(2026, 7, 14, 10, 49, 31, tzinfo=datetime.timezone.utc), 'updated_at': datetime.datetime(2026, 7, 14, 10, 49, 33, tzinfo=datetime.timezone.utc), 'tags': [], 'file': '/v2/images/33abf4a9-ef06-4448-a45c-b53dca509874/file', 'properties': {'hw_rng_model': 'virtio', 'owner_specified.openstack.md5': '', 'owner_specified.openstack.object': 'images/cirros-0.6.3-x86_64-disk', 'owner_specified.openstack.sha256': ''}}, 'image_service': }' {{(pid=86977) _task_receiver /opt/stack/data/venv/lib/python3.12/site-packages/taskflow/listeners/logging.py:218}}
Jul 14 13:02:27 devstack cinder-volume[86977]: DEBUG cinder.volume.manager [None req-f1953163-e196-4a2b-a672-db20b4300e33 tempest-VolumesExtendTest-331170324 None] Task 'cinder.volume.flows.manager.create_volume.NotifyVolumeActionTask;volume:create, create.start' (142cd0e5-27f8-4613-9ebc-75473cbff06a) transitioned into state 'RUNNING' from state 'PENDING' {{(pid=86977) _task_receiver /opt/stack/data/venv/lib/python3.12/site-packages/taskflow/listeners/logging.py:242}}
Jul 14 13:02:27 devstack cinder-volume[86977]: DEBUG cinder.volume.manager [None req-f1953163-e196-4a2b-a672-db20b4300e33 tempest-VolumesExtendTest-331170324 None] Task 'cinder.volume.flows.manager.create_volume.NotifyVolumeActionTask;volume:create, create.start' (142cd0e5-27f8-4613-9ebc-75473cbff06a) transitioned into state 'SUCCESS' from state 'RUNNING' with result 'None' {{(pid=86977) _task_receiver /opt/stack/data/venv/lib/python3.12/site-packages/taskflow/listeners/logging.py:218}}
Jul 14 13:02:27 devstack cinder-volume[86977]: DEBUG cinder.volume.manager [None req-f1953163-e196-4a2b-a672-db20b4300e33 tempest-VolumesExtendTest-331170324 None] Task 'cinder.volume.flows.manager.create_volume.CreateVolumeFromSpecTask;volume:create' (1886d79a-6358-4f33-ae63-b314213f5595) transitioned into state 'RUNNING' from state 'PENDING' {{(pid=86977) _task_receiver /opt/stack/data/venv/lib/python3.12/site-packages/taskflow/listeners/logging.py:242}}
Jul 14 13:02:27 devstack cinder-volume[86977]: INFO cinder.volume.flows.manager.create_volume [None req-f1953163-e196-4a2b-a672-db20b4300e33 tempest-VolumesExtendTest-331170324 None] Volume 124c4ce4-0b1c-4c40-b461-79d8984fc451: being created as image with specification: {'status': 'creating', 'volume_name': 'volume-124c4ce4-0b1c-4c40-b461-79d8984fc451', 'volume_size': 1, 'image_id': '33abf4a9-ef06-4448-a45c-b53dca509874', 'image_location': (None, [{'url': 'file:///opt/stack/data/glance/images/33abf4a9-ef06-4448-a45c-b53dca509874', 'metadata': {}}]), 'image_meta': {'name': 'cirros-0.6.3-x86_64-disk', 'disk_format': 'qcow2', 'container_format': 'bare', 'visibility': 'public', 'size': 21692416, 'virtual_size': 117440512, 'status': 'active', 'checksum': '87617e24a5e30cb3b87fda8c0764838f', 'protected': False, 'min_ram': 0, 'min_disk': 0, 'owner': '1cc8c62448314c45912011edd3ae5374', 'os_hidden': False, 'os_hash_algo': 'sha512', 'os_hash_value': '9a9bce0083a00939ec17c11febbfc767aa211aaa54f51e75c5a8b271a9b5637c77205a518b7a2007cb391d23cceb01e0e4e8d64832317151bc85b734b92a7be0', 'id': '33abf4a9-ef06-4448-a45c-b53dca509874', 'created_at': datetime.datetime(2026, 7, 14, 10, 49, 31, tzinfo=datetime.timezone.utc), 'updated_at': datetime.datetime(2026, 7, 14, 10, 49, 33, tzinfo=datetime.timezone.utc), 'tags': [], 'file': '/v2/images/33abf4a9-ef06-4448-a45c-b53dca509874/file', 'properties': {'hw_rng_model': 'virtio', 'owner_specified.openstack.md5': '', 'owner_specified.openstack.object': 'images/cirros-0.6.3-x86_64-disk', 'owner_specified.openstack.sha256': ''}}, 'image_service': }
Jul 14 13:02:27 devstack cinder-volume[86977]: DEBUG cinder.volume.flows.manager.create_volume [None req-f1953163-e196-4a2b-a672-db20b4300e33 tempest-VolumesExtendTest-331170324 None] Trying to clone 124c4ce4-0b1c-4c40-b461-79d8984fc451 from image 33abf4a9-ef06-4448-a45c-b53dca509874 at location (None, [{'url': 'file:///opt/stack/data/glance/images/33abf4a9-ef06-4448-a45c-b53dca509874', 'metadata': {}}]). {{(pid=86977) _create_from_image /opt/stack/cinder/cinder/volume/flows/manager/create_volume.py:1091}}
Jul 14 13:02:27 devstack sudo[95452]: pam_unix(sudo:session): session closed for user root
Jul 14 13:02:27 devstack cinder-volume[86977]: DEBUG oslo_concurrency.processutils [None req-6e296f59-baa7-4899-a8ad-7cc53cf3ea60 tempest-SnapshotMetadataTestJSON-237188989 None] CMD "sudo cinder-rootwrap /etc/cinder/rootwrap.conf rm -f /opt/stack/data/cinder/mnt/0fe8e8a4d08f52b884440ad5f91d3132/volume-e11274fb-1306-473a-b358-74ce56ee9cd7.226ea4e8-aa73-4176-89cc-39561da42eef" returned: 0 in 0.384s {{(pid=86977) execute /opt/stack/data/venv/lib/python3.12/site-packages/oslo_concurrency/processutils.py:468}}
Jul 14 13:02:27 devstack cinder-volume[86977]: DEBUG cinder.coordination [None req-6e296f59-baa7-4899-a8ad-7cc53cf3ea60 tempest-SnapshotMetadataTestJSON-237188989 None] Lock "cinder-quobyte-226ea4e8-aa73-4176-89cc-39561da42eef" released by "_delete_snapshot" :: held 2.086s {{(pid=86977) __release /opt/stack/cinder/cinder/coordination.py:152}}
Jul 14 13:02:27 devstack cinder-volume[86977]: DEBUG cinder.coordination [None req-6e296f59-baa7-4899-a8ad-7cc53cf3ea60 tempest-SnapshotMetadataTestJSON-237188989 None] Lock "cinder-quobyte-e11274fb-1306-473a-b358-74ce56ee9cd7" released by "delete_snapshot" :: held 2.171s {{(pid=86977) __release /opt/stack/cinder/cinder/coordination.py:152}}
Jul 14 13:02:28 devstack cinder-volume[86977]: DEBUG cinder.volume.flows.manager.create_volume [None req-305412b2-4c3a-4800-9a96-301376fb5cbf tempest-AttachVolumeShelveTestJSON-981611705 None] Volume reschedule parameters: True retry: {'num_attempts': 1, 'backends': ['devstack@QuobyteHD#QuobyteHD'], 'hosts': ['devstack@QuobyteHD#QuobyteHD']} {{(pid=86977) get_flow /opt/stack/cinder/cinder/volume/flows/manager/create_volume.py:1397}}
Jul 14 13:02:28 devstack cinder-volume[86977]: DEBUG cinder.volume.manager [None req-305412b2-4c3a-4800-9a96-301376fb5cbf tempest-AttachVolumeShelveTestJSON-981611705 None] Flow 'volume_create_manager' (13fca14a-862e-4060-902b-3f6b59a73e00) transitioned into state 'RUNNING' from state 'PENDING' {{(pid=86977) _flow_receiver /opt/stack/data/venv/lib/python3.12/site-packages/taskflow/listeners/logging.py:160}}
