Jul 14 13:00:23 devstack cinder-volume[86977]: DEBUG oslo_concurrency.processutils [None req-e8709a22-872a-44b9-9fba-65f3671ec741 tempest-SnapshotsActionsTest-507223422 None] Running cmd (subprocess): /opt/stack/data/venv/bin/python3.12 -m oslo_concurrency.prlimit --as=1073741824 --cpu=60 -- sudo cinder-rootwrap /etc/cinder/rootwrap.conf env LC_ALL=C qemu-img info -f qcow2 --output=json --force-share /opt/stack/data/cinder/mnt/0fe8e8a4d08f52b884440ad5f91d3132/volume-16571c8d-c6f6-4aad-8100-c607fd48b305.1f0905b5-b100-43b9-bb15-c7e7cafff493 {{(pid=86977) execute /opt/stack/data/venv/lib/python3.12/site-packages/oslo_concurrency/processutils.py:440}}
Jul 14 13:00:23 devstack sudo[93107]: quobyte : PWD=/ ; USER=root ; COMMAND=/opt/stack/data/venv/bin/cinder-rootwrap /etc/cinder/rootwrap.conf env LC_ALL=C qemu-img info -f qcow2 --output=json --force-share /opt/stack/data/cinder/mnt/0fe8e8a4d08f52b884440ad5f91d3132/volume-16571c8d-c6f6-4aad-8100-c607fd48b305.1f0905b5-b100-43b9-bb15-c7e7cafff493
Jul 14 13:00:23 devstack sudo[93107]: pam_unix(sudo:session): session opened for user root(uid=0) by (uid=1000)
Jul 14 13:00:23 devstack sudo[93107]: pam_unix(sudo:session): session closed for user root
Jul 14 13:00:23 devstack cinder-volume[86977]: DEBUG oslo_concurrency.processutils [None req-e8709a22-872a-44b9-9fba-65f3671ec741 tempest-SnapshotsActionsTest-507223422 None] CMD "/opt/stack/data/venv/bin/python3.12 -m oslo_concurrency.prlimit --as=1073741824 --cpu=60 -- sudo cinder-rootwrap /etc/cinder/rootwrap.conf env LC_ALL=C qemu-img info -f qcow2 --output=json --force-share /opt/stack/data/cinder/mnt/0fe8e8a4d08f52b884440ad5f91d3132/volume-16571c8d-c6f6-4aad-8100-c607fd48b305.1f0905b5-b100-43b9-bb15-c7e7cafff493" returned: 0 in 0.472s {{(pid=86977) execute /opt/stack/data/venv/lib/python3.12/site-packages/oslo_concurrency/processutils.py:468}}
Jul 14 13:00:23 devstack cinder-volume[86977]: DEBUG cinder.volume.drivers.remotefs [None req-e8709a22-872a-44b9-9fba-65f3671ec741 tempest-SnapshotsActionsTest-507223422 None] Fetching qemu-img info with special backing_file_template: (/opt/stack/data/cinder/mnt/[0-9a-f]+/)?(volume-16571c8d-c6f6-4aad-8100-c607fd48b305(.(tmp-snap-)?[0-9a-f-]+)?|volume_from_snapshot_cache/(tmp-snap-)?[0-9a-f-]+(.(child-|parent-)[0-9a-f-]+)?)$ {{(pid=86977) _qemu_img_info_base /opt/stack/cinder/cinder/volume/drivers/remotefs.py:896}}
Jul 14 13:00:23 devstack cinder-volume[86977]: DEBUG oslo.privsep.daemon [-] privsep: reply[1d73c970-87fe-4dfa-a1cb-25a0523feb7b]: (4, 'qcow2') {{(pid=88743) _call_back /opt/stack/data/venv/lib/python3.12/site-packages/oslo_privsep/daemon.py:580}}
Jul 14 13:00:23 devstack cinder-volume[86977]: DEBUG oslo_concurrency.processutils [None req-e8709a22-872a-44b9-9fba-65f3671ec741 tempest-SnapshotsActionsTest-507223422 None] Running cmd (subprocess): /opt/stack/data/venv/bin/python3.12 -m oslo_concurrency.prlimit --as=1073741824 --cpu=60 -- sudo cinder-rootwrap /etc/cinder/rootwrap.conf env LC_ALL=C qemu-img info -f qcow2 --output=json --force-share /opt/stack/data/cinder/mnt/0fe8e8a4d08f52b884440ad5f91d3132/volume-16571c8d-c6f6-4aad-8100-c607fd48b305.356a0f5a-d405-4886-84c5-eaa2e490cdbf {{(pid=86977) execute /opt/stack/data/venv/lib/python3.12/site-packages/oslo_concurrency/processutils.py:440}}
Jul 14 13:00:23 devstack sudo[93112]: quobyte : PWD=/ ; USER=root ; COMMAND=/opt/stack/data/venv/bin/cinder-rootwrap /etc/cinder/rootwrap.conf env LC_ALL=C qemu-img info -f qcow2 --output=json --force-share /opt/stack/data/cinder/mnt/0fe8e8a4d08f52b884440ad5f91d3132/volume-16571c8d-c6f6-4aad-8100-c607fd48b305.356a0f5a-d405-4886-84c5-eaa2e490cdbf
Jul 14 13:00:23 devstack sudo[93112]: pam_unix(sudo:session): session opened for user root(uid=0) by (uid=1000)
Jul 14 13:00:24 devstack cinder-volume[86977]: INFO cinder.volume.manager [None req-16832607-257f-4c8d-8032-4083f692b0e6 tempest-GroupSnapshotsTest-846013661 None] Group tempest-GroupSnapshotsTest-Group-1152190577: creating
Jul 14 13:00:24 devstack cinder-volume[86977]: INFO cinder.volume.manager [None req-16832607-257f-4c8d-8032-4083f692b0e6 tempest-GroupSnapshotsTest-846013661 None] Group tempest-GroupSnapshotsTest-Group-1152190577: created successfully
Jul 14 13:00:24 devstack cinder-volume[86977]: INFO cinder.volume.manager [None req-16832607-257f-4c8d-8032-4083f692b0e6 tempest-GroupSnapshotsTest-846013661 None] Create group completed successfully.
Jul 14 13:00:24 devstack sudo[93112]: pam_unix(sudo:session): session closed for user root
Jul 14 13:00:24 devstack cinder-volume[86977]: DEBUG oslo_concurrency.processutils [None req-e8709a22-872a-44b9-9fba-65f3671ec741 tempest-SnapshotsActionsTest-507223422 None] CMD "/opt/stack/data/venv/bin/python3.12 -m oslo_concurrency.prlimit --as=1073741824 --cpu=60 -- sudo cinder-rootwrap /etc/cinder/rootwrap.conf env LC_ALL=C qemu-img info -f qcow2 --output=json --force-share /opt/stack/data/cinder/mnt/0fe8e8a4d08f52b884440ad5f91d3132/volume-16571c8d-c6f6-4aad-8100-c607fd48b305.356a0f5a-d405-4886-84c5-eaa2e490cdbf" returned: 0 in 0.536s {{(pid=86977) execute /opt/stack/data/venv/lib/python3.12/site-packages/oslo_concurrency/processutils.py:468}}
Jul 14 13:00:24 devstack cinder-volume[86977]: DEBUG cinder.volume.drivers.remotefs [None req-e8709a22-872a-44b9-9fba-65f3671ec741 tempest-SnapshotsActionsTest-507223422 None] Fetching qemu-img info with special backing_file_template: (/opt/stack/data/cinder/mnt/[0-9a-f]+/)?(volume-16571c8d-c6f6-4aad-8100-c607fd48b305(.(tmp-snap-)?[0-9a-f-]+)?|volume_from_snapshot_cache/(tmp-snap-)?[0-9a-f-]+(.(child-|parent-)[0-9a-f-]+)?)$ {{(pid=86977) _qemu_img_info_base /opt/stack/cinder/cinder/volume/drivers/remotefs.py:896}}
Jul 14 13:00:24 devstack cinder-volume[86977]: DEBUG oslo_concurrency.processutils [None req-e8709a22-872a-44b9-9fba-65f3671ec741 tempest-SnapshotsActionsTest-507223422 None] Running cmd (subprocess): sudo cinder-rootwrap /etc/cinder/rootwrap.conf qemu-img commit -d /opt/stack/data/cinder/mnt/0fe8e8a4d08f52b884440ad5f91d3132/volume-16571c8d-c6f6-4aad-8100-c607fd48b305.1f0905b5-b100-43b9-bb15-c7e7cafff493 {{(pid=86977) execute /opt/stack/data/venv/lib/python3.12/site-packages/oslo_concurrency/processutils.py:440}}
Jul 14 13:00:24 devstack sudo[93157]: quobyte : PWD=/ ; USER=root ; COMMAND=/opt/stack/data/venv/bin/cinder-rootwrap /etc/cinder/rootwrap.conf qemu-img commit -d /opt/stack/data/cinder/mnt/0fe8e8a4d08f52b884440ad5f91d3132/volume-16571c8d-c6f6-4aad-8100-c607fd48b305.1f0905b5-b100-43b9-bb15-c7e7cafff493
Jul 14 13:00:24 devstack sudo[93157]: pam_unix(sudo:session): session opened for user root(uid=0) by (uid=1000)
Jul 14 13:00:24 devstack sudo[93157]: pam_unix(sudo:session): session closed for user root
Jul 14 13:00:24 devstack cinder-volume[86977]: DEBUG oslo_concurrency.processutils [None req-e8709a22-872a-44b9-9fba-65f3671ec741 tempest-SnapshotsActionsTest-507223422 None] CMD "sudo cinder-rootwrap /etc/cinder/rootwrap.conf qemu-img commit -d /opt/stack/data/cinder/mnt/0fe8e8a4d08f52b884440ad5f91d3132/volume-16571c8d-c6f6-4aad-8100-c607fd48b305.1f0905b5-b100-43b9-bb15-c7e7cafff493" returned: 0 in 0.389s {{(pid=86977) execute /opt/stack/data/venv/lib/python3.12/site-packages/oslo_concurrency/processutils.py:468}}
Jul 14 13:00:24 devstack cinder-volume[86977]: DEBUG oslo_concurrency.processutils [None req-e8709a22-872a-44b9-9fba-65f3671ec741 tempest-SnapshotsActionsTest-507223422 None] Running cmd (subprocess): sudo cinder-rootwrap /etc/cinder/rootwrap.conf rm -f /opt/stack/data/cinder/mnt/0fe8e8a4d08f52b884440ad5f91d3132/volume-16571c8d-c6f6-4aad-8100-c607fd48b305.1f0905b5-b100-43b9-bb15-c7e7cafff493 {{(pid=86977) execute /opt/stack/data/venv/lib/python3.12/site-packages/oslo_concurrency/processutils.py:440}}
Jul 14 13:00:24 devstack sudo[93162]: quobyte : PWD=/ ; USER=root ; COMMAND=/opt/stack/data/venv/bin/cinder-rootwrap /etc/cinder/rootwrap.conf rm -f /opt/stack/data/cinder/mnt/0fe8e8a4d08f52b884440ad5f91d3132/volume-16571c8d-c6f6-4aad-8100-c607fd48b305.1f0905b5-b100-43b9-bb15-c7e7cafff493
Jul 14 13:00:24 devstack sudo[93162]: pam_unix(sudo:session): session opened for user root(uid=0) by (uid=1000)
Jul 14 13:00:24 devstack sudo[93162]: pam_unix(sudo:session): session closed for user root
Jul 14 13:00:24 devstack cinder-volume[86977]: DEBUG oslo_concurrency.processutils [None req-e8709a22-872a-44b9-9fba-65f3671ec741 tempest-SnapshotsActionsTest-507223422 None] CMD "sudo cinder-rootwrap /etc/cinder/rootwrap.conf rm -f /opt/stack/data/cinder/mnt/0fe8e8a4d08f52b884440ad5f91d3132/volume-16571c8d-c6f6-4aad-8100-c607fd48b305.1f0905b5-b100-43b9-bb15-c7e7cafff493" returned: 0 in 0.243s {{(pid=86977) execute /opt/stack/data/venv/lib/python3.12/site-packages/oslo_concurrency/processutils.py:468}}
Jul 14 13:00:24 devstack cinder-volume[86977]: DEBUG cinder.coordination [None req-e8709a22-872a-44b9-9fba-65f3671ec741 tempest-SnapshotsActionsTest-507223422 None] Lock "cinder-quobyte-1f0905b5-b100-43b9-bb15-c7e7cafff493" released by "_delete_snapshot" :: held 1.741s {{(pid=86977) __release /opt/stack/cinder/cinder/coordination.py:152}}
Jul 14 13:00:25 devstack cinder-volume[86977]: DEBUG cinder.coordination [None req-e8709a22-872a-44b9-9fba-65f3671ec741 tempest-SnapshotsActionsTest-507223422 None] Lock "cinder-quobyte-16571c8d-c6f6-4aad-8100-c607fd48b305" released by "delete_snapshot" :: held 1.767s {{(pid=86977) __release /opt/stack/cinder/cinder/coordination.py:152}}
Jul 14 13:00:25 devstack cinder-volume[86977]: DEBUG cinder.quota [None req-e8709a22-872a-44b9-9fba-65f3671ec741 tempest-SnapshotsActionsTest-507223422 None] Created reservations ['33549f05-75f8-416e-998e-26f3cce6c61a', 'ddf407fa-72dd-4b2d-95f4-bbec6a05dc70', '496ab222-632a-44d0-aea4-e8cd8dc7fb42', '124df5db-3f29-4750-bc72-936b239e53e9'] {{(pid=86977) reserve /opt/stack/cinder/cinder/quota.py:752}}
Jul 14 13:00:25 devstack cinder-volume[86977]: INFO cinder.volume.manager [None req-e8709a22-872a-44b9-9fba-65f3671ec741 tempest-SnapshotsActionsTest-507223422 None] Delete snapshot completed successfully.
Jul 14 13:00:25 devstack cinder-volume[86977]: DEBUG cinder.coordination [None req-e8709a22-872a-44b9-9fba-65f3671ec741 tempest-SnapshotsActionsTest-507223422 None] Lock "cinder-1f0905b5-b100-43b9-bb15-c7e7cafff493-delete_snapshot" released by "delete_snapshot" :: held 1.911s {{(pid=86977) __release /opt/stack/cinder/cinder/coordination.py:152}}
Jul 14 13:00:25 devstack cinder-volume[86977]: DEBUG oslo_concurrency.lockutils [None req-49a9745d-9c6e-44ca-877d-d0bb70d799e4 tempest-SnapshotsActionsTest-1698140824 None] Acquiring lock "quobyte" by "cinder.volume.drivers.quobyte.QuobyteDriver.create_snapshot" {{(pid=86977) inner /opt/stack/data/venv/lib/python3.12/site-packages/oslo_concurrency/lockutils.py:511}}
Jul 14 13:00:25 devstack cinder-volume[86977]: DEBUG oslo_concurrency.lockutils [None req-49a9745d-9c6e-44ca-877d-d0bb70d799e4 tempest-SnapshotsActionsTest-1698140824 None] Lock "quobyte" acquired by "cinder.volume.drivers.quobyte.QuobyteDriver.create_snapshot" :: waited 0.001s {{(pid=86977) inner /opt/stack/data/venv/lib/python3.12/site-packages/oslo_concurrency/lockutils.py:524}}
Jul 14 13:00:25 devstack cinder-volume[86977]: DEBUG cinder.volume.drivers.remotefs [None req-49a9745d-9c6e-44ca-877d-d0bb70d799e4 tempest-SnapshotsActionsTest-1698140824 None] Creating offline snapshot 66cb6fcb-8788-4222-933d-d20ad531a1ac of volume 16571c8d-c6f6-4aad-8100-c607fd48b305 {{(pid=86977) _create_snapshot /opt/stack/cinder/cinder/volume/drivers/remotefs.py:1816}}
Jul 14 13:00:25 devstack cinder-volume[86977]: DEBUG cinder.volume.flows.manager.create_volume [None req-7304f024-a3ca-4cdb-9cfe-8ccd82e2447c tempest-GroupSnapshotsTest-846013661 None] Volume reschedule parameters: True retry: {'num_attempts': 1, 'backends': ['devstack@QuobyteHD#QuobyteHD'], 'hosts': ['devstack@QuobyteHD#QuobyteHD']} {{(pid=86977) get_flow /opt/stack/cinder/cinder/volume/flows/manager/create_volume.py:1397}}
Jul 14 13:00:25 devstack cinder-volume[86977]: DEBUG cinder.volume.manager [None req-7304f024-a3ca-4cdb-9cfe-8ccd82e2447c tempest-GroupSnapshotsTest-846013661 None] Flow 'volume_create_manager' (84669ea7-5d7d-4422-a50b-321354dae05f) transitioned into state 'RUNNING' from state 'PENDING' {{(pid=86977) _flow_receiver /opt/stack/data/venv/lib/python3.12/site-packages/taskflow/listeners/logging.py:160}}
Jul 14 13:00:25 devstack cinder-volume[86977]: DEBUG cinder.volume.manager [None req-7304f024-a3ca-4cdb-9cfe-8ccd82e2447c tempest-GroupSnapshotsTest-846013661 None] Task 'cinder.volume.flows.manager.create_volume.ExtractVolumeRefTask;volume:create' (9afc5f63-412e-4690-b1e2-4f0f1a281dd9) transitioned into state 'RUNNING' from state 'PENDING' {{(pid=86977) _task_receiver /opt/stack/data/venv/lib/python3.12/site-packages/taskflow/listeners/logging.py:242}}
Jul 14 13:00:25 devstack cinder-volume[86977]: DEBUG oslo.privsep.daemon [-] privsep: reply[9f4dc1c0-cc46-44de-b55f-e538097ccf00]: (4, 'qcow2') {{(pid=88743) _call_back /opt/stack/data/venv/lib/python3.12/site-packages/oslo_privsep/daemon.py:580}}
Jul 14 13:00:25 devstack cinder-volume[86977]: DEBUG oslo_concurrency.processutils [None req-49a9745d-9c6e-44ca-877d-d0bb70d799e4 tempest-SnapshotsActionsTest-1698140824 None] Running cmd (subprocess): /opt/stack/data/venv/bin/python3.12 -m oslo_concurrency.prlimit --as=1073741824 --cpu=60 -- sudo cinder-rootwrap /etc/cinder/rootwrap.conf env LC_ALL=C qemu-img info -f qcow2 --output=json --force-share /opt/stack/data/cinder/mnt/0fe8e8a4d08f52b884440ad5f91d3132/volume-16571c8d-c6f6-4aad-8100-c607fd48b305.356a0f5a-d405-4886-84c5-eaa2e490cdbf {{(pid=86977) execute /opt/stack/data/venv/lib/python3.12/site-packages/oslo_concurrency/processutils.py:440}}
Jul 14 13:00:25 devstack cinder-volume[86977]: DEBUG cinder.volume.manager [None req-7304f024-a3ca-4cdb-9cfe-8ccd82e2447c tempest-GroupSnapshotsTest-846013661 None] Task 'cinder.volume.flows.manager.create_volume.ExtractVolumeRefTask;volume:create' (9afc5f63-412e-4690-b1e2-4f0f1a281dd9) transitioned into state 'SUCCESS' from state 'RUNNING' with result 'Volume(_name_id=None,admin_metadata=,attach_status='detached',availability_zone='nova',bootable=False,cluster=,cluster_name=None,consistencygroup=,consistencygroup_id=None,created_at=2026-07-14T11:00:25Z,deleted=False,deleted_at=None,display_description=None,display_name='tempest-volume-1525952651',ec2_id=None,encryption_key_id=None,glance_metadata=,group=,group_id=aea728aa-967a-4b4a-87e2-47d39ae380ea,host='devstack@QuobyteHD#QuobyteHD',id=b1ccccd0-c209-4904-9b52-3e073cf4373f,launched_at=None,metadata={},migration_status=None,multiattach=False,previous_status=None,project_id='5ade236e81d44abca4bd35e961972d45',provider_auth=None,provider_geometry=None,provider_id=None,provider_location=None,replication_driver_data=None,replication_extended_status=None,replication_status=None,scheduled_at=2026-07-14T11:00:26Z,service_uuid=None,shared_targets=True,size=1,snapshot_id=None,snapshots=,source_volid=None,status='creating',terminated_at=None,updated_at=2026-07-14T11:00:26Z,use_quota=True,user_id='3b0583a81d334ceea0343680506b84f9',volume_attachment=VolumeAttachmentList,volume_type=VolumeType(ef8fbd45-f0f5-46f7-a2f5-156d2c421be2),volume_type_id=ef8fbd45-f0f5-46f7-a2f5-156d2c421be2)' {{(pid=86977) _task_receiver /opt/stack/data/venv/lib/python3.12/site-packages/taskflow/listeners/logging.py:218}}
Jul 14 13:00:25 devstack cinder-volume[86977]: DEBUG cinder.volume.manager [None req-7304f024-a3ca-4cdb-9cfe-8ccd82e2447c tempest-GroupSnapshotsTest-846013661 None] Task 'cinder.volume.flows.manager.create_volume.OnFailureRescheduleTask;volume:create' (93988024-07aa-4580-ad52-ff6a7409a936) transitioned into state 'RUNNING' from state 'PENDING' {{(pid=86977) _task_receiver /opt/stack/data/venv/lib/python3.12/site-packages/taskflow/listeners/logging.py:242}}
Jul 14 13:00:25 devstack cinder-volume[86977]: DEBUG cinder.volume.manager [None req-7304f024-a3ca-4cdb-9cfe-8ccd82e2447c tempest-GroupSnapshotsTest-846013661 None] Task 'cinder.volume.flows.manager.create_volume.OnFailureRescheduleTask;volume:create' (93988024-07aa-4580-ad52-ff6a7409a936) transitioned into state 'SUCCESS' from state 'RUNNING' with result 'None' {{(pid=86977) _task_receiver /opt/stack/data/venv/lib/python3.12/site-packages/taskflow/listeners/logging.py:218}}
Jul 14 13:00:25 devstack cinder-volume[86977]: DEBUG cinder.volume.manager [None req-7304f024-a3ca-4cdb-9cfe-8ccd82e2447c tempest-GroupSnapshotsTest-846013661 None] Task 'cinder.volume.flows.manager.create_volume.ExtractVolumeSpecTask;volume:create' (89d9451d-55f3-4502-9e45-f9952b0df50a) transitioned into state 'RUNNING' from state 'PENDING' {{(pid=86977) _task_receiver /opt/stack/data/venv/lib/python3.12/site-packages/taskflow/listeners/logging.py:242}}
Jul 14 13:00:25 devstack cinder-volume[86977]: DEBUG cinder.volume.manager [None req-7304f024-a3ca-4cdb-9cfe-8ccd82e2447c tempest-GroupSnapshotsTest-846013661 None] Task 'cinder.volume.flows.manager.create_volume.ExtractVolumeSpecTask;volume:create' (89d9451d-55f3-4502-9e45-f9952b0df50a) transitioned into state 'SUCCESS' from state 'RUNNING' with result '{'status': 'creating', 'type': 'raw', 'volume_id': 'b1ccccd0-c209-4904-9b52-3e073cf4373f', 'volume_name': 'volume-b1ccccd0-c209-4904-9b52-3e073cf4373f', 'volume_size': 1}' {{(pid=86977) _task_receiver /opt/stack/data/venv/lib/python3.12/site-packages/taskflow/listeners/logging.py:218}}
Jul 14 13:00:25 devstack cinder-volume[86977]: DEBUG cinder.volume.manager [None req-7304f024-a3ca-4cdb-9cfe-8ccd82e2447c tempest-GroupSnapshotsTest-846013661 None] Task 'cinder.volume.flows.manager.create_volume.NotifyVolumeActionTask;volume:create, create.start' (4e08e06a-2a41-480f-8a73-f5f7440a5709) transitioned into state 'RUNNING' from state 'PENDING' {{(pid=86977) _task_receiver /opt/stack/data/venv/lib/python3.12/site-packages/taskflow/listeners/logging.py:242}}
Jul 14 13:00:25 devstack cinder-volume[86977]: DEBUG cinder.volume.manager [None req-7304f024-a3ca-4cdb-9cfe-8ccd82e2447c tempest-GroupSnapshotsTest-846013661 None] Task 'cinder.volume.flows.manager.create_volume.NotifyVolumeActionTask;volume:create, create.start' (4e08e06a-2a41-480f-8a73-f5f7440a5709) transitioned into state 'SUCCESS' from state 'RUNNING' with result 'None' {{(pid=86977) _task_receiver /opt/stack/data/venv/lib/python3.12/site-packages/taskflow/listeners/logging.py:218}}
Jul 14 13:00:25 devstack cinder-volume[86977]: DEBUG cinder.volume.manager [None req-7304f024-a3ca-4cdb-9cfe-8ccd82e2447c tempest-GroupSnapshotsTest-846013661 None] Task 'cinder.volume.flows.manager.create_volume.CreateVolumeFromSpecTask;volume:create' (91563d55-ca79-42a3-987c-80e112996fd0) transitioned into state 'RUNNING' from state 'PENDING' {{(pid=86977) _task_receiver /opt/stack/data/venv/lib/python3.12/site-packages/taskflow/listeners/logging.py:242}}
Jul 14 13:00:25 devstack cinder-volume[86977]: INFO cinder.volume.flows.manager.create_volume [None req-7304f024-a3ca-4cdb-9cfe-8ccd82e2447c tempest-GroupSnapshotsTest-846013661 None] Volume b1ccccd0-c209-4904-9b52-3e073cf4373f: being created as raw with specification: {'status': 'creating', 'volume_name': 'volume-b1ccccd0-c209-4904-9b52-3e073cf4373f', 'volume_size': 1}
Jul 14 13:00:25 devstack cinder-volume[86977]: DEBUG oslo_concurrency.lockutils [None req-7304f024-a3ca-4cdb-9cfe-8ccd82e2447c tempest-GroupSnapshotsTest-846013661 None] Acquiring lock "quobyte" by "cinder.volume.drivers.quobyte.QuobyteDriver.create_volume" {{(pid=86977) inner /opt/stack/data/venv/lib/python3.12/site-packages/oslo_concurrency/lockutils.py:511}}
Jul 14 13:00:26 devstack sudo[93166]: quobyte : PWD=/ ; USER=root ; COMMAND=/opt/stack/data/venv/bin/cinder-rootwrap /etc/cinder/rootwrap.conf env LC_ALL=C qemu-img info -f qcow2 --output=json --force-share /opt/stack/data/cinder/mnt/0fe8e8a4d08f52b884440ad5f91d3132/volume-16571c8d-c6f6-4aad-8100-c607fd48b305.356a0f5a-d405-4886-84c5-eaa2e490cdbf
Jul 14 13:00:26 devstack sudo[93166]: pam_unix(sudo:session): session opened for user root(uid=0) by (uid=1000)
Jul 14 13:00:26 devstack sudo[93166]: pam_unix(sudo:session): session closed for user root
Jul 14 13:00:26 devstack cinder-volume[86977]: DEBUG oslo_concurrency.processutils [None req-49a9745d-9c6e-44ca-877d-d0bb70d799e4 tempest-SnapshotsActionsTest-1698140824 None] CMD "/opt/stack/data/venv/bin/python3.12 -m oslo_concurrency.prlimit --as=1073741824 --cpu=60 -- sudo cinder-rootwrap /etc/cinder/rootwrap.conf env LC_ALL=C qemu-img info -f qcow2 --output=json --force-share /opt/stack/data/cinder/mnt/0fe8e8a4d08f52b884440ad5f91d3132/volume-16571c8d-c6f6-4aad-8100-c607fd48b305.356a0f5a-d405-4886-84c5-eaa2e490cdbf" returned: 0 in 0.362s {{(pid=86977) execute /opt/stack/data/venv/lib/python3.12/site-packages/oslo_concurrency/processutils.py:468}}
Jul 14 13:00:26 devstack cinder-volume[86977]: DEBUG cinder.volume.drivers.remotefs [None req-49a9745d-9c6e-44ca-877d-d0bb70d799e4 tempest-SnapshotsActionsTest-1698140824 None] Fetching qemu-img info with special backing_file_template: (/opt/stack/data/cinder/mnt/[0-9a-f]+/)?(volume-16571c8d-c6f6-4aad-8100-c607fd48b305(.(tmp-snap-)?[0-9a-f-]+)?|volume_from_snapshot_cache/(tmp-snap-)?[0-9a-f-]+(.(child-|parent-)[0-9a-f-]+)?)$ {{(pid=86977) _qemu_img_info_base /opt/stack/cinder/cinder/volume/drivers/remotefs.py:896}}
Jul 14 13:00:26 devstack cinder-volume[86977]: DEBUG oslo_concurrency.processutils [None req-49a9745d-9c6e-44ca-877d-d0bb70d799e4 tempest-SnapshotsActionsTest-1698140824 None] Running cmd (subprocess): sudo cinder-rootwrap /etc/cinder/rootwrap.conf qemu-img create -f qcow2 -o backing_file=/opt/stack/data/cinder/mnt/0fe8e8a4d08f52b884440ad5f91d3132/volume-16571c8d-c6f6-4aad-8100-c607fd48b305.356a0f5a-d405-4886-84c5-eaa2e490cdbf,backing_fmt=qcow2 /opt/stack/data/cinder/mnt/0fe8e8a4d08f52b884440ad5f91d3132/volume-16571c8d-c6f6-4aad-8100-c607fd48b305.66cb6fcb-8788-4222-933d-d20ad531a1ac 1G {{(pid=86977) execute /opt/stack/data/venv/lib/python3.12/site-packages/oslo_concurrency/processutils.py:440}}
Jul 14 13:00:26 devstack sudo[93171]: quobyte : PWD=/ ; USER=root ; COMMAND=/opt/stack/data/venv/bin/cinder-rootwrap /etc/cinder/rootwrap.conf qemu-img create -f qcow2 -o backing_file=/opt/stack/data/cinder/mnt/0fe8e8a4d08f52b884440ad5f91d3132/volume-16571c8d-c6f6-4aad-8100-c607fd48b305.356a0f5a-d405-4886-84c5-eaa2e490cdbf,backing_fmt=qcow2 /opt/stack/data/cinder/mnt/0fe8e8a4d08f52b884440ad5f91d3132/volume-16571c8d-c6f6-4aad-8100-c607fd48b305.66cb6fcb-8788-4222-933d-d20ad531a1ac 1G
Jul 14 13:00:26 devstack sudo[93171]: pam_unix(sudo:session): session opened for user root(uid=0) by (uid=1000)
Jul 14 13:00:26 devstack sudo[93171]: pam_unix(sudo:session): session closed for user root
Jul 14 13:00:26 devstack cinder-volume[86977]: DEBUG oslo_concurrency.processutils [None req-49a9745d-9c6e-44ca-877d-d0bb70d799e4 tempest-SnapshotsActionsTest-1698140824 None] CMD "sudo cinder-rootwrap /etc/cinder/rootwrap.conf qemu-img create -f qcow2 -o backing_file=/opt/stack/data/cinder/mnt/0fe8e8a4d08f52b884440ad5f91d3132/volume-16571c8d-c6f6-4aad-8100-c607fd48b305.356a0f5a-d405-4886-84c5-eaa2e490cdbf,backing_fmt=qcow2 /opt/stack/data/cinder/mnt/0fe8e8a4d08f52b884440ad5f91d3132/volume-16571c8d-c6f6-4aad-8100-c607fd48b305.66cb6fcb-8788-4222-933d-d20ad531a1ac 1G" returned: 0 in 0.441s {{(pid=86977) execute /opt/stack/data/venv/lib/python3.12/site-packages/oslo_concurrency/processutils.py:468}}
Jul 14 13:00:26 devstack cinder-volume[86977]: DEBUG oslo_concurrency.processutils [None req-49a9745d-9c6e-44ca-877d-d0bb70d799e4 tempest-SnapshotsActionsTest-1698140824 None] Running cmd (subprocess): sudo cinder-rootwrap /etc/cinder/rootwrap.conf qemu-img rebase -u -b volume-16571c8d-c6f6-4aad-8100-c607fd48b305.356a0f5a-d405-4886-84c5-eaa2e490cdbf -F qcow2 /opt/stack/data/cinder/mnt/0fe8e8a4d08f52b884440ad5f91d3132/volume-16571c8d-c6f6-4aad-8100-c607fd48b305.66cb6fcb-8788-4222-933d-d20ad531a1ac {{(pid=86977) execute /opt/stack/data/venv/lib/python3.12/site-packages/oslo_concurrency/processutils.py:440}}
Jul 14 13:00:26 devstack sudo[93177]: quobyte : PWD=/ ; USER=root ; COMMAND=/opt/stack/data/venv/bin/cinder-rootwrap /etc/cinder/rootwrap.conf qemu-img rebase -u -b volume-16571c8d-c6f6-4aad-8100-c607fd48b305.356a0f5a-d405-4886-84c5-eaa2e490cdbf -F qcow2 /opt/stack/data/cinder/mnt/0fe8e8a4d08f52b884440ad5f91d3132/volume-16571c8d-c6f6-4aad-8100-c607fd48b305.66cb6fcb-8788-4222-933d-d20ad531a1ac
Jul 14 13:00:26 devstack sudo[93177]: pam_unix(sudo:session): session opened for user root(uid=0) by (uid=1000)
Jul 14 13:00:27 devstack sudo[93177]: pam_unix(sudo:session): session closed for user root
Jul 14 13:00:27 devstack cinder-volume[86977]: DEBUG oslo_concurrency.processutils [None req-49a9745d-9c6e-44ca-877d-d0bb70d799e4 tempest-SnapshotsActionsTest-1698140824 None] CMD "sudo cinder-rootwrap /etc/cinder/rootwrap.conf qemu-img rebase -u -b volume-16571c8d-c6f6-4aad-8100-c607fd48b305.356a0f5a-d405-4886-84c5-eaa2e490cdbf -F qcow2 /opt/stack/data/cinder/mnt/0fe8e8a4d08f52b884440ad5f91d3132/volume-16571c8d-c6f6-4aad-8100-c607fd48b305.66cb6fcb-8788-4222-933d-d20ad531a1ac" returned: 0 in 0.338s {{(pid=86977) execute /opt/stack/data/venv/lib/python3.12/site-packages/oslo_concurrency/processutils.py:468}}
Jul 14 13:00:27 devstack cinder-volume[86977]: WARNING cinder.volume.drivers.remotefs [None req-49a9745d-9c6e-44ca-877d-d0bb70d799e4 tempest-SnapshotsActionsTest-1698140824 None] /opt/stack/data/cinder/mnt/0fe8e8a4d08f52b884440ad5f91d3132/volume-16571c8d-c6f6-4aad-8100-c607fd48b305.66cb6fcb-8788-4222-933d-d20ad531a1ac is being set with open permissions: ugo+rw
Jul 14 13:00:27 devstack cinder-volume[86977]: DEBUG oslo_concurrency.processutils [None req-49a9745d-9c6e-44ca-877d-d0bb70d799e4 tempest-SnapshotsActionsTest-1698140824 None] Running cmd (subprocess): sudo cinder-rootwrap /etc/cinder/rootwrap.conf chmod ugo+rw /opt/stack/data/cinder/mnt/0fe8e8a4d08f52b884440ad5f91d3132/volume-16571c8d-c6f6-4aad-8100-c607fd48b305.66cb6fcb-8788-4222-933d-d20ad531a1ac {{(pid=86977) execute /opt/stack/data/venv/lib/python3.12/site-packages/oslo_concurrency/processutils.py:440}}
Jul 14 13:00:27 devstack sudo[93182]: quobyte : PWD=/ ; USER=root ; COMMAND=/opt/stack/data/venv/bin/cinder-rootwrap /etc/cinder/rootwrap.conf chmod ugo+rw /opt/stack/data/cinder/mnt/0fe8e8a4d08f52b884440ad5f91d3132/volume-16571c8d-c6f6-4aad-8100-c607fd48b305.66cb6fcb-8788-4222-933d-d20ad531a1ac
Jul 14 13:00:27 devstack sudo[93182]: pam_unix(sudo:session): session opened for user root(uid=0) by (uid=1000)
Jul 14 13:00:27 devstack sudo[93182]: pam_unix(sudo:session): session closed for user root
Jul 14 13:00:27 devstack cinder-volume[86977]: DEBUG oslo_concurrency.processutils [None req-49a9745d-9c6e-44ca-877d-d0bb70d799e4 tempest-SnapshotsActionsTest-1698140824 None] CMD "sudo cinder-rootwrap /etc/cinder/rootwrap.conf chmod ugo+rw /opt/stack/data/cinder/mnt/0fe8e8a4d08f52b884440ad5f91d3132/volume-16571c8d-c6f6-4aad-8100-c607fd48b305.66cb6fcb-8788-4222-933d-d20ad531a1ac" returned: 0 in 0.249s {{(pid=86977) execute /opt/stack/data/venv/lib/python3.12/site-packages/oslo_concurrency/processutils.py:468}}
Jul 14 13:00:27 devstack cinder-volume[86977]: DEBUG oslo_concurrency.lockutils [None req-49a9745d-9c6e-44ca-877d-d0bb70d799e4 tempest-SnapshotsActionsTest-1698140824 None] Lock "quobyte" "released" by "cinder.volume.drivers.quobyte.QuobyteDriver.create_snapshot" :: held 1.515s {{(pid=86977) inner /opt/stack/data/venv/lib/python3.12/site-packages/oslo_concurrency/lockutils.py:543}}
Jul 14 13:00:27 devstack cinder-volume[86977]: DEBUG oslo_concurrency.lockutils [None req-7304f024-a3ca-4cdb-9cfe-8ccd82e2447c tempest-GroupSnapshotsTest-846013661 None] Lock "quobyte" acquired by "cinder.volume.drivers.quobyte.QuobyteDriver.create_volume" :: waited 1.356s {{(pid=86977) inner /opt/stack/data/venv/lib/python3.12/site-packages/oslo_concurrency/lockutils.py:524}}
Jul 14 13:00:27 devstack cinder-volume[86977]: DEBUG cinder.volume.drivers.quobyte [None req-7304f024-a3ca-4cdb-9cfe-8ccd82e2447c tempest-GroupSnapshotsTest-846013661 None] ==> create_volume: call "{'self': , 'volume': Volume(_name_id=None,admin_metadata=,attach_status='detached',availability_zone='nova',bootable=False,cluster=,cluster_name=None,consistencygroup=,consistencygroup_id=aea728aa-967a-4b4a-87e2-47d39ae380ea,created_at=2026-07-14T11:00:25Z,deleted=False,deleted_at=None,display_description=None,display_name='tempest-volume-1525952651',ec2_id=None,encryption_key_id=None,glance_metadata=,group=,group_id=aea728aa-967a-4b4a-87e2-47d39ae380ea,host='devstack@QuobyteHD#QuobyteHD',id=b1ccccd0-c209-4904-9b52-3e073cf4373f,launched_at=None,metadata={},migration_status=None,multiattach=False,previous_status=None,project_id='5ade236e81d44abca4bd35e961972d45',provider_auth=None,provider_geometry=None,provider_id=None,provider_location=None,replication_driver_data=None,replication_extended_status=None,replication_status=None,scheduled_at=2026-07-14T11:00:26Z,service_uuid=None,shared_targets=True,size=1,snapshot_id=None,snapshots=,source_volid=None,status='creating',terminated_at=None,updated_at=2026-07-14T11:00:26Z,use_quota=True,user_id='3b0583a81d334ceea0343680506b84f9',volume_attachment=VolumeAttachmentList,volume_type=VolumeType(ef8fbd45-f0f5-46f7-a2f5-156d2c421be2),volume_type_id=ef8fbd45-f0f5-46f7-a2f5-156d2c421be2)}" {{(pid=86977) trace_logging_wrapper /opt/stack/cinder/cinder/volume/volume_utils.py:1497}}
Jul 14 13:00:27 devstack cinder-volume[86977]: DEBUG cinder.volume.drivers.remotefs [None req-7304f024-a3ca-4cdb-9cfe-8ccd82e2447c tempest-GroupSnapshotsTest-846013661 None] Creating volume b1ccccd0-c209-4904-9b52-3e073cf4373f {{(pid=86977) create_volume /opt/stack/cinder/cinder/volume/drivers/remotefs.py:292}}
Jul 14 13:00:27 devstack cinder-volume[86977]: DEBUG oslo_concurrency.lockutils [None req-7304f024-a3ca-4cdb-9cfe-8ccd82e2447c tempest-GroupSnapshotsTest-846013661 None] Acquiring lock "quobyte_ensure" by "cinder.volume.drivers.quobyte.QuobyteDriver._ensure_shares_mounted" {{(pid=86977) inner /opt/stack/data/venv/lib/python3.12/site-packages/oslo_concurrency/lockutils.py:511}}
Jul 14 13:00:27 devstack cinder-volume[86977]: DEBUG oslo_concurrency.lockutils [None req-7304f024-a3ca-4cdb-9cfe-8ccd82e2447c tempest-GroupSnapshotsTest-846013661 None] Lock "quobyte_ensure" acquired by "cinder.volume.drivers.quobyte.QuobyteDriver._ensure_shares_mounted" :: waited 0.000s {{(pid=86977) inner /opt/stack/data/venv/lib/python3.12/site-packages/oslo_concurrency/lockutils.py:524}}
Jul 14 13:00:27 devstack cinder-volume[86977]: DEBUG cinder.volume.drivers.quobyte [None req-7304f024-a3ca-4cdb-9cfe-8ccd82e2447c tempest-GroupSnapshotsTest-846013661 None] Quobyte Volume URL set to: {'osci02.corp.quobyte.com/cinder-vol-5305ce97-ea21-4e9c-a6d2-98be88eb92f1': None} {{(pid=86977) _load_shares_config /opt/stack/cinder/cinder/volume/drivers/quobyte.py:617}}
Jul 14 13:00:27 devstack cinder-volume[86977]: DEBUG cinder.volume.drivers.quobyte [None req-7304f024-a3ca-4cdb-9cfe-8ccd82e2447c tempest-GroupSnapshotsTest-846013661 None] Available shares ['osci02.corp.quobyte.com/cinder-vol-5305ce97-ea21-4e9c-a6d2-98be88eb92f1'] {{(pid=86977) _ensure_shares_mounted /opt/stack/cinder/cinder/volume/drivers/quobyte.py:647}}
Jul 14 13:00:27 devstack cinder-volume[86977]: DEBUG oslo_concurrency.lockutils [None req-7304f024-a3ca-4cdb-9cfe-8ccd82e2447c tempest-GroupSnapshotsTest-846013661 None] Lock "quobyte_ensure" "released" by "cinder.volume.drivers.quobyte.QuobyteDriver._ensure_shares_mounted" :: held 0.007s {{(pid=86977) inner /opt/stack/data/venv/lib/python3.12/site-packages/oslo_concurrency/lockutils.py:543}}
Jul 14 13:00:27 devstack cinder-volume[86977]: DEBUG cinder.volume.drivers.quobyte [None req-7304f024-a3ca-4cdb-9cfe-8ccd82e2447c tempest-GroupSnapshotsTest-846013661 None] Selected osci02.corp.quobyte.com/cinder-vol-5305ce97-ea21-4e9c-a6d2-98be88eb92f1 as target Quobyte volume. {{(pid=86977) _find_share /opt/stack/cinder/cinder/volume/drivers/quobyte.py:668}}
Jul 14 13:00:27 devstack cinder-volume[86977]: INFO cinder.volume.drivers.remotefs [None req-7304f024-a3ca-4cdb-9cfe-8ccd82e2447c tempest-GroupSnapshotsTest-846013661 None] casted to osci02.corp.quobyte.com/cinder-vol-5305ce97-ea21-4e9c-a6d2-98be88eb92f1
Jul 14 13:00:27 devstack cinder-volume[86977]: DEBUG oslo_concurrency.processutils [None req-7304f024-a3ca-4cdb-9cfe-8ccd82e2447c tempest-GroupSnapshotsTest-846013661 None] Running cmd (subprocess): sudo cinder-rootwrap /etc/cinder/rootwrap.conf qemu-img create -f qcow2 -o preallocation=metadata /opt/stack/data/cinder/mnt/0fe8e8a4d08f52b884440ad5f91d3132/volume-b1ccccd0-c209-4904-9b52-3e073cf4373f 1073741824 {{(pid=86977) execute /opt/stack/data/venv/lib/python3.12/site-packages/oslo_concurrency/processutils.py:440}}
Jul 14 13:00:27 devstack sudo[93185]: quobyte : PWD=/ ; USER=root ; COMMAND=/opt/stack/data/venv/bin/cinder-rootwrap /etc/cinder/rootwrap.conf qemu-img create -f qcow2 -o preallocation=metadata /opt/stack/data/cinder/mnt/0fe8e8a4d08f52b884440ad5f91d3132/volume-b1ccccd0-c209-4904-9b52-3e073cf4373f 1073741824
Jul 14 13:00:27 devstack sudo[93185]: pam_unix(sudo:session): session opened for user root(uid=0) by (uid=1000)
Jul 14 13:00:27 devstack cinder-volume[86977]: INFO cinder.volume.manager [None req-49a9745d-9c6e-44ca-877d-d0bb70d799e4 tempest-SnapshotsActionsTest-1698140824 None] Create snapshot completed successfully
Jul 14 13:00:27 devstack sudo[93185]: pam_unix(sudo:session): session closed for user root
Jul 14 13:00:27 devstack cinder-volume[86977]: DEBUG oslo_concurrency.processutils [None req-7304f024-a3ca-4cdb-9cfe-8ccd82e2447c tempest-GroupSnapshotsTest-846013661 None] CMD "sudo cinder-rootwrap /etc/cinder/rootwrap.conf qemu-img create -f qcow2 -o preallocation=metadata /opt/stack/data/cinder/mnt/0fe8e8a4d08f52b884440ad5f91d3132/volume-b1ccccd0-c209-4904-9b52-3e073cf4373f 1073741824" returned: 0 in 0.494s {{(pid=86977) execute /opt/stack/data/venv/lib/python3.12/site-packages/oslo_concurrency/processutils.py:468}}
Jul 14 13:00:27 devstack cinder-volume[86977]: DEBUG oslo_concurrency.processutils [None req-7304f024-a3ca-4cdb-9cfe-8ccd82e2447c tempest-GroupSnapshotsTest-846013661 None] Running cmd (subprocess): sudo cinder-rootwrap /etc/cinder/rootwrap.conf chmod ugo+rw /opt/stack/data/cinder/mnt/0fe8e8a4d08f52b884440ad5f91d3132/volume-b1ccccd0-c209-4904-9b52-3e073cf4373f {{(pid=86977) execute /opt/stack/data/venv/lib/python3.12/site-packages/oslo_concurrency/processutils.py:440}}
Jul 14 13:00:27 devstack cinder-volume[86977]: DEBUG cinder.coordination [None req-5551fee3-2d77-42da-a30a-b441cb848df0 tempest-SnapshotsActionsTest-507223422 None] Acquiring lock "cinder-66cb6fcb-8788-4222-933d-d20ad531a1ac-delete_snapshot" by "delete_snapshot" {{(pid=86977) __acquire /opt/stack/cinder/cinder/coordination.py:138}}
Jul 14 13:00:27 devstack sudo[93201]: quobyte : PWD=/ ; USER=root ; COMMAND=/opt/stack/data/venv/bin/cinder-rootwrap /etc/cinder/rootwrap.conf chmod ugo+rw /opt/stack/data/cinder/mnt/0fe8e8a4d08f52b884440ad5f91d3132/volume-b1ccccd0-c209-4904-9b52-3e073cf4373f
Jul 14 13:00:27 devstack sudo[93201]: pam_unix(sudo:session): session opened for user root(uid=0) by (uid=1000)
Jul 14 13:00:27 devstack cinder-volume[86977]: DEBUG cinder.coordination [None req-5551fee3-2d77-42da-a30a-b441cb848df0 tempest-SnapshotsActionsTest-507223422 None] Lock "cinder-66cb6fcb-8788-4222-933d-d20ad531a1ac-delete_snapshot" acquired by "delete_snapshot" :: waited 0.038s {{(pid=86977) __acquire /opt/stack/cinder/cinder/coordination.py:141}}
Jul 14 13:00:27 devstack cinder-volume[86977]: DEBUG cinder.coordination [None req-5551fee3-2d77-42da-a30a-b441cb848df0 tempest-SnapshotsActionsTest-507223422 None] Acquiring lock "cinder-quobyte-16571c8d-c6f6-4aad-8100-c607fd48b305" by "delete_snapshot" {{(pid=86977) __acquire /opt/stack/cinder/cinder/coordination.py:138}}
Jul 14 13:00:28 devstack cinder-volume[86977]: DEBUG cinder.coordination [None req-5551fee3-2d77-42da-a30a-b441cb848df0 tempest-SnapshotsActionsTest-507223422 None] Lock "cinder-quobyte-16571c8d-c6f6-4aad-8100-c607fd48b305" acquired by "delete_snapshot" :: waited 0.025s {{(pid=86977) __acquire /opt/stack/cinder/cinder/coordination.py:141}}
Jul 14 13:00:28 devstack cinder-volume[86977]: DEBUG cinder.coordination [None req-5551fee3-2d77-42da-a30a-b441cb848df0 tempest-SnapshotsActionsTest-507223422 None] Acquiring lock "cinder-quobyte-66cb6fcb-8788-4222-933d-d20ad531a1ac" by "_delete_snapshot" {{(pid=86977) __acquire /opt/stack/cinder/cinder/coordination.py:138}}
Jul 14 13:00:28 devstack cinder-volume[86977]: DEBUG cinder.coordination [None req-5551fee3-2d77-42da-a30a-b441cb848df0 tempest-SnapshotsActionsTest-507223422 None] Lock "cinder-quobyte-66cb6fcb-8788-4222-933d-d20ad531a1ac" acquired by "_delete_snapshot" :: waited 0.028s {{(pid=86977) __acquire /opt/stack/cinder/cinder/coordination.py:141}}
Jul 14 13:00:28 devstack cinder-volume[86977]: DEBUG cinder.volume.drivers.remotefs [None req-5551fee3-2d77-42da-a30a-b441cb848df0 tempest-SnapshotsActionsTest-507223422 None] Deleting offline snapshot 66cb6fcb-8788-4222-933d-d20ad531a1ac of volume 16571c8d-c6f6-4aad-8100-c607fd48b305 {{(pid=86977) _delete_snapshot /opt/stack/cinder/cinder/volume/drivers/remotefs.py:1288}}
Jul 14 13:00:28 devstack cinder-volume[86977]: DEBUG cinder.volume.drivers.remotefs [None req-5551fee3-2d77-42da-a30a-b441cb848df0 tempest-SnapshotsActionsTest-507223422 None] snapshot_file for this snap is: volume-16571c8d-c6f6-4aad-8100-c607fd48b305.66cb6fcb-8788-4222-933d-d20ad531a1ac {{(pid=86977) _delete_snapshot /opt/stack/cinder/cinder/volume/drivers/remotefs.py:1317}}
Jul 14 13:00:28 devstack cinder-volume[86977]: DEBUG oslo.privsep.daemon [-] privsep: reply[03804692-bd9f-4e48-8e04-4d164bd67f94]: (4, 'qcow2') {{(pid=88743) _call_back /opt/stack/data/venv/lib/python3.12/site-packages/oslo_privsep/daemon.py:580}}
Jul 14 13:00:28 devstack cinder-volume[86977]: DEBUG oslo_concurrency.processutils [None req-5551fee3-2d77-42da-a30a-b441cb848df0 tempest-SnapshotsActionsTest-507223422 None] Running cmd (subprocess): /opt/stack/data/venv/bin/python3.12 -m oslo_concurrency.prlimit --as=1073741824 --cpu=60 -- sudo cinder-rootwrap /etc/cinder/rootwrap.conf env LC_ALL=C qemu-img info -f qcow2 --output=json --force-share /opt/stack/data/cinder/mnt/0fe8e8a4d08f52b884440ad5f91d3132/volume-16571c8d-c6f6-4aad-8100-c607fd48b305.66cb6fcb-8788-4222-933d-d20ad531a1ac {{(pid=86977) execute /opt/stack/data/venv/lib/python3.12/site-packages/oslo_concurrency/processutils.py:440}}
Jul 14 13:00:28 devstack sudo[93210]: quobyte : PWD=/ ; USER=root ; COMMAND=/opt/stack/data/venv/bin/cinder-rootwrap /etc/cinder/rootwrap.conf env LC_ALL=C qemu-img info -f qcow2 --output=json --force-share /opt/stack/data/cinder/mnt/0fe8e8a4d08f52b884440ad5f91d3132/volume-16571c8d-c6f6-4aad-8100-c607fd48b305.66cb6fcb-8788-4222-933d-d20ad531a1ac
Jul 14 13:00:28 devstack sudo[93210]: pam_unix(sudo:session): session opened for user root(uid=0) by (uid=1000)
Jul 14 13:00:28 devstack sudo[93201]: pam_unix(sudo:session): session closed for user root
Jul 14 13:00:28 devstack cinder-volume[86977]: DEBUG oslo_concurrency.processutils [None req-7304f024-a3ca-4cdb-9cfe-8ccd82e2447c tempest-GroupSnapshotsTest-846013661 None] CMD "sudo cinder-rootwrap /etc/cinder/rootwrap.conf chmod ugo+rw /opt/stack/data/cinder/mnt/0fe8e8a4d08f52b884440ad5f91d3132/volume-b1ccccd0-c209-4904-9b52-3e073cf4373f" returned: 0 in 0.336s {{(pid=86977) execute /opt/stack/data/venv/lib/python3.12/site-packages/oslo_concurrency/processutils.py:468}}
Jul 14 13:00:28 devstack cinder-volume[86977]: DEBUG cinder.volume.drivers.quobyte [None req-7304f024-a3ca-4cdb-9cfe-8ccd82e2447c tempest-GroupSnapshotsTest-846013661 None] <== create_volume: return (883ms) {'provider_location': 'osci02.corp.quobyte.com/cinder-vol-5305ce97-ea21-4e9c-a6d2-98be88eb92f1'} {{(pid=86977) trace_logging_wrapper /opt/stack/cinder/cinder/volume/volume_utils.py:1522}}
Jul 14 13:00:28 devstack cinder-volume[86977]: DEBUG oslo_concurrency.lockutils [None req-7304f024-a3ca-4cdb-9cfe-8ccd82e2447c tempest-GroupSnapshotsTest-846013661 None] Lock "quobyte" "released" by "cinder.volume.drivers.quobyte.QuobyteDriver.create_volume" :: held 0.886s {{(pid=86977) inner /opt/stack/data/venv/lib/python3.12/site-packages/oslo_concurrency/lockutils.py:543}}
Jul 14 13:00:28 devstack cinder-volume[86977]: DEBUG cinder.volume.manager [None req-7304f024-a3ca-4cdb-9cfe-8ccd82e2447c tempest-GroupSnapshotsTest-846013661 None] Task 'cinder.volume.flows.manager.create_volume.CreateVolumeFromSpecTask;volume:create' (91563d55-ca79-42a3-987c-80e112996fd0) transitioned into state 'SUCCESS' from state 'RUNNING' with result '{'status': 'creating', 'volume_name': 'volume-b1ccccd0-c209-4904-9b52-3e073cf4373f', 'volume_size': 1}' {{(pid=86977) _task_receiver /opt/stack/data/venv/lib/python3.12/site-packages/taskflow/listeners/logging.py:218}}
Jul 14 13:00:28 devstack cinder-volume[86977]: DEBUG cinder.volume.manager [None req-7304f024-a3ca-4cdb-9cfe-8ccd82e2447c tempest-GroupSnapshotsTest-846013661 None] Task 'cinder.volume.flows.manager.create_volume.CreateVolumeOnFinishTask;volume:create, create.end' (902397d5-c977-4757-ad24-c7aadd311a1a) transitioned into state 'RUNNING' from state 'PENDING' {{(pid=86977) _task_receiver /opt/stack/data/venv/lib/python3.12/site-packages/taskflow/listeners/logging.py:242}}
Jul 14 13:00:28 devstack cinder-volume[86977]: INFO cinder.volume.flows.manager.create_volume [None req-7304f024-a3ca-4cdb-9cfe-8ccd82e2447c tempest-GroupSnapshotsTest-846013661 None] Volume volume-b1ccccd0-c209-4904-9b52-3e073cf4373f (b1ccccd0-c209-4904-9b52-3e073cf4373f): created successfully
Jul 14 13:00:28 devstack cinder-volume[86977]: DEBUG cinder.volume.manager [None req-7304f024-a3ca-4cdb-9cfe-8ccd82e2447c tempest-GroupSnapshotsTest-846013661 None] Task 'cinder.volume.flows.manager.create_volume.CreateVolumeOnFinishTask;volume:create, create.end' (902397d5-c977-4757-ad24-c7aadd311a1a) transitioned into state 'SUCCESS' from state 'RUNNING' with result 'None' {{(pid=86977) _task_receiver /opt/stack/data/venv/lib/python3.12/site-packages/taskflow/listeners/logging.py:218}}
Jul 14 13:00:28 devstack cinder-volume[86977]: DEBUG cinder.volume.manager [None req-7304f024-a3ca-4cdb-9cfe-8ccd82e2447c tempest-GroupSnapshotsTest-846013661 None] Flow 'volume_create_manager' (84669ea7-5d7d-4422-a50b-321354dae05f) transitioned into state 'SUCCESS' from state 'RUNNING' {{(pid=86977) _flow_receiver /opt/stack/data/venv/lib/python3.12/site-packages/taskflow/listeners/logging.py:160}}
Jul 14 13:00:28 devstack cinder-volume[86977]: INFO cinder.volume.manager [None req-7304f024-a3ca-4cdb-9cfe-8ccd82e2447c tempest-GroupSnapshotsTest-846013661 None] Created volume successfully.
Jul 14 13:00:28 devstack sudo[93210]: pam_unix(sudo:session): session closed for user root
Jul 14 13:00:28 devstack cinder-volume[86977]: DEBUG oslo_concurrency.processutils [None req-5551fee3-2d77-42da-a30a-b441cb848df0 tempest-SnapshotsActionsTest-507223422 None] CMD "/opt/stack/data/venv/bin/python3.12 -m oslo_concurrency.prlimit --as=1073741824 --cpu=60 -- sudo cinder-rootwrap /etc/cinder/rootwrap.conf env LC_ALL=C qemu-img info -f qcow2 --output=json --force-share /opt/stack/data/cinder/mnt/0fe8e8a4d08f52b884440ad5f91d3132/volume-16571c8d-c6f6-4aad-8100-c607fd48b305.66cb6fcb-8788-4222-933d-d20ad531a1ac" returned: 0 in 0.418s {{(pid=86977) execute /opt/stack/data/venv/lib/python3.12/site-packages/oslo_concurrency/processutils.py:468}}
Jul 14 13:00:28 devstack cinder-volume[86977]: DEBUG cinder.volume.drivers.remotefs [None req-5551fee3-2d77-42da-a30a-b441cb848df0 tempest-SnapshotsActionsTest-507223422 None] Fetching qemu-img info with special backing_file_template: (/opt/stack/data/cinder/mnt/[0-9a-f]+/)?(volume-16571c8d-c6f6-4aad-8100-c607fd48b305(.(tmp-snap-)?[0-9a-f-]+)?|volume_from_snapshot_cache/(tmp-snap-)?[0-9a-f-]+(.(child-|parent-)[0-9a-f-]+)?)$ {{(pid=86977) _qemu_img_info_base /opt/stack/cinder/cinder/volume/drivers/remotefs.py:896}}
Jul 14 13:00:28 devstack cinder-volume[86977]: DEBUG oslo.privsep.daemon [-] privsep: reply[f7c9cc41-e21e-4d5b-a9d1-1627ef0a1cee]: (4, 'qcow2') {{(pid=88743) _call_back /opt/stack/data/venv/lib/python3.12/site-packages/oslo_privsep/daemon.py:580}}
Jul 14 13:00:28 devstack cinder-volume[86977]: DEBUG oslo_concurrency.processutils [None req-5551fee3-2d77-42da-a30a-b441cb848df0 tempest-SnapshotsActionsTest-507223422 None] Running cmd (subprocess): /opt/stack/data/venv/bin/python3.12 -m oslo_concurrency.prlimit --as=1073741824 --cpu=60 -- sudo cinder-rootwrap /etc/cinder/rootwrap.conf env LC_ALL=C qemu-img info -f qcow2 --output=json --force-share /opt/stack/data/cinder/mnt/0fe8e8a4d08f52b884440ad5f91d3132/volume-16571c8d-c6f6-4aad-8100-c607fd48b305.356a0f5a-d405-4886-84c5-eaa2e490cdbf {{(pid=86977) execute /opt/stack/data/venv/lib/python3.12/site-packages/oslo_concurrency/processutils.py:440}}
Jul 14 13:00:28 devstack sudo[93216]: quobyte : PWD=/ ; USER=root ; COMMAND=/opt/stack/data/venv/bin/cinder-rootwrap /etc/cinder/rootwrap.conf env LC_ALL=C qemu-img info -f qcow2 --output=json --force-share /opt/stack/data/cinder/mnt/0fe8e8a4d08f52b884440ad5f91d3132/volume-16571c8d-c6f6-4aad-8100-c607fd48b305.356a0f5a-d405-4886-84c5-eaa2e490cdbf
Jul 14 13:00:28 devstack sudo[93216]: pam_unix(sudo:session): session opened for user root(uid=0) by (uid=1000)
Jul 14 13:00:28 devstack sudo[93216]: pam_unix(sudo:session): session closed for user root
Jul 14 13:00:28 devstack cinder-volume[86977]: DEBUG oslo_concurrency.processutils [None req-5551fee3-2d77-42da-a30a-b441cb848df0 tempest-SnapshotsActionsTest-507223422 None] CMD "/opt/stack/data/venv/bin/python3.12 -m oslo_concurrency.prlimit --as=1073741824 --cpu=60 -- sudo cinder-rootwrap /etc/cinder/rootwrap.conf env LC_ALL=C qemu-img info -f qcow2 --output=json --force-share /opt/stack/data/cinder/mnt/0fe8e8a4d08f52b884440ad5f91d3132/volume-16571c8d-c6f6-4aad-8100-c607fd48b305.356a0f5a-d405-4886-84c5-eaa2e490cdbf" returned: 0 in 0.349s {{(pid=86977) execute /opt/stack/data/venv/lib/python3.12/site-packages/oslo_concurrency/processutils.py:468}}
Jul 14 13:00:28 devstack cinder-volume[86977]: DEBUG cinder.volume.drivers.remotefs [None req-5551fee3-2d77-42da-a30a-b441cb848df0 tempest-SnapshotsActionsTest-507223422 None] Fetching qemu-img info with special backing_file_template: (/opt/stack/data/cinder/mnt/[0-9a-f]+/)?(volume-16571c8d-c6f6-4aad-8100-c607fd48b305(.(tmp-snap-)?[0-9a-f-]+)?|volume_from_snapshot_cache/(tmp-snap-)?[0-9a-f-]+(.(child-|parent-)[0-9a-f-]+)?)$ {{(pid=86977) _qemu_img_info_base /opt/stack/cinder/cinder/volume/drivers/remotefs.py:896}}
Jul 14 13:00:28 devstack cinder-volume[86977]: DEBUG oslo_concurrency.processutils [None req-5551fee3-2d77-42da-a30a-b441cb848df0 tempest-SnapshotsActionsTest-507223422 None] Running cmd (subprocess): sudo cinder-rootwrap /etc/cinder/rootwrap.conf qemu-img commit -d /opt/stack/data/cinder/mnt/0fe8e8a4d08f52b884440ad5f91d3132/volume-16571c8d-c6f6-4aad-8100-c607fd48b305.66cb6fcb-8788-4222-933d-d20ad531a1ac {{(pid=86977) execute /opt/stack/data/venv/lib/python3.12/site-packages/oslo_concurrency/processutils.py:440}}
Jul 14 13:00:28 devstack sudo[93221]: quobyte : PWD=/ ; USER=root ; COMMAND=/opt/stack/data/venv/bin/cinder-rootwrap /etc/cinder/rootwrap.conf qemu-img commit -d /opt/stack/data/cinder/mnt/0fe8e8a4d08f52b884440ad5f91d3132/volume-16571c8d-c6f6-4aad-8100-c607fd48b305.66cb6fcb-8788-4222-933d-d20ad531a1ac
Jul 14 13:00:28 devstack sudo[93221]: pam_unix(sudo:session): session opened for user root(uid=0) by (uid=1000)
Jul 14 13:00:29 devstack sudo[93221]: pam_unix(sudo:session): session closed for user root
Jul 14 13:00:29 devstack cinder-volume[86977]: DEBUG oslo_concurrency.processutils [None req-5551fee3-2d77-42da-a30a-b441cb848df0 tempest-SnapshotsActionsTest-507223422 None] CMD "sudo cinder-rootwrap /etc/cinder/rootwrap.conf qemu-img commit -d /opt/stack/data/cinder/mnt/0fe8e8a4d08f52b884440ad5f91d3132/volume-16571c8d-c6f6-4aad-8100-c607fd48b305.66cb6fcb-8788-4222-933d-d20ad531a1ac" returned: 0 in 0.368s {{(pid=86977) execute /opt/stack/data/venv/lib/python3.12/site-packages/oslo_concurrency/processutils.py:468}}
Jul 14 13:00:29 devstack cinder-volume[86977]: DEBUG oslo_concurrency.processutils [None req-5551fee3-2d77-42da-a30a-b441cb848df0 tempest-SnapshotsActionsTest-507223422 None] Running cmd (subprocess): sudo cinder-rootwrap /etc/cinder/rootwrap.conf rm -f /opt/stack/data/cinder/mnt/0fe8e8a4d08f52b884440ad5f91d3132/volume-16571c8d-c6f6-4aad-8100-c607fd48b305.66cb6fcb-8788-4222-933d-d20ad531a1ac {{(pid=86977) execute /opt/stack/data/venv/lib/python3.12/site-packages/oslo_concurrency/processutils.py:440}}
Jul 14 13:00:29 devstack sudo[93226]: quobyte : PWD=/ ; USER=root ; COMMAND=/opt/stack/data/venv/bin/cinder-rootwrap /etc/cinder/rootwrap.conf rm -f /opt/stack/data/cinder/mnt/0fe8e8a4d08f52b884440ad5f91d3132/volume-16571c8d-c6f6-4aad-8100-c607fd48b305.66cb6fcb-8788-4222-933d-d20ad531a1ac
Jul 14 13:00:29 devstack sudo[93226]: pam_unix(sudo:session): session opened for user root(uid=0) by (uid=1000)
Jul 14 13:00:29 devstack sudo[93226]: pam_unix(sudo:session): session closed for user root
Jul 14 13:00:29 devstack cinder-volume[86977]: DEBUG oslo_concurrency.processutils [None req-5551fee3-2d77-42da-a30a-b441cb848df0 tempest-SnapshotsActionsTest-507223422 None] CMD "sudo cinder-rootwrap /etc/cinder/rootwrap.conf rm -f /opt/stack/data/cinder/mnt/0fe8e8a4d08f52b884440ad5f91d3132/volume-16571c8d-c6f6-4aad-8100-c607fd48b305.66cb6fcb-8788-4222-933d-d20ad531a1ac" returned: 0 in 0.272s {{(pid=86977) execute /opt/stack/data/venv/lib/python3.12/site-packages/oslo_concurrency/processutils.py:468}}
