Jul 14 13:00:37 devstack cinder-volume[86977]: DEBUG oslo_concurrency.processutils [None req-d92899f5-96b1-43f0-9a9b-eb0c2c88ac01 tempest-GroupSnapshotsTest-846013661 None] Running cmd (subprocess): sudo cinder-rootwrap /etc/cinder/rootwrap.conf chmod ugo+rw /opt/stack/data/cinder/mnt/0fe8e8a4d08f52b884440ad5f91d3132/volume-5a10d5bd-cc00-44f7-af49-7ef3a7a50bb7.88802db7-2a39-4447-b700-542839a23948 {{(pid=86977) execute /opt/stack/data/venv/lib/python3.12/site-packages/oslo_concurrency/processutils.py:440}}
Jul 14 13:00:37 devstack sudo[93289]: quobyte : PWD=/ ; USER=root ; COMMAND=/opt/stack/data/venv/bin/cinder-rootwrap /etc/cinder/rootwrap.conf chmod ugo+rw /opt/stack/data/cinder/mnt/0fe8e8a4d08f52b884440ad5f91d3132/volume-5a10d5bd-cc00-44f7-af49-7ef3a7a50bb7.88802db7-2a39-4447-b700-542839a23948
Jul 14 13:00:37 devstack sudo[93289]: pam_unix(sudo:session): session opened for user root(uid=0) by (uid=1000)
Jul 14 13:00:37 devstack sudo[93289]: pam_unix(sudo:session): session closed for user root
Jul 14 13:00:37 devstack cinder-volume[86977]: DEBUG oslo_concurrency.processutils [None req-d92899f5-96b1-43f0-9a9b-eb0c2c88ac01 tempest-GroupSnapshotsTest-846013661 None] CMD "sudo cinder-rootwrap /etc/cinder/rootwrap.conf chmod ugo+rw /opt/stack/data/cinder/mnt/0fe8e8a4d08f52b884440ad5f91d3132/volume-5a10d5bd-cc00-44f7-af49-7ef3a7a50bb7.88802db7-2a39-4447-b700-542839a23948" returned: 0 in 0.264s {{(pid=86977) execute /opt/stack/data/venv/lib/python3.12/site-packages/oslo_concurrency/processutils.py:468}}
Jul 14 13:00:37 devstack cinder-volume[86977]: DEBUG oslo_concurrency.processutils [None req-d92899f5-96b1-43f0-9a9b-eb0c2c88ac01 tempest-GroupSnapshotsTest-846013661 None] Running cmd (subprocess): sudo cinder-rootwrap /etc/cinder/rootwrap.conf truncate -s0 /opt/stack/data/cinder/mnt/0fe8e8a4d08f52b884440ad5f91d3132/volume-5a10d5bd-cc00-44f7-af49-7ef3a7a50bb7.info {{(pid=86977) execute /opt/stack/data/venv/lib/python3.12/site-packages/oslo_concurrency/processutils.py:440}}
Jul 14 13:00:37 devstack sudo[93292]: quobyte : PWD=/ ; USER=root ; COMMAND=/opt/stack/data/venv/bin/cinder-rootwrap /etc/cinder/rootwrap.conf truncate -s0 /opt/stack/data/cinder/mnt/0fe8e8a4d08f52b884440ad5f91d3132/volume-5a10d5bd-cc00-44f7-af49-7ef3a7a50bb7.info
Jul 14 13:00:37 devstack sudo[93292]: pam_unix(sudo:session): session opened for user root(uid=0) by (uid=1000)
Jul 14 13:00:38 devstack sudo[93292]: pam_unix(sudo:session): session closed for user root
Jul 14 13:00:38 devstack cinder-volume[86977]: DEBUG oslo_concurrency.processutils [None req-d92899f5-96b1-43f0-9a9b-eb0c2c88ac01 tempest-GroupSnapshotsTest-846013661 None] CMD "sudo cinder-rootwrap /etc/cinder/rootwrap.conf truncate -s0 /opt/stack/data/cinder/mnt/0fe8e8a4d08f52b884440ad5f91d3132/volume-5a10d5bd-cc00-44f7-af49-7ef3a7a50bb7.info" returned: 0 in 0.276s {{(pid=86977) execute /opt/stack/data/venv/lib/python3.12/site-packages/oslo_concurrency/processutils.py:468}}
Jul 14 13:00:38 devstack cinder-volume[86977]: WARNING cinder.volume.drivers.remotefs [None req-d92899f5-96b1-43f0-9a9b-eb0c2c88ac01 tempest-GroupSnapshotsTest-846013661 None] /opt/stack/data/cinder/mnt/0fe8e8a4d08f52b884440ad5f91d3132/volume-5a10d5bd-cc00-44f7-af49-7ef3a7a50bb7.info is being set with open permissions: ugo+rw: NotImplementedError
Jul 14 13:00:38 devstack cinder-volume[86977]: DEBUG oslo_concurrency.processutils [None req-d92899f5-96b1-43f0-9a9b-eb0c2c88ac01 tempest-GroupSnapshotsTest-846013661 None] Running cmd (subprocess): sudo cinder-rootwrap /etc/cinder/rootwrap.conf chmod ugo+rw /opt/stack/data/cinder/mnt/0fe8e8a4d08f52b884440ad5f91d3132/volume-5a10d5bd-cc00-44f7-af49-7ef3a7a50bb7.info {{(pid=86977) execute /opt/stack/data/venv/lib/python3.12/site-packages/oslo_concurrency/processutils.py:440}}
Jul 14 13:00:38 devstack sudo[93295]: quobyte : PWD=/ ; USER=root ; COMMAND=/opt/stack/data/venv/bin/cinder-rootwrap /etc/cinder/rootwrap.conf chmod ugo+rw /opt/stack/data/cinder/mnt/0fe8e8a4d08f52b884440ad5f91d3132/volume-5a10d5bd-cc00-44f7-af49-7ef3a7a50bb7.info
Jul 14 13:00:38 devstack sudo[93295]: pam_unix(sudo:session): session opened for user root(uid=0) by (uid=1000)
Jul 14 13:00:38 devstack sudo[93295]: pam_unix(sudo:session): session closed for user root
Jul 14 13:00:38 devstack cinder-volume[86977]: DEBUG oslo_concurrency.processutils [None req-d92899f5-96b1-43f0-9a9b-eb0c2c88ac01 tempest-GroupSnapshotsTest-846013661 None] CMD "sudo cinder-rootwrap /etc/cinder/rootwrap.conf chmod ugo+rw /opt/stack/data/cinder/mnt/0fe8e8a4d08f52b884440ad5f91d3132/volume-5a10d5bd-cc00-44f7-af49-7ef3a7a50bb7.info" returned: 0 in 0.303s {{(pid=86977) execute /opt/stack/data/venv/lib/python3.12/site-packages/oslo_concurrency/processutils.py:468}}
Jul 14 13:00:38 devstack cinder-volume[86977]: DEBUG oslo_concurrency.lockutils [None req-d92899f5-96b1-43f0-9a9b-eb0c2c88ac01 tempest-GroupSnapshotsTest-846013661 None] Lock "quobyte" "released" by "cinder.volume.drivers.quobyte.QuobyteDriver.create_snapshot" :: held 2.105s {{(pid=86977) inner /opt/stack/data/venv/lib/python3.12/site-packages/oslo_concurrency/lockutils.py:543}}
Jul 14 13:00:38 devstack cinder-volume[86977]: DEBUG oslo_concurrency.lockutils [None req-d92899f5-96b1-43f0-9a9b-eb0c2c88ac01 tempest-GroupSnapshotsTest-846013661 None] Acquiring lock "quobyte" by "cinder.volume.drivers.quobyte.QuobyteDriver.create_snapshot" {{(pid=86977) inner /opt/stack/data/venv/lib/python3.12/site-packages/oslo_concurrency/lockutils.py:511}}
Jul 14 13:00:38 devstack cinder-volume[86977]: DEBUG oslo_concurrency.lockutils [None req-d92899f5-96b1-43f0-9a9b-eb0c2c88ac01 tempest-GroupSnapshotsTest-846013661 None] Lock "quobyte" acquired by "cinder.volume.drivers.quobyte.QuobyteDriver.create_snapshot" :: waited 0.003s {{(pid=86977) inner /opt/stack/data/venv/lib/python3.12/site-packages/oslo_concurrency/lockutils.py:524}}
Jul 14 13:00:38 devstack cinder-volume[86977]: DEBUG cinder.volume.drivers.remotefs [None req-d92899f5-96b1-43f0-9a9b-eb0c2c88ac01 tempest-GroupSnapshotsTest-846013661 None] Creating offline snapshot aff94062-6a99-4b32-b05e-3eb34aa5d864 of volume b1ccccd0-c209-4904-9b52-3e073cf4373f {{(pid=86977) _create_snapshot /opt/stack/cinder/cinder/volume/drivers/remotefs.py:1816}}
Jul 14 13:00:38 devstack cinder-volume[86977]: DEBUG oslo.privsep.daemon [-] privsep: reply[6935125a-5b1b-4942-9742-76fe7e36764c]: (4, 'qcow2') {{(pid=88743) _call_back /opt/stack/data/venv/lib/python3.12/site-packages/oslo_privsep/daemon.py:580}}
Jul 14 13:00:38 devstack cinder-volume[86977]: DEBUG oslo_concurrency.processutils [None req-d92899f5-96b1-43f0-9a9b-eb0c2c88ac01 tempest-GroupSnapshotsTest-846013661 None] Running cmd (subprocess): /opt/stack/data/venv/bin/python3.12 -m oslo_concurrency.prlimit --as=1073741824 --cpu=60 -- sudo cinder-rootwrap /etc/cinder/rootwrap.conf env LC_ALL=C qemu-img info -f qcow2 --output=json --force-share /opt/stack/data/cinder/mnt/0fe8e8a4d08f52b884440ad5f91d3132/volume-b1ccccd0-c209-4904-9b52-3e073cf4373f {{(pid=86977) execute /opt/stack/data/venv/lib/python3.12/site-packages/oslo_concurrency/processutils.py:440}}
Jul 14 13:00:38 devstack sudo[93302]: quobyte : PWD=/ ; USER=root ; COMMAND=/opt/stack/data/venv/bin/cinder-rootwrap /etc/cinder/rootwrap.conf env LC_ALL=C qemu-img info -f qcow2 --output=json --force-share /opt/stack/data/cinder/mnt/0fe8e8a4d08f52b884440ad5f91d3132/volume-b1ccccd0-c209-4904-9b52-3e073cf4373f
Jul 14 13:00:38 devstack sudo[93302]: pam_unix(sudo:session): session opened for user root(uid=0) by (uid=1000)
Jul 14 13:00:38 devstack sudo[93302]: pam_unix(sudo:session): session closed for user root
Jul 14 13:00:38 devstack cinder-volume[86977]: DEBUG oslo_concurrency.processutils [None req-d92899f5-96b1-43f0-9a9b-eb0c2c88ac01 tempest-GroupSnapshotsTest-846013661 None] CMD "/opt/stack/data/venv/bin/python3.12 -m oslo_concurrency.prlimit --as=1073741824 --cpu=60 -- sudo cinder-rootwrap /etc/cinder/rootwrap.conf env LC_ALL=C qemu-img info -f qcow2 --output=json --force-share /opt/stack/data/cinder/mnt/0fe8e8a4d08f52b884440ad5f91d3132/volume-b1ccccd0-c209-4904-9b52-3e073cf4373f" returned: 0 in 0.483s {{(pid=86977) execute /opt/stack/data/venv/lib/python3.12/site-packages/oslo_concurrency/processutils.py:468}}
Jul 14 13:00:38 devstack cinder-volume[86977]: DEBUG oslo_concurrency.processutils [None req-d92899f5-96b1-43f0-9a9b-eb0c2c88ac01 tempest-GroupSnapshotsTest-846013661 None] Running cmd (subprocess): sudo cinder-rootwrap /etc/cinder/rootwrap.conf qemu-img create -f qcow2 -o backing_file=/opt/stack/data/cinder/mnt/0fe8e8a4d08f52b884440ad5f91d3132/volume-b1ccccd0-c209-4904-9b52-3e073cf4373f,backing_fmt=qcow2 /opt/stack/data/cinder/mnt/0fe8e8a4d08f52b884440ad5f91d3132/volume-b1ccccd0-c209-4904-9b52-3e073cf4373f.aff94062-6a99-4b32-b05e-3eb34aa5d864 1G {{(pid=86977) execute /opt/stack/data/venv/lib/python3.12/site-packages/oslo_concurrency/processutils.py:440}}
Jul 14 13:00:39 devstack sudo[93312]: quobyte : PWD=/ ; USER=root ; COMMAND=/opt/stack/data/venv/bin/cinder-rootwrap /etc/cinder/rootwrap.conf qemu-img create -f qcow2 -o backing_file=/opt/stack/data/cinder/mnt/0fe8e8a4d08f52b884440ad5f91d3132/volume-b1ccccd0-c209-4904-9b52-3e073cf4373f,backing_fmt=qcow2 /opt/stack/data/cinder/mnt/0fe8e8a4d08f52b884440ad5f91d3132/volume-b1ccccd0-c209-4904-9b52-3e073cf4373f.aff94062-6a99-4b32-b05e-3eb34aa5d864 1G
Jul 14 13:00:39 devstack sudo[93312]: pam_unix(sudo:session): session opened for user root(uid=0) by (uid=1000)
Jul 14 13:00:39 devstack cinder-volume[86977]: DEBUG oslo_concurrency.lockutils [req-f5123009-dc52-49bc-8256-c53f42841d0b req-99f3b7bb-ff22-4281-a0cf-e551c5d1993f tempest-ServerActionsTestOtherA-1628124989 None] Acquiring lock "quobyte" by "cinder.volume.drivers.quobyte.QuobyteDriver.initialize_connection" {{(pid=86977) inner /opt/stack/data/venv/lib/python3.12/site-packages/oslo_concurrency/lockutils.py:511}}
Jul 14 13:00:39 devstack sudo[93312]: pam_unix(sudo:session): session closed for user root
Jul 14 13:00:39 devstack cinder-volume[86977]: DEBUG oslo_concurrency.processutils [None req-d92899f5-96b1-43f0-9a9b-eb0c2c88ac01 tempest-GroupSnapshotsTest-846013661 None] CMD "sudo cinder-rootwrap /etc/cinder/rootwrap.conf qemu-img create -f qcow2 -o backing_file=/opt/stack/data/cinder/mnt/0fe8e8a4d08f52b884440ad5f91d3132/volume-b1ccccd0-c209-4904-9b52-3e073cf4373f,backing_fmt=qcow2 /opt/stack/data/cinder/mnt/0fe8e8a4d08f52b884440ad5f91d3132/volume-b1ccccd0-c209-4904-9b52-3e073cf4373f.aff94062-6a99-4b32-b05e-3eb34aa5d864 1G" returned: 0 in 0.510s {{(pid=86977) execute /opt/stack/data/venv/lib/python3.12/site-packages/oslo_concurrency/processutils.py:468}}
Jul 14 13:00:39 devstack cinder-volume[86977]: DEBUG oslo_concurrency.processutils [None req-d92899f5-96b1-43f0-9a9b-eb0c2c88ac01 tempest-GroupSnapshotsTest-846013661 None] Running cmd (subprocess): sudo cinder-rootwrap /etc/cinder/rootwrap.conf qemu-img rebase -u -b volume-b1ccccd0-c209-4904-9b52-3e073cf4373f -F qcow2 /opt/stack/data/cinder/mnt/0fe8e8a4d08f52b884440ad5f91d3132/volume-b1ccccd0-c209-4904-9b52-3e073cf4373f.aff94062-6a99-4b32-b05e-3eb34aa5d864 {{(pid=86977) execute /opt/stack/data/venv/lib/python3.12/site-packages/oslo_concurrency/processutils.py:440}}
Jul 14 13:00:39 devstack sudo[93324]: quobyte : PWD=/ ; USER=root ; COMMAND=/opt/stack/data/venv/bin/cinder-rootwrap /etc/cinder/rootwrap.conf qemu-img rebase -u -b volume-b1ccccd0-c209-4904-9b52-3e073cf4373f -F qcow2 /opt/stack/data/cinder/mnt/0fe8e8a4d08f52b884440ad5f91d3132/volume-b1ccccd0-c209-4904-9b52-3e073cf4373f.aff94062-6a99-4b32-b05e-3eb34aa5d864
Jul 14 13:00:39 devstack sudo[93324]: pam_unix(sudo:session): session opened for user root(uid=0) by (uid=1000)
Jul 14 13:00:39 devstack sudo[93324]: pam_unix(sudo:session): session closed for user root
Jul 14 13:00:39 devstack cinder-volume[86977]: DEBUG oslo_concurrency.processutils [None req-d92899f5-96b1-43f0-9a9b-eb0c2c88ac01 tempest-GroupSnapshotsTest-846013661 None] CMD "sudo cinder-rootwrap /etc/cinder/rootwrap.conf qemu-img rebase -u -b volume-b1ccccd0-c209-4904-9b52-3e073cf4373f -F qcow2 /opt/stack/data/cinder/mnt/0fe8e8a4d08f52b884440ad5f91d3132/volume-b1ccccd0-c209-4904-9b52-3e073cf4373f.aff94062-6a99-4b32-b05e-3eb34aa5d864" returned: 0 in 0.347s {{(pid=86977) execute /opt/stack/data/venv/lib/python3.12/site-packages/oslo_concurrency/processutils.py:468}}
Jul 14 13:00:39 devstack cinder-volume[86977]: WARNING cinder.volume.drivers.remotefs [None req-d92899f5-96b1-43f0-9a9b-eb0c2c88ac01 tempest-GroupSnapshotsTest-846013661 None] /opt/stack/data/cinder/mnt/0fe8e8a4d08f52b884440ad5f91d3132/volume-b1ccccd0-c209-4904-9b52-3e073cf4373f.aff94062-6a99-4b32-b05e-3eb34aa5d864 is being set with open permissions: ugo+rw: NotImplementedError
Jul 14 13:00:39 devstack cinder-volume[86977]: DEBUG oslo_concurrency.processutils [None req-d92899f5-96b1-43f0-9a9b-eb0c2c88ac01 tempest-GroupSnapshotsTest-846013661 None] Running cmd (subprocess): sudo cinder-rootwrap /etc/cinder/rootwrap.conf chmod ugo+rw /opt/stack/data/cinder/mnt/0fe8e8a4d08f52b884440ad5f91d3132/volume-b1ccccd0-c209-4904-9b52-3e073cf4373f.aff94062-6a99-4b32-b05e-3eb34aa5d864 {{(pid=86977) execute /opt/stack/data/venv/lib/python3.12/site-packages/oslo_concurrency/processutils.py:440}}
Jul 14 13:00:39 devstack sudo[93330]: quobyte : PWD=/ ; USER=root ; COMMAND=/opt/stack/data/venv/bin/cinder-rootwrap /etc/cinder/rootwrap.conf chmod ugo+rw /opt/stack/data/cinder/mnt/0fe8e8a4d08f52b884440ad5f91d3132/volume-b1ccccd0-c209-4904-9b52-3e073cf4373f.aff94062-6a99-4b32-b05e-3eb34aa5d864
Jul 14 13:00:39 devstack sudo[93330]: pam_unix(sudo:session): session opened for user root(uid=0) by (uid=1000)
Jul 14 13:00:40 devstack sudo[93330]: pam_unix(sudo:session): session closed for user root
Jul 14 13:00:40 devstack cinder-volume[86977]: DEBUG oslo_concurrency.processutils [None req-d92899f5-96b1-43f0-9a9b-eb0c2c88ac01 tempest-GroupSnapshotsTest-846013661 None] CMD "sudo cinder-rootwrap /etc/cinder/rootwrap.conf chmod ugo+rw /opt/stack/data/cinder/mnt/0fe8e8a4d08f52b884440ad5f91d3132/volume-b1ccccd0-c209-4904-9b52-3e073cf4373f.aff94062-6a99-4b32-b05e-3eb34aa5d864" returned: 0 in 0.308s {{(pid=86977) execute /opt/stack/data/venv/lib/python3.12/site-packages/oslo_concurrency/processutils.py:468}}
Jul 14 13:00:40 devstack cinder-volume[86977]: DEBUG oslo_concurrency.processutils [None req-d92899f5-96b1-43f0-9a9b-eb0c2c88ac01 tempest-GroupSnapshotsTest-846013661 None] Running cmd (subprocess): sudo cinder-rootwrap /etc/cinder/rootwrap.conf truncate -s0 /opt/stack/data/cinder/mnt/0fe8e8a4d08f52b884440ad5f91d3132/volume-b1ccccd0-c209-4904-9b52-3e073cf4373f.info {{(pid=86977) execute /opt/stack/data/venv/lib/python3.12/site-packages/oslo_concurrency/processutils.py:440}}
Jul 14 13:00:40 devstack cinder-volume[86977]: DEBUG cinder.volume.flows.manager.create_volume [None req-1f43cfe2-1a3e-49d9-86a2-ed40e95edd39 tempest-AttachVolumeNegativeTest-115818279 None] Volume reschedule parameters: True retry: {'num_attempts': 1, 'backends': ['devstack@QuobyteHD#QuobyteHD'], 'hosts': ['devstack@QuobyteHD#QuobyteHD']} {{(pid=86977) get_flow /opt/stack/cinder/cinder/volume/flows/manager/create_volume.py:1397}}
Jul 14 13:00:40 devstack sudo[93333]: quobyte : PWD=/ ; USER=root ; COMMAND=/opt/stack/data/venv/bin/cinder-rootwrap /etc/cinder/rootwrap.conf truncate -s0 /opt/stack/data/cinder/mnt/0fe8e8a4d08f52b884440ad5f91d3132/volume-b1ccccd0-c209-4904-9b52-3e073cf4373f.info
Jul 14 13:00:40 devstack sudo[93333]: pam_unix(sudo:session): session opened for user root(uid=0) by (uid=1000)
Jul 14 13:00:40 devstack cinder-volume[86977]: DEBUG cinder.volume.manager [None req-1f43cfe2-1a3e-49d9-86a2-ed40e95edd39 tempest-AttachVolumeNegativeTest-115818279 None] Flow 'volume_create_manager' (197ffac0-6726-4b91-857e-fc920c03b4e7) transitioned into state 'RUNNING' from state 'PENDING' {{(pid=86977) _flow_receiver /opt/stack/data/venv/lib/python3.12/site-packages/taskflow/listeners/logging.py:160}}
Jul 14 13:00:40 devstack cinder-volume[86977]: DEBUG cinder.volume.manager [None req-1f43cfe2-1a3e-49d9-86a2-ed40e95edd39 tempest-AttachVolumeNegativeTest-115818279 None] Task 'cinder.volume.flows.manager.create_volume.ExtractVolumeRefTask;volume:create' (2a20c20e-e07c-4e49-b301-d72269f4cc1a) transitioned into state 'RUNNING' from state 'PENDING' {{(pid=86977) _task_receiver /opt/stack/data/venv/lib/python3.12/site-packages/taskflow/listeners/logging.py:242}}
Jul 14 13:00:40 devstack cinder-volume[86977]: DEBUG cinder.volume.manager [None req-1f43cfe2-1a3e-49d9-86a2-ed40e95edd39 tempest-AttachVolumeNegativeTest-115818279 None] Task 'cinder.volume.flows.manager.create_volume.ExtractVolumeRefTask;volume:create' (2a20c20e-e07c-4e49-b301-d72269f4cc1a) transitioned into state 'SUCCESS' from state 'RUNNING' with result 'Volume(_name_id=None,admin_metadata=,attach_status='detached',availability_zone='nova',bootable=False,cluster=,cluster_name=None,consistencygroup=,consistencygroup_id=None,created_at=2026-07-14T11:00:40Z,deleted=False,deleted_at=None,display_description=None,display_name='tempest-AttachVolumeNegativeTest-volume-894038020',ec2_id=None,encryption_key_id=None,glance_metadata=,group=,group_id=None,host='devstack@QuobyteHD#QuobyteHD',id=64442ee3-d4db-4959-b6f5-470f1d189f7d,launched_at=None,metadata={},migration_status=None,multiattach=False,previous_status=None,project_id='b6a776181d6140d6883ac80cb97795ed',provider_auth=None,provider_geometry=None,provider_id=None,provider_location=None,replication_driver_data=None,replication_extended_status=None,replication_status=None,scheduled_at=2026-07-14T11:00:40Z,service_uuid=None,shared_targets=True,size=1,snapshot_id=None,snapshots=,source_volid=None,status='creating',terminated_at=None,updated_at=2026-07-14T11:00:40Z,use_quota=True,user_id='be67f5f61375488fa2a986d7c99e25bc',volume_attachment=VolumeAttachmentList,volume_type=VolumeType(984e1f4d-9995-4b88-9e95-1b12d7bddfd0),volume_type_id=984e1f4d-9995-4b88-9e95-1b12d7bddfd0)' {{(pid=86977) _task_receiver /opt/stack/data/venv/lib/python3.12/site-packages/taskflow/listeners/logging.py:218}}
Jul 14 13:00:40 devstack cinder-volume[86977]: DEBUG cinder.volume.manager [None req-1f43cfe2-1a3e-49d9-86a2-ed40e95edd39 tempest-AttachVolumeNegativeTest-115818279 None] Task 'cinder.volume.flows.manager.create_volume.OnFailureRescheduleTask;volume:create' (a92dcb84-ebb6-48bd-860c-8290fd17835b) transitioned into state 'RUNNING' from state 'PENDING' {{(pid=86977) _task_receiver /opt/stack/data/venv/lib/python3.12/site-packages/taskflow/listeners/logging.py:242}}
Jul 14 13:00:40 devstack cinder-volume[86977]: DEBUG cinder.volume.manager [None req-1f43cfe2-1a3e-49d9-86a2-ed40e95edd39 tempest-AttachVolumeNegativeTest-115818279 None] Task 'cinder.volume.flows.manager.create_volume.OnFailureRescheduleTask;volume:create' (a92dcb84-ebb6-48bd-860c-8290fd17835b) transitioned into state 'SUCCESS' from state 'RUNNING' with result 'None' {{(pid=86977) _task_receiver /opt/stack/data/venv/lib/python3.12/site-packages/taskflow/listeners/logging.py:218}}
Jul 14 13:00:40 devstack cinder-volume[86977]: DEBUG cinder.volume.manager [None req-1f43cfe2-1a3e-49d9-86a2-ed40e95edd39 tempest-AttachVolumeNegativeTest-115818279 None] Task 'cinder.volume.flows.manager.create_volume.ExtractVolumeSpecTask;volume:create' (3255ebea-bd59-446e-8423-c3bf1734df29) transitioned into state 'RUNNING' from state 'PENDING' {{(pid=86977) _task_receiver /opt/stack/data/venv/lib/python3.12/site-packages/taskflow/listeners/logging.py:242}}
Jul 14 13:00:40 devstack cinder-volume[86977]: DEBUG cinder.volume.manager [None req-1f43cfe2-1a3e-49d9-86a2-ed40e95edd39 tempest-AttachVolumeNegativeTest-115818279 None] Task 'cinder.volume.flows.manager.create_volume.ExtractVolumeSpecTask;volume:create' (3255ebea-bd59-446e-8423-c3bf1734df29) transitioned into state 'SUCCESS' from state 'RUNNING' with result '{'status': 'creating', 'type': 'raw', 'volume_id': '64442ee3-d4db-4959-b6f5-470f1d189f7d', 'volume_name': 'volume-64442ee3-d4db-4959-b6f5-470f1d189f7d', 'volume_size': 1}' {{(pid=86977) _task_receiver /opt/stack/data/venv/lib/python3.12/site-packages/taskflow/listeners/logging.py:218}}
Jul 14 13:00:40 devstack cinder-volume[86977]: DEBUG cinder.volume.manager [None req-1f43cfe2-1a3e-49d9-86a2-ed40e95edd39 tempest-AttachVolumeNegativeTest-115818279 None] Task 'cinder.volume.flows.manager.create_volume.NotifyVolumeActionTask;volume:create, create.start' (b705c1e6-598f-445d-be00-6daf262157cd) transitioned into state 'RUNNING' from state 'PENDING' {{(pid=86977) _task_receiver /opt/stack/data/venv/lib/python3.12/site-packages/taskflow/listeners/logging.py:242}}
Jul 14 13:00:40 devstack cinder-volume[86977]: DEBUG cinder.volume.manager [None req-1f43cfe2-1a3e-49d9-86a2-ed40e95edd39 tempest-AttachVolumeNegativeTest-115818279 None] Task 'cinder.volume.flows.manager.create_volume.NotifyVolumeActionTask;volume:create, create.start' (b705c1e6-598f-445d-be00-6daf262157cd) transitioned into state 'SUCCESS' from state 'RUNNING' with result 'None' {{(pid=86977) _task_receiver /opt/stack/data/venv/lib/python3.12/site-packages/taskflow/listeners/logging.py:218}}
Jul 14 13:00:40 devstack cinder-volume[86977]: DEBUG cinder.volume.manager [None req-1f43cfe2-1a3e-49d9-86a2-ed40e95edd39 tempest-AttachVolumeNegativeTest-115818279 None] Task 'cinder.volume.flows.manager.create_volume.CreateVolumeFromSpecTask;volume:create' (739aa8e7-0723-4d84-bc97-222b2b85572d) transitioned into state 'RUNNING' from state 'PENDING' {{(pid=86977) _task_receiver /opt/stack/data/venv/lib/python3.12/site-packages/taskflow/listeners/logging.py:242}}
Jul 14 13:00:40 devstack cinder-volume[86977]: INFO cinder.volume.flows.manager.create_volume [None req-1f43cfe2-1a3e-49d9-86a2-ed40e95edd39 tempest-AttachVolumeNegativeTest-115818279 None] Volume 64442ee3-d4db-4959-b6f5-470f1d189f7d: being created as raw with specification: {'status': 'creating', 'volume_name': 'volume-64442ee3-d4db-4959-b6f5-470f1d189f7d', 'volume_size': 1}
Jul 14 13:00:40 devstack cinder-volume[86977]: DEBUG oslo_concurrency.lockutils [None req-1f43cfe2-1a3e-49d9-86a2-ed40e95edd39 tempest-AttachVolumeNegativeTest-115818279 None] Acquiring lock "quobyte" by "cinder.volume.drivers.quobyte.QuobyteDriver.create_volume" {{(pid=86977) inner /opt/stack/data/venv/lib/python3.12/site-packages/oslo_concurrency/lockutils.py:511}}
Jul 14 13:00:40 devstack sudo[93333]: pam_unix(sudo:session): session closed for user root
Jul 14 13:00:40 devstack cinder-volume[86977]: DEBUG oslo_concurrency.processutils [None req-d92899f5-96b1-43f0-9a9b-eb0c2c88ac01 tempest-GroupSnapshotsTest-846013661 None] CMD "sudo cinder-rootwrap /etc/cinder/rootwrap.conf truncate -s0 /opt/stack/data/cinder/mnt/0fe8e8a4d08f52b884440ad5f91d3132/volume-b1ccccd0-c209-4904-9b52-3e073cf4373f.info" returned: 0 in 0.286s {{(pid=86977) execute /opt/stack/data/venv/lib/python3.12/site-packages/oslo_concurrency/processutils.py:468}}
Jul 14 13:00:40 devstack cinder-volume[86977]: WARNING cinder.volume.drivers.remotefs [None req-d92899f5-96b1-43f0-9a9b-eb0c2c88ac01 tempest-GroupSnapshotsTest-846013661 None] /opt/stack/data/cinder/mnt/0fe8e8a4d08f52b884440ad5f91d3132/volume-b1ccccd0-c209-4904-9b52-3e073cf4373f.info is being set with open permissions: ugo+rw: NotImplementedError
Jul 14 13:00:40 devstack cinder-volume[86977]: DEBUG oslo_concurrency.processutils [None req-d92899f5-96b1-43f0-9a9b-eb0c2c88ac01 tempest-GroupSnapshotsTest-846013661 None] Running cmd (subprocess): sudo cinder-rootwrap /etc/cinder/rootwrap.conf chmod ugo+rw /opt/stack/data/cinder/mnt/0fe8e8a4d08f52b884440ad5f91d3132/volume-b1ccccd0-c209-4904-9b52-3e073cf4373f.info {{(pid=86977) execute /opt/stack/data/venv/lib/python3.12/site-packages/oslo_concurrency/processutils.py:440}}
Jul 14 13:00:40 devstack sudo[93336]: quobyte : PWD=/ ; USER=root ; COMMAND=/opt/stack/data/venv/bin/cinder-rootwrap /etc/cinder/rootwrap.conf chmod ugo+rw /opt/stack/data/cinder/mnt/0fe8e8a4d08f52b884440ad5f91d3132/volume-b1ccccd0-c209-4904-9b52-3e073cf4373f.info
Jul 14 13:00:40 devstack sudo[93336]: pam_unix(sudo:session): session opened for user root(uid=0) by (uid=1000)
Jul 14 13:00:40 devstack sudo[93336]: pam_unix(sudo:session): session closed for user root
Jul 14 13:00:40 devstack cinder-volume[86977]: DEBUG oslo_concurrency.processutils [None req-d92899f5-96b1-43f0-9a9b-eb0c2c88ac01 tempest-GroupSnapshotsTest-846013661 None] CMD "sudo cinder-rootwrap /etc/cinder/rootwrap.conf chmod ugo+rw /opt/stack/data/cinder/mnt/0fe8e8a4d08f52b884440ad5f91d3132/volume-b1ccccd0-c209-4904-9b52-3e073cf4373f.info" returned: 0 in 0.273s {{(pid=86977) execute /opt/stack/data/venv/lib/python3.12/site-packages/oslo_concurrency/processutils.py:468}}
Jul 14 13:00:40 devstack cinder-volume[86977]: DEBUG oslo_concurrency.lockutils [None req-d92899f5-96b1-43f0-9a9b-eb0c2c88ac01 tempest-GroupSnapshotsTest-846013661 None] Lock "quobyte" "released" by "cinder.volume.drivers.quobyte.QuobyteDriver.create_snapshot" :: held 2.347s {{(pid=86977) inner /opt/stack/data/venv/lib/python3.12/site-packages/oslo_concurrency/lockutils.py:543}}
Jul 14 13:00:40 devstack cinder-volume[86977]: DEBUG oslo_concurrency.lockutils [req-f5123009-dc52-49bc-8256-c53f42841d0b req-99f3b7bb-ff22-4281-a0cf-e551c5d1993f tempest-ServerActionsTestOtherA-1628124989 None] Lock "quobyte" acquired by "cinder.volume.drivers.quobyte.QuobyteDriver.initialize_connection" :: waited 1.609s {{(pid=86977) inner /opt/stack/data/venv/lib/python3.12/site-packages/oslo_concurrency/lockutils.py:524}}
Jul 14 13:00:40 devstack cinder-volume[86977]: DEBUG oslo.privsep.daemon [-] privsep: reply[23fb628d-5c20-4bdb-b52c-14a9433e9630]: (4, 'qcow2') {{(pid=88743) _call_back /opt/stack/data/venv/lib/python3.12/site-packages/oslo_privsep/daemon.py:580}}
Jul 14 13:00:40 devstack cinder-volume[86977]: DEBUG oslo_concurrency.processutils [req-f5123009-dc52-49bc-8256-c53f42841d0b req-99f3b7bb-ff22-4281-a0cf-e551c5d1993f tempest-ServerActionsTestOtherA-1628124989 None] Running cmd (subprocess): /opt/stack/data/venv/bin/python3.12 -m oslo_concurrency.prlimit --as=1073741824 --cpu=60 -- sudo cinder-rootwrap /etc/cinder/rootwrap.conf env LC_ALL=C qemu-img info -f qcow2 --output=json --force-share /opt/stack/data/cinder/mnt/0fe8e8a4d08f52b884440ad5f91d3132/volume-d8c1c9e6-14ba-4804-8511-0c6c4afe8570 {{(pid=86977) execute /opt/stack/data/venv/lib/python3.12/site-packages/oslo_concurrency/processutils.py:440}}
Jul 14 13:00:40 devstack cinder-volume[86977]: INFO cinder.volume.manager [None req-d92899f5-96b1-43f0-9a9b-eb0c2c88ac01 tempest-GroupSnapshotsTest-846013661 None] group_snapshot f1c3adb7-691f-4cc9-a374-797a4b144b2b: created successfully
Jul 14 13:00:40 devstack sudo[93339]: quobyte : PWD=/ ; USER=root ; COMMAND=/opt/stack/data/venv/bin/cinder-rootwrap /etc/cinder/rootwrap.conf env LC_ALL=C qemu-img info -f qcow2 --output=json --force-share /opt/stack/data/cinder/mnt/0fe8e8a4d08f52b884440ad5f91d3132/volume-d8c1c9e6-14ba-4804-8511-0c6c4afe8570
Jul 14 13:00:40 devstack sudo[93339]: pam_unix(sudo:session): session opened for user root(uid=0) by (uid=1000)
Jul 14 13:00:41 devstack sudo[93339]: pam_unix(sudo:session): session closed for user root
Jul 14 13:00:41 devstack cinder-volume[86977]: DEBUG oslo_concurrency.processutils [req-f5123009-dc52-49bc-8256-c53f42841d0b req-99f3b7bb-ff22-4281-a0cf-e551c5d1993f tempest-ServerActionsTestOtherA-1628124989 None] CMD "/opt/stack/data/venv/bin/python3.12 -m oslo_concurrency.prlimit --as=1073741824 --cpu=60 -- sudo cinder-rootwrap /etc/cinder/rootwrap.conf env LC_ALL=C qemu-img info -f qcow2 --output=json --force-share /opt/stack/data/cinder/mnt/0fe8e8a4d08f52b884440ad5f91d3132/volume-d8c1c9e6-14ba-4804-8511-0c6c4afe8570" returned: 0 in 0.410s {{(pid=86977) execute /opt/stack/data/venv/lib/python3.12/site-packages/oslo_concurrency/processutils.py:468}}
Jul 14 13:00:41 devstack cinder-volume[86977]: DEBUG oslo_concurrency.lockutils [req-f5123009-dc52-49bc-8256-c53f42841d0b req-99f3b7bb-ff22-4281-a0cf-e551c5d1993f tempest-ServerActionsTestOtherA-1628124989 None] Lock "quobyte" "released" by "cinder.volume.drivers.quobyte.QuobyteDriver.initialize_connection" :: held 0.428s {{(pid=86977) inner /opt/stack/data/venv/lib/python3.12/site-packages/oslo_concurrency/lockutils.py:543}}
Jul 14 13:00:41 devstack cinder-volume[86977]: DEBUG oslo_concurrency.lockutils [None req-1f43cfe2-1a3e-49d9-86a2-ed40e95edd39 tempest-AttachVolumeNegativeTest-115818279 None] Lock "quobyte" acquired by "cinder.volume.drivers.quobyte.QuobyteDriver.create_volume" :: waited 0.912s {{(pid=86977) inner /opt/stack/data/venv/lib/python3.12/site-packages/oslo_concurrency/lockutils.py:524}}
Jul 14 13:00:41 devstack cinder-volume[86977]: DEBUG cinder.volume.drivers.quobyte [None req-1f43cfe2-1a3e-49d9-86a2-ed40e95edd39 tempest-AttachVolumeNegativeTest-115818279 None] ==> create_volume: call "{'self': , 'volume': Volume(_name_id=None,admin_metadata=,attach_status='detached',availability_zone='nova',bootable=False,cluster=,cluster_name=None,consistencygroup=,consistencygroup_id=None,created_at=2026-07-14T11:00:40Z,deleted=False,deleted_at=None,display_description=None,display_name='tempest-AttachVolumeNegativeTest-volume-894038020',ec2_id=None,encryption_key_id=None,glance_metadata=,group=,group_id=None,host='devstack@QuobyteHD#QuobyteHD',id=64442ee3-d4db-4959-b6f5-470f1d189f7d,launched_at=None,metadata={},migration_status=None,multiattach=False,previous_status=None,project_id='b6a776181d6140d6883ac80cb97795ed',provider_auth=None,provider_geometry=None,provider_id=None,provider_location=None,replication_driver_data=None,replication_extended_status=None,replication_status=None,scheduled_at=2026-07-14T11:00:40Z,service_uuid=None,shared_targets=True,size=1,snapshot_id=None,snapshots=,source_volid=None,status='creating',terminated_at=None,updated_at=2026-07-14T11:00:40Z,use_quota=True,user_id='be67f5f61375488fa2a986d7c99e25bc',volume_attachment=VolumeAttachmentList,volume_type=VolumeType(984e1f4d-9995-4b88-9e95-1b12d7bddfd0),volume_type_id=984e1f4d-9995-4b88-9e95-1b12d7bddfd0)}" {{(pid=86977) trace_logging_wrapper /opt/stack/cinder/cinder/volume/volume_utils.py:1497}}
Jul 14 13:00:41 devstack cinder-volume[86977]: DEBUG cinder.volume.drivers.remotefs [None req-1f43cfe2-1a3e-49d9-86a2-ed40e95edd39 tempest-AttachVolumeNegativeTest-115818279 None] Creating volume 64442ee3-d4db-4959-b6f5-470f1d189f7d {{(pid=86977) create_volume /opt/stack/cinder/cinder/volume/drivers/remotefs.py:292}}
Jul 14 13:00:41 devstack cinder-volume[86977]: DEBUG oslo_concurrency.lockutils [None req-1f43cfe2-1a3e-49d9-86a2-ed40e95edd39 tempest-AttachVolumeNegativeTest-115818279 None] Acquiring lock "quobyte_ensure" by "cinder.volume.drivers.quobyte.QuobyteDriver._ensure_shares_mounted" {{(pid=86977) inner /opt/stack/data/venv/lib/python3.12/site-packages/oslo_concurrency/lockutils.py:511}}
Jul 14 13:00:41 devstack cinder-volume[86977]: DEBUG oslo_concurrency.lockutils [None req-1f43cfe2-1a3e-49d9-86a2-ed40e95edd39 tempest-AttachVolumeNegativeTest-115818279 None] Lock "quobyte_ensure" acquired by "cinder.volume.drivers.quobyte.QuobyteDriver._ensure_shares_mounted" :: waited 0.001s {{(pid=86977) inner /opt/stack/data/venv/lib/python3.12/site-packages/oslo_concurrency/lockutils.py:524}}
Jul 14 13:00:41 devstack cinder-volume[86977]: DEBUG cinder.volume.drivers.quobyte [None req-1f43cfe2-1a3e-49d9-86a2-ed40e95edd39 tempest-AttachVolumeNegativeTest-115818279 None] Quobyte Volume URL set to: {'osci02.corp.quobyte.com/cinder-vol-5305ce97-ea21-4e9c-a6d2-98be88eb92f1': None} {{(pid=86977) _load_shares_config /opt/stack/cinder/cinder/volume/drivers/quobyte.py:617}}
Jul 14 13:00:41 devstack cinder-volume[86977]: DEBUG cinder.volume.drivers.quobyte [None req-1f43cfe2-1a3e-49d9-86a2-ed40e95edd39 tempest-AttachVolumeNegativeTest-115818279 None] Available shares ['osci02.corp.quobyte.com/cinder-vol-5305ce97-ea21-4e9c-a6d2-98be88eb92f1'] {{(pid=86977) _ensure_shares_mounted /opt/stack/cinder/cinder/volume/drivers/quobyte.py:647}}
Jul 14 13:00:41 devstack cinder-volume[86977]: DEBUG oslo_concurrency.lockutils [None req-1f43cfe2-1a3e-49d9-86a2-ed40e95edd39 tempest-AttachVolumeNegativeTest-115818279 None] Lock "quobyte_ensure" "released" by "cinder.volume.drivers.quobyte.QuobyteDriver._ensure_shares_mounted" :: held 0.007s {{(pid=86977) inner /opt/stack/data/venv/lib/python3.12/site-packages/oslo_concurrency/lockutils.py:543}}
Jul 14 13:00:41 devstack cinder-volume[86977]: DEBUG cinder.volume.drivers.quobyte [None req-1f43cfe2-1a3e-49d9-86a2-ed40e95edd39 tempest-AttachVolumeNegativeTest-115818279 None] Selected osci02.corp.quobyte.com/cinder-vol-5305ce97-ea21-4e9c-a6d2-98be88eb92f1 as target Quobyte volume. {{(pid=86977) _find_share /opt/stack/cinder/cinder/volume/drivers/quobyte.py:668}}
Jul 14 13:00:41 devstack cinder-volume[86977]: INFO cinder.volume.drivers.remotefs [None req-1f43cfe2-1a3e-49d9-86a2-ed40e95edd39 tempest-AttachVolumeNegativeTest-115818279 None] casted to osci02.corp.quobyte.com/cinder-vol-5305ce97-ea21-4e9c-a6d2-98be88eb92f1
Jul 14 13:00:41 devstack cinder-volume[86977]: DEBUG oslo_concurrency.processutils [None req-1f43cfe2-1a3e-49d9-86a2-ed40e95edd39 tempest-AttachVolumeNegativeTest-115818279 None] Running cmd (subprocess): sudo cinder-rootwrap /etc/cinder/rootwrap.conf qemu-img create -f qcow2 -o preallocation=metadata /opt/stack/data/cinder/mnt/0fe8e8a4d08f52b884440ad5f91d3132/volume-64442ee3-d4db-4959-b6f5-470f1d189f7d 1073741824 {{(pid=86977) execute /opt/stack/data/venv/lib/python3.12/site-packages/oslo_concurrency/processutils.py:440}}
Jul 14 13:00:41 devstack sudo[93345]: quobyte : PWD=/ ; USER=root ; COMMAND=/opt/stack/data/venv/bin/cinder-rootwrap /etc/cinder/rootwrap.conf qemu-img create -f qcow2 -o preallocation=metadata /opt/stack/data/cinder/mnt/0fe8e8a4d08f52b884440ad5f91d3132/volume-64442ee3-d4db-4959-b6f5-470f1d189f7d 1073741824
Jul 14 13:00:41 devstack sudo[93345]: pam_unix(sudo:session): session opened for user root(uid=0) by (uid=1000)
Jul 14 13:00:41 devstack cinder-volume[86977]: DEBUG cinder.volume.manager [req-f5123009-dc52-49bc-8256-c53f42841d0b req-99f3b7bb-ff22-4281-a0cf-e551c5d1993f tempest-ServerActionsTestOtherA-1628124989 None] Connection info returned from driver {'export': 'osci02.corp.quobyte.com/cinder-vol-5305ce97-ea21-4e9c-a6d2-98be88eb92f1', 'name': 'volume-d8c1c9e6-14ba-4804-8511-0c6c4afe8570', 'options': None, 'format': 'qcow2', 'qos_specs': None, 'access_mode': 'rw', 'encrypted': False, 'cacheable': False, 'driver_volume_type': 'quobyte', 'mount_point_base': '/opt/stack/data/cinder/mnt', 'attachment_id': '24cd30fc-d5a0-4918-813d-57792f5e044f', 'enforce_multipath': True} {{(pid=86977) _connection_create /opt/stack/cinder/cinder/volume/manager.py:4924}}
Jul 14 13:00:41 devstack cinder-volume[86977]: INFO cinder.volume.manager [req-f5123009-dc52-49bc-8256-c53f42841d0b req-99f3b7bb-ff22-4281-a0cf-e551c5d1993f tempest-ServerActionsTestOtherA-1628124989 None] attachment_update completed successfully.
Jul 14 13:00:41 devstack cinder-volume[86977]: INFO cinder.volume.manager [None req-42e7b967-c1dd-4eda-9fcf-cf9732bf2178 tempest-GroupSnapshotsTest-846013661 None] group_snapshot f1c3adb7-691f-4cc9-a374-797a4b144b2b: deleting
Jul 14 13:00:41 devstack sudo[93345]: pam_unix(sudo:session): session closed for user root
Jul 14 13:00:41 devstack cinder-volume[86977]: DEBUG oslo_concurrency.processutils [None req-1f43cfe2-1a3e-49d9-86a2-ed40e95edd39 tempest-AttachVolumeNegativeTest-115818279 None] CMD "sudo cinder-rootwrap /etc/cinder/rootwrap.conf qemu-img create -f qcow2 -o preallocation=metadata /opt/stack/data/cinder/mnt/0fe8e8a4d08f52b884440ad5f91d3132/volume-64442ee3-d4db-4959-b6f5-470f1d189f7d 1073741824" returned: 0 in 0.556s {{(pid=86977) execute /opt/stack/data/venv/lib/python3.12/site-packages/oslo_concurrency/processutils.py:468}}
Jul 14 13:00:41 devstack cinder-volume[86977]: DEBUG cinder.volume.manager [None req-42e7b967-c1dd-4eda-9fcf-cf9732bf2178 tempest-GroupSnapshotsTest-846013661 None] group_snapshot f1c3adb7-691f-4cc9-a374-797a4b144b2b: deleting {{(pid=86977) delete_group_snapshot /opt/stack/cinder/cinder/volume/manager.py:4350}}
Jul 14 13:00:41 devstack cinder-volume[86977]: DEBUG oslo_concurrency.processutils [None req-1f43cfe2-1a3e-49d9-86a2-ed40e95edd39 tempest-AttachVolumeNegativeTest-115818279 None] Running cmd (subprocess): sudo cinder-rootwrap /etc/cinder/rootwrap.conf chmod ugo+rw /opt/stack/data/cinder/mnt/0fe8e8a4d08f52b884440ad5f91d3132/volume-64442ee3-d4db-4959-b6f5-470f1d189f7d {{(pid=86977) execute /opt/stack/data/venv/lib/python3.12/site-packages/oslo_concurrency/processutils.py:440}}
Jul 14 13:00:41 devstack cinder-volume[86977]: DEBUG cinder.coordination [None req-42e7b967-c1dd-4eda-9fcf-cf9732bf2178 tempest-GroupSnapshotsTest-846013661 None] Acquiring lock "cinder-quobyte-5a10d5bd-cc00-44f7-af49-7ef3a7a50bb7" by "delete_snapshot" {{(pid=86977) __acquire /opt/stack/cinder/cinder/coordination.py:138}}
Jul 14 13:00:41 devstack sudo[93733]: quobyte : PWD=/ ; USER=root ; COMMAND=/opt/stack/data/venv/bin/cinder-rootwrap /etc/cinder/rootwrap.conf chmod ugo+rw /opt/stack/data/cinder/mnt/0fe8e8a4d08f52b884440ad5f91d3132/volume-64442ee3-d4db-4959-b6f5-470f1d189f7d
Jul 14 13:00:41 devstack sudo[93733]: pam_unix(sudo:session): session opened for user root(uid=0) by (uid=1000)
Jul 14 13:00:41 devstack cinder-volume[86977]: DEBUG cinder.coordination [None req-42e7b967-c1dd-4eda-9fcf-cf9732bf2178 tempest-GroupSnapshotsTest-846013661 None] Lock "cinder-quobyte-5a10d5bd-cc00-44f7-af49-7ef3a7a50bb7" acquired by "delete_snapshot" :: waited 0.033s {{(pid=86977) __acquire /opt/stack/cinder/cinder/coordination.py:141}}
Jul 14 13:00:41 devstack cinder-volume[86977]: DEBUG cinder.coordination [None req-42e7b967-c1dd-4eda-9fcf-cf9732bf2178 tempest-GroupSnapshotsTest-846013661 None] Acquiring lock "cinder-quobyte-88802db7-2a39-4447-b700-542839a23948" by "_delete_snapshot" {{(pid=86977) __acquire /opt/stack/cinder/cinder/coordination.py:138}}
Jul 14 13:00:41 devstack cinder-volume[86977]: DEBUG cinder.coordination [None req-42e7b967-c1dd-4eda-9fcf-cf9732bf2178 tempest-GroupSnapshotsTest-846013661 None] Lock "cinder-quobyte-88802db7-2a39-4447-b700-542839a23948" acquired by "_delete_snapshot" :: waited 0.058s {{(pid=86977) __acquire /opt/stack/cinder/cinder/coordination.py:141}}
Jul 14 13:00:41 devstack cinder-volume[86977]: DEBUG cinder.volume.drivers.remotefs [None req-42e7b967-c1dd-4eda-9fcf-cf9732bf2178 tempest-GroupSnapshotsTest-846013661 None] Deleting offline snapshot 88802db7-2a39-4447-b700-542839a23948 of volume 5a10d5bd-cc00-44f7-af49-7ef3a7a50bb7 {{(pid=86977) _delete_snapshot /opt/stack/cinder/cinder/volume/drivers/remotefs.py:1288}}
Jul 14 13:00:42 devstack cinder-volume[86977]: DEBUG cinder.volume.drivers.remotefs [None req-42e7b967-c1dd-4eda-9fcf-cf9732bf2178 tempest-GroupSnapshotsTest-846013661 None] snapshot_file for this snap is: volume-5a10d5bd-cc00-44f7-af49-7ef3a7a50bb7.88802db7-2a39-4447-b700-542839a23948 {{(pid=86977) _delete_snapshot /opt/stack/cinder/cinder/volume/drivers/remotefs.py:1317}}
Jul 14 13:00:42 devstack cinder-volume[86977]: DEBUG oslo.privsep.daemon [-] privsep: reply[b75e7ec6-c1b8-4ba8-be94-7414bbbde413]: (4, 'qcow2') {{(pid=88743) _call_back /opt/stack/data/venv/lib/python3.12/site-packages/oslo_privsep/daemon.py:580}}
Jul 14 13:00:42 devstack cinder-volume[86977]: DEBUG oslo_concurrency.processutils [None req-42e7b967-c1dd-4eda-9fcf-cf9732bf2178 tempest-GroupSnapshotsTest-846013661 None] Running cmd (subprocess): /opt/stack/data/venv/bin/python3.12 -m oslo_concurrency.prlimit --as=1073741824 --cpu=60 -- sudo cinder-rootwrap /etc/cinder/rootwrap.conf env LC_ALL=C qemu-img info -f qcow2 --output=json --force-share /opt/stack/data/cinder/mnt/0fe8e8a4d08f52b884440ad5f91d3132/volume-5a10d5bd-cc00-44f7-af49-7ef3a7a50bb7.88802db7-2a39-4447-b700-542839a23948 {{(pid=86977) execute /opt/stack/data/venv/lib/python3.12/site-packages/oslo_concurrency/processutils.py:440}}
Jul 14 13:00:42 devstack sudo[93733]: pam_unix(sudo:session): session closed for user root
Jul 14 13:00:42 devstack cinder-volume[86977]: DEBUG oslo_concurrency.processutils [None req-1f43cfe2-1a3e-49d9-86a2-ed40e95edd39 tempest-AttachVolumeNegativeTest-115818279 None] CMD "sudo cinder-rootwrap /etc/cinder/rootwrap.conf chmod ugo+rw /opt/stack/data/cinder/mnt/0fe8e8a4d08f52b884440ad5f91d3132/volume-64442ee3-d4db-4959-b6f5-470f1d189f7d" returned: 0 in 0.391s {{(pid=86977) execute /opt/stack/data/venv/lib/python3.12/site-packages/oslo_concurrency/processutils.py:468}}
Jul 14 13:00:42 devstack cinder-volume[86977]: DEBUG cinder.volume.drivers.quobyte [None req-1f43cfe2-1a3e-49d9-86a2-ed40e95edd39 tempest-AttachVolumeNegativeTest-115818279 None] <== create_volume: return (1011ms) {'provider_location': 'osci02.corp.quobyte.com/cinder-vol-5305ce97-ea21-4e9c-a6d2-98be88eb92f1'} {{(pid=86977) trace_logging_wrapper /opt/stack/cinder/cinder/volume/volume_utils.py:1522}}
Jul 14 13:00:42 devstack cinder-volume[86977]: DEBUG oslo_concurrency.lockutils [None req-1f43cfe2-1a3e-49d9-86a2-ed40e95edd39 tempest-AttachVolumeNegativeTest-115818279 None] Lock "quobyte" "released" by "cinder.volume.drivers.quobyte.QuobyteDriver.create_volume" :: held 1.023s {{(pid=86977) inner /opt/stack/data/venv/lib/python3.12/site-packages/oslo_concurrency/lockutils.py:543}}
Jul 14 13:00:42 devstack cinder-volume[86977]: DEBUG cinder.volume.manager [None req-1f43cfe2-1a3e-49d9-86a2-ed40e95edd39 tempest-AttachVolumeNegativeTest-115818279 None] Task 'cinder.volume.flows.manager.create_volume.CreateVolumeFromSpecTask;volume:create' (739aa8e7-0723-4d84-bc97-222b2b85572d) transitioned into state 'SUCCESS' from state 'RUNNING' with result '{'status': 'creating', 'volume_name': 'volume-64442ee3-d4db-4959-b6f5-470f1d189f7d', 'volume_size': 1}' {{(pid=86977) _task_receiver /opt/stack/data/venv/lib/python3.12/site-packages/taskflow/listeners/logging.py:218}}
Jul 14 13:00:42 devstack cinder-volume[86977]: DEBUG cinder.volume.manager [None req-1f43cfe2-1a3e-49d9-86a2-ed40e95edd39 tempest-AttachVolumeNegativeTest-115818279 None] Task 'cinder.volume.flows.manager.create_volume.CreateVolumeOnFinishTask;volume:create, create.end' (ab5fa97b-305d-47bf-a4a7-aaa70eddf82a) transitioned into state 'RUNNING' from state 'PENDING' {{(pid=86977) _task_receiver /opt/stack/data/venv/lib/python3.12/site-packages/taskflow/listeners/logging.py:242}}
Jul 14 13:00:42 devstack cinder-volume[86977]: INFO cinder.volume.flows.manager.create_volume [None req-1f43cfe2-1a3e-49d9-86a2-ed40e95edd39 tempest-AttachVolumeNegativeTest-115818279 None] Volume volume-64442ee3-d4db-4959-b6f5-470f1d189f7d (64442ee3-d4db-4959-b6f5-470f1d189f7d): created successfully
Jul 14 13:00:42 devstack cinder-volume[86977]: DEBUG cinder.volume.manager [None req-1f43cfe2-1a3e-49d9-86a2-ed40e95edd39 tempest-AttachVolumeNegativeTest-115818279 None] Task 'cinder.volume.flows.manager.create_volume.CreateVolumeOnFinishTask;volume:create, create.end' (ab5fa97b-305d-47bf-a4a7-aaa70eddf82a) transitioned into state 'SUCCESS' from state 'RUNNING' with result 'None' {{(pid=86977) _task_receiver /opt/stack/data/venv/lib/python3.12/site-packages/taskflow/listeners/logging.py:218}}
Jul 14 13:00:42 devstack cinder-volume[86977]: DEBUG cinder.volume.manager [None req-1f43cfe2-1a3e-49d9-86a2-ed40e95edd39 tempest-AttachVolumeNegativeTest-115818279 None] Flow 'volume_create_manager' (197ffac0-6726-4b91-857e-fc920c03b4e7) transitioned into state 'SUCCESS' from state 'RUNNING' {{(pid=86977) _flow_receiver /opt/stack/data/venv/lib/python3.12/site-packages/taskflow/listeners/logging.py:160}}
Jul 14 13:00:42 devstack sudo[93735]: quobyte : PWD=/ ; USER=root ; COMMAND=/opt/stack/data/venv/bin/cinder-rootwrap /etc/cinder/rootwrap.conf env LC_ALL=C qemu-img info -f qcow2 --output=json --force-share /opt/stack/data/cinder/mnt/0fe8e8a4d08f52b884440ad5f91d3132/volume-5a10d5bd-cc00-44f7-af49-7ef3a7a50bb7.88802db7-2a39-4447-b700-542839a23948
Jul 14 13:00:42 devstack sudo[93735]: pam_unix(sudo:session): session opened for user root(uid=0) by (uid=1000)
Jul 14 13:00:42 devstack cinder-volume[86977]: INFO cinder.volume.manager [None req-1f43cfe2-1a3e-49d9-86a2-ed40e95edd39 tempest-AttachVolumeNegativeTest-115818279 None] Created volume successfully.
Jul 14 13:00:42 devstack sudo[93735]: pam_unix(sudo:session): session closed for user root
Jul 14 13:00:42 devstack cinder-volume[86977]: DEBUG oslo_concurrency.processutils [None req-42e7b967-c1dd-4eda-9fcf-cf9732bf2178 tempest-GroupSnapshotsTest-846013661 None] CMD "/opt/stack/data/venv/bin/python3.12 -m oslo_concurrency.prlimit --as=1073741824 --cpu=60 -- sudo cinder-rootwrap /etc/cinder/rootwrap.conf env LC_ALL=C qemu-img info -f qcow2 --output=json --force-share /opt/stack/data/cinder/mnt/0fe8e8a4d08f52b884440ad5f91d3132/volume-5a10d5bd-cc00-44f7-af49-7ef3a7a50bb7.88802db7-2a39-4447-b700-542839a23948" returned: 0 in 0.582s {{(pid=86977) execute /opt/stack/data/venv/lib/python3.12/site-packages/oslo_concurrency/processutils.py:468}}
Jul 14 13:00:42 devstack cinder-volume[86977]: DEBUG cinder.volume.drivers.remotefs [None req-42e7b967-c1dd-4eda-9fcf-cf9732bf2178 tempest-GroupSnapshotsTest-846013661 None] Fetching qemu-img info with special backing_file_template: (/opt/stack/data/cinder/mnt/[0-9a-f]+/)?(volume-5a10d5bd-cc00-44f7-af49-7ef3a7a50bb7(.(tmp-snap-)?[0-9a-f-]+)?|volume_from_snapshot_cache/(tmp-snap-)?[0-9a-f-]+(.(child-|parent-)[0-9a-f-]+)?)$ {{(pid=86977) _qemu_img_info_base /opt/stack/cinder/cinder/volume/drivers/remotefs.py:896}}
Jul 14 13:00:42 devstack cinder-volume[86977]: DEBUG oslo.privsep.daemon [-] privsep: reply[988e8ed7-e0aa-4be3-aeb0-0e33fc186f3a]: (4, 'qcow2') {{(pid=88743) _call_back /opt/stack/data/venv/lib/python3.12/site-packages/oslo_privsep/daemon.py:580}}
Jul 14 13:00:42 devstack cinder-volume[86977]: DEBUG oslo_concurrency.processutils [None req-42e7b967-c1dd-4eda-9fcf-cf9732bf2178 tempest-GroupSnapshotsTest-846013661 None] Running cmd (subprocess): /opt/stack/data/venv/bin/python3.12 -m oslo_concurrency.prlimit --as=1073741824 --cpu=60 -- sudo cinder-rootwrap /etc/cinder/rootwrap.conf env LC_ALL=C qemu-img info -f qcow2 --output=json --force-share /opt/stack/data/cinder/mnt/0fe8e8a4d08f52b884440ad5f91d3132/volume-5a10d5bd-cc00-44f7-af49-7ef3a7a50bb7 {{(pid=86977) execute /opt/stack/data/venv/lib/python3.12/site-packages/oslo_concurrency/processutils.py:440}}
Jul 14 13:00:42 devstack sudo[93741]: quobyte : PWD=/ ; USER=root ; COMMAND=/opt/stack/data/venv/bin/cinder-rootwrap /etc/cinder/rootwrap.conf env LC_ALL=C qemu-img info -f qcow2 --output=json --force-share /opt/stack/data/cinder/mnt/0fe8e8a4d08f52b884440ad5f91d3132/volume-5a10d5bd-cc00-44f7-af49-7ef3a7a50bb7
Jul 14 13:00:42 devstack sudo[93741]: pam_unix(sudo:session): session opened for user root(uid=0) by (uid=1000)
Jul 14 13:00:43 devstack sudo[93741]: pam_unix(sudo:session): session closed for user root
Jul 14 13:00:43 devstack cinder-volume[86977]: DEBUG oslo_concurrency.processutils [None req-42e7b967-c1dd-4eda-9fcf-cf9732bf2178 tempest-GroupSnapshotsTest-846013661 None] CMD "/opt/stack/data/venv/bin/python3.12 -m oslo_concurrency.prlimit --as=1073741824 --cpu=60 -- sudo cinder-rootwrap /etc/cinder/rootwrap.conf env LC_ALL=C qemu-img info -f qcow2 --output=json --force-share /opt/stack/data/cinder/mnt/0fe8e8a4d08f52b884440ad5f91d3132/volume-5a10d5bd-cc00-44f7-af49-7ef3a7a50bb7" returned: 0 in 0.384s {{(pid=86977) execute /opt/stack/data/venv/lib/python3.12/site-packages/oslo_concurrency/processutils.py:468}}
Jul 14 13:00:43 devstack cinder-volume[86977]: DEBUG oslo_concurrency.processutils [None req-42e7b967-c1dd-4eda-9fcf-cf9732bf2178 tempest-GroupSnapshotsTest-846013661 None] Running cmd (subprocess): sudo cinder-rootwrap /etc/cinder/rootwrap.conf qemu-img commit -d /opt/stack/data/cinder/mnt/0fe8e8a4d08f52b884440ad5f91d3132/volume-5a10d5bd-cc00-44f7-af49-7ef3a7a50bb7.88802db7-2a39-4447-b700-542839a23948 {{(pid=86977) execute /opt/stack/data/venv/lib/python3.12/site-packages/oslo_concurrency/processutils.py:440}}
Jul 14 13:00:43 devstack sudo[93746]: quobyte : PWD=/ ; USER=root ; COMMAND=/opt/stack/data/venv/bin/cinder-rootwrap /etc/cinder/rootwrap.conf qemu-img commit -d /opt/stack/data/cinder/mnt/0fe8e8a4d08f52b884440ad5f91d3132/volume-5a10d5bd-cc00-44f7-af49-7ef3a7a50bb7.88802db7-2a39-4447-b700-542839a23948
Jul 14 13:00:43 devstack sudo[93746]: pam_unix(sudo:session): session opened for user root(uid=0) by (uid=1000)
Jul 14 13:00:43 devstack sudo[93746]: pam_unix(sudo:session): session closed for user root
Jul 14 13:00:43 devstack cinder-volume[86977]: DEBUG oslo_concurrency.processutils [None req-42e7b967-c1dd-4eda-9fcf-cf9732bf2178 tempest-GroupSnapshotsTest-846013661 None] CMD "sudo cinder-rootwrap /etc/cinder/rootwrap.conf qemu-img commit -d /opt/stack/data/cinder/mnt/0fe8e8a4d08f52b884440ad5f91d3132/volume-5a10d5bd-cc00-44f7-af49-7ef3a7a50bb7.88802db7-2a39-4447-b700-542839a23948" returned: 0 in 0.376s {{(pid=86977) execute /opt/stack/data/venv/lib/python3.12/site-packages/oslo_concurrency/processutils.py:468}}
Jul 14 13:00:43 devstack cinder-volume[86977]: DEBUG oslo_concurrency.processutils [None req-42e7b967-c1dd-4eda-9fcf-cf9732bf2178 tempest-GroupSnapshotsTest-846013661 None] Running cmd (subprocess): sudo cinder-rootwrap /etc/cinder/rootwrap.conf rm -f /opt/stack/data/cinder/mnt/0fe8e8a4d08f52b884440ad5f91d3132/volume-5a10d5bd-cc00-44f7-af49-7ef3a7a50bb7.88802db7-2a39-4447-b700-542839a23948 {{(pid=86977) execute /opt/stack/data/venv/lib/python3.12/site-packages/oslo_concurrency/processutils.py:440}}
Jul 14 13:00:43 devstack sudo[93752]: quobyte : PWD=/ ; USER=root ; COMMAND=/opt/stack/data/venv/bin/cinder-rootwrap /etc/cinder/rootwrap.conf rm -f /opt/stack/data/cinder/mnt/0fe8e8a4d08f52b884440ad5f91d3132/volume-5a10d5bd-cc00-44f7-af49-7ef3a7a50bb7.88802db7-2a39-4447-b700-542839a23948
Jul 14 13:00:43 devstack sudo[93752]: pam_unix(sudo:session): session opened for user root(uid=0) by (uid=1000)
