Feb 02 19:28:24 devstack cinder-volume[82913]: DEBUG oslo.privsep.daemon [-] privsep: reply[70ea0acc-f9ef-4258-8b9a-6b0c935978f8]: (4, 'qcow2') {{(pid=83814) _call_back /opt/stack/data/venv/lib/python3.10/site-packages/oslo_privsep/daemon.py:515}}
Feb 02 19:28:24 devstack cinder-volume[82913]: DEBUG oslo_concurrency.processutils [None req-22360f74-d46c-484c-80a3-2090b949e57a tempest-GroupSnapshotsTest-2051693708 None] Running cmd (subprocess): /opt/stack/data/venv/bin/python3.10 -m oslo_concurrency.prlimit --as=1073741824 --cpu=60 -- sudo cinder-rootwrap /etc/cinder/rootwrap.conf env LC_ALL=C qemu-img info -f qcow2 --output=json --force-share /opt/stack/data/cinder/mnt/bda6587a321e0aafe4dfe128ae0a4a99/volume-232853b4-8ef4-47a8-b863-343d4589d511 {{(pid=82913) execute /opt/stack/data/venv/lib/python3.10/site-packages/oslo_concurrency/processutils.py:368}}
Feb 02 19:28:25 devstack sudo[92927]: quobyte : PWD=/ ; USER=root ; COMMAND=/opt/stack/data/venv/bin/cinder-rootwrap /etc/cinder/rootwrap.conf env LC_ALL=C qemu-img info -f qcow2 --output=json --force-share /opt/stack/data/cinder/mnt/bda6587a321e0aafe4dfe128ae0a4a99/volume-232853b4-8ef4-47a8-b863-343d4589d511
Feb 02 19:28:25 devstack sudo[92927]: pam_unix(sudo:session): session opened for user root(uid=0) by (uid=1000)
Feb 02 19:28:25 devstack sudo[92927]: pam_unix(sudo:session): session closed for user root
Feb 02 19:28:25 devstack cinder-volume[82913]: DEBUG oslo_concurrency.processutils [None req-22360f74-d46c-484c-80a3-2090b949e57a tempest-GroupSnapshotsTest-2051693708 None] CMD "/opt/stack/data/venv/bin/python3.10 -m oslo_concurrency.prlimit --as=1073741824 --cpu=60 -- sudo cinder-rootwrap /etc/cinder/rootwrap.conf env LC_ALL=C qemu-img info -f qcow2 --output=json --force-share /opt/stack/data/cinder/mnt/bda6587a321e0aafe4dfe128ae0a4a99/volume-232853b4-8ef4-47a8-b863-343d4589d511" returned: 0 in 0.730s {{(pid=82913) execute /opt/stack/data/venv/lib/python3.10/site-packages/oslo_concurrency/processutils.py:396}}
Feb 02 19:28:25 devstack cinder-volume[82913]: DEBUG oslo_concurrency.processutils [None req-22360f74-d46c-484c-80a3-2090b949e57a tempest-GroupSnapshotsTest-2051693708 None] Running cmd (subprocess): sudo cinder-rootwrap /etc/cinder/rootwrap.conf qemu-img create -f qcow2 -o backing_file=/opt/stack/data/cinder/mnt/bda6587a321e0aafe4dfe128ae0a4a99/volume-232853b4-8ef4-47a8-b863-343d4589d511,backing_fmt=qcow2 /opt/stack/data/cinder/mnt/bda6587a321e0aafe4dfe128ae0a4a99/volume-232853b4-8ef4-47a8-b863-343d4589d511.5346fe92-6f2c-4f18-b202-7084e5763060 1G {{(pid=82913) execute /opt/stack/data/venv/lib/python3.10/site-packages/oslo_concurrency/processutils.py:368}}
Feb 02 19:28:25 devstack sudo[92932]: quobyte : PWD=/ ; USER=root ; COMMAND=/opt/stack/data/venv/bin/cinder-rootwrap /etc/cinder/rootwrap.conf qemu-img create -f qcow2 -o backing_file=/opt/stack/data/cinder/mnt/bda6587a321e0aafe4dfe128ae0a4a99/volume-232853b4-8ef4-47a8-b863-343d4589d511,backing_fmt=qcow2 /opt/stack/data/cinder/mnt/bda6587a321e0aafe4dfe128ae0a4a99/volume-232853b4-8ef4-47a8-b863-343d4589d511.5346fe92-6f2c-4f18-b202-7084e5763060 1G
Feb 02 19:28:25 devstack sudo[92932]: pam_unix(sudo:session): session opened for user root(uid=0) by (uid=1000)
Feb 02 19:28:26 devstack sudo[92932]: pam_unix(sudo:session): session closed for user root
Feb 02 19:28:26 devstack cinder-volume[82913]: DEBUG oslo_concurrency.processutils [None req-22360f74-d46c-484c-80a3-2090b949e57a tempest-GroupSnapshotsTest-2051693708 None] CMD "sudo cinder-rootwrap /etc/cinder/rootwrap.conf qemu-img create -f qcow2 -o backing_file=/opt/stack/data/cinder/mnt/bda6587a321e0aafe4dfe128ae0a4a99/volume-232853b4-8ef4-47a8-b863-343d4589d511,backing_fmt=qcow2 /opt/stack/data/cinder/mnt/bda6587a321e0aafe4dfe128ae0a4a99/volume-232853b4-8ef4-47a8-b863-343d4589d511.5346fe92-6f2c-4f18-b202-7084e5763060 1G" returned: 0 in 0.757s {{(pid=82913) execute /opt/stack/data/venv/lib/python3.10/site-packages/oslo_concurrency/processutils.py:396}}
Feb 02 19:28:26 devstack cinder-volume[82913]: DEBUG oslo_concurrency.processutils [None req-22360f74-d46c-484c-80a3-2090b949e57a tempest-GroupSnapshotsTest-2051693708 None] Running cmd (subprocess): sudo cinder-rootwrap /etc/cinder/rootwrap.conf qemu-img rebase -u -b volume-232853b4-8ef4-47a8-b863-343d4589d511 -F qcow2 /opt/stack/data/cinder/mnt/bda6587a321e0aafe4dfe128ae0a4a99/volume-232853b4-8ef4-47a8-b863-343d4589d511.5346fe92-6f2c-4f18-b202-7084e5763060 {{(pid=82913) execute /opt/stack/data/venv/lib/python3.10/site-packages/oslo_concurrency/processutils.py:368}}
Feb 02 19:28:26 devstack sudo[92937]: quobyte : PWD=/ ; USER=root ; COMMAND=/opt/stack/data/venv/bin/cinder-rootwrap /etc/cinder/rootwrap.conf qemu-img rebase -u -b volume-232853b4-8ef4-47a8-b863-343d4589d511 -F qcow2 /opt/stack/data/cinder/mnt/bda6587a321e0aafe4dfe128ae0a4a99/volume-232853b4-8ef4-47a8-b863-343d4589d511.5346fe92-6f2c-4f18-b202-7084e5763060
Feb 02 19:28:26 devstack sudo[92937]: pam_unix(sudo:session): session opened for user root(uid=0) by (uid=1000)
Feb 02 19:28:26 devstack cinder-volume[82913]: WARNING cinder.volume.volume_utils [None req-dc28a440-a15b-49a9-8c1c-7ef1ba6787c4 tempest-VolumesListAdminTestJSON-956348892 None] Volume driver (QuobyteDriver 1.1.14) is currently unsupported and may be removed in the next release of OpenStack. Use at your own risk.
Feb 02 19:28:26 devstack cinder-volume[82913]: DEBUG cinder.volume.flows.manager.create_volume [None req-dc28a440-a15b-49a9-8c1c-7ef1ba6787c4 tempest-VolumesListAdminTestJSON-956348892 None] Volume reschedule parameters: True retry: {'num_attempts': 1, 'backends': ['devstack@QuobyteHD#QuobyteHD'], 'hosts': ['devstack@QuobyteHD#QuobyteHD']} {{(pid=82913) get_flow /opt/stack/cinder/cinder/volume/flows/manager/create_volume.py:1388}}
Feb 02 19:28:26 devstack cinder-volume[82913]: DEBUG cinder.volume.manager [None req-dc28a440-a15b-49a9-8c1c-7ef1ba6787c4 tempest-VolumesListAdminTestJSON-956348892 None] Flow 'volume_create_manager' (68a0500c-7c9a-49db-8f53-32535d9dd1d9) transitioned into state 'RUNNING' from state 'PENDING' {{(pid=82913) _flow_receiver /opt/stack/data/venv/lib/python3.10/site-packages/taskflow/listeners/logging.py:145}}
Feb 02 19:28:26 devstack cinder-volume[82913]: DEBUG cinder.volume.manager [None req-dc28a440-a15b-49a9-8c1c-7ef1ba6787c4 tempest-VolumesListAdminTestJSON-956348892 None] Task 'cinder.volume.flows.manager.create_volume.ExtractVolumeRefTask;volume:create' (4ca9b3f0-3955-4bcf-9ae2-ff966bf1d6d3) transitioned into state 'RUNNING' from state 'PENDING' {{(pid=82913) _task_receiver /opt/stack/data/venv/lib/python3.10/site-packages/taskflow/listeners/logging.py:194}}
Feb 02 19:28:26 devstack cinder-volume[82913]: DEBUG cinder.volume.manager [None req-dc28a440-a15b-49a9-8c1c-7ef1ba6787c4 tempest-VolumesListAdminTestJSON-956348892 None] Task 'cinder.volume.flows.manager.create_volume.ExtractVolumeRefTask;volume:create' (4ca9b3f0-3955-4bcf-9ae2-ff966bf1d6d3) transitioned into state 'SUCCESS' from state 'RUNNING' with result 'Volume(_name_id=None,admin_metadata=,attach_status='detached',availability_zone='nova',bootable=False,cluster=,cluster_name=None,consistencygroup=,consistencygroup_id=None,created_at=2026-02-02T18:28:27Z,deleted=False,deleted_at=None,display_description=None,display_name='tempest-VolumesListAdminTestJSON-Volume-653275529',ec2_id=None,encryption_key_id=None,glance_metadata=,group=,group_id=None,host='devstack@QuobyteHD#QuobyteHD',id=e9cc9cfc-936d-4c14-ab12-d0571337083b,launched_at=None,metadata={},migration_status=None,multiattach=False,previous_status=None,project_id='6b3ed795d86044b2a8e7bba9b1d4e422',provider_auth=None,provider_geometry=None,provider_id=None,provider_location=None,replication_driver_data=None,replication_extended_status=None,replication_status=None,scheduled_at=2026-02-02T18:28:27Z,service_uuid=None,shared_targets=True,size=1,snapshot_id=None,snapshots=,source_volid=None,status='creating',terminated_at=None,updated_at=2026-02-02T18:28:27Z,use_quota=True,user_id='7a18e40cb08e493eaae5750d041a2ffd',volume_attachment=VolumeAttachmentList,volume_type=VolumeType(18fbb808-2403-4658-8cbf-7cdfa62c0e0a),volume_type_id=18fbb808-2403-4658-8cbf-7cdfa62c0e0a)' {{(pid=82913) _task_receiver /opt/stack/data/venv/lib/python3.10/site-packages/taskflow/listeners/logging.py:182}}
Feb 02 19:28:26 devstack cinder-volume[82913]: DEBUG cinder.volume.manager [None req-dc28a440-a15b-49a9-8c1c-7ef1ba6787c4 tempest-VolumesListAdminTestJSON-956348892 None] Task 'cinder.volume.flows.manager.create_volume.OnFailureRescheduleTask;volume:create' (173e9d39-691b-4f6d-9447-3e9e3e935c14) transitioned into state 'RUNNING' from state 'PENDING' {{(pid=82913) _task_receiver /opt/stack/data/venv/lib/python3.10/site-packages/taskflow/listeners/logging.py:194}}
Feb 02 19:28:26 devstack cinder-volume[82913]: DEBUG cinder.volume.manager [None req-dc28a440-a15b-49a9-8c1c-7ef1ba6787c4 tempest-VolumesListAdminTestJSON-956348892 None] Task 'cinder.volume.flows.manager.create_volume.OnFailureRescheduleTask;volume:create' (173e9d39-691b-4f6d-9447-3e9e3e935c14) transitioned into state 'SUCCESS' from state 'RUNNING' with result 'None' {{(pid=82913) _task_receiver /opt/stack/data/venv/lib/python3.10/site-packages/taskflow/listeners/logging.py:182}}
Feb 02 19:28:26 devstack cinder-volume[82913]: DEBUG cinder.volume.manager [None req-dc28a440-a15b-49a9-8c1c-7ef1ba6787c4 tempest-VolumesListAdminTestJSON-956348892 None] Task 'cinder.volume.flows.manager.create_volume.ExtractVolumeSpecTask;volume:create' (b63a0508-532a-4632-82b9-ef5dfbc13218) transitioned into state 'RUNNING' from state 'PENDING' {{(pid=82913) _task_receiver /opt/stack/data/venv/lib/python3.10/site-packages/taskflow/listeners/logging.py:194}}
Feb 02 19:28:26 devstack cinder-volume[82913]: DEBUG cinder.volume.manager [None req-dc28a440-a15b-49a9-8c1c-7ef1ba6787c4 tempest-VolumesListAdminTestJSON-956348892 None] Task 'cinder.volume.flows.manager.create_volume.ExtractVolumeSpecTask;volume:create' (b63a0508-532a-4632-82b9-ef5dfbc13218) transitioned into state 'SUCCESS' from state 'RUNNING' with result '{'status': 'creating', 'type': 'raw', 'volume_id': 'e9cc9cfc-936d-4c14-ab12-d0571337083b', 'volume_name': 'volume-e9cc9cfc-936d-4c14-ab12-d0571337083b', 'volume_size': 1}' {{(pid=82913) _task_receiver /opt/stack/data/venv/lib/python3.10/site-packages/taskflow/listeners/logging.py:182}}
Feb 02 19:28:27 devstack cinder-volume[82913]: DEBUG cinder.volume.manager [None req-dc28a440-a15b-49a9-8c1c-7ef1ba6787c4 tempest-VolumesListAdminTestJSON-956348892 None] Task 'cinder.volume.flows.manager.create_volume.NotifyVolumeActionTask;volume:create, create.start' (84ada244-3cd1-4074-9022-61bd5951e88e) transitioned into state 'RUNNING' from state 'PENDING' {{(pid=82913) _task_receiver /opt/stack/data/venv/lib/python3.10/site-packages/taskflow/listeners/logging.py:194}}
Feb 02 19:28:27 devstack cinder-volume[82913]: DEBUG cinder.volume.manager [None req-dc28a440-a15b-49a9-8c1c-7ef1ba6787c4 tempest-VolumesListAdminTestJSON-956348892 None] Task 'cinder.volume.flows.manager.create_volume.NotifyVolumeActionTask;volume:create, create.start' (84ada244-3cd1-4074-9022-61bd5951e88e) transitioned into state 'SUCCESS' from state 'RUNNING' with result 'None' {{(pid=82913) _task_receiver /opt/stack/data/venv/lib/python3.10/site-packages/taskflow/listeners/logging.py:182}}
Feb 02 19:28:27 devstack cinder-volume[82913]: DEBUG cinder.volume.manager [None req-dc28a440-a15b-49a9-8c1c-7ef1ba6787c4 tempest-VolumesListAdminTestJSON-956348892 None] Task 'cinder.volume.flows.manager.create_volume.CreateVolumeFromSpecTask;volume:create' (20b3c4f4-a1a0-496f-b35e-1cbbd8f6f706) transitioned into state 'RUNNING' from state 'PENDING' {{(pid=82913) _task_receiver /opt/stack/data/venv/lib/python3.10/site-packages/taskflow/listeners/logging.py:194}}
Feb 02 19:28:27 devstack cinder-volume[82913]: INFO cinder.volume.flows.manager.create_volume [None req-dc28a440-a15b-49a9-8c1c-7ef1ba6787c4 tempest-VolumesListAdminTestJSON-956348892 None] Volume e9cc9cfc-936d-4c14-ab12-d0571337083b: being created as raw with specification: {'status': 'creating', 'volume_name': 'volume-e9cc9cfc-936d-4c14-ab12-d0571337083b', 'volume_size': 1}
Feb 02 19:28:27 devstack cinder-volume[82913]: DEBUG oslo_concurrency.lockutils [None req-dc28a440-a15b-49a9-8c1c-7ef1ba6787c4 tempest-VolumesListAdminTestJSON-956348892 None] Acquiring lock "quobyte" by "cinder.volume.drivers.quobyte.QuobyteDriver.create_volume" {{(pid=82913) inner /opt/stack/data/venv/lib/python3.10/site-packages/oslo_concurrency/lockutils.py:506}}
Feb 02 19:28:27 devstack sudo[92937]: pam_unix(sudo:session): session closed for user root
Feb 02 19:28:27 devstack cinder-volume[82913]: DEBUG oslo_concurrency.processutils [None req-22360f74-d46c-484c-80a3-2090b949e57a tempest-GroupSnapshotsTest-2051693708 None] CMD "sudo cinder-rootwrap /etc/cinder/rootwrap.conf qemu-img rebase -u -b volume-232853b4-8ef4-47a8-b863-343d4589d511 -F qcow2 /opt/stack/data/cinder/mnt/bda6587a321e0aafe4dfe128ae0a4a99/volume-232853b4-8ef4-47a8-b863-343d4589d511.5346fe92-6f2c-4f18-b202-7084e5763060" returned: 0 in 0.663s {{(pid=82913) execute /opt/stack/data/venv/lib/python3.10/site-packages/oslo_concurrency/processutils.py:396}}
Feb 02 19:28:27 devstack cinder-volume[82913]: WARNING cinder.volume.drivers.remotefs [None req-22360f74-d46c-484c-80a3-2090b949e57a tempest-GroupSnapshotsTest-2051693708 None] /opt/stack/data/cinder/mnt/bda6587a321e0aafe4dfe128ae0a4a99/volume-232853b4-8ef4-47a8-b863-343d4589d511.5346fe92-6f2c-4f18-b202-7084e5763060 is being set with open permissions: ugo+rw: NotImplementedError
Feb 02 19:28:27 devstack cinder-volume[82913]: DEBUG oslo_concurrency.processutils [None req-22360f74-d46c-484c-80a3-2090b949e57a tempest-GroupSnapshotsTest-2051693708 None] Running cmd (subprocess): sudo cinder-rootwrap /etc/cinder/rootwrap.conf chmod ugo+rw /opt/stack/data/cinder/mnt/bda6587a321e0aafe4dfe128ae0a4a99/volume-232853b4-8ef4-47a8-b863-343d4589d511.5346fe92-6f2c-4f18-b202-7084e5763060 {{(pid=82913) execute /opt/stack/data/venv/lib/python3.10/site-packages/oslo_concurrency/processutils.py:368}}
Feb 02 19:28:27 devstack sudo[92943]: quobyte : PWD=/ ; USER=root ; COMMAND=/opt/stack/data/venv/bin/cinder-rootwrap /etc/cinder/rootwrap.conf chmod ugo+rw /opt/stack/data/cinder/mnt/bda6587a321e0aafe4dfe128ae0a4a99/volume-232853b4-8ef4-47a8-b863-343d4589d511.5346fe92-6f2c-4f18-b202-7084e5763060
Feb 02 19:28:27 devstack sudo[92943]: pam_unix(sudo:session): session opened for user root(uid=0) by (uid=1000)
Feb 02 19:28:27 devstack sudo[92943]: pam_unix(sudo:session): session closed for user root
Feb 02 19:28:27 devstack cinder-volume[82913]: DEBUG oslo_concurrency.processutils [None req-22360f74-d46c-484c-80a3-2090b949e57a tempest-GroupSnapshotsTest-2051693708 None] CMD "sudo cinder-rootwrap /etc/cinder/rootwrap.conf chmod ugo+rw /opt/stack/data/cinder/mnt/bda6587a321e0aafe4dfe128ae0a4a99/volume-232853b4-8ef4-47a8-b863-343d4589d511.5346fe92-6f2c-4f18-b202-7084e5763060" returned: 0 in 0.458s {{(pid=82913) execute /opt/stack/data/venv/lib/python3.10/site-packages/oslo_concurrency/processutils.py:396}}
Feb 02 19:28:27 devstack cinder-volume[82913]: DEBUG oslo_concurrency.processutils [None req-22360f74-d46c-484c-80a3-2090b949e57a tempest-GroupSnapshotsTest-2051693708 None] Running cmd (subprocess): sudo cinder-rootwrap /etc/cinder/rootwrap.conf truncate -s0 /opt/stack/data/cinder/mnt/bda6587a321e0aafe4dfe128ae0a4a99/volume-232853b4-8ef4-47a8-b863-343d4589d511.info {{(pid=82913) execute /opt/stack/data/venv/lib/python3.10/site-packages/oslo_concurrency/processutils.py:368}}
Feb 02 19:28:27 devstack sudo[92946]: quobyte : PWD=/ ; USER=root ; COMMAND=/opt/stack/data/venv/bin/cinder-rootwrap /etc/cinder/rootwrap.conf truncate -s0 /opt/stack/data/cinder/mnt/bda6587a321e0aafe4dfe128ae0a4a99/volume-232853b4-8ef4-47a8-b863-343d4589d511.info
Feb 02 19:28:27 devstack sudo[92946]: pam_unix(sudo:session): session opened for user root(uid=0) by (uid=1000)
Feb 02 19:28:28 devstack sudo[92946]: pam_unix(sudo:session): session closed for user root
Feb 02 19:28:28 devstack cinder-volume[82913]: DEBUG oslo_concurrency.processutils [None req-22360f74-d46c-484c-80a3-2090b949e57a tempest-GroupSnapshotsTest-2051693708 None] CMD "sudo cinder-rootwrap /etc/cinder/rootwrap.conf truncate -s0 /opt/stack/data/cinder/mnt/bda6587a321e0aafe4dfe128ae0a4a99/volume-232853b4-8ef4-47a8-b863-343d4589d511.info" returned: 0 in 0.525s {{(pid=82913) execute /opt/stack/data/venv/lib/python3.10/site-packages/oslo_concurrency/processutils.py:396}}
Feb 02 19:28:28 devstack cinder-volume[82913]: WARNING cinder.volume.drivers.remotefs [None req-22360f74-d46c-484c-80a3-2090b949e57a tempest-GroupSnapshotsTest-2051693708 None] /opt/stack/data/cinder/mnt/bda6587a321e0aafe4dfe128ae0a4a99/volume-232853b4-8ef4-47a8-b863-343d4589d511.info is being set with open permissions: ugo+rw: NotImplementedError
Feb 02 19:28:28 devstack cinder-volume[82913]: DEBUG oslo_concurrency.processutils [None req-22360f74-d46c-484c-80a3-2090b949e57a tempest-GroupSnapshotsTest-2051693708 None] Running cmd (subprocess): sudo cinder-rootwrap /etc/cinder/rootwrap.conf chmod ugo+rw /opt/stack/data/cinder/mnt/bda6587a321e0aafe4dfe128ae0a4a99/volume-232853b4-8ef4-47a8-b863-343d4589d511.info {{(pid=82913) execute /opt/stack/data/venv/lib/python3.10/site-packages/oslo_concurrency/processutils.py:368}}
Feb 02 19:28:28 devstack sudo[92949]: quobyte : PWD=/ ; USER=root ; COMMAND=/opt/stack/data/venv/bin/cinder-rootwrap /etc/cinder/rootwrap.conf chmod ugo+rw /opt/stack/data/cinder/mnt/bda6587a321e0aafe4dfe128ae0a4a99/volume-232853b4-8ef4-47a8-b863-343d4589d511.info
Feb 02 19:28:28 devstack sudo[92949]: pam_unix(sudo:session): session opened for user root(uid=0) by (uid=1000)
Feb 02 19:28:28 devstack sudo[92949]: pam_unix(sudo:session): session closed for user root
Feb 02 19:28:28 devstack cinder-volume[82913]: DEBUG oslo_concurrency.processutils [None req-22360f74-d46c-484c-80a3-2090b949e57a tempest-GroupSnapshotsTest-2051693708 None] CMD "sudo cinder-rootwrap /etc/cinder/rootwrap.conf chmod ugo+rw /opt/stack/data/cinder/mnt/bda6587a321e0aafe4dfe128ae0a4a99/volume-232853b4-8ef4-47a8-b863-343d4589d511.info" returned: 0 in 0.482s {{(pid=82913) execute /opt/stack/data/venv/lib/python3.10/site-packages/oslo_concurrency/processutils.py:396}}
Feb 02 19:28:28 devstack cinder-volume[82913]: DEBUG oslo_concurrency.lockutils [None req-22360f74-d46c-484c-80a3-2090b949e57a tempest-GroupSnapshotsTest-2051693708 None] Lock "quobyte" "released" by "cinder.volume.drivers.quobyte.QuobyteDriver.create_snapshot" :: held 3.690s {{(pid=82913) inner /opt/stack/data/venv/lib/python3.10/site-packages/oslo_concurrency/lockutils.py:538}}
Feb 02 19:28:28 devstack cinder-volume[82913]: DEBUG oslo_concurrency.lockutils [None req-22360f74-d46c-484c-80a3-2090b949e57a tempest-GroupSnapshotsTest-2051693708 None] Acquiring lock "quobyte" by "cinder.volume.drivers.quobyte.QuobyteDriver.create_snapshot" {{(pid=82913) inner /opt/stack/data/venv/lib/python3.10/site-packages/oslo_concurrency/lockutils.py:506}}
Feb 02 19:28:28 devstack cinder-volume[82913]: DEBUG oslo_concurrency.lockutils [None req-22360f74-d46c-484c-80a3-2090b949e57a tempest-GroupSnapshotsTest-2051693708 None] Lock "quobyte" acquired by "cinder.volume.drivers.quobyte.QuobyteDriver.create_snapshot" :: waited 0.001s {{(pid=82913) inner /opt/stack/data/venv/lib/python3.10/site-packages/oslo_concurrency/lockutils.py:519}}
Feb 02 19:28:28 devstack cinder-volume[82913]: DEBUG cinder.volume.drivers.remotefs [None req-22360f74-d46c-484c-80a3-2090b949e57a tempest-GroupSnapshotsTest-2051693708 None] Creating offline snapshot 7ec3783a-6155-4cfb-8bbb-579479d518f5 of volume 710a0168-1104-4830-a067-0437fb91a51e {{(pid=82913) _create_snapshot /opt/stack/cinder/cinder/volume/drivers/remotefs.py:1817}}
Feb 02 19:28:28 devstack cinder-volume[82913]: DEBUG oslo.privsep.daemon [-] privsep: reply[9eac4e37-78a5-45f6-a3d5-22e9a4a5e5b1]: (4, 'qcow2') {{(pid=83814) _call_back /opt/stack/data/venv/lib/python3.10/site-packages/oslo_privsep/daemon.py:515}}
Feb 02 19:28:28 devstack cinder-volume[82913]: DEBUG oslo_concurrency.processutils [None req-22360f74-d46c-484c-80a3-2090b949e57a tempest-GroupSnapshotsTest-2051693708 None] Running cmd (subprocess): /opt/stack/data/venv/bin/python3.10 -m oslo_concurrency.prlimit --as=1073741824 --cpu=60 -- sudo cinder-rootwrap /etc/cinder/rootwrap.conf env LC_ALL=C qemu-img info -f qcow2 --output=json --force-share /opt/stack/data/cinder/mnt/bda6587a321e0aafe4dfe128ae0a4a99/volume-710a0168-1104-4830-a067-0437fb91a51e {{(pid=82913) execute /opt/stack/data/venv/lib/python3.10/site-packages/oslo_concurrency/processutils.py:368}}
Feb 02 19:28:28 devstack sudo[92952]: quobyte : PWD=/ ; USER=root ; COMMAND=/opt/stack/data/venv/bin/cinder-rootwrap /etc/cinder/rootwrap.conf env LC_ALL=C qemu-img info -f qcow2 --output=json --force-share /opt/stack/data/cinder/mnt/bda6587a321e0aafe4dfe128ae0a4a99/volume-710a0168-1104-4830-a067-0437fb91a51e
Feb 02 19:28:28 devstack sudo[92952]: pam_unix(sudo:session): session opened for user root(uid=0) by (uid=1000)
Feb 02 19:28:29 devstack sudo[92952]: pam_unix(sudo:session): session closed for user root
Feb 02 19:28:29 devstack cinder-volume[82913]: DEBUG oslo_concurrency.processutils [None req-22360f74-d46c-484c-80a3-2090b949e57a tempest-GroupSnapshotsTest-2051693708 None] CMD "/opt/stack/data/venv/bin/python3.10 -m oslo_concurrency.prlimit --as=1073741824 --cpu=60 -- sudo cinder-rootwrap /etc/cinder/rootwrap.conf env LC_ALL=C qemu-img info -f qcow2 --output=json --force-share /opt/stack/data/cinder/mnt/bda6587a321e0aafe4dfe128ae0a4a99/volume-710a0168-1104-4830-a067-0437fb91a51e" returned: 0 in 0.601s {{(pid=82913) execute /opt/stack/data/venv/lib/python3.10/site-packages/oslo_concurrency/processutils.py:396}}
Feb 02 19:28:29 devstack cinder-volume[82913]: DEBUG oslo_concurrency.processutils [None req-22360f74-d46c-484c-80a3-2090b949e57a tempest-GroupSnapshotsTest-2051693708 None] Running cmd (subprocess): sudo cinder-rootwrap /etc/cinder/rootwrap.conf qemu-img create -f qcow2 -o backing_file=/opt/stack/data/cinder/mnt/bda6587a321e0aafe4dfe128ae0a4a99/volume-710a0168-1104-4830-a067-0437fb91a51e,backing_fmt=qcow2 /opt/stack/data/cinder/mnt/bda6587a321e0aafe4dfe128ae0a4a99/volume-710a0168-1104-4830-a067-0437fb91a51e.7ec3783a-6155-4cfb-8bbb-579479d518f5 1G {{(pid=82913) execute /opt/stack/data/venv/lib/python3.10/site-packages/oslo_concurrency/processutils.py:368}}
Feb 02 19:28:29 devstack sudo[92963]: quobyte : PWD=/ ; USER=root ; COMMAND=/opt/stack/data/venv/bin/cinder-rootwrap /etc/cinder/rootwrap.conf qemu-img create -f qcow2 -o backing_file=/opt/stack/data/cinder/mnt/bda6587a321e0aafe4dfe128ae0a4a99/volume-710a0168-1104-4830-a067-0437fb91a51e,backing_fmt=qcow2 /opt/stack/data/cinder/mnt/bda6587a321e0aafe4dfe128ae0a4a99/volume-710a0168-1104-4830-a067-0437fb91a51e.7ec3783a-6155-4cfb-8bbb-579479d518f5 1G
Feb 02 19:28:29 devstack sudo[92963]: pam_unix(sudo:session): session opened for user root(uid=0) by (uid=1000)
Feb 02 19:28:29 devstack sudo[92963]: pam_unix(sudo:session): session closed for user root
Feb 02 19:28:29 devstack cinder-volume[82913]: DEBUG oslo_concurrency.processutils [None req-22360f74-d46c-484c-80a3-2090b949e57a tempest-GroupSnapshotsTest-2051693708 None] CMD "sudo cinder-rootwrap /etc/cinder/rootwrap.conf qemu-img create -f qcow2 -o backing_file=/opt/stack/data/cinder/mnt/bda6587a321e0aafe4dfe128ae0a4a99/volume-710a0168-1104-4830-a067-0437fb91a51e,backing_fmt=qcow2 /opt/stack/data/cinder/mnt/bda6587a321e0aafe4dfe128ae0a4a99/volume-710a0168-1104-4830-a067-0437fb91a51e.7ec3783a-6155-4cfb-8bbb-579479d518f5 1G" returned: 0 in 0.540s {{(pid=82913) execute /opt/stack/data/venv/lib/python3.10/site-packages/oslo_concurrency/processutils.py:396}}
Feb 02 19:28:29 devstack cinder-volume[82913]: DEBUG oslo_concurrency.processutils [None req-22360f74-d46c-484c-80a3-2090b949e57a tempest-GroupSnapshotsTest-2051693708 None] Running cmd (subprocess): sudo cinder-rootwrap /etc/cinder/rootwrap.conf qemu-img rebase -u -b volume-710a0168-1104-4830-a067-0437fb91a51e -F qcow2 /opt/stack/data/cinder/mnt/bda6587a321e0aafe4dfe128ae0a4a99/volume-710a0168-1104-4830-a067-0437fb91a51e.7ec3783a-6155-4cfb-8bbb-579479d518f5 {{(pid=82913) execute /opt/stack/data/venv/lib/python3.10/site-packages/oslo_concurrency/processutils.py:368}}
Feb 02 19:28:29 devstack sudo[92969]: quobyte : PWD=/ ; USER=root ; COMMAND=/opt/stack/data/venv/bin/cinder-rootwrap /etc/cinder/rootwrap.conf qemu-img rebase -u -b volume-710a0168-1104-4830-a067-0437fb91a51e -F qcow2 /opt/stack/data/cinder/mnt/bda6587a321e0aafe4dfe128ae0a4a99/volume-710a0168-1104-4830-a067-0437fb91a51e.7ec3783a-6155-4cfb-8bbb-579479d518f5
Feb 02 19:28:29 devstack sudo[92969]: pam_unix(sudo:session): session opened for user root(uid=0) by (uid=1000)
Feb 02 19:28:30 devstack sudo[92969]: pam_unix(sudo:session): session closed for user root
Feb 02 19:28:30 devstack cinder-volume[82913]: DEBUG oslo_concurrency.processutils [None req-22360f74-d46c-484c-80a3-2090b949e57a tempest-GroupSnapshotsTest-2051693708 None] CMD "sudo cinder-rootwrap /etc/cinder/rootwrap.conf qemu-img rebase -u -b volume-710a0168-1104-4830-a067-0437fb91a51e -F qcow2 /opt/stack/data/cinder/mnt/bda6587a321e0aafe4dfe128ae0a4a99/volume-710a0168-1104-4830-a067-0437fb91a51e.7ec3783a-6155-4cfb-8bbb-579479d518f5" returned: 0 in 0.523s {{(pid=82913) execute /opt/stack/data/venv/lib/python3.10/site-packages/oslo_concurrency/processutils.py:396}}
Feb 02 19:28:30 devstack cinder-volume[82913]: WARNING cinder.volume.drivers.remotefs [None req-22360f74-d46c-484c-80a3-2090b949e57a tempest-GroupSnapshotsTest-2051693708 None] /opt/stack/data/cinder/mnt/bda6587a321e0aafe4dfe128ae0a4a99/volume-710a0168-1104-4830-a067-0437fb91a51e.7ec3783a-6155-4cfb-8bbb-579479d518f5 is being set with open permissions: ugo+rw: NotImplementedError
Feb 02 19:28:30 devstack cinder-volume[82913]: DEBUG oslo_concurrency.processutils [None req-22360f74-d46c-484c-80a3-2090b949e57a tempest-GroupSnapshotsTest-2051693708 None] Running cmd (subprocess): sudo cinder-rootwrap /etc/cinder/rootwrap.conf chmod ugo+rw /opt/stack/data/cinder/mnt/bda6587a321e0aafe4dfe128ae0a4a99/volume-710a0168-1104-4830-a067-0437fb91a51e.7ec3783a-6155-4cfb-8bbb-579479d518f5 {{(pid=82913) execute /opt/stack/data/venv/lib/python3.10/site-packages/oslo_concurrency/processutils.py:368}}
Feb 02 19:28:30 devstack sudo[92974]: quobyte : PWD=/ ; USER=root ; COMMAND=/opt/stack/data/venv/bin/cinder-rootwrap /etc/cinder/rootwrap.conf chmod ugo+rw /opt/stack/data/cinder/mnt/bda6587a321e0aafe4dfe128ae0a4a99/volume-710a0168-1104-4830-a067-0437fb91a51e.7ec3783a-6155-4cfb-8bbb-579479d518f5
Feb 02 19:28:30 devstack sudo[92974]: pam_unix(sudo:session): session opened for user root(uid=0) by (uid=1000)
Feb 02 19:28:30 devstack sudo[92974]: pam_unix(sudo:session): session closed for user root
Feb 02 19:28:30 devstack cinder-volume[82913]: DEBUG oslo_concurrency.processutils [None req-22360f74-d46c-484c-80a3-2090b949e57a tempest-GroupSnapshotsTest-2051693708 None] CMD "sudo cinder-rootwrap /etc/cinder/rootwrap.conf chmod ugo+rw /opt/stack/data/cinder/mnt/bda6587a321e0aafe4dfe128ae0a4a99/volume-710a0168-1104-4830-a067-0437fb91a51e.7ec3783a-6155-4cfb-8bbb-579479d518f5" returned: 0 in 0.479s {{(pid=82913) execute /opt/stack/data/venv/lib/python3.10/site-packages/oslo_concurrency/processutils.py:396}}
Feb 02 19:28:30 devstack cinder-volume[82913]: DEBUG oslo_concurrency.processutils [None req-22360f74-d46c-484c-80a3-2090b949e57a tempest-GroupSnapshotsTest-2051693708 None] Running cmd (subprocess): sudo cinder-rootwrap /etc/cinder/rootwrap.conf truncate -s0 /opt/stack/data/cinder/mnt/bda6587a321e0aafe4dfe128ae0a4a99/volume-710a0168-1104-4830-a067-0437fb91a51e.info {{(pid=82913) execute /opt/stack/data/venv/lib/python3.10/site-packages/oslo_concurrency/processutils.py:368}}
Feb 02 19:28:30 devstack sudo[92981]: quobyte : PWD=/ ; USER=root ; COMMAND=/opt/stack/data/venv/bin/cinder-rootwrap /etc/cinder/rootwrap.conf truncate -s0 /opt/stack/data/cinder/mnt/bda6587a321e0aafe4dfe128ae0a4a99/volume-710a0168-1104-4830-a067-0437fb91a51e.info
Feb 02 19:28:30 devstack sudo[92981]: pam_unix(sudo:session): session opened for user root(uid=0) by (uid=1000)
Feb 02 19:28:31 devstack sudo[92981]: pam_unix(sudo:session): session closed for user root
Feb 02 19:28:31 devstack cinder-volume[82913]: DEBUG oslo_concurrency.processutils [None req-22360f74-d46c-484c-80a3-2090b949e57a tempest-GroupSnapshotsTest-2051693708 None] CMD "sudo cinder-rootwrap /etc/cinder/rootwrap.conf truncate -s0 /opt/stack/data/cinder/mnt/bda6587a321e0aafe4dfe128ae0a4a99/volume-710a0168-1104-4830-a067-0437fb91a51e.info" returned: 0 in 0.505s {{(pid=82913) execute /opt/stack/data/venv/lib/python3.10/site-packages/oslo_concurrency/processutils.py:396}}
Feb 02 19:28:31 devstack cinder-volume[82913]: WARNING cinder.volume.drivers.remotefs [None req-22360f74-d46c-484c-80a3-2090b949e57a tempest-GroupSnapshotsTest-2051693708 None] /opt/stack/data/cinder/mnt/bda6587a321e0aafe4dfe128ae0a4a99/volume-710a0168-1104-4830-a067-0437fb91a51e.info is being set with open permissions: ugo+rw: NotImplementedError
Feb 02 19:28:31 devstack cinder-volume[82913]: DEBUG oslo_concurrency.processutils [None req-22360f74-d46c-484c-80a3-2090b949e57a tempest-GroupSnapshotsTest-2051693708 None] Running cmd (subprocess): sudo cinder-rootwrap /etc/cinder/rootwrap.conf chmod ugo+rw /opt/stack/data/cinder/mnt/bda6587a321e0aafe4dfe128ae0a4a99/volume-710a0168-1104-4830-a067-0437fb91a51e.info {{(pid=82913) execute /opt/stack/data/venv/lib/python3.10/site-packages/oslo_concurrency/processutils.py:368}}
Feb 02 19:28:31 devstack sudo[92988]: quobyte : PWD=/ ; USER=root ; COMMAND=/opt/stack/data/venv/bin/cinder-rootwrap /etc/cinder/rootwrap.conf chmod ugo+rw /opt/stack/data/cinder/mnt/bda6587a321e0aafe4dfe128ae0a4a99/volume-710a0168-1104-4830-a067-0437fb91a51e.info
Feb 02 19:28:31 devstack sudo[92988]: pam_unix(sudo:session): session opened for user root(uid=0) by (uid=1000)
Feb 02 19:28:31 devstack sudo[92988]: pam_unix(sudo:session): session closed for user root
Feb 02 19:28:31 devstack cinder-volume[82913]: DEBUG oslo_concurrency.processutils [None req-22360f74-d46c-484c-80a3-2090b949e57a tempest-GroupSnapshotsTest-2051693708 None] CMD "sudo cinder-rootwrap /etc/cinder/rootwrap.conf chmod ugo+rw /opt/stack/data/cinder/mnt/bda6587a321e0aafe4dfe128ae0a4a99/volume-710a0168-1104-4830-a067-0437fb91a51e.info" returned: 0 in 0.447s {{(pid=82913) execute /opt/stack/data/venv/lib/python3.10/site-packages/oslo_concurrency/processutils.py:396}}
Feb 02 19:28:31 devstack cinder-volume[82913]: DEBUG oslo_concurrency.lockutils [None req-22360f74-d46c-484c-80a3-2090b949e57a tempest-GroupSnapshotsTest-2051693708 None] Lock "quobyte" "released" by "cinder.volume.drivers.quobyte.QuobyteDriver.create_snapshot" :: held 3.171s {{(pid=82913) inner /opt/stack/data/venv/lib/python3.10/site-packages/oslo_concurrency/lockutils.py:538}}
Feb 02 19:28:31 devstack cinder-volume[82913]: DEBUG oslo_concurrency.lockutils [None req-dc28a440-a15b-49a9-8c1c-7ef1ba6787c4 tempest-VolumesListAdminTestJSON-956348892 None] Lock "quobyte" acquired by "cinder.volume.drivers.quobyte.QuobyteDriver.create_volume" :: waited 4.712s {{(pid=82913) inner /opt/stack/data/venv/lib/python3.10/site-packages/oslo_concurrency/lockutils.py:519}}
Feb 02 19:28:31 devstack cinder-volume[82913]: DEBUG cinder.volume.drivers.quobyte [None req-dc28a440-a15b-49a9-8c1c-7ef1ba6787c4 tempest-VolumesListAdminTestJSON-956348892 None] ==> create_volume: call "{'self': , 'volume': Volume(_name_id=None,admin_metadata=,attach_status='detached',availability_zone='nova',bootable=False,cluster=,cluster_name=None,consistencygroup=,consistencygroup_id=None,created_at=2026-02-02T18:28:27Z,deleted=False,deleted_at=None,display_description=None,display_name='tempest-VolumesListAdminTestJSON-Volume-653275529',ec2_id=None,encryption_key_id=None,glance_metadata=,group=,group_id=None,host='devstack@QuobyteHD#QuobyteHD',id=e9cc9cfc-936d-4c14-ab12-d0571337083b,launched_at=None,metadata={},migration_status=None,multiattach=False,previous_status=None,project_id='6b3ed795d86044b2a8e7bba9b1d4e422',provider_auth=None,provider_geometry=None,provider_id=None,provider_location=None,replication_driver_data=None,replication_extended_status=None,replication_status=None,scheduled_at=2026-02-02T18:28:27Z,service_uuid=None,shared_targets=True,size=1,snapshot_id=None,snapshots=,source_volid=None,status='creating',terminated_at=None,updated_at=2026-02-02T18:28:27Z,use_quota=True,user_id='7a18e40cb08e493eaae5750d041a2ffd',volume_attachment=VolumeAttachmentList,volume_type=VolumeType(18fbb808-2403-4658-8cbf-7cdfa62c0e0a),volume_type_id=18fbb808-2403-4658-8cbf-7cdfa62c0e0a)}" {{(pid=82913) trace_logging_wrapper /opt/stack/cinder/cinder/volume/volume_utils.py:1498}}
Feb 02 19:28:31 devstack cinder-volume[82913]: DEBUG cinder.volume.drivers.remotefs [None req-dc28a440-a15b-49a9-8c1c-7ef1ba6787c4 tempest-VolumesListAdminTestJSON-956348892 None] Creating volume e9cc9cfc-936d-4c14-ab12-d0571337083b {{(pid=82913) create_volume /opt/stack/cinder/cinder/volume/drivers/remotefs.py:292}}
Feb 02 19:28:31 devstack cinder-volume[82913]: DEBUG oslo_concurrency.lockutils [None req-dc28a440-a15b-49a9-8c1c-7ef1ba6787c4 tempest-VolumesListAdminTestJSON-956348892 None] Acquiring lock "quobyte_ensure" by "cinder.volume.drivers.quobyte.QuobyteDriver._ensure_shares_mounted" {{(pid=82913) inner /opt/stack/data/venv/lib/python3.10/site-packages/oslo_concurrency/lockutils.py:506}}
Feb 02 19:28:31 devstack cinder-volume[82913]: DEBUG oslo_concurrency.lockutils [None req-dc28a440-a15b-49a9-8c1c-7ef1ba6787c4 tempest-VolumesListAdminTestJSON-956348892 None] Lock "quobyte_ensure" acquired by "cinder.volume.drivers.quobyte.QuobyteDriver._ensure_shares_mounted" :: waited 0.000s {{(pid=82913) inner /opt/stack/data/venv/lib/python3.10/site-packages/oslo_concurrency/lockutils.py:519}}
Feb 02 19:28:31 devstack cinder-volume[82913]: DEBUG cinder.volume.drivers.quobyte [None req-dc28a440-a15b-49a9-8c1c-7ef1ba6787c4 tempest-VolumesListAdminTestJSON-956348892 None] Quobyte Volume URL set to: {'osci02.corp.quobyte.com/cinder-vol-bdb5bed8-60ef-481b-b023-d6aebb254225': None} {{(pid=82913) _load_shares_config /opt/stack/cinder/cinder/volume/drivers/quobyte.py:620}}
Feb 02 19:28:31 devstack cinder-volume[82913]: DEBUG cinder.volume.drivers.quobyte [None req-dc28a440-a15b-49a9-8c1c-7ef1ba6787c4 tempest-VolumesListAdminTestJSON-956348892 None] Available shares ['osci02.corp.quobyte.com/cinder-vol-bdb5bed8-60ef-481b-b023-d6aebb254225'] {{(pid=82913) _ensure_shares_mounted /opt/stack/cinder/cinder/volume/drivers/quobyte.py:650}}
Feb 02 19:28:31 devstack cinder-volume[82913]: DEBUG oslo_concurrency.lockutils [None req-dc28a440-a15b-49a9-8c1c-7ef1ba6787c4 tempest-VolumesListAdminTestJSON-956348892 None] Lock "quobyte_ensure" "released" by "cinder.volume.drivers.quobyte.QuobyteDriver._ensure_shares_mounted" :: held 0.003s {{(pid=82913) inner /opt/stack/data/venv/lib/python3.10/site-packages/oslo_concurrency/lockutils.py:538}}
Feb 02 19:28:31 devstack cinder-volume[82913]: DEBUG cinder.volume.drivers.quobyte [None req-dc28a440-a15b-49a9-8c1c-7ef1ba6787c4 tempest-VolumesListAdminTestJSON-956348892 None] Selected osci02.corp.quobyte.com/cinder-vol-bdb5bed8-60ef-481b-b023-d6aebb254225 as target Quobyte volume. {{(pid=82913) _find_share /opt/stack/cinder/cinder/volume/drivers/quobyte.py:671}}
Feb 02 19:28:31 devstack cinder-volume[82913]: INFO cinder.volume.drivers.remotefs [None req-dc28a440-a15b-49a9-8c1c-7ef1ba6787c4 tempest-VolumesListAdminTestJSON-956348892 None] casted to osci02.corp.quobyte.com/cinder-vol-bdb5bed8-60ef-481b-b023-d6aebb254225
Feb 02 19:28:31 devstack cinder-volume[82913]: DEBUG oslo_concurrency.processutils [None req-dc28a440-a15b-49a9-8c1c-7ef1ba6787c4 tempest-VolumesListAdminTestJSON-956348892 None] Running cmd (subprocess): sudo cinder-rootwrap /etc/cinder/rootwrap.conf qemu-img create -f qcow2 -o preallocation=metadata /opt/stack/data/cinder/mnt/bda6587a321e0aafe4dfe128ae0a4a99/volume-e9cc9cfc-936d-4c14-ab12-d0571337083b 1073741824 {{(pid=82913) execute /opt/stack/data/venv/lib/python3.10/site-packages/oslo_concurrency/processutils.py:368}}
Feb 02 19:28:31 devstack sudo[92991]: quobyte : PWD=/ ; USER=root ; COMMAND=/opt/stack/data/venv/bin/cinder-rootwrap /etc/cinder/rootwrap.conf qemu-img create -f qcow2 -o preallocation=metadata /opt/stack/data/cinder/mnt/bda6587a321e0aafe4dfe128ae0a4a99/volume-e9cc9cfc-936d-4c14-ab12-d0571337083b 1073741824
Feb 02 19:28:31 devstack sudo[92991]: pam_unix(sudo:session): session opened for user root(uid=0) by (uid=1000)
Feb 02 19:28:31 devstack cinder-volume[82913]: INFO cinder.volume.manager [None req-22360f74-d46c-484c-80a3-2090b949e57a tempest-GroupSnapshotsTest-2051693708 None] group_snapshot d1129565-b81a-4cd1-b1ab-6a208416501b: created successfully
Feb 02 19:28:32 devstack cinder-volume[82913]: INFO cinder.volume.manager [None req-da2639f6-7886-4fe5-82f0-8be7d8a4b07f tempest-GroupSnapshotsTest-2051693708 None] group_snapshot d1129565-b81a-4cd1-b1ab-6a208416501b: deleting
Feb 02 19:28:32 devstack cinder-volume[82913]: WARNING cinder.volume.volume_utils [None req-da2639f6-7886-4fe5-82f0-8be7d8a4b07f tempest-GroupSnapshotsTest-2051693708 None] Volume driver (QuobyteDriver 1.1.14) is currently unsupported and may be removed in the next release of OpenStack. Use at your own risk.
Feb 02 19:28:32 devstack cinder-volume[82913]: DEBUG cinder.volume.manager [None req-da2639f6-7886-4fe5-82f0-8be7d8a4b07f tempest-GroupSnapshotsTest-2051693708 None] group_snapshot d1129565-b81a-4cd1-b1ab-6a208416501b: deleting {{(pid=82913) delete_group_snapshot /opt/stack/cinder/cinder/volume/manager.py:4348}}
Feb 02 19:28:32 devstack cinder-volume[82913]: DEBUG cinder.coordination [None req-da2639f6-7886-4fe5-82f0-8be7d8a4b07f tempest-GroupSnapshotsTest-2051693708 None] Acquiring lock "cinder-quobyte-232853b4-8ef4-47a8-b863-343d4589d511" by "delete_snapshot" {{(pid=82913) __acquire /opt/stack/cinder/cinder/coordination.py:143}}
Feb 02 19:28:32 devstack cinder-volume[82913]: DEBUG cinder.coordination [None req-da2639f6-7886-4fe5-82f0-8be7d8a4b07f tempest-GroupSnapshotsTest-2051693708 None] Lock "cinder-quobyte-232853b4-8ef4-47a8-b863-343d4589d511" acquired by "delete_snapshot" :: waited 0.013s {{(pid=82913) __acquire /opt/stack/cinder/cinder/coordination.py:146}}
Feb 02 19:28:32 devstack cinder-volume[82913]: DEBUG cinder.coordination [None req-da2639f6-7886-4fe5-82f0-8be7d8a4b07f tempest-GroupSnapshotsTest-2051693708 None] Acquiring lock "cinder-quobyte-5346fe92-6f2c-4f18-b202-7084e5763060" by "_delete_snapshot" {{(pid=82913) __acquire /opt/stack/cinder/cinder/coordination.py:143}}
Feb 02 19:28:32 devstack cinder-volume[82913]: DEBUG cinder.coordination [None req-da2639f6-7886-4fe5-82f0-8be7d8a4b07f tempest-GroupSnapshotsTest-2051693708 None] Lock "cinder-quobyte-5346fe92-6f2c-4f18-b202-7084e5763060" acquired by "_delete_snapshot" :: waited 0.024s {{(pid=82913) __acquire /opt/stack/cinder/cinder/coordination.py:146}}
Feb 02 19:28:32 devstack cinder-volume[82913]: DEBUG cinder.volume.drivers.remotefs [None req-da2639f6-7886-4fe5-82f0-8be7d8a4b07f tempest-GroupSnapshotsTest-2051693708 None] Deleting offline snapshot 5346fe92-6f2c-4f18-b202-7084e5763060 of volume 232853b4-8ef4-47a8-b863-343d4589d511 {{(pid=82913) _delete_snapshot /opt/stack/cinder/cinder/volume/drivers/remotefs.py:1290}}
Feb 02 19:28:32 devstack cinder-volume[82913]: DEBUG cinder.volume.drivers.remotefs [None req-da2639f6-7886-4fe5-82f0-8be7d8a4b07f tempest-GroupSnapshotsTest-2051693708 None] snapshot_file for this snap is: volume-232853b4-8ef4-47a8-b863-343d4589d511.5346fe92-6f2c-4f18-b202-7084e5763060 {{(pid=82913) _delete_snapshot /opt/stack/cinder/cinder/volume/drivers/remotefs.py:1319}}
Feb 02 19:28:32 devstack cinder-volume[82913]: DEBUG oslo.privsep.daemon [-] privsep: reply[bdb41b19-b3eb-4419-b0a5-f2235c3d1e13]: (4, 'qcow2') {{(pid=83814) _call_back /opt/stack/data/venv/lib/python3.10/site-packages/oslo_privsep/daemon.py:515}}
Feb 02 19:28:32 devstack cinder-volume[82913]: DEBUG oslo_concurrency.processutils [None req-da2639f6-7886-4fe5-82f0-8be7d8a4b07f tempest-GroupSnapshotsTest-2051693708 None] Running cmd (subprocess): /opt/stack/data/venv/bin/python3.10 -m oslo_concurrency.prlimit --as=1073741824 --cpu=60 -- sudo cinder-rootwrap /etc/cinder/rootwrap.conf env LC_ALL=C qemu-img info -f qcow2 --output=json --force-share /opt/stack/data/cinder/mnt/bda6587a321e0aafe4dfe128ae0a4a99/volume-232853b4-8ef4-47a8-b863-343d4589d511.5346fe92-6f2c-4f18-b202-7084e5763060 {{(pid=82913) execute /opt/stack/data/venv/lib/python3.10/site-packages/oslo_concurrency/processutils.py:368}}
Feb 02 19:28:32 devstack sudo[92991]: pam_unix(sudo:session): session closed for user root
Feb 02 19:28:32 devstack cinder-volume[82913]: DEBUG oslo_concurrency.processutils [None req-dc28a440-a15b-49a9-8c1c-7ef1ba6787c4 tempest-VolumesListAdminTestJSON-956348892 None] CMD "sudo cinder-rootwrap /etc/cinder/rootwrap.conf qemu-img create -f qcow2 -o preallocation=metadata /opt/stack/data/cinder/mnt/bda6587a321e0aafe4dfe128ae0a4a99/volume-e9cc9cfc-936d-4c14-ab12-d0571337083b 1073741824" returned: 0 in 0.746s {{(pid=82913) execute /opt/stack/data/venv/lib/python3.10/site-packages/oslo_concurrency/processutils.py:396}}
Feb 02 19:28:32 devstack cinder-volume[82913]: DEBUG oslo_concurrency.processutils [None req-dc28a440-a15b-49a9-8c1c-7ef1ba6787c4 tempest-VolumesListAdminTestJSON-956348892 None] Running cmd (subprocess): sudo cinder-rootwrap /etc/cinder/rootwrap.conf chmod ugo+rw /opt/stack/data/cinder/mnt/bda6587a321e0aafe4dfe128ae0a4a99/volume-e9cc9cfc-936d-4c14-ab12-d0571337083b {{(pid=82913) execute /opt/stack/data/venv/lib/python3.10/site-packages/oslo_concurrency/processutils.py:368}}
Feb 02 19:28:32 devstack sudo[93024]: quobyte : PWD=/ ; USER=root ; COMMAND=/opt/stack/data/venv/bin/cinder-rootwrap /etc/cinder/rootwrap.conf chmod ugo+rw /opt/stack/data/cinder/mnt/bda6587a321e0aafe4dfe128ae0a4a99/volume-e9cc9cfc-936d-4c14-ab12-d0571337083b
Feb 02 19:28:32 devstack sudo[93024]: pam_unix(sudo:session): session opened for user root(uid=0) by (uid=1000)
Feb 02 19:28:32 devstack sudo[93023]: quobyte : PWD=/ ; USER=root ; COMMAND=/opt/stack/data/venv/bin/cinder-rootwrap /etc/cinder/rootwrap.conf env LC_ALL=C qemu-img info -f qcow2 --output=json --force-share /opt/stack/data/cinder/mnt/bda6587a321e0aafe4dfe128ae0a4a99/volume-232853b4-8ef4-47a8-b863-343d4589d511.5346fe92-6f2c-4f18-b202-7084e5763060
Feb 02 19:28:32 devstack sudo[93023]: pam_unix(sudo:session): session opened for user root(uid=0) by (uid=1000)
Feb 02 19:28:32 devstack sudo[93024]: pam_unix(sudo:session): session closed for user root
Feb 02 19:28:32 devstack cinder-volume[82913]: DEBUG oslo_concurrency.processutils [None req-dc28a440-a15b-49a9-8c1c-7ef1ba6787c4 tempest-VolumesListAdminTestJSON-956348892 None] CMD "sudo cinder-rootwrap /etc/cinder/rootwrap.conf chmod ugo+rw /opt/stack/data/cinder/mnt/bda6587a321e0aafe4dfe128ae0a4a99/volume-e9cc9cfc-936d-4c14-ab12-d0571337083b" returned: 0 in 0.491s {{(pid=82913) execute /opt/stack/data/venv/lib/python3.10/site-packages/oslo_concurrency/processutils.py:396}}
Feb 02 19:28:32 devstack cinder-volume[82913]: DEBUG cinder.volume.drivers.quobyte [None req-dc28a440-a15b-49a9-8c1c-7ef1ba6787c4 tempest-VolumesListAdminTestJSON-956348892 None] <== create_volume: return (1266ms) {'provider_location': 'osci02.corp.quobyte.com/cinder-vol-bdb5bed8-60ef-481b-b023-d6aebb254225'} {{(pid=82913) trace_logging_wrapper /opt/stack/cinder/cinder/volume/volume_utils.py:1523}}
Feb 02 19:28:32 devstack cinder-volume[82913]: DEBUG oslo_concurrency.lockutils [None req-dc28a440-a15b-49a9-8c1c-7ef1ba6787c4 tempest-VolumesListAdminTestJSON-956348892 None] Lock "quobyte" "released" by "cinder.volume.drivers.quobyte.QuobyteDriver.create_volume" :: held 1.270s {{(pid=82913) inner /opt/stack/data/venv/lib/python3.10/site-packages/oslo_concurrency/lockutils.py:538}}
Feb 02 19:28:33 devstack cinder-volume[82913]: DEBUG cinder.volume.manager [None req-dc28a440-a15b-49a9-8c1c-7ef1ba6787c4 tempest-VolumesListAdminTestJSON-956348892 None] Task 'cinder.volume.flows.manager.create_volume.CreateVolumeFromSpecTask;volume:create' (20b3c4f4-a1a0-496f-b35e-1cbbd8f6f706) transitioned into state 'SUCCESS' from state 'RUNNING' with result '{'status': 'creating', 'volume_name': 'volume-e9cc9cfc-936d-4c14-ab12-d0571337083b', 'volume_size': 1}' {{(pid=82913) _task_receiver /opt/stack/data/venv/lib/python3.10/site-packages/taskflow/listeners/logging.py:182}}
Feb 02 19:28:33 devstack cinder-volume[82913]: DEBUG cinder.volume.manager [None req-dc28a440-a15b-49a9-8c1c-7ef1ba6787c4 tempest-VolumesListAdminTestJSON-956348892 None] Task 'cinder.volume.flows.manager.create_volume.CreateVolumeOnFinishTask;volume:create, create.end' (34f9002f-3205-487c-a369-707865eaaf84) transitioned into state 'RUNNING' from state 'PENDING' {{(pid=82913) _task_receiver /opt/stack/data/venv/lib/python3.10/site-packages/taskflow/listeners/logging.py:194}}
Feb 02 19:28:33 devstack cinder-volume[82913]: INFO cinder.volume.flows.manager.create_volume [None req-dc28a440-a15b-49a9-8c1c-7ef1ba6787c4 tempest-VolumesListAdminTestJSON-956348892 None] Volume volume-e9cc9cfc-936d-4c14-ab12-d0571337083b (e9cc9cfc-936d-4c14-ab12-d0571337083b): created successfully
Feb 02 19:28:33 devstack cinder-volume[82913]: DEBUG cinder.volume.manager [None req-dc28a440-a15b-49a9-8c1c-7ef1ba6787c4 tempest-VolumesListAdminTestJSON-956348892 None] Task 'cinder.volume.flows.manager.create_volume.CreateVolumeOnFinishTask;volume:create, create.end' (34f9002f-3205-487c-a369-707865eaaf84) transitioned into state 'SUCCESS' from state 'RUNNING' with result 'None' {{(pid=82913) _task_receiver /opt/stack/data/venv/lib/python3.10/site-packages/taskflow/listeners/logging.py:182}}
Feb 02 19:28:33 devstack cinder-volume[82913]: DEBUG cinder.volume.manager [None req-dc28a440-a15b-49a9-8c1c-7ef1ba6787c4 tempest-VolumesListAdminTestJSON-956348892 None] Flow 'volume_create_manager' (68a0500c-7c9a-49db-8f53-32535d9dd1d9) transitioned into state 'SUCCESS' from state 'RUNNING' {{(pid=82913) _flow_receiver /opt/stack/data/venv/lib/python3.10/site-packages/taskflow/listeners/logging.py:145}}
Feb 02 19:28:33 devstack cinder-volume[82913]: INFO cinder.volume.manager [None req-dc28a440-a15b-49a9-8c1c-7ef1ba6787c4 tempest-VolumesListAdminTestJSON-956348892 None] Created volume successfully.
Feb 02 19:28:33 devstack sudo[93023]: pam_unix(sudo:session): session closed for user root
Feb 02 19:28:33 devstack cinder-volume[82913]: DEBUG oslo_concurrency.processutils [None req-da2639f6-7886-4fe5-82f0-8be7d8a4b07f tempest-GroupSnapshotsTest-2051693708 None] CMD "/opt/stack/data/venv/bin/python3.10 -m oslo_concurrency.prlimit --as=1073741824 --cpu=60 -- sudo cinder-rootwrap /etc/cinder/rootwrap.conf env LC_ALL=C qemu-img info -f qcow2 --output=json --force-share /opt/stack/data/cinder/mnt/bda6587a321e0aafe4dfe128ae0a4a99/volume-232853b4-8ef4-47a8-b863-343d4589d511.5346fe92-6f2c-4f18-b202-7084e5763060" returned: 0 in 0.699s {{(pid=82913) execute /opt/stack/data/venv/lib/python3.10/site-packages/oslo_concurrency/processutils.py:396}}
Feb 02 19:28:33 devstack cinder-volume[82913]: DEBUG cinder.volume.drivers.remotefs [None req-da2639f6-7886-4fe5-82f0-8be7d8a4b07f tempest-GroupSnapshotsTest-2051693708 None] Fetching qemu-img info with special backing_file_template: (/opt/stack/data/cinder/mnt/[0-9a-f]+/)?(volume-232853b4-8ef4-47a8-b863-343d4589d511(.(tmp-snap-)?[0-9a-f-]+)?|volume_from_snapshot_cache/(tmp-snap-)?[0-9a-f-]+(.(child-|parent-)[0-9a-f-]+)?)$ {{(pid=82913) _qemu_img_info_base /opt/stack/cinder/cinder/volume/drivers/remotefs.py:898}}
Feb 02 19:28:33 devstack cinder-volume[82913]: DEBUG oslo.privsep.daemon [-] privsep: reply[79f2c1ad-42d3-4cf7-abf3-9a68029f1edf]: (4, 'qcow2') {{(pid=83814) _call_back /opt/stack/data/venv/lib/python3.10/site-packages/oslo_privsep/daemon.py:515}}
Feb 02 19:28:33 devstack cinder-volume[82913]: DEBUG oslo_concurrency.processutils [None req-da2639f6-7886-4fe5-82f0-8be7d8a4b07f tempest-GroupSnapshotsTest-2051693708 None] Running cmd (subprocess): /opt/stack/data/venv/bin/python3.10 -m oslo_concurrency.prlimit --as=1073741824 --cpu=60 -- sudo cinder-rootwrap /etc/cinder/rootwrap.conf env LC_ALL=C qemu-img info -f qcow2 --output=json --force-share /opt/stack/data/cinder/mnt/bda6587a321e0aafe4dfe128ae0a4a99/volume-232853b4-8ef4-47a8-b863-343d4589d511 {{(pid=82913) execute /opt/stack/data/venv/lib/python3.10/site-packages/oslo_concurrency/processutils.py:368}}
Feb 02 19:28:33 devstack sudo[93031]: quobyte : PWD=/ ; USER=root ; COMMAND=/opt/stack/data/venv/bin/cinder-rootwrap /etc/cinder/rootwrap.conf env LC_ALL=C qemu-img info -f qcow2 --output=json --force-share /opt/stack/data/cinder/mnt/bda6587a321e0aafe4dfe128ae0a4a99/volume-232853b4-8ef4-47a8-b863-343d4589d511
Feb 02 19:28:33 devstack sudo[93031]: pam_unix(sudo:session): session opened for user root(uid=0) by (uid=1000)
Feb 02 19:28:33 devstack cinder-volume[82913]: WARNING cinder.volume.volume_utils [None req-f7c2262c-5947-43f4-860c-88cc857fe4cb tempest-VolumesListAdminTestJSON-956348892 None] Volume driver (QuobyteDriver 1.1.14) is currently unsupported and may be removed in the next release of OpenStack. Use at your own risk.
Feb 02 19:28:33 devstack cinder-volume[82913]: DEBUG cinder.volume.flows.manager.create_volume [None req-f7c2262c-5947-43f4-860c-88cc857fe4cb tempest-VolumesListAdminTestJSON-956348892 None] Volume reschedule parameters: True retry: {'num_attempts': 1, 'backends': ['devstack@QuobyteHD#QuobyteHD'], 'hosts': ['devstack@QuobyteHD#QuobyteHD']} {{(pid=82913) get_flow /opt/stack/cinder/cinder/volume/flows/manager/create_volume.py:1388}}
