Aug 18 18:54:57 devstack cinder-volume[93728]: DEBUG oslo_concurrency.lockutils [None req-11d03b4c-fbea-47bc-8dea-a47d565074ee tempest-ServerRescueNegativeTestJSON-957613870 None] Lock "quobyte_ensure" "released" by "cinder.volume.drivers.quobyte.QuobyteDriver._ensure_shares_mounted" :: held 0.012s {{(pid=93728) inner /opt/stack/data/venv/lib/python3.12/site-packages/oslo_concurrency/lockutils.py:544}}
Aug 18 18:54:57 devstack cinder-volume[93728]: DEBUG oslo_concurrency.processutils [None req-11d03b4c-fbea-47bc-8dea-a47d565074ee tempest-ServerRescueNegativeTestJSON-957613870 None] Running cmd (subprocess): sudo cinder-rootwrap /etc/cinder/rootwrap.conf df --portability --block-size 1 /opt/stack/data/cinder/mnt/91bbcbb9c7585289c411ed6cee882698 {{(pid=93728) execute /opt/stack/data/venv/lib/python3.12/site-packages/oslo_concurrency/processutils.py:440}}
Aug 18 18:54:57 devstack sudo[97640]: quobyte : PWD=/ ; USER=root ; COMMAND=/opt/stack/data/venv/bin/cinder-rootwrap /etc/cinder/rootwrap.conf df --portability --block-size 1 /opt/stack/data/cinder/mnt/91bbcbb9c7585289c411ed6cee882698
Aug 18 18:54:57 devstack sudo[97640]: pam_unix(sudo:session): session opened for user root(uid=0) by (uid=1000)
Aug 18 18:54:57 devstack cinder-volume[93728]: INFO cinder.volume.manager [None req-ea114033-89e5-41bd-95c1-7a1d83cdec95 tempest-GroupSnapshotsTest-1122099031 None] Update group completed successfully.
Aug 18 18:54:57 devstack sudo[97640]: pam_unix(sudo:session): session closed for user root
Aug 18 18:54:57 devstack cinder-volume[93728]: DEBUG oslo_concurrency.processutils [None req-11d03b4c-fbea-47bc-8dea-a47d565074ee tempest-ServerRescueNegativeTestJSON-957613870 None] CMD "sudo cinder-rootwrap /etc/cinder/rootwrap.conf df --portability --block-size 1 /opt/stack/data/cinder/mnt/91bbcbb9c7585289c411ed6cee882698" returned: 0 in 0.413s {{(pid=93728) execute /opt/stack/data/venv/lib/python3.12/site-packages/oslo_concurrency/processutils.py:468}}
Aug 18 18:54:57 devstack cinder-volume[93728]: DEBUG cinder.manager [None req-11d03b4c-fbea-47bc-8dea-a47d565074ee tempest-ServerRescueNegativeTestJSON-957613870 None] Notifying Schedulers of capabilities ... {{(pid=93728) _publish_service_capabilities /opt/stack/cinder/cinder/manager.py:219}}
Aug 18 18:54:57 devstack cinder-volume[93728]: INFO cinder.volume.manager [None req-11d03b4c-fbea-47bc-8dea-a47d565074ee tempest-ServerRescueNegativeTestJSON-957613870 None] Deleted volume successfully.
Aug 18 18:54:57 devstack cinder-volume[93728]: DEBUG cinder.coordination [None req-11d03b4c-fbea-47bc-8dea-a47d565074ee tempest-ServerRescueNegativeTestJSON-957613870 None] Lock "cinder-7870c1dd-6a6a-40f3-a6db-eef1d43cef35-delete_volume" released by "delete_volume" :: held 1.712s {{(pid=93728) __release /opt/stack/cinder/cinder/coordination.py:152}}
Aug 18 18:54:59 devstack cinder-volume[93728]: INFO cinder.volume.manager [None req-0a96a140-e3a7-46cc-a3df-54d46a945ffe tempest-GroupSnapshotsTest-1122099031 None] GroupSnapshot ac2a6020-2378-4cb1-a8db-5b5c46e97387: creating.
Aug 18 18:54:59 devstack cinder-volume[93728]: DEBUG cinder.volume.manager [None req-0a96a140-e3a7-46cc-a3df-54d46a945ffe tempest-GroupSnapshotsTest-1122099031 None] Group snapshot ac2a6020-2378-4cb1-a8db-5b5c46e97387: creating. {{(pid=93728) create_group_snapshot /opt/stack/cinder/cinder/volume/manager.py:4175}}
Aug 18 18:54:59 devstack cinder-volume[93728]: DEBUG oslo_concurrency.lockutils [None req-0a96a140-e3a7-46cc-a3df-54d46a945ffe tempest-GroupSnapshotsTest-1122099031 None] Acquiring lock "quobyte" by "cinder.volume.drivers.quobyte.QuobyteDriver.create_snapshot" {{(pid=93728) inner /opt/stack/data/venv/lib/python3.12/site-packages/oslo_concurrency/lockutils.py:512}}
Aug 18 18:54:59 devstack cinder-volume[93728]: DEBUG oslo_concurrency.lockutils [None req-0a96a140-e3a7-46cc-a3df-54d46a945ffe tempest-GroupSnapshotsTest-1122099031 None] Lock "quobyte" acquired by "cinder.volume.drivers.quobyte.QuobyteDriver.create_snapshot" :: waited 0.001s {{(pid=93728) inner /opt/stack/data/venv/lib/python3.12/site-packages/oslo_concurrency/lockutils.py:525}}
Aug 18 18:54:59 devstack cinder-volume[93728]: DEBUG cinder.volume.drivers.remotefs [None req-0a96a140-e3a7-46cc-a3df-54d46a945ffe tempest-GroupSnapshotsTest-1122099031 None] Creating offline snapshot 4d968687-1ddc-4d06-a6c5-555cc81237ad of volume a7531c93-ac0a-46e5-aa9d-09b04f39bee7 {{(pid=93728) _create_snapshot /opt/stack/cinder/cinder/volume/drivers/remotefs.py:1816}}
Aug 18 18:54:59 devstack cinder-volume[93728]: DEBUG oslo.privsep.daemon [-] privsep: reply[93f0d67a-2b9b-47cf-9b7c-a8acd5915783]: (4, 'qcow2') {{(pid=95408) _call_back /opt/stack/data/venv/lib/python3.12/site-packages/oslo_privsep/daemon.py:580}}
Aug 18 18:54:59 devstack cinder-volume[93728]: DEBUG oslo_concurrency.processutils [None req-0a96a140-e3a7-46cc-a3df-54d46a945ffe tempest-GroupSnapshotsTest-1122099031 None] Running cmd (subprocess): /opt/stack/data/venv/bin/python3.12 -m oslo_concurrency.prlimit --as=1073741824 --cpu=60 -- sudo cinder-rootwrap /etc/cinder/rootwrap.conf env LC_ALL=C qemu-img info -f qcow2 --output=json --force-share /opt/stack/data/cinder/mnt/91bbcbb9c7585289c411ed6cee882698/volume-a7531c93-ac0a-46e5-aa9d-09b04f39bee7 {{(pid=93728) execute /opt/stack/data/venv/lib/python3.12/site-packages/oslo_concurrency/processutils.py:440}}
Aug 18 18:55:00 devstack sudo[97687]: quobyte : PWD=/ ; USER=root ; COMMAND=/opt/stack/data/venv/bin/cinder-rootwrap /etc/cinder/rootwrap.conf env LC_ALL=C qemu-img info -f qcow2 --output=json --force-share /opt/stack/data/cinder/mnt/91bbcbb9c7585289c411ed6cee882698/volume-a7531c93-ac0a-46e5-aa9d-09b04f39bee7
Aug 18 18:55:00 devstack sudo[97687]: pam_unix(sudo:session): session opened for user root(uid=0) by (uid=1000)
Aug 18 18:55:01 devstack sudo[97687]: pam_unix(sudo:session): session closed for user root
Aug 18 18:55:01 devstack cinder-volume[93728]: DEBUG oslo_concurrency.processutils [None req-0a96a140-e3a7-46cc-a3df-54d46a945ffe tempest-GroupSnapshotsTest-1122099031 None] CMD "/opt/stack/data/venv/bin/python3.12 -m oslo_concurrency.prlimit --as=1073741824 --cpu=60 -- sudo cinder-rootwrap /etc/cinder/rootwrap.conf env LC_ALL=C qemu-img info -f qcow2 --output=json --force-share /opt/stack/data/cinder/mnt/91bbcbb9c7585289c411ed6cee882698/volume-a7531c93-ac0a-46e5-aa9d-09b04f39bee7" returned: 0 in 1.162s {{(pid=93728) execute /opt/stack/data/venv/lib/python3.12/site-packages/oslo_concurrency/processutils.py:468}}
Aug 18 18:55:01 devstack cinder-volume[93728]: DEBUG oslo_concurrency.processutils [None req-0a96a140-e3a7-46cc-a3df-54d46a945ffe tempest-GroupSnapshotsTest-1122099031 None] Running cmd (subprocess): sudo cinder-rootwrap /etc/cinder/rootwrap.conf qemu-img create -f qcow2 -o backing_file=/opt/stack/data/cinder/mnt/91bbcbb9c7585289c411ed6cee882698/volume-a7531c93-ac0a-46e5-aa9d-09b04f39bee7,backing_fmt=qcow2 /opt/stack/data/cinder/mnt/91bbcbb9c7585289c411ed6cee882698/volume-a7531c93-ac0a-46e5-aa9d-09b04f39bee7.4d968687-1ddc-4d06-a6c5-555cc81237ad 1G {{(pid=93728) execute /opt/stack/data/venv/lib/python3.12/site-packages/oslo_concurrency/processutils.py:440}}
Aug 18 18:55:01 devstack sudo[97697]: quobyte : PWD=/ ; USER=root ; COMMAND=/opt/stack/data/venv/bin/cinder-rootwrap /etc/cinder/rootwrap.conf qemu-img create -f qcow2 -o backing_file=/opt/stack/data/cinder/mnt/91bbcbb9c7585289c411ed6cee882698/volume-a7531c93-ac0a-46e5-aa9d-09b04f39bee7,backing_fmt=qcow2 /opt/stack/data/cinder/mnt/91bbcbb9c7585289c411ed6cee882698/volume-a7531c93-ac0a-46e5-aa9d-09b04f39bee7.4d968687-1ddc-4d06-a6c5-555cc81237ad 1G
Aug 18 18:55:01 devstack sudo[97697]: pam_unix(sudo:session): session opened for user root(uid=0) by (uid=1000)
Aug 18 18:55:02 devstack sudo[97697]: pam_unix(sudo:session): session closed for user root
Aug 18 18:55:02 devstack cinder-volume[93728]: DEBUG oslo_concurrency.processutils [None req-0a96a140-e3a7-46cc-a3df-54d46a945ffe tempest-GroupSnapshotsTest-1122099031 None] CMD "sudo cinder-rootwrap /etc/cinder/rootwrap.conf qemu-img create -f qcow2 -o backing_file=/opt/stack/data/cinder/mnt/91bbcbb9c7585289c411ed6cee882698/volume-a7531c93-ac0a-46e5-aa9d-09b04f39bee7,backing_fmt=qcow2 /opt/stack/data/cinder/mnt/91bbcbb9c7585289c411ed6cee882698/volume-a7531c93-ac0a-46e5-aa9d-09b04f39bee7.4d968687-1ddc-4d06-a6c5-555cc81237ad 1G" returned: 0 in 0.955s {{(pid=93728) execute /opt/stack/data/venv/lib/python3.12/site-packages/oslo_concurrency/processutils.py:468}}
Aug 18 18:55:02 devstack cinder-volume[93728]: DEBUG oslo_concurrency.processutils [None req-0a96a140-e3a7-46cc-a3df-54d46a945ffe tempest-GroupSnapshotsTest-1122099031 None] Running cmd (subprocess): sudo cinder-rootwrap /etc/cinder/rootwrap.conf qemu-img rebase -u -b volume-a7531c93-ac0a-46e5-aa9d-09b04f39bee7 -F qcow2 /opt/stack/data/cinder/mnt/91bbcbb9c7585289c411ed6cee882698/volume-a7531c93-ac0a-46e5-aa9d-09b04f39bee7.4d968687-1ddc-4d06-a6c5-555cc81237ad {{(pid=93728) execute /opt/stack/data/venv/lib/python3.12/site-packages/oslo_concurrency/processutils.py:440}}
Aug 18 18:55:02 devstack sudo[97708]: quobyte : PWD=/ ; USER=root ; COMMAND=/opt/stack/data/venv/bin/cinder-rootwrap /etc/cinder/rootwrap.conf qemu-img rebase -u -b volume-a7531c93-ac0a-46e5-aa9d-09b04f39bee7 -F qcow2 /opt/stack/data/cinder/mnt/91bbcbb9c7585289c411ed6cee882698/volume-a7531c93-ac0a-46e5-aa9d-09b04f39bee7.4d968687-1ddc-4d06-a6c5-555cc81237ad
Aug 18 18:55:02 devstack sudo[97708]: pam_unix(sudo:session): session opened for user root(uid=0) by (uid=1000)
Aug 18 18:55:02 devstack sudo[97708]: pam_unix(sudo:session): session closed for user root
Aug 18 18:55:02 devstack cinder-volume[93728]: DEBUG oslo_concurrency.processutils [None req-0a96a140-e3a7-46cc-a3df-54d46a945ffe tempest-GroupSnapshotsTest-1122099031 None] CMD "sudo cinder-rootwrap /etc/cinder/rootwrap.conf qemu-img rebase -u -b volume-a7531c93-ac0a-46e5-aa9d-09b04f39bee7 -F qcow2 /opt/stack/data/cinder/mnt/91bbcbb9c7585289c411ed6cee882698/volume-a7531c93-ac0a-46e5-aa9d-09b04f39bee7.4d968687-1ddc-4d06-a6c5-555cc81237ad" returned: 0 in 0.460s {{(pid=93728) execute /opt/stack/data/venv/lib/python3.12/site-packages/oslo_concurrency/processutils.py:468}}
Aug 18 18:55:02 devstack cinder-volume[93728]: WARNING cinder.volume.drivers.remotefs [None req-0a96a140-e3a7-46cc-a3df-54d46a945ffe tempest-GroupSnapshotsTest-1122099031 None] /opt/stack/data/cinder/mnt/91bbcbb9c7585289c411ed6cee882698/volume-a7531c93-ac0a-46e5-aa9d-09b04f39bee7.4d968687-1ddc-4d06-a6c5-555cc81237ad is being set with open permissions: ugo+rw: NotImplementedError
Aug 18 18:55:02 devstack cinder-volume[93728]: DEBUG oslo_concurrency.processutils [None req-0a96a140-e3a7-46cc-a3df-54d46a945ffe tempest-GroupSnapshotsTest-1122099031 None] Running cmd (subprocess): sudo cinder-rootwrap /etc/cinder/rootwrap.conf chmod ugo+rw /opt/stack/data/cinder/mnt/91bbcbb9c7585289c411ed6cee882698/volume-a7531c93-ac0a-46e5-aa9d-09b04f39bee7.4d968687-1ddc-4d06-a6c5-555cc81237ad {{(pid=93728) execute /opt/stack/data/venv/lib/python3.12/site-packages/oslo_concurrency/processutils.py:440}}
Aug 18 18:55:02 devstack sudo[97714]: quobyte : PWD=/ ; USER=root ; COMMAND=/opt/stack/data/venv/bin/cinder-rootwrap /etc/cinder/rootwrap.conf chmod ugo+rw /opt/stack/data/cinder/mnt/91bbcbb9c7585289c411ed6cee882698/volume-a7531c93-ac0a-46e5-aa9d-09b04f39bee7.4d968687-1ddc-4d06-a6c5-555cc81237ad
Aug 18 18:55:02 devstack sudo[97714]: pam_unix(sudo:session): session opened for user root(uid=0) by (uid=1000)
Aug 18 18:55:02 devstack sudo[97714]: pam_unix(sudo:session): session closed for user root
Aug 18 18:55:02 devstack cinder-volume[93728]: DEBUG oslo_concurrency.processutils [None req-0a96a140-e3a7-46cc-a3df-54d46a945ffe tempest-GroupSnapshotsTest-1122099031 None] CMD "sudo cinder-rootwrap /etc/cinder/rootwrap.conf chmod ugo+rw /opt/stack/data/cinder/mnt/91bbcbb9c7585289c411ed6cee882698/volume-a7531c93-ac0a-46e5-aa9d-09b04f39bee7.4d968687-1ddc-4d06-a6c5-555cc81237ad" returned: 0 in 0.378s {{(pid=93728) execute /opt/stack/data/venv/lib/python3.12/site-packages/oslo_concurrency/processutils.py:468}}
Aug 18 18:55:02 devstack cinder-volume[93728]: DEBUG oslo_concurrency.processutils [None req-0a96a140-e3a7-46cc-a3df-54d46a945ffe tempest-GroupSnapshotsTest-1122099031 None] Running cmd (subprocess): sudo cinder-rootwrap /etc/cinder/rootwrap.conf truncate -s0 /opt/stack/data/cinder/mnt/91bbcbb9c7585289c411ed6cee882698/volume-a7531c93-ac0a-46e5-aa9d-09b04f39bee7.info {{(pid=93728) execute /opt/stack/data/venv/lib/python3.12/site-packages/oslo_concurrency/processutils.py:440}}
Aug 18 18:55:02 devstack sudo[97821]: quobyte : PWD=/ ; USER=root ; COMMAND=/opt/stack/data/venv/bin/cinder-rootwrap /etc/cinder/rootwrap.conf truncate -s0 /opt/stack/data/cinder/mnt/91bbcbb9c7585289c411ed6cee882698/volume-a7531c93-ac0a-46e5-aa9d-09b04f39bee7.info
Aug 18 18:55:02 devstack sudo[97821]: pam_unix(sudo:session): session opened for user root(uid=0) by (uid=1000)
Aug 18 18:55:03 devstack sudo[97821]: pam_unix(sudo:session): session closed for user root
Aug 18 18:55:03 devstack cinder-volume[93728]: DEBUG oslo_concurrency.processutils [None req-0a96a140-e3a7-46cc-a3df-54d46a945ffe tempest-GroupSnapshotsTest-1122099031 None] CMD "sudo cinder-rootwrap /etc/cinder/rootwrap.conf truncate -s0 /opt/stack/data/cinder/mnt/91bbcbb9c7585289c411ed6cee882698/volume-a7531c93-ac0a-46e5-aa9d-09b04f39bee7.info" returned: 0 in 0.674s {{(pid=93728) execute /opt/stack/data/venv/lib/python3.12/site-packages/oslo_concurrency/processutils.py:468}}
Aug 18 18:55:03 devstack cinder-volume[93728]: WARNING cinder.volume.drivers.remotefs [None req-0a96a140-e3a7-46cc-a3df-54d46a945ffe tempest-GroupSnapshotsTest-1122099031 None] /opt/stack/data/cinder/mnt/91bbcbb9c7585289c411ed6cee882698/volume-a7531c93-ac0a-46e5-aa9d-09b04f39bee7.info is being set with open permissions: ugo+rw: NotImplementedError
Aug 18 18:55:03 devstack cinder-volume[93728]: DEBUG oslo_concurrency.processutils [None req-0a96a140-e3a7-46cc-a3df-54d46a945ffe tempest-GroupSnapshotsTest-1122099031 None] Running cmd (subprocess): sudo cinder-rootwrap /etc/cinder/rootwrap.conf chmod ugo+rw /opt/stack/data/cinder/mnt/91bbcbb9c7585289c411ed6cee882698/volume-a7531c93-ac0a-46e5-aa9d-09b04f39bee7.info {{(pid=93728) execute /opt/stack/data/venv/lib/python3.12/site-packages/oslo_concurrency/processutils.py:440}}
Aug 18 18:55:03 devstack sudo[98016]: quobyte : PWD=/ ; USER=root ; COMMAND=/opt/stack/data/venv/bin/cinder-rootwrap /etc/cinder/rootwrap.conf chmod ugo+rw /opt/stack/data/cinder/mnt/91bbcbb9c7585289c411ed6cee882698/volume-a7531c93-ac0a-46e5-aa9d-09b04f39bee7.info
Aug 18 18:55:03 devstack sudo[98016]: pam_unix(sudo:session): session opened for user root(uid=0) by (uid=1000)
Aug 18 18:55:03 devstack sudo[98016]: pam_unix(sudo:session): session closed for user root
Aug 18 18:55:03 devstack cinder-volume[93728]: DEBUG oslo_concurrency.processutils [None req-0a96a140-e3a7-46cc-a3df-54d46a945ffe tempest-GroupSnapshotsTest-1122099031 None] CMD "sudo cinder-rootwrap /etc/cinder/rootwrap.conf chmod ugo+rw /opt/stack/data/cinder/mnt/91bbcbb9c7585289c411ed6cee882698/volume-a7531c93-ac0a-46e5-aa9d-09b04f39bee7.info" returned: 0 in 0.300s {{(pid=93728) execute /opt/stack/data/venv/lib/python3.12/site-packages/oslo_concurrency/processutils.py:468}}
Aug 18 18:55:03 devstack cinder-volume[93728]: DEBUG oslo_concurrency.lockutils [None req-0a96a140-e3a7-46cc-a3df-54d46a945ffe tempest-GroupSnapshotsTest-1122099031 None] Lock "quobyte" "released" by "cinder.volume.drivers.quobyte.QuobyteDriver.create_snapshot" :: held 4.061s {{(pid=93728) inner /opt/stack/data/venv/lib/python3.12/site-packages/oslo_concurrency/lockutils.py:544}}
Aug 18 18:55:03 devstack cinder-volume[93728]: DEBUG oslo_concurrency.lockutils [None req-0a96a140-e3a7-46cc-a3df-54d46a945ffe tempest-GroupSnapshotsTest-1122099031 None] Acquiring lock "quobyte" by "cinder.volume.drivers.quobyte.QuobyteDriver.create_snapshot" {{(pid=93728) inner /opt/stack/data/venv/lib/python3.12/site-packages/oslo_concurrency/lockutils.py:512}}
Aug 18 18:55:03 devstack cinder-volume[93728]: DEBUG oslo_concurrency.lockutils [None req-0a96a140-e3a7-46cc-a3df-54d46a945ffe tempest-GroupSnapshotsTest-1122099031 None] Lock "quobyte" acquired by "cinder.volume.drivers.quobyte.QuobyteDriver.create_snapshot" :: waited 0.001s {{(pid=93728) inner /opt/stack/data/venv/lib/python3.12/site-packages/oslo_concurrency/lockutils.py:525}}
Aug 18 18:55:03 devstack cinder-volume[93728]: DEBUG cinder.volume.drivers.remotefs [None req-0a96a140-e3a7-46cc-a3df-54d46a945ffe tempest-GroupSnapshotsTest-1122099031 None] Creating offline snapshot f25e249a-1806-4a1d-9c8e-1fc06ef0a8a7 of volume 280ad87d-e700-4d92-9d79-13413ff7284d {{(pid=93728) _create_snapshot /opt/stack/cinder/cinder/volume/drivers/remotefs.py:1816}}
Aug 18 18:55:03 devstack cinder-volume[93728]: DEBUG oslo.privsep.daemon [-] privsep: reply[5d6ca3fd-95b3-4d23-9494-4600919ae43f]: (4, 'qcow2') {{(pid=95408) _call_back /opt/stack/data/venv/lib/python3.12/site-packages/oslo_privsep/daemon.py:580}}
Aug 18 18:55:03 devstack cinder-volume[93728]: DEBUG oslo_concurrency.processutils [None req-0a96a140-e3a7-46cc-a3df-54d46a945ffe tempest-GroupSnapshotsTest-1122099031 None] Running cmd (subprocess): /opt/stack/data/venv/bin/python3.12 -m oslo_concurrency.prlimit --as=1073741824 --cpu=60 -- sudo cinder-rootwrap /etc/cinder/rootwrap.conf env LC_ALL=C qemu-img info -f qcow2 --output=json --force-share /opt/stack/data/cinder/mnt/91bbcbb9c7585289c411ed6cee882698/volume-280ad87d-e700-4d92-9d79-13413ff7284d {{(pid=93728) execute /opt/stack/data/venv/lib/python3.12/site-packages/oslo_concurrency/processutils.py:440}}
Aug 18 18:55:04 devstack sudo[98081]: quobyte : PWD=/ ; USER=root ; COMMAND=/opt/stack/data/venv/bin/cinder-rootwrap /etc/cinder/rootwrap.conf env LC_ALL=C qemu-img info -f qcow2 --output=json --force-share /opt/stack/data/cinder/mnt/91bbcbb9c7585289c411ed6cee882698/volume-280ad87d-e700-4d92-9d79-13413ff7284d
Aug 18 18:55:04 devstack sudo[98081]: pam_unix(sudo:session): session opened for user root(uid=0) by (uid=1000)
Aug 18 18:55:04 devstack sudo[98081]: pam_unix(sudo:session): session closed for user root
Aug 18 18:55:04 devstack cinder-volume[93728]: DEBUG oslo_concurrency.processutils [None req-0a96a140-e3a7-46cc-a3df-54d46a945ffe tempest-GroupSnapshotsTest-1122099031 None] CMD "/opt/stack/data/venv/bin/python3.12 -m oslo_concurrency.prlimit --as=1073741824 --cpu=60 -- sudo cinder-rootwrap /etc/cinder/rootwrap.conf env LC_ALL=C qemu-img info -f qcow2 --output=json --force-share /opt/stack/data/cinder/mnt/91bbcbb9c7585289c411ed6cee882698/volume-280ad87d-e700-4d92-9d79-13413ff7284d" returned: 0 in 0.589s {{(pid=93728) execute /opt/stack/data/venv/lib/python3.12/site-packages/oslo_concurrency/processutils.py:468}}
Aug 18 18:55:04 devstack cinder-volume[93728]: DEBUG oslo_concurrency.processutils [None req-0a96a140-e3a7-46cc-a3df-54d46a945ffe tempest-GroupSnapshotsTest-1122099031 None] Running cmd (subprocess): sudo cinder-rootwrap /etc/cinder/rootwrap.conf qemu-img create -f qcow2 -o backing_file=/opt/stack/data/cinder/mnt/91bbcbb9c7585289c411ed6cee882698/volume-280ad87d-e700-4d92-9d79-13413ff7284d,backing_fmt=qcow2 /opt/stack/data/cinder/mnt/91bbcbb9c7585289c411ed6cee882698/volume-280ad87d-e700-4d92-9d79-13413ff7284d.f25e249a-1806-4a1d-9c8e-1fc06ef0a8a7 1G {{(pid=93728) execute /opt/stack/data/venv/lib/python3.12/site-packages/oslo_concurrency/processutils.py:440}}
Aug 18 18:55:04 devstack sudo[98093]: quobyte : PWD=/ ; USER=root ; COMMAND=/opt/stack/data/venv/bin/cinder-rootwrap /etc/cinder/rootwrap.conf qemu-img create -f qcow2 -o backing_file=/opt/stack/data/cinder/mnt/91bbcbb9c7585289c411ed6cee882698/volume-280ad87d-e700-4d92-9d79-13413ff7284d,backing_fmt=qcow2 /opt/stack/data/cinder/mnt/91bbcbb9c7585289c411ed6cee882698/volume-280ad87d-e700-4d92-9d79-13413ff7284d.f25e249a-1806-4a1d-9c8e-1fc06ef0a8a7 1G
Aug 18 18:55:04 devstack sudo[98093]: pam_unix(sudo:session): session opened for user root(uid=0) by (uid=1000)
Aug 18 18:55:05 devstack sudo[98093]: pam_unix(sudo:session): session closed for user root
Aug 18 18:55:05 devstack cinder-volume[93728]: DEBUG oslo_concurrency.processutils [None req-0a96a140-e3a7-46cc-a3df-54d46a945ffe tempest-GroupSnapshotsTest-1122099031 None] CMD "sudo cinder-rootwrap /etc/cinder/rootwrap.conf qemu-img create -f qcow2 -o backing_file=/opt/stack/data/cinder/mnt/91bbcbb9c7585289c411ed6cee882698/volume-280ad87d-e700-4d92-9d79-13413ff7284d,backing_fmt=qcow2 /opt/stack/data/cinder/mnt/91bbcbb9c7585289c411ed6cee882698/volume-280ad87d-e700-4d92-9d79-13413ff7284d.f25e249a-1806-4a1d-9c8e-1fc06ef0a8a7 1G" returned: 0 in 0.607s {{(pid=93728) execute /opt/stack/data/venv/lib/python3.12/site-packages/oslo_concurrency/processutils.py:468}}
Aug 18 18:55:05 devstack cinder-volume[93728]: DEBUG oslo_concurrency.processutils [None req-0a96a140-e3a7-46cc-a3df-54d46a945ffe tempest-GroupSnapshotsTest-1122099031 None] Running cmd (subprocess): sudo cinder-rootwrap /etc/cinder/rootwrap.conf qemu-img rebase -u -b volume-280ad87d-e700-4d92-9d79-13413ff7284d -F qcow2 /opt/stack/data/cinder/mnt/91bbcbb9c7585289c411ed6cee882698/volume-280ad87d-e700-4d92-9d79-13413ff7284d.f25e249a-1806-4a1d-9c8e-1fc06ef0a8a7 {{(pid=93728) execute /opt/stack/data/venv/lib/python3.12/site-packages/oslo_concurrency/processutils.py:440}}
Aug 18 18:55:05 devstack sudo[98119]: quobyte : PWD=/ ; USER=root ; COMMAND=/opt/stack/data/venv/bin/cinder-rootwrap /etc/cinder/rootwrap.conf qemu-img rebase -u -b volume-280ad87d-e700-4d92-9d79-13413ff7284d -F qcow2 /opt/stack/data/cinder/mnt/91bbcbb9c7585289c411ed6cee882698/volume-280ad87d-e700-4d92-9d79-13413ff7284d.f25e249a-1806-4a1d-9c8e-1fc06ef0a8a7
Aug 18 18:55:05 devstack sudo[98119]: pam_unix(sudo:session): session opened for user root(uid=0) by (uid=1000)
Aug 18 18:55:05 devstack sudo[98119]: pam_unix(sudo:session): session closed for user root
Aug 18 18:55:05 devstack cinder-volume[93728]: DEBUG oslo_concurrency.processutils [None req-0a96a140-e3a7-46cc-a3df-54d46a945ffe tempest-GroupSnapshotsTest-1122099031 None] CMD "sudo cinder-rootwrap /etc/cinder/rootwrap.conf qemu-img rebase -u -b volume-280ad87d-e700-4d92-9d79-13413ff7284d -F qcow2 /opt/stack/data/cinder/mnt/91bbcbb9c7585289c411ed6cee882698/volume-280ad87d-e700-4d92-9d79-13413ff7284d.f25e249a-1806-4a1d-9c8e-1fc06ef0a8a7" returned: 0 in 0.413s {{(pid=93728) execute /opt/stack/data/venv/lib/python3.12/site-packages/oslo_concurrency/processutils.py:468}}
Aug 18 18:55:05 devstack cinder-volume[93728]: WARNING cinder.volume.drivers.remotefs [None req-0a96a140-e3a7-46cc-a3df-54d46a945ffe tempest-GroupSnapshotsTest-1122099031 None] /opt/stack/data/cinder/mnt/91bbcbb9c7585289c411ed6cee882698/volume-280ad87d-e700-4d92-9d79-13413ff7284d.f25e249a-1806-4a1d-9c8e-1fc06ef0a8a7 is being set with open permissions: ugo+rw: NotImplementedError
Aug 18 18:55:05 devstack cinder-volume[93728]: DEBUG oslo_concurrency.processutils [None req-0a96a140-e3a7-46cc-a3df-54d46a945ffe tempest-GroupSnapshotsTest-1122099031 None] Running cmd (subprocess): sudo cinder-rootwrap /etc/cinder/rootwrap.conf chmod ugo+rw /opt/stack/data/cinder/mnt/91bbcbb9c7585289c411ed6cee882698/volume-280ad87d-e700-4d92-9d79-13413ff7284d.f25e249a-1806-4a1d-9c8e-1fc06ef0a8a7 {{(pid=93728) execute /opt/stack/data/venv/lib/python3.12/site-packages/oslo_concurrency/processutils.py:440}}
Aug 18 18:55:05 devstack sudo[98126]: quobyte : PWD=/ ; USER=root ; COMMAND=/opt/stack/data/venv/bin/cinder-rootwrap /etc/cinder/rootwrap.conf chmod ugo+rw /opt/stack/data/cinder/mnt/91bbcbb9c7585289c411ed6cee882698/volume-280ad87d-e700-4d92-9d79-13413ff7284d.f25e249a-1806-4a1d-9c8e-1fc06ef0a8a7
Aug 18 18:55:05 devstack sudo[98126]: pam_unix(sudo:session): session opened for user root(uid=0) by (uid=1000)
Aug 18 18:55:05 devstack sudo[98126]: pam_unix(sudo:session): session closed for user root
Aug 18 18:55:05 devstack cinder-volume[93728]: DEBUG oslo_concurrency.processutils [None req-0a96a140-e3a7-46cc-a3df-54d46a945ffe tempest-GroupSnapshotsTest-1122099031 None] CMD "sudo cinder-rootwrap /etc/cinder/rootwrap.conf chmod ugo+rw /opt/stack/data/cinder/mnt/91bbcbb9c7585289c411ed6cee882698/volume-280ad87d-e700-4d92-9d79-13413ff7284d.f25e249a-1806-4a1d-9c8e-1fc06ef0a8a7" returned: 0 in 0.292s {{(pid=93728) execute /opt/stack/data/venv/lib/python3.12/site-packages/oslo_concurrency/processutils.py:468}}
Aug 18 18:55:05 devstack cinder-volume[93728]: DEBUG oslo_concurrency.processutils [None req-0a96a140-e3a7-46cc-a3df-54d46a945ffe tempest-GroupSnapshotsTest-1122099031 None] Running cmd (subprocess): sudo cinder-rootwrap /etc/cinder/rootwrap.conf truncate -s0 /opt/stack/data/cinder/mnt/91bbcbb9c7585289c411ed6cee882698/volume-280ad87d-e700-4d92-9d79-13413ff7284d.info {{(pid=93728) execute /opt/stack/data/venv/lib/python3.12/site-packages/oslo_concurrency/processutils.py:440}}
Aug 18 18:55:05 devstack sudo[98130]: quobyte : PWD=/ ; USER=root ; COMMAND=/opt/stack/data/venv/bin/cinder-rootwrap /etc/cinder/rootwrap.conf truncate -s0 /opt/stack/data/cinder/mnt/91bbcbb9c7585289c411ed6cee882698/volume-280ad87d-e700-4d92-9d79-13413ff7284d.info
Aug 18 18:55:05 devstack sudo[98130]: pam_unix(sudo:session): session opened for user root(uid=0) by (uid=1000)
Aug 18 18:55:06 devstack sudo[98130]: pam_unix(sudo:session): session closed for user root
Aug 18 18:55:06 devstack cinder-volume[93728]: DEBUG oslo_concurrency.processutils [None req-0a96a140-e3a7-46cc-a3df-54d46a945ffe tempest-GroupSnapshotsTest-1122099031 None] CMD "sudo cinder-rootwrap /etc/cinder/rootwrap.conf truncate -s0 /opt/stack/data/cinder/mnt/91bbcbb9c7585289c411ed6cee882698/volume-280ad87d-e700-4d92-9d79-13413ff7284d.info" returned: 0 in 0.292s {{(pid=93728) execute /opt/stack/data/venv/lib/python3.12/site-packages/oslo_concurrency/processutils.py:468}}
Aug 18 18:55:06 devstack cinder-volume[93728]: WARNING cinder.volume.drivers.remotefs [None req-0a96a140-e3a7-46cc-a3df-54d46a945ffe tempest-GroupSnapshotsTest-1122099031 None] /opt/stack/data/cinder/mnt/91bbcbb9c7585289c411ed6cee882698/volume-280ad87d-e700-4d92-9d79-13413ff7284d.info is being set with open permissions: ugo+rw: NotImplementedError
Aug 18 18:55:06 devstack cinder-volume[93728]: DEBUG oslo_concurrency.processutils [None req-0a96a140-e3a7-46cc-a3df-54d46a945ffe tempest-GroupSnapshotsTest-1122099031 None] Running cmd (subprocess): sudo cinder-rootwrap /etc/cinder/rootwrap.conf chmod ugo+rw /opt/stack/data/cinder/mnt/91bbcbb9c7585289c411ed6cee882698/volume-280ad87d-e700-4d92-9d79-13413ff7284d.info {{(pid=93728) execute /opt/stack/data/venv/lib/python3.12/site-packages/oslo_concurrency/processutils.py:440}}
Aug 18 18:55:06 devstack sudo[98134]: quobyte : PWD=/ ; USER=root ; COMMAND=/opt/stack/data/venv/bin/cinder-rootwrap /etc/cinder/rootwrap.conf chmod ugo+rw /opt/stack/data/cinder/mnt/91bbcbb9c7585289c411ed6cee882698/volume-280ad87d-e700-4d92-9d79-13413ff7284d.info
Aug 18 18:55:06 devstack sudo[98134]: pam_unix(sudo:session): session opened for user root(uid=0) by (uid=1000)
Aug 18 18:55:06 devstack sudo[98134]: pam_unix(sudo:session): session closed for user root
Aug 18 18:55:06 devstack cinder-volume[93728]: DEBUG oslo_concurrency.processutils [None req-0a96a140-e3a7-46cc-a3df-54d46a945ffe tempest-GroupSnapshotsTest-1122099031 None] CMD "sudo cinder-rootwrap /etc/cinder/rootwrap.conf chmod ugo+rw /opt/stack/data/cinder/mnt/91bbcbb9c7585289c411ed6cee882698/volume-280ad87d-e700-4d92-9d79-13413ff7284d.info" returned: 0 in 0.412s {{(pid=93728) execute /opt/stack/data/venv/lib/python3.12/site-packages/oslo_concurrency/processutils.py:468}}
Aug 18 18:55:06 devstack cinder-volume[93728]: DEBUG oslo_concurrency.lockutils [None req-0a96a140-e3a7-46cc-a3df-54d46a945ffe tempest-GroupSnapshotsTest-1122099031 None] Lock "quobyte" "released" by "cinder.volume.drivers.quobyte.QuobyteDriver.create_snapshot" :: held 2.709s {{(pid=93728) inner /opt/stack/data/venv/lib/python3.12/site-packages/oslo_concurrency/lockutils.py:544}}
Aug 18 18:55:06 devstack cinder-volume[93728]: INFO cinder.volume.manager [None req-0a96a140-e3a7-46cc-a3df-54d46a945ffe tempest-GroupSnapshotsTest-1122099031 None] group_snapshot ac2a6020-2378-4cb1-a8db-5b5c46e97387: created successfully
Aug 18 18:55:07 devstack cinder-volume[93728]: INFO cinder.volume.manager [None req-81cba33d-9a90-47e0-9a5a-9150472e3d0a tempest-GroupSnapshotsTest-1122099031 None] group_snapshot ac2a6020-2378-4cb1-a8db-5b5c46e97387: deleting
Aug 18 18:55:07 devstack cinder-volume[93728]: DEBUG cinder.volume.manager [None req-81cba33d-9a90-47e0-9a5a-9150472e3d0a tempest-GroupSnapshotsTest-1122099031 None] group_snapshot ac2a6020-2378-4cb1-a8db-5b5c46e97387: deleting {{(pid=93728) delete_group_snapshot /opt/stack/cinder/cinder/volume/manager.py:4350}}
Aug 18 18:55:07 devstack cinder-volume[93728]: DEBUG cinder.coordination [None req-81cba33d-9a90-47e0-9a5a-9150472e3d0a tempest-GroupSnapshotsTest-1122099031 None] Acquiring lock "cinder-quobyte-a7531c93-ac0a-46e5-aa9d-09b04f39bee7" by "delete_snapshot" {{(pid=93728) __acquire /opt/stack/cinder/cinder/coordination.py:138}}
Aug 18 18:55:07 devstack cinder-volume[93728]: DEBUG cinder.coordination [None req-81cba33d-9a90-47e0-9a5a-9150472e3d0a tempest-GroupSnapshotsTest-1122099031 None] Lock "cinder-quobyte-a7531c93-ac0a-46e5-aa9d-09b04f39bee7" acquired by "delete_snapshot" :: waited 0.026s {{(pid=93728) __acquire /opt/stack/cinder/cinder/coordination.py:141}}
Aug 18 18:55:07 devstack cinder-volume[93728]: DEBUG cinder.coordination [None req-81cba33d-9a90-47e0-9a5a-9150472e3d0a tempest-GroupSnapshotsTest-1122099031 None] Acquiring lock "cinder-quobyte-4d968687-1ddc-4d06-a6c5-555cc81237ad" by "_delete_snapshot" {{(pid=93728) __acquire /opt/stack/cinder/cinder/coordination.py:138}}
Aug 18 18:55:07 devstack cinder-volume[93728]: DEBUG cinder.coordination [None req-81cba33d-9a90-47e0-9a5a-9150472e3d0a tempest-GroupSnapshotsTest-1122099031 None] Lock "cinder-quobyte-4d968687-1ddc-4d06-a6c5-555cc81237ad" acquired by "_delete_snapshot" :: waited 0.024s {{(pid=93728) __acquire /opt/stack/cinder/cinder/coordination.py:141}}
Aug 18 18:55:07 devstack cinder-volume[93728]: DEBUG cinder.volume.drivers.remotefs [None req-81cba33d-9a90-47e0-9a5a-9150472e3d0a tempest-GroupSnapshotsTest-1122099031 None] Deleting offline snapshot 4d968687-1ddc-4d06-a6c5-555cc81237ad of volume a7531c93-ac0a-46e5-aa9d-09b04f39bee7 {{(pid=93728) _delete_snapshot /opt/stack/cinder/cinder/volume/drivers/remotefs.py:1288}}
Aug 18 18:55:07 devstack cinder-volume[93728]: DEBUG cinder.volume.drivers.remotefs [None req-81cba33d-9a90-47e0-9a5a-9150472e3d0a tempest-GroupSnapshotsTest-1122099031 None] snapshot_file for this snap is: volume-a7531c93-ac0a-46e5-aa9d-09b04f39bee7.4d968687-1ddc-4d06-a6c5-555cc81237ad {{(pid=93728) _delete_snapshot /opt/stack/cinder/cinder/volume/drivers/remotefs.py:1317}}
Aug 18 18:55:07 devstack cinder-volume[93728]: DEBUG oslo.privsep.daemon [-] privsep: reply[ab28a520-ebf1-4ab0-a2de-1c8b5027ef99]: (4, 'qcow2') {{(pid=95408) _call_back /opt/stack/data/venv/lib/python3.12/site-packages/oslo_privsep/daemon.py:580}}
Aug 18 18:55:07 devstack cinder-volume[93728]: DEBUG oslo_concurrency.processutils [None req-81cba33d-9a90-47e0-9a5a-9150472e3d0a tempest-GroupSnapshotsTest-1122099031 None] Running cmd (subprocess): /opt/stack/data/venv/bin/python3.12 -m oslo_concurrency.prlimit --as=1073741824 --cpu=60 -- sudo cinder-rootwrap /etc/cinder/rootwrap.conf env LC_ALL=C qemu-img info -f qcow2 --output=json --force-share /opt/stack/data/cinder/mnt/91bbcbb9c7585289c411ed6cee882698/volume-a7531c93-ac0a-46e5-aa9d-09b04f39bee7.4d968687-1ddc-4d06-a6c5-555cc81237ad {{(pid=93728) execute /opt/stack/data/venv/lib/python3.12/site-packages/oslo_concurrency/processutils.py:440}}
Aug 18 18:55:08 devstack sudo[98141]: quobyte : PWD=/ ; USER=root ; COMMAND=/opt/stack/data/venv/bin/cinder-rootwrap /etc/cinder/rootwrap.conf env LC_ALL=C qemu-img info -f qcow2 --output=json --force-share /opt/stack/data/cinder/mnt/91bbcbb9c7585289c411ed6cee882698/volume-a7531c93-ac0a-46e5-aa9d-09b04f39bee7.4d968687-1ddc-4d06-a6c5-555cc81237ad
Aug 18 18:55:08 devstack sudo[98141]: pam_unix(sudo:session): session opened for user root(uid=0) by (uid=1000)
Aug 18 18:55:08 devstack sudo[98141]: pam_unix(sudo:session): session closed for user root
Aug 18 18:55:08 devstack cinder-volume[93728]: DEBUG oslo_concurrency.processutils [None req-81cba33d-9a90-47e0-9a5a-9150472e3d0a tempest-GroupSnapshotsTest-1122099031 None] CMD "/opt/stack/data/venv/bin/python3.12 -m oslo_concurrency.prlimit --as=1073741824 --cpu=60 -- sudo cinder-rootwrap /etc/cinder/rootwrap.conf env LC_ALL=C qemu-img info -f qcow2 --output=json --force-share /opt/stack/data/cinder/mnt/91bbcbb9c7585289c411ed6cee882698/volume-a7531c93-ac0a-46e5-aa9d-09b04f39bee7.4d968687-1ddc-4d06-a6c5-555cc81237ad" returned: 0 in 0.489s {{(pid=93728) execute /opt/stack/data/venv/lib/python3.12/site-packages/oslo_concurrency/processutils.py:468}}
Aug 18 18:55:08 devstack cinder-volume[93728]: DEBUG cinder.volume.drivers.remotefs [None req-81cba33d-9a90-47e0-9a5a-9150472e3d0a tempest-GroupSnapshotsTest-1122099031 None] Fetching qemu-img info with special backing_file_template: (/opt/stack/data/cinder/mnt/[0-9a-f]+/)?(volume-a7531c93-ac0a-46e5-aa9d-09b04f39bee7(.(tmp-snap-)?[0-9a-f-]+)?|volume_from_snapshot_cache/(tmp-snap-)?[0-9a-f-]+(.(child-|parent-)[0-9a-f-]+)?)$ {{(pid=93728) _qemu_img_info_base /opt/stack/cinder/cinder/volume/drivers/remotefs.py:896}}
Aug 18 18:55:08 devstack cinder-volume[93728]: DEBUG oslo.privsep.daemon [-] privsep: reply[1ec5543f-eb93-4434-a09e-478cb074a1b3]: (4, 'qcow2') {{(pid=95408) _call_back /opt/stack/data/venv/lib/python3.12/site-packages/oslo_privsep/daemon.py:580}}
Aug 18 18:55:08 devstack cinder-volume[93728]: DEBUG oslo_concurrency.processutils [None req-81cba33d-9a90-47e0-9a5a-9150472e3d0a tempest-GroupSnapshotsTest-1122099031 None] Running cmd (subprocess): /opt/stack/data/venv/bin/python3.12 -m oslo_concurrency.prlimit --as=1073741824 --cpu=60 -- sudo cinder-rootwrap /etc/cinder/rootwrap.conf env LC_ALL=C qemu-img info -f qcow2 --output=json --force-share /opt/stack/data/cinder/mnt/91bbcbb9c7585289c411ed6cee882698/volume-a7531c93-ac0a-46e5-aa9d-09b04f39bee7 {{(pid=93728) execute /opt/stack/data/venv/lib/python3.12/site-packages/oslo_concurrency/processutils.py:440}}
Aug 18 18:55:08 devstack sudo[98147]: quobyte : PWD=/ ; USER=root ; COMMAND=/opt/stack/data/venv/bin/cinder-rootwrap /etc/cinder/rootwrap.conf env LC_ALL=C qemu-img info -f qcow2 --output=json --force-share /opt/stack/data/cinder/mnt/91bbcbb9c7585289c411ed6cee882698/volume-a7531c93-ac0a-46e5-aa9d-09b04f39bee7
Aug 18 18:55:08 devstack sudo[98147]: pam_unix(sudo:session): session opened for user root(uid=0) by (uid=1000)
Aug 18 18:55:08 devstack sudo[98147]: pam_unix(sudo:session): session closed for user root
Aug 18 18:55:08 devstack cinder-volume[93728]: DEBUG oslo_concurrency.processutils [None req-81cba33d-9a90-47e0-9a5a-9150472e3d0a tempest-GroupSnapshotsTest-1122099031 None] CMD "/opt/stack/data/venv/bin/python3.12 -m oslo_concurrency.prlimit --as=1073741824 --cpu=60 -- sudo cinder-rootwrap /etc/cinder/rootwrap.conf env LC_ALL=C qemu-img info -f qcow2 --output=json --force-share /opt/stack/data/cinder/mnt/91bbcbb9c7585289c411ed6cee882698/volume-a7531c93-ac0a-46e5-aa9d-09b04f39bee7" returned: 0 in 0.398s {{(pid=93728) execute /opt/stack/data/venv/lib/python3.12/site-packages/oslo_concurrency/processutils.py:468}}
Aug 18 18:55:08 devstack cinder-volume[93728]: DEBUG oslo_concurrency.processutils [None req-81cba33d-9a90-47e0-9a5a-9150472e3d0a tempest-GroupSnapshotsTest-1122099031 None] Running cmd (subprocess): sudo cinder-rootwrap /etc/cinder/rootwrap.conf qemu-img commit -d /opt/stack/data/cinder/mnt/91bbcbb9c7585289c411ed6cee882698/volume-a7531c93-ac0a-46e5-aa9d-09b04f39bee7.4d968687-1ddc-4d06-a6c5-555cc81237ad {{(pid=93728) execute /opt/stack/data/venv/lib/python3.12/site-packages/oslo_concurrency/processutils.py:440}}
Aug 18 18:55:08 devstack sudo[98152]: quobyte : PWD=/ ; USER=root ; COMMAND=/opt/stack/data/venv/bin/cinder-rootwrap /etc/cinder/rootwrap.conf qemu-img commit -d /opt/stack/data/cinder/mnt/91bbcbb9c7585289c411ed6cee882698/volume-a7531c93-ac0a-46e5-aa9d-09b04f39bee7.4d968687-1ddc-4d06-a6c5-555cc81237ad
Aug 18 18:55:08 devstack sudo[98152]: pam_unix(sudo:session): session opened for user root(uid=0) by (uid=1000)
Aug 18 18:55:09 devstack sudo[98152]: pam_unix(sudo:session): session closed for user root
Aug 18 18:55:09 devstack cinder-volume[93728]: DEBUG oslo_concurrency.processutils [None req-81cba33d-9a90-47e0-9a5a-9150472e3d0a tempest-GroupSnapshotsTest-1122099031 None] CMD "sudo cinder-rootwrap /etc/cinder/rootwrap.conf qemu-img commit -d /opt/stack/data/cinder/mnt/91bbcbb9c7585289c411ed6cee882698/volume-a7531c93-ac0a-46e5-aa9d-09b04f39bee7.4d968687-1ddc-4d06-a6c5-555cc81237ad" returned: 0 in 0.428s {{(pid=93728) execute /opt/stack/data/venv/lib/python3.12/site-packages/oslo_concurrency/processutils.py:468}}
Aug 18 18:55:09 devstack cinder-volume[93728]: DEBUG oslo_concurrency.processutils [None req-81cba33d-9a90-47e0-9a5a-9150472e3d0a tempest-GroupSnapshotsTest-1122099031 None] Running cmd (subprocess): sudo cinder-rootwrap /etc/cinder/rootwrap.conf rm -f /opt/stack/data/cinder/mnt/91bbcbb9c7585289c411ed6cee882698/volume-a7531c93-ac0a-46e5-aa9d-09b04f39bee7.4d968687-1ddc-4d06-a6c5-555cc81237ad {{(pid=93728) execute /opt/stack/data/venv/lib/python3.12/site-packages/oslo_concurrency/processutils.py:440}}
Aug 18 18:55:09 devstack sudo[98158]: quobyte : PWD=/ ; USER=root ; COMMAND=/opt/stack/data/venv/bin/cinder-rootwrap /etc/cinder/rootwrap.conf rm -f /opt/stack/data/cinder/mnt/91bbcbb9c7585289c411ed6cee882698/volume-a7531c93-ac0a-46e5-aa9d-09b04f39bee7.4d968687-1ddc-4d06-a6c5-555cc81237ad
Aug 18 18:55:09 devstack sudo[98158]: pam_unix(sudo:session): session opened for user root(uid=0) by (uid=1000)
Aug 18 18:55:09 devstack sudo[98158]: pam_unix(sudo:session): session closed for user root
Aug 18 18:55:09 devstack cinder-volume[93728]: DEBUG oslo_concurrency.processutils [None req-81cba33d-9a90-47e0-9a5a-9150472e3d0a tempest-GroupSnapshotsTest-1122099031 None] CMD "sudo cinder-rootwrap /etc/cinder/rootwrap.conf rm -f /opt/stack/data/cinder/mnt/91bbcbb9c7585289c411ed6cee882698/volume-a7531c93-ac0a-46e5-aa9d-09b04f39bee7.4d968687-1ddc-4d06-a6c5-555cc81237ad" returned: 0 in 0.366s {{(pid=93728) execute /opt/stack/data/venv/lib/python3.12/site-packages/oslo_concurrency/processutils.py:468}}
Aug 18 18:55:09 devstack cinder-volume[93728]: DEBUG cinder.coordination [None req-81cba33d-9a90-47e0-9a5a-9150472e3d0a tempest-GroupSnapshotsTest-1122099031 None] Lock "cinder-quobyte-4d968687-1ddc-4d06-a6c5-555cc81237ad" released by "_delete_snapshot" :: held 1.804s {{(pid=93728) __release /opt/stack/cinder/cinder/coordination.py:152}}
Aug 18 18:55:09 devstack cinder-volume[93728]: DEBUG cinder.coordination [None req-81cba33d-9a90-47e0-9a5a-9150472e3d0a tempest-GroupSnapshotsTest-1122099031 None] Lock "cinder-quobyte-a7531c93-ac0a-46e5-aa9d-09b04f39bee7" released by "delete_snapshot" :: held 1.840s {{(pid=93728) __release /opt/stack/cinder/cinder/coordination.py:152}}
Aug 18 18:55:09 devstack cinder-volume[93728]: DEBUG cinder.coordination [None req-81cba33d-9a90-47e0-9a5a-9150472e3d0a tempest-GroupSnapshotsTest-1122099031 None] Acquiring lock "cinder-quobyte-280ad87d-e700-4d92-9d79-13413ff7284d" by "delete_snapshot" {{(pid=93728) __acquire /opt/stack/cinder/cinder/coordination.py:138}}
Aug 18 18:55:09 devstack cinder-volume[93728]: DEBUG cinder.coordination [None req-482f3b56-e2ba-4843-b75d-9d9516067b3c tempest-TaggedAttachmentsTest-295609467 None] Acquiring lock "cinder-082d2bb2-e01e-4474-9c6b-f15bb3701ebc-delete_volume" by "delete_volume" {{(pid=93728) __acquire /opt/stack/cinder/cinder/coordination.py:138}}
Aug 18 18:55:09 devstack cinder-volume[93728]: DEBUG cinder.coordination [None req-81cba33d-9a90-47e0-9a5a-9150472e3d0a tempest-GroupSnapshotsTest-1122099031 None] Lock "cinder-quobyte-280ad87d-e700-4d92-9d79-13413ff7284d" acquired by "delete_snapshot" :: waited 0.021s {{(pid=93728) __acquire /opt/stack/cinder/cinder/coordination.py:141}}
Aug 18 18:55:09 devstack cinder-volume[93728]: DEBUG cinder.coordination [None req-81cba33d-9a90-47e0-9a5a-9150472e3d0a tempest-GroupSnapshotsTest-1122099031 None] Acquiring lock "cinder-quobyte-f25e249a-1806-4a1d-9c8e-1fc06ef0a8a7" by "_delete_snapshot" {{(pid=93728) __acquire /opt/stack/cinder/cinder/coordination.py:138}}
Aug 18 18:55:09 devstack cinder-volume[93728]: DEBUG cinder.coordination [None req-81cba33d-9a90-47e0-9a5a-9150472e3d0a tempest-GroupSnapshotsTest-1122099031 None] Lock "cinder-quobyte-f25e249a-1806-4a1d-9c8e-1fc06ef0a8a7" acquired by "_delete_snapshot" :: waited 0.019s {{(pid=93728) __acquire /opt/stack/cinder/cinder/coordination.py:141}}
Aug 18 18:55:09 devstack cinder-volume[93728]: DEBUG cinder.volume.drivers.remotefs [None req-81cba33d-9a90-47e0-9a5a-9150472e3d0a tempest-GroupSnapshotsTest-1122099031 None] Deleting offline snapshot f25e249a-1806-4a1d-9c8e-1fc06ef0a8a7 of volume 280ad87d-e700-4d92-9d79-13413ff7284d {{(pid=93728) _delete_snapshot /opt/stack/cinder/cinder/volume/drivers/remotefs.py:1288}}
Aug 18 18:55:09 devstack cinder-volume[93728]: DEBUG cinder.volume.drivers.remotefs [None req-81cba33d-9a90-47e0-9a5a-9150472e3d0a tempest-GroupSnapshotsTest-1122099031 None] snapshot_file for this snap is: volume-280ad87d-e700-4d92-9d79-13413ff7284d.f25e249a-1806-4a1d-9c8e-1fc06ef0a8a7 {{(pid=93728) _delete_snapshot /opt/stack/cinder/cinder/volume/drivers/remotefs.py:1317}}
Aug 18 18:55:09 devstack cinder-volume[93728]: DEBUG cinder.coordination [None req-482f3b56-e2ba-4843-b75d-9d9516067b3c tempest-TaggedAttachmentsTest-295609467 None] Lock "cinder-082d2bb2-e01e-4474-9c6b-f15bb3701ebc-delete_volume" acquired by "delete_volume" :: waited 0.058s {{(pid=93728) __acquire /opt/stack/cinder/cinder/coordination.py:141}}
Aug 18 18:55:09 devstack cinder-volume[93728]: DEBUG oslo.privsep.daemon [-] privsep: reply[80fc536d-53fb-4f4f-8167-6901f99987d1]: (4, 'qcow2') {{(pid=95408) _call_back /opt/stack/data/venv/lib/python3.12/site-packages/oslo_privsep/daemon.py:580}}
Aug 18 18:55:09 devstack cinder-volume[93728]: DEBUG oslo_concurrency.processutils [None req-81cba33d-9a90-47e0-9a5a-9150472e3d0a tempest-GroupSnapshotsTest-1122099031 None] Running cmd (subprocess): /opt/stack/data/venv/bin/python3.12 -m oslo_concurrency.prlimit --as=1073741824 --cpu=60 -- sudo cinder-rootwrap /etc/cinder/rootwrap.conf env LC_ALL=C qemu-img info -f qcow2 --output=json --force-share /opt/stack/data/cinder/mnt/91bbcbb9c7585289c411ed6cee882698/volume-280ad87d-e700-4d92-9d79-13413ff7284d.f25e249a-1806-4a1d-9c8e-1fc06ef0a8a7 {{(pid=93728) execute /opt/stack/data/venv/lib/python3.12/site-packages/oslo_concurrency/processutils.py:440}}
Aug 18 18:55:09 devstack cinder-volume[93728]: DEBUG cinder.coordination [None req-482f3b56-e2ba-4843-b75d-9d9516067b3c tempest-TaggedAttachmentsTest-295609467 None] Acquiring lock "cinder-quobyte-082d2bb2-e01e-4474-9c6b-f15bb3701ebc" by "delete_volume" {{(pid=93728) __acquire /opt/stack/cinder/cinder/coordination.py:138}}
Aug 18 18:55:09 devstack cinder-volume[93728]: DEBUG cinder.coordination [None req-482f3b56-e2ba-4843-b75d-9d9516067b3c tempest-TaggedAttachmentsTest-295609467 None] Lock "cinder-quobyte-082d2bb2-e01e-4474-9c6b-f15bb3701ebc" acquired by "delete_volume" :: waited 0.025s {{(pid=93728) __acquire /opt/stack/cinder/cinder/coordination.py:141}}
Aug 18 18:55:09 devstack cinder-volume[93728]: DEBUG oslo.privsep.daemon [-] privsep: reply[58e12ed9-fd83-46b3-8735-70bf5a97fae6]: (4, 'qcow2') {{(pid=95408) _call_back /opt/stack/data/venv/lib/python3.12/site-packages/oslo_privsep/daemon.py:580}}
Aug 18 18:55:09 devstack cinder-volume[93728]: DEBUG oslo_concurrency.processutils [None req-482f3b56-e2ba-4843-b75d-9d9516067b3c tempest-TaggedAttachmentsTest-295609467 None] Running cmd (subprocess): /opt/stack/data/venv/bin/python3.12 -m oslo_concurrency.prlimit --as=1073741824 --cpu=60 -- sudo cinder-rootwrap /etc/cinder/rootwrap.conf env LC_ALL=C qemu-img info -f qcow2 --output=json --force-share /opt/stack/data/cinder/mnt/91bbcbb9c7585289c411ed6cee882698/volume-082d2bb2-e01e-4474-9c6b-f15bb3701ebc {{(pid=93728) execute /opt/stack/data/venv/lib/python3.12/site-packages/oslo_concurrency/processutils.py:440}}
Aug 18 18:55:09 devstack sudo[98161]: quobyte : PWD=/ ; USER=root ; COMMAND=/opt/stack/data/venv/bin/cinder-rootwrap /etc/cinder/rootwrap.conf env LC_ALL=C qemu-img info -f qcow2 --output=json --force-share /opt/stack/data/cinder/mnt/91bbcbb9c7585289c411ed6cee882698/volume-280ad87d-e700-4d92-9d79-13413ff7284d.f25e249a-1806-4a1d-9c8e-1fc06ef0a8a7
Aug 18 18:55:09 devstack sudo[98161]: pam_unix(sudo:session): session opened for user root(uid=0) by (uid=1000)
Aug 18 18:55:10 devstack sudo[98162]: quobyte : PWD=/ ; USER=root ; COMMAND=/opt/stack/data/venv/bin/cinder-rootwrap /etc/cinder/rootwrap.conf env LC_ALL=C qemu-img info -f qcow2 --output=json --force-share /opt/stack/data/cinder/mnt/91bbcbb9c7585289c411ed6cee882698/volume-082d2bb2-e01e-4474-9c6b-f15bb3701ebc
Aug 18 18:55:10 devstack sudo[98162]: pam_unix(sudo:session): session opened for user root(uid=0) by (uid=1000)
Aug 18 18:55:10 devstack sudo[98161]: pam_unix(sudo:session): session closed for user root
Aug 18 18:55:10 devstack cinder-volume[93728]: DEBUG oslo_concurrency.processutils [None req-81cba33d-9a90-47e0-9a5a-9150472e3d0a tempest-GroupSnapshotsTest-1122099031 None] CMD "/opt/stack/data/venv/bin/python3.12 -m oslo_concurrency.prlimit --as=1073741824 --cpu=60 -- sudo cinder-rootwrap /etc/cinder/rootwrap.conf env LC_ALL=C qemu-img info -f qcow2 --output=json --force-share /opt/stack/data/cinder/mnt/91bbcbb9c7585289c411ed6cee882698/volume-280ad87d-e700-4d92-9d79-13413ff7284d.f25e249a-1806-4a1d-9c8e-1fc06ef0a8a7" returned: 0 in 0.429s {{(pid=93728) execute /opt/stack/data/venv/lib/python3.12/site-packages/oslo_concurrency/processutils.py:468}}
Aug 18 18:55:10 devstack cinder-volume[93728]: DEBUG cinder.volume.drivers.remotefs [None req-81cba33d-9a90-47e0-9a5a-9150472e3d0a tempest-GroupSnapshotsTest-1122099031 None] Fetching qemu-img info with special backing_file_template: (/opt/stack/data/cinder/mnt/[0-9a-f]+/)?(volume-280ad87d-e700-4d92-9d79-13413ff7284d(.(tmp-snap-)?[0-9a-f-]+)?|volume_from_snapshot_cache/(tmp-snap-)?[0-9a-f-]+(.(child-|parent-)[0-9a-f-]+)?)$ {{(pid=93728) _qemu_img_info_base /opt/stack/cinder/cinder/volume/drivers/remotefs.py:896}}
Aug 18 18:55:10 devstack cinder-volume[93728]: DEBUG oslo.privsep.daemon [-] privsep: reply[2aea5843-caae-49c3-b370-415b330f358f]: (4, 'qcow2') {{(pid=95408) _call_back /opt/stack/data/venv/lib/python3.12/site-packages/oslo_privsep/daemon.py:580}}
Aug 18 18:55:10 devstack cinder-volume[93728]: DEBUG oslo_concurrency.processutils [None req-81cba33d-9a90-47e0-9a5a-9150472e3d0a tempest-GroupSnapshotsTest-1122099031 None] Running cmd (subprocess): /opt/stack/data/venv/bin/python3.12 -m oslo_concurrency.prlimit --as=1073741824 --cpu=60 -- sudo cinder-rootwrap /etc/cinder/rootwrap.conf env LC_ALL=C qemu-img info -f qcow2 --output=json --force-share /opt/stack/data/cinder/mnt/91bbcbb9c7585289c411ed6cee882698/volume-280ad87d-e700-4d92-9d79-13413ff7284d {{(pid=93728) execute /opt/stack/data/venv/lib/python3.12/site-packages/oslo_concurrency/processutils.py:440}}
Aug 18 18:55:10 devstack sudo[98162]: pam_unix(sudo:session): session closed for user root
Aug 18 18:55:10 devstack cinder-volume[93728]: DEBUG oslo_concurrency.processutils [None req-482f3b56-e2ba-4843-b75d-9d9516067b3c tempest-TaggedAttachmentsTest-295609467 None] CMD "/opt/stack/data/venv/bin/python3.12 -m oslo_concurrency.prlimit --as=1073741824 --cpu=60 -- sudo cinder-rootwrap /etc/cinder/rootwrap.conf env LC_ALL=C qemu-img info -f qcow2 --output=json --force-share /opt/stack/data/cinder/mnt/91bbcbb9c7585289c411ed6cee882698/volume-082d2bb2-e01e-4474-9c6b-f15bb3701ebc" returned: 0 in 0.429s {{(pid=93728) execute /opt/stack/data/venv/lib/python3.12/site-packages/oslo_concurrency/processutils.py:468}}
Aug 18 18:55:10 devstack cinder-volume[93728]: DEBUG oslo_concurrency.processutils [None req-482f3b56-e2ba-4843-b75d-9d9516067b3c tempest-TaggedAttachmentsTest-295609467 None] Running cmd (subprocess): sudo cinder-rootwrap /etc/cinder/rootwrap.conf rm -f /opt/stack/data/cinder/mnt/91bbcbb9c7585289c411ed6cee882698/volume-082d2bb2-e01e-4474-9c6b-f15bb3701ebc {{(pid=93728) execute /opt/stack/data/venv/lib/python3.12/site-packages/oslo_concurrency/processutils.py:440}}
Aug 18 18:55:10 devstack sudo[98172]: quobyte : PWD=/ ; USER=root ; COMMAND=/opt/stack/data/venv/bin/cinder-rootwrap /etc/cinder/rootwrap.conf rm -f /opt/stack/data/cinder/mnt/91bbcbb9c7585289c411ed6cee882698/volume-082d2bb2-e01e-4474-9c6b-f15bb3701ebc
Aug 18 18:55:10 devstack sudo[98172]: pam_unix(sudo:session): session opened for user root(uid=0) by (uid=1000)
Aug 18 18:55:10 devstack sudo[98171]: quobyte : PWD=/ ; USER=root ; COMMAND=/opt/stack/data/venv/bin/cinder-rootwrap /etc/cinder/rootwrap.conf env LC_ALL=C qemu-img info -f qcow2 --output=json --force-share /opt/stack/data/cinder/mnt/91bbcbb9c7585289c411ed6cee882698/volume-280ad87d-e700-4d92-9d79-13413ff7284d
Aug 18 18:55:10 devstack sudo[98171]: pam_unix(sudo:session): session opened for user root(uid=0) by (uid=1000)
Aug 18 18:55:10 devstack sudo[98172]: pam_unix(sudo:session): session closed for user root
Aug 18 18:55:10 devstack cinder-volume[93728]: DEBUG oslo_concurrency.processutils [None req-482f3b56-e2ba-4843-b75d-9d9516067b3c tempest-TaggedAttachmentsTest-295609467 None] CMD "sudo cinder-rootwrap /etc/cinder/rootwrap.conf rm -f /opt/stack/data/cinder/mnt/91bbcbb9c7585289c411ed6cee882698/volume-082d2bb2-e01e-4474-9c6b-f15bb3701ebc" returned: 0 in 0.252s {{(pid=93728) execute /opt/stack/data/venv/lib/python3.12/site-packages/oslo_concurrency/processutils.py:468}}
