Aug 31 15:17:57 devstack cinder-volume[86000]: DEBUG oslo_concurrency.lockutils [req-d7c6efa0-2c81-4329-9cdb-14f3f17b3ef4 req-8cc8edf8-dd90-40d5-8b1f-8f02cb0196e0 tempest-VolumesSnapshotsTestJSON-1242097268 None] Lock "quobyte_ensure" "released" by "cinder.volume.drivers.quobyte.QuobyteDriver._ensure_shares_mounted" :: held 0.006s {{(pid=86000) inner /opt/stack/data/venv/lib/python3.12/site-packages/oslo_concurrency/lockutils.py:544}}
Aug 31 15:17:57 devstack cinder-volume[86000]: DEBUG cinder.volume.drivers.quobyte [req-d7c6efa0-2c81-4329-9cdb-14f3f17b3ef4 req-8cc8edf8-dd90-40d5-8b1f-8f02cb0196e0 tempest-VolumesSnapshotsTestJSON-1242097268 None] Selected osci02.corp.quobyte.com/cinder-vol-3a17908e-3bdb-43f6-88a3-facbf1bfbf77 as target Quobyte volume. {{(pid=86000) _find_share /opt/stack/cinder/cinder/volume/drivers/quobyte.py:713}}
Aug 31 15:17:57 devstack cinder-volume[86000]: INFO cinder.volume.drivers.remotefs [req-d7c6efa0-2c81-4329-9cdb-14f3f17b3ef4 req-8cc8edf8-dd90-40d5-8b1f-8f02cb0196e0 tempest-VolumesSnapshotsTestJSON-1242097268 None] casted to osci02.corp.quobyte.com/cinder-vol-3a17908e-3bdb-43f6-88a3-facbf1bfbf77
Aug 31 15:17:57 devstack cinder-volume[86000]: DEBUG oslo_concurrency.processutils [req-d7c6efa0-2c81-4329-9cdb-14f3f17b3ef4 req-8cc8edf8-dd90-40d5-8b1f-8f02cb0196e0 tempest-VolumesSnapshotsTestJSON-1242097268 None] Running cmd (subprocess): sudo cinder-rootwrap /etc/cinder/rootwrap.conf qemu-img create -f qcow2 -o preallocation=metadata /opt/stack/data/cinder/mnt/2d13beb5cca9c92eb02db469b69f902e/volume-f17fa832-e36a-438a-a618-b4c96c700601 1073741824 {{(pid=86000) execute /opt/stack/data/venv/lib/python3.12/site-packages/oslo_concurrency/processutils.py:440}}
Aug 31 15:17:57 devstack sudo[94096]: quobyte : PWD=/ ; USER=root ; COMMAND=/opt/stack/data/venv/bin/cinder-rootwrap /etc/cinder/rootwrap.conf qemu-img create -f qcow2 -o preallocation=metadata /opt/stack/data/cinder/mnt/2d13beb5cca9c92eb02db469b69f902e/volume-f17fa832-e36a-438a-a618-b4c96c700601 1073741824
Aug 31 15:17:57 devstack sudo[94096]: pam_unix(sudo:session): session opened for user root(uid=0) by (uid=1000)
Aug 31 15:17:57 devstack sudo[94094]: pam_unix(sudo:session): session closed for user root
Aug 31 15:17:57 devstack cinder-volume[86000]: DEBUG oslo_concurrency.processutils [None req-ec17311b-9e67-4db4-9d60-f7288e791b0d tempest-ServerActionsTestOtherA-1383095791 None] CMD "sudo cinder-rootwrap /etc/cinder/rootwrap.conf qemu-img resize /opt/stack/data/cinder/mnt/2d13beb5cca9c92eb02db469b69f902e/volume-2ead9bc3-ff41-4835-9ae5-e094a887962c 1G" returned: 0 in 0.393s {{(pid=86000) execute /opt/stack/data/venv/lib/python3.12/site-packages/oslo_concurrency/processutils.py:468}}
Aug 31 15:17:57 devstack cinder-volume[86000]: DEBUG cinder.volume.volume_utils [None req-ec17311b-9e67-4db4-9d60-f7288e791b0d tempest-ServerActionsTestOtherA-1383095791 None] Downloaded image 20bdf4f4-1731-4a30-8e37-8e698c01bf5d ((None, [{'url': 'file:///opt/stack/data/glance/images/20bdf4f4-1731-4a30-8e37-8e698c01bf5d', 'metadata': {}}])) to volume 2ead9bc3-ff41-4835-9ae5-e094a887962c successfully. {{(pid=86000) copy_image_to_volume /opt/stack/cinder/cinder/volume/volume_utils.py:1233}}
Aug 31 15:17:57 devstack cinder-volume[86000]: DEBUG cinder.image.image_utils [None req-ec17311b-9e67-4db4-9d60-f7288e791b0d tempest-ServerActionsTestOtherA-1383095791 None] Temporary image 20bdf4f4-1731-4a30-8e37-8e698c01bf5d for user 0e451b482e4e4febae00cdbf8361fcaa is deleted. {{(pid=86000) fetch /opt/stack/cinder/cinder/image/image_utils.py:1438}}
Aug 31 15:17:57 devstack cinder-volume[86000]: DEBUG cinder.volume.volume_utils [None req-ec17311b-9e67-4db4-9d60-f7288e791b0d tempest-ServerActionsTestOtherA-1383095791 None] Marking volume 2ead9bc3-ff41-4835-9ae5-e094a887962c as bootable. {{(pid=86000) enable_bootable_flag /opt/stack/cinder/cinder/volume/volume_utils.py:1137}}
Aug 31 15:17:57 devstack cinder-volume[86000]: DEBUG cinder.coordination [None req-edcbca4d-13a9-453a-9533-df06cd3e3485 tempest-AttachVolumeNegativeTest-1548450425 None] Acquiring lock "cinder-654b7439-8b11-407e-9ad4-e45081c01d76-delete_volume" by "delete_volume" {{(pid=86000) __acquire /opt/stack/cinder/cinder/coordination.py:138}}
Aug 31 15:17:57 devstack cinder-volume[86000]: DEBUG cinder.volume.flows.manager.create_volume [None req-ec17311b-9e67-4db4-9d60-f7288e791b0d tempest-ServerActionsTestOtherA-1383095791 None] Copying metadata from image 20bdf4f4-1731-4a30-8e37-8e698c01bf5d to 2ead9bc3-ff41-4835-9ae5-e094a887962c. {{(pid=86000) _handle_bootable_volume_glance_meta /opt/stack/cinder/cinder/volume/flows/manager/create_volume.py:450}}
Aug 31 15:17:57 devstack cinder-volume[86000]: DEBUG cinder.volume.flows.manager.create_volume [None req-ec17311b-9e67-4db4-9d60-f7288e791b0d tempest-ServerActionsTestOtherA-1383095791 None] Creating volume glance metadata for volume 2ead9bc3-ff41-4835-9ae5-e094a887962c backed by image 20bdf4f4-1731-4a30-8e37-8e698c01bf5d with: {'hw_rng_model': 'virtio', 'owner_specified.openstack.md5': '', 'owner_specified.openstack.object': 'images/cirros-0.6.3-x86_64-disk', 'owner_specified.openstack.sha256': '', 'image_id': '20bdf4f4-1731-4a30-8e37-8e698c01bf5d', 'image_name': 'cirros-0.6.3-x86_64-disk', 'checksum': '87617e24a5e30cb3b87fda8c0764838f', 'container_format': 'bare', 'disk_format': 'qcow2', 'min_disk': 0, 'min_ram': 0, 'size': 21692416}. {{(pid=86000) _capture_volume_image_metadata /opt/stack/cinder/cinder/volume/flows/manager/create_volume.py:682}}
Aug 31 15:17:57 devstack cinder-volume[86000]: DEBUG cinder.coordination [None req-edcbca4d-13a9-453a-9533-df06cd3e3485 tempest-AttachVolumeNegativeTest-1548450425 None] Lock "cinder-654b7439-8b11-407e-9ad4-e45081c01d76-delete_volume" acquired by "delete_volume" :: waited 0.030s {{(pid=86000) __acquire /opt/stack/cinder/cinder/coordination.py:141}}
Aug 31 15:17:57 devstack cinder-volume[86000]: DEBUG cinder.coordination [None req-edcbca4d-13a9-453a-9533-df06cd3e3485 tempest-AttachVolumeNegativeTest-1548450425 None] Acquiring lock "cinder-quobyte-654b7439-8b11-407e-9ad4-e45081c01d76" by "delete_volume" {{(pid=86000) __acquire /opt/stack/cinder/cinder/coordination.py:138}}
Aug 31 15:17:57 devstack cinder-volume[86000]: DEBUG cinder.coordination [None req-edcbca4d-13a9-453a-9533-df06cd3e3485 tempest-AttachVolumeNegativeTest-1548450425 None] Lock "cinder-quobyte-654b7439-8b11-407e-9ad4-e45081c01d76" acquired by "delete_volume" :: waited 0.029s {{(pid=86000) __acquire /opt/stack/cinder/cinder/coordination.py:141}}
Aug 31 15:17:58 devstack cinder-volume[86000]: DEBUG oslo.privsep.daemon [-] privsep: reply[392eeb40-05e6-47a0-ae97-46227e67040f]: (4, 'qcow2') {{(pid=87685) _call_back /opt/stack/data/venv/lib/python3.12/site-packages/oslo_privsep/daemon.py:580}}
Aug 31 15:17:58 devstack cinder-volume[86000]: DEBUG oslo_concurrency.processutils [None req-edcbca4d-13a9-453a-9533-df06cd3e3485 tempest-AttachVolumeNegativeTest-1548450425 None] Running cmd (subprocess): /opt/stack/data/venv/bin/python3.12 -m oslo_concurrency.prlimit --as=1073741824 --cpu=60 -- sudo cinder-rootwrap /etc/cinder/rootwrap.conf env LC_ALL=C qemu-img info -f qcow2 --output=json --force-share /opt/stack/data/cinder/mnt/2d13beb5cca9c92eb02db469b69f902e/volume-654b7439-8b11-407e-9ad4-e45081c01d76 {{(pid=86000) execute /opt/stack/data/venv/lib/python3.12/site-packages/oslo_concurrency/processutils.py:440}}
Aug 31 15:17:58 devstack cinder-volume[86000]: DEBUG cinder.volume.manager [None req-ec17311b-9e67-4db4-9d60-f7288e791b0d tempest-ServerActionsTestOtherA-1383095791 None] Task 'cinder.volume.flows.manager.create_volume.CreateVolumeFromSpecTask;volume:create' (f5c4f968-0210-46cc-9bcf-1547e25be409) transitioned into state 'SUCCESS' from state 'RUNNING' with result '{'status': 'creating', 'volume_name': 'volume-2ead9bc3-ff41-4835-9ae5-e094a887962c', 'volume_size': 1, 'image_id': '20bdf4f4-1731-4a30-8e37-8e698c01bf5d', 'image_location': (None, [{'url': 'file:///opt/stack/data/glance/images/20bdf4f4-1731-4a30-8e37-8e698c01bf5d', 'metadata': {}}]), 'image_meta': {'name': 'cirros-0.6.3-x86_64-disk', 'disk_format': 'qcow2', 'container_format': 'bare', 'visibility': 'public', 'size': 21692416, 'virtual_size': 117440512, 'status': 'active', 'checksum': '87617e24a5e30cb3b87fda8c0764838f', 'protected': False, 'min_ram': 0, 'min_disk': 0, 'owner': '567fd89339ed4743bca5bfab8ec3766d', 'os_hidden': False, 'os_hash_algo': 'sha512', 'os_hash_value': '9a9bce0083a00939ec17c11febbfc767aa211aaa54f51e75c5a8b271a9b5637c77205a518b7a2007cb391d23cceb01e0e4e8d64832317151bc85b734b92a7be0', 'id': '20bdf4f4-1731-4a30-8e37-8e698c01bf5d', 'created_at': datetime.datetime(2026, 8, 31, 13, 6, 50, tzinfo=datetime.timezone.utc), 'updated_at': datetime.datetime(2026, 8, 31, 13, 6, 52, tzinfo=datetime.timezone.utc), 'tags': [], 'file': '/v2/images/20bdf4f4-1731-4a30-8e37-8e698c01bf5d/file', 'properties': {'hw_rng_model': 'virtio', 'owner_specified.openstack.md5': '', 'owner_specified.openstack.object': 'images/cirros-0.6.3-x86_64-disk', 'owner_specified.openstack.sha256': ''}}, 'image_service': }' {{(pid=86000) _task_receiver /opt/stack/data/venv/lib/python3.12/site-packages/taskflow/listeners/logging.py:218}}
Aug 31 15:17:58 devstack cinder-volume[86000]: DEBUG cinder.volume.manager [None req-ec17311b-9e67-4db4-9d60-f7288e791b0d tempest-ServerActionsTestOtherA-1383095791 None] Task 'cinder.volume.flows.manager.create_volume.CreateVolumeOnFinishTask;volume:create, create.end' (e328d9e1-a12c-421e-8b1b-b67a47706d60) transitioned into state 'RUNNING' from state 'PENDING' {{(pid=86000) _task_receiver /opt/stack/data/venv/lib/python3.12/site-packages/taskflow/listeners/logging.py:242}}
Aug 31 15:17:58 devstack cinder-volume[86000]: INFO cinder.volume.flows.manager.create_volume [None req-ec17311b-9e67-4db4-9d60-f7288e791b0d tempest-ServerActionsTestOtherA-1383095791 None] Volume volume-2ead9bc3-ff41-4835-9ae5-e094a887962c (2ead9bc3-ff41-4835-9ae5-e094a887962c): created successfully
Aug 31 15:17:58 devstack cinder-volume[86000]: DEBUG cinder.volume.manager [None req-ec17311b-9e67-4db4-9d60-f7288e791b0d tempest-ServerActionsTestOtherA-1383095791 None] Task 'cinder.volume.flows.manager.create_volume.CreateVolumeOnFinishTask;volume:create, create.end' (e328d9e1-a12c-421e-8b1b-b67a47706d60) transitioned into state 'SUCCESS' from state 'RUNNING' with result 'None' {{(pid=86000) _task_receiver /opt/stack/data/venv/lib/python3.12/site-packages/taskflow/listeners/logging.py:218}}
Aug 31 15:17:58 devstack cinder-volume[86000]: DEBUG cinder.volume.manager [None req-ec17311b-9e67-4db4-9d60-f7288e791b0d tempest-ServerActionsTestOtherA-1383095791 None] Flow 'volume_create_manager' (ffbb5357-7ef5-4ab8-a28a-b22c4d10ec99) transitioned into state 'SUCCESS' from state 'RUNNING' {{(pid=86000) _flow_receiver /opt/stack/data/venv/lib/python3.12/site-packages/taskflow/listeners/logging.py:160}}
Aug 31 15:17:58 devstack cinder-volume[86000]: INFO cinder.volume.manager [None req-ec17311b-9e67-4db4-9d60-f7288e791b0d tempest-ServerActionsTestOtherA-1383095791 None] Created volume successfully.
Aug 31 15:17:58 devstack sudo[94096]: pam_unix(sudo:session): session closed for user root
Aug 31 15:17:58 devstack cinder-volume[86000]: DEBUG oslo_concurrency.processutils [req-d7c6efa0-2c81-4329-9cdb-14f3f17b3ef4 req-8cc8edf8-dd90-40d5-8b1f-8f02cb0196e0 tempest-VolumesSnapshotsTestJSON-1242097268 None] CMD "sudo cinder-rootwrap /etc/cinder/rootwrap.conf qemu-img create -f qcow2 -o preallocation=metadata /opt/stack/data/cinder/mnt/2d13beb5cca9c92eb02db469b69f902e/volume-f17fa832-e36a-438a-a618-b4c96c700601 1073741824" returned: 0 in 0.587s {{(pid=86000) execute /opt/stack/data/venv/lib/python3.12/site-packages/oslo_concurrency/processutils.py:468}}
Aug 31 15:17:58 devstack sudo[94106]: quobyte : PWD=/ ; USER=root ; COMMAND=/opt/stack/data/venv/bin/cinder-rootwrap /etc/cinder/rootwrap.conf env LC_ALL=C qemu-img info -f qcow2 --output=json --force-share /opt/stack/data/cinder/mnt/2d13beb5cca9c92eb02db469b69f902e/volume-654b7439-8b11-407e-9ad4-e45081c01d76
Aug 31 15:17:58 devstack sudo[94106]: pam_unix(sudo:session): session opened for user root(uid=0) by (uid=1000)
Aug 31 15:17:58 devstack cinder-volume[86000]: DEBUG oslo_concurrency.processutils [req-d7c6efa0-2c81-4329-9cdb-14f3f17b3ef4 req-8cc8edf8-dd90-40d5-8b1f-8f02cb0196e0 tempest-VolumesSnapshotsTestJSON-1242097268 None] Running cmd (subprocess): sudo cinder-rootwrap /etc/cinder/rootwrap.conf chmod ugo+rw /opt/stack/data/cinder/mnt/2d13beb5cca9c92eb02db469b69f902e/volume-f17fa832-e36a-438a-a618-b4c96c700601 {{(pid=86000) execute /opt/stack/data/venv/lib/python3.12/site-packages/oslo_concurrency/processutils.py:440}}
Aug 31 15:17:58 devstack sudo[94108]: quobyte : PWD=/ ; USER=root ; COMMAND=/opt/stack/data/venv/bin/cinder-rootwrap /etc/cinder/rootwrap.conf chmod ugo+rw /opt/stack/data/cinder/mnt/2d13beb5cca9c92eb02db469b69f902e/volume-f17fa832-e36a-438a-a618-b4c96c700601
Aug 31 15:17:58 devstack sudo[94108]: pam_unix(sudo:session): session opened for user root(uid=0) by (uid=1000)
Aug 31 15:17:58 devstack sudo[94108]: pam_unix(sudo:session): session closed for user root
Aug 31 15:17:58 devstack cinder-volume[86000]: DEBUG oslo_concurrency.processutils [req-d7c6efa0-2c81-4329-9cdb-14f3f17b3ef4 req-8cc8edf8-dd90-40d5-8b1f-8f02cb0196e0 tempest-VolumesSnapshotsTestJSON-1242097268 None] CMD "sudo cinder-rootwrap /etc/cinder/rootwrap.conf chmod ugo+rw /opt/stack/data/cinder/mnt/2d13beb5cca9c92eb02db469b69f902e/volume-f17fa832-e36a-438a-a618-b4c96c700601" returned: 0 in 0.262s {{(pid=86000) execute /opt/stack/data/venv/lib/python3.12/site-packages/oslo_concurrency/processutils.py:468}}
Aug 31 15:17:58 devstack cinder-volume[86000]: DEBUG cinder.volume.drivers.quobyte [req-d7c6efa0-2c81-4329-9cdb-14f3f17b3ef4 req-8cc8edf8-dd90-40d5-8b1f-8f02cb0196e0 tempest-VolumesSnapshotsTestJSON-1242097268 None] <== create_volume: return (898ms) {'provider_location': 'osci02.corp.quobyte.com/cinder-vol-3a17908e-3bdb-43f6-88a3-facbf1bfbf77'} {{(pid=86000) trace_logging_wrapper /opt/stack/cinder/cinder/volume/volume_utils.py:1522}}
Aug 31 15:17:58 devstack cinder-volume[86000]: DEBUG oslo_concurrency.lockutils [req-d7c6efa0-2c81-4329-9cdb-14f3f17b3ef4 req-8cc8edf8-dd90-40d5-8b1f-8f02cb0196e0 tempest-VolumesSnapshotsTestJSON-1242097268 None] Lock "quobyte" "released" by "cinder.volume.drivers.quobyte.QuobyteDriver.create_volume" :: held 0.901s {{(pid=86000) inner /opt/stack/data/venv/lib/python3.12/site-packages/oslo_concurrency/lockutils.py:544}}
Aug 31 15:17:58 devstack cinder-volume[86000]: DEBUG cinder.volume.manager [req-d7c6efa0-2c81-4329-9cdb-14f3f17b3ef4 req-8cc8edf8-dd90-40d5-8b1f-8f02cb0196e0 tempest-VolumesSnapshotsTestJSON-1242097268 None] Task 'cinder.volume.flows.manager.create_volume.CreateVolumeFromSpecTask;volume:create' (c1a2a393-1efb-4151-b0dc-4b61db3b1922) transitioned into state 'SUCCESS' from state 'RUNNING' with result '{'status': 'creating', 'volume_name': 'volume-f17fa832-e36a-438a-a618-b4c96c700601', 'volume_size': 1}' {{(pid=86000) _task_receiver /opt/stack/data/venv/lib/python3.12/site-packages/taskflow/listeners/logging.py:218}}
Aug 31 15:17:58 devstack sudo[94106]: pam_unix(sudo:session): session closed for user root
Aug 31 15:17:58 devstack cinder-volume[86000]: DEBUG cinder.volume.manager [req-d7c6efa0-2c81-4329-9cdb-14f3f17b3ef4 req-8cc8edf8-dd90-40d5-8b1f-8f02cb0196e0 tempest-VolumesSnapshotsTestJSON-1242097268 None] Task 'cinder.volume.flows.manager.create_volume.CreateVolumeOnFinishTask;volume:create, create.end' (55254e2c-cd78-4edc-a107-629fc9870d5d) transitioned into state 'RUNNING' from state 'PENDING' {{(pid=86000) _task_receiver /opt/stack/data/venv/lib/python3.12/site-packages/taskflow/listeners/logging.py:242}}
Aug 31 15:17:58 devstack cinder-volume[86000]: DEBUG oslo_concurrency.processutils [None req-edcbca4d-13a9-453a-9533-df06cd3e3485 tempest-AttachVolumeNegativeTest-1548450425 None] CMD "/opt/stack/data/venv/bin/python3.12 -m oslo_concurrency.prlimit --as=1073741824 --cpu=60 -- sudo cinder-rootwrap /etc/cinder/rootwrap.conf env LC_ALL=C qemu-img info -f qcow2 --output=json --force-share /opt/stack/data/cinder/mnt/2d13beb5cca9c92eb02db469b69f902e/volume-654b7439-8b11-407e-9ad4-e45081c01d76" returned: 0 in 0.479s {{(pid=86000) execute /opt/stack/data/venv/lib/python3.12/site-packages/oslo_concurrency/processutils.py:468}}
Aug 31 15:17:58 devstack cinder-volume[86000]: DEBUG oslo_concurrency.processutils [None req-edcbca4d-13a9-453a-9533-df06cd3e3485 tempest-AttachVolumeNegativeTest-1548450425 None] Running cmd (subprocess): sudo cinder-rootwrap /etc/cinder/rootwrap.conf rm -f /opt/stack/data/cinder/mnt/2d13beb5cca9c92eb02db469b69f902e/volume-654b7439-8b11-407e-9ad4-e45081c01d76 {{(pid=86000) execute /opt/stack/data/venv/lib/python3.12/site-packages/oslo_concurrency/processutils.py:440}}
Aug 31 15:17:58 devstack sudo[94114]: quobyte : PWD=/ ; USER=root ; COMMAND=/opt/stack/data/venv/bin/cinder-rootwrap /etc/cinder/rootwrap.conf rm -f /opt/stack/data/cinder/mnt/2d13beb5cca9c92eb02db469b69f902e/volume-654b7439-8b11-407e-9ad4-e45081c01d76
Aug 31 15:17:58 devstack sudo[94114]: pam_unix(sudo:session): session opened for user root(uid=0) by (uid=1000)
Aug 31 15:17:58 devstack cinder-volume[86000]: INFO cinder.volume.flows.manager.create_volume [req-d7c6efa0-2c81-4329-9cdb-14f3f17b3ef4 req-8cc8edf8-dd90-40d5-8b1f-8f02cb0196e0 tempest-VolumesSnapshotsTestJSON-1242097268 None] Volume volume-f17fa832-e36a-438a-a618-b4c96c700601 (f17fa832-e36a-438a-a618-b4c96c700601): created successfully
Aug 31 15:17:58 devstack cinder-volume[86000]: DEBUG cinder.volume.manager [req-d7c6efa0-2c81-4329-9cdb-14f3f17b3ef4 req-8cc8edf8-dd90-40d5-8b1f-8f02cb0196e0 tempest-VolumesSnapshotsTestJSON-1242097268 None] Task 'cinder.volume.flows.manager.create_volume.CreateVolumeOnFinishTask;volume:create, create.end' (55254e2c-cd78-4edc-a107-629fc9870d5d) transitioned into state 'SUCCESS' from state 'RUNNING' with result 'None' {{(pid=86000) _task_receiver /opt/stack/data/venv/lib/python3.12/site-packages/taskflow/listeners/logging.py:218}}
Aug 31 15:17:58 devstack cinder-volume[86000]: DEBUG cinder.volume.manager [req-d7c6efa0-2c81-4329-9cdb-14f3f17b3ef4 req-8cc8edf8-dd90-40d5-8b1f-8f02cb0196e0 tempest-VolumesSnapshotsTestJSON-1242097268 None] Flow 'volume_create_manager' (9ed0bddc-0d9b-4df0-9f92-ff2a5b6f3266) transitioned into state 'SUCCESS' from state 'RUNNING' {{(pid=86000) _flow_receiver /opt/stack/data/venv/lib/python3.12/site-packages/taskflow/listeners/logging.py:160}}
Aug 31 15:17:58 devstack cinder-volume[86000]: INFO cinder.volume.manager [req-d7c6efa0-2c81-4329-9cdb-14f3f17b3ef4 req-8cc8edf8-dd90-40d5-8b1f-8f02cb0196e0 tempest-VolumesSnapshotsTestJSON-1242097268 None] Created volume successfully.
Aug 31 15:17:58 devstack sudo[94114]: pam_unix(sudo:session): session closed for user root
Aug 31 15:17:58 devstack cinder-volume[86000]: DEBUG oslo_concurrency.processutils [None req-edcbca4d-13a9-453a-9533-df06cd3e3485 tempest-AttachVolumeNegativeTest-1548450425 None] CMD "sudo cinder-rootwrap /etc/cinder/rootwrap.conf rm -f /opt/stack/data/cinder/mnt/2d13beb5cca9c92eb02db469b69f902e/volume-654b7439-8b11-407e-9ad4-e45081c01d76" returned: 0 in 0.302s {{(pid=86000) execute /opt/stack/data/venv/lib/python3.12/site-packages/oslo_concurrency/processutils.py:468}}
Aug 31 15:17:58 devstack cinder-volume[86000]: DEBUG cinder.coordination [None req-edcbca4d-13a9-453a-9533-df06cd3e3485 tempest-AttachVolumeNegativeTest-1548450425 None] Lock "cinder-quobyte-654b7439-8b11-407e-9ad4-e45081c01d76" released by "delete_volume" :: held 0.838s {{(pid=86000) __release /opt/stack/cinder/cinder/coordination.py:152}}
Aug 31 15:17:58 devstack cinder-volume[86000]: DEBUG cinder.quota [None req-edcbca4d-13a9-453a-9533-df06cd3e3485 tempest-AttachVolumeNegativeTest-1548450425 None] Created reservations ['19670875-a5c2-4379-92c1-aa5bd2ba9385', '5987fc37-c8a9-45b5-ad12-bad9565371a0', '843d1728-4400-46b0-8f59-89aaa0fbe196', '8fcbc667-15a4-402d-ac01-f16e151c52ee'] {{(pid=86000) reserve /opt/stack/cinder/cinder/quota.py:752}}
Aug 31 15:17:58 devstack cinder-volume[86000]: DEBUG oslo_concurrency.lockutils [None req-edcbca4d-13a9-453a-9533-df06cd3e3485 tempest-AttachVolumeNegativeTest-1548450425 None] Acquiring lock "quobyte_ensure" by "cinder.volume.drivers.quobyte.QuobyteDriver._ensure_shares_mounted" {{(pid=86000) inner /opt/stack/data/venv/lib/python3.12/site-packages/oslo_concurrency/lockutils.py:512}}
Aug 31 15:17:58 devstack cinder-volume[86000]: DEBUG oslo_concurrency.lockutils [None req-edcbca4d-13a9-453a-9533-df06cd3e3485 tempest-AttachVolumeNegativeTest-1548450425 None] Lock "quobyte_ensure" acquired by "cinder.volume.drivers.quobyte.QuobyteDriver._ensure_shares_mounted" :: waited 0.001s {{(pid=86000) inner /opt/stack/data/venv/lib/python3.12/site-packages/oslo_concurrency/lockutils.py:525}}
Aug 31 15:17:58 devstack cinder-volume[86000]: DEBUG cinder.volume.drivers.quobyte [None req-edcbca4d-13a9-453a-9533-df06cd3e3485 tempest-AttachVolumeNegativeTest-1548450425 None] Quobyte Volume URL set to: {'osci02.corp.quobyte.com/cinder-vol-3a17908e-3bdb-43f6-88a3-facbf1bfbf77': None} {{(pid=86000) _load_shares_config /opt/stack/cinder/cinder/volume/drivers/quobyte.py:662}}
Aug 31 15:17:58 devstack cinder-volume[86000]: DEBUG cinder.volume.drivers.quobyte [None req-edcbca4d-13a9-453a-9533-df06cd3e3485 tempest-AttachVolumeNegativeTest-1548450425 None] Available shares ['osci02.corp.quobyte.com/cinder-vol-3a17908e-3bdb-43f6-88a3-facbf1bfbf77'] {{(pid=86000) _ensure_shares_mounted /opt/stack/cinder/cinder/volume/drivers/quobyte.py:692}}
Aug 31 15:17:58 devstack cinder-volume[86000]: DEBUG oslo_concurrency.lockutils [None req-edcbca4d-13a9-453a-9533-df06cd3e3485 tempest-AttachVolumeNegativeTest-1548450425 None] Lock "quobyte_ensure" "released" by "cinder.volume.drivers.quobyte.QuobyteDriver._ensure_shares_mounted" :: held 0.016s {{(pid=86000) inner /opt/stack/data/venv/lib/python3.12/site-packages/oslo_concurrency/lockutils.py:544}}
Aug 31 15:17:58 devstack cinder-volume[86000]: DEBUG oslo_concurrency.processutils [None req-edcbca4d-13a9-453a-9533-df06cd3e3485 tempest-AttachVolumeNegativeTest-1548450425 None] Running cmd (subprocess): sudo cinder-rootwrap /etc/cinder/rootwrap.conf df --portability --block-size 1 /opt/stack/data/cinder/mnt/2d13beb5cca9c92eb02db469b69f902e {{(pid=86000) execute /opt/stack/data/venv/lib/python3.12/site-packages/oslo_concurrency/processutils.py:440}}
Aug 31 15:17:58 devstack sudo[94117]: quobyte : PWD=/ ; USER=root ; COMMAND=/opt/stack/data/venv/bin/cinder-rootwrap /etc/cinder/rootwrap.conf df --portability --block-size 1 /opt/stack/data/cinder/mnt/2d13beb5cca9c92eb02db469b69f902e
Aug 31 15:17:58 devstack sudo[94117]: pam_unix(sudo:session): session opened for user root(uid=0) by (uid=1000)
Aug 31 15:17:59 devstack sudo[94117]: pam_unix(sudo:session): session closed for user root
Aug 31 15:17:59 devstack cinder-volume[86000]: DEBUG oslo_concurrency.processutils [None req-edcbca4d-13a9-453a-9533-df06cd3e3485 tempest-AttachVolumeNegativeTest-1548450425 None] CMD "sudo cinder-rootwrap /etc/cinder/rootwrap.conf df --portability --block-size 1 /opt/stack/data/cinder/mnt/2d13beb5cca9c92eb02db469b69f902e" returned: 0 in 0.325s {{(pid=86000) execute /opt/stack/data/venv/lib/python3.12/site-packages/oslo_concurrency/processutils.py:468}}
Aug 31 15:17:59 devstack cinder-volume[86000]: DEBUG cinder.manager [None req-edcbca4d-13a9-453a-9533-df06cd3e3485 tempest-AttachVolumeNegativeTest-1548450425 None] Notifying Schedulers of capabilities ... {{(pid=86000) _publish_service_capabilities /opt/stack/cinder/cinder/manager.py:219}}
Aug 31 15:17:59 devstack cinder-volume[86000]: INFO cinder.volume.manager [None req-edcbca4d-13a9-453a-9533-df06cd3e3485 tempest-AttachVolumeNegativeTest-1548450425 None] Deleted volume successfully.
Aug 31 15:17:59 devstack cinder-volume[86000]: DEBUG cinder.coordination [None req-edcbca4d-13a9-453a-9533-df06cd3e3485 tempest-AttachVolumeNegativeTest-1548450425 None] Lock "cinder-654b7439-8b11-407e-9ad4-e45081c01d76-delete_volume" released by "delete_volume" :: held 1.463s {{(pid=86000) __release /opt/stack/cinder/cinder/coordination.py:152}}
Aug 31 15:18:00 devstack cinder-volume[86000]: DEBUG oslo_concurrency.lockutils [req-8ba6a01f-5ff7-480f-b913-8008416af9b9 req-19566395-339c-4dbc-aafe-5fd8b211c447 tempest-VolumesSnapshotsTestJSON-1242097268 None] Acquiring lock "quobyte" by "cinder.volume.drivers.quobyte.QuobyteDriver.create_snapshot" {{(pid=86000) inner /opt/stack/data/venv/lib/python3.12/site-packages/oslo_concurrency/lockutils.py:512}}
Aug 31 15:18:00 devstack cinder-volume[86000]: DEBUG oslo_concurrency.lockutils [req-8ba6a01f-5ff7-480f-b913-8008416af9b9 req-19566395-339c-4dbc-aafe-5fd8b211c447 tempest-VolumesSnapshotsTestJSON-1242097268 None] Lock "quobyte" acquired by "cinder.volume.drivers.quobyte.QuobyteDriver.create_snapshot" :: waited 0.001s {{(pid=86000) inner /opt/stack/data/venv/lib/python3.12/site-packages/oslo_concurrency/lockutils.py:525}}
Aug 31 15:18:00 devstack cinder-volume[86000]: DEBUG cinder.volume.drivers.remotefs [req-8ba6a01f-5ff7-480f-b913-8008416af9b9 req-19566395-339c-4dbc-aafe-5fd8b211c447 tempest-VolumesSnapshotsTestJSON-1242097268 None] Creating offline snapshot 2d532a21-ff1a-4789-b141-ccb2c05ec956 of volume f17fa832-e36a-438a-a618-b4c96c700601 {{(pid=86000) _create_snapshot /opt/stack/cinder/cinder/volume/drivers/remotefs.py:1816}}
Aug 31 15:18:00 devstack cinder-volume[86000]: DEBUG oslo.privsep.daemon [-] privsep: reply[7aedd2dd-986a-4305-b46f-5a6aedfc43bf]: (4, 'qcow2') {{(pid=87685) _call_back /opt/stack/data/venv/lib/python3.12/site-packages/oslo_privsep/daemon.py:580}}
Aug 31 15:18:00 devstack cinder-volume[86000]: DEBUG oslo_concurrency.processutils [req-8ba6a01f-5ff7-480f-b913-8008416af9b9 req-19566395-339c-4dbc-aafe-5fd8b211c447 tempest-VolumesSnapshotsTestJSON-1242097268 None] Running cmd (subprocess): /opt/stack/data/venv/bin/python3.12 -m oslo_concurrency.prlimit --as=1073741824 --cpu=60 -- sudo cinder-rootwrap /etc/cinder/rootwrap.conf env LC_ALL=C qemu-img info -f qcow2 --output=json --force-share /opt/stack/data/cinder/mnt/2d13beb5cca9c92eb02db469b69f902e/volume-f17fa832-e36a-438a-a618-b4c96c700601 {{(pid=86000) execute /opt/stack/data/venv/lib/python3.12/site-packages/oslo_concurrency/processutils.py:440}}
Aug 31 15:18:00 devstack sudo[94122]: quobyte : PWD=/ ; USER=root ; COMMAND=/opt/stack/data/venv/bin/cinder-rootwrap /etc/cinder/rootwrap.conf env LC_ALL=C qemu-img info -f qcow2 --output=json --force-share /opt/stack/data/cinder/mnt/2d13beb5cca9c92eb02db469b69f902e/volume-f17fa832-e36a-438a-a618-b4c96c700601
Aug 31 15:18:00 devstack sudo[94122]: pam_unix(sudo:session): session opened for user root(uid=0) by (uid=1000)
Aug 31 15:18:00 devstack sudo[94122]: pam_unix(sudo:session): session closed for user root
Aug 31 15:18:00 devstack cinder-volume[86000]: DEBUG oslo_concurrency.processutils [req-8ba6a01f-5ff7-480f-b913-8008416af9b9 req-19566395-339c-4dbc-aafe-5fd8b211c447 tempest-VolumesSnapshotsTestJSON-1242097268 None] CMD "/opt/stack/data/venv/bin/python3.12 -m oslo_concurrency.prlimit --as=1073741824 --cpu=60 -- sudo cinder-rootwrap /etc/cinder/rootwrap.conf env LC_ALL=C qemu-img info -f qcow2 --output=json --force-share /opt/stack/data/cinder/mnt/2d13beb5cca9c92eb02db469b69f902e/volume-f17fa832-e36a-438a-a618-b4c96c700601" returned: 0 in 0.601s {{(pid=86000) execute /opt/stack/data/venv/lib/python3.12/site-packages/oslo_concurrency/processutils.py:468}}
Aug 31 15:18:00 devstack cinder-volume[86000]: DEBUG oslo_concurrency.processutils [req-8ba6a01f-5ff7-480f-b913-8008416af9b9 req-19566395-339c-4dbc-aafe-5fd8b211c447 tempest-VolumesSnapshotsTestJSON-1242097268 None] Running cmd (subprocess): sudo cinder-rootwrap /etc/cinder/rootwrap.conf qemu-img create -f qcow2 -o backing_file=/opt/stack/data/cinder/mnt/2d13beb5cca9c92eb02db469b69f902e/volume-f17fa832-e36a-438a-a618-b4c96c700601,backing_fmt=qcow2 /opt/stack/data/cinder/mnt/2d13beb5cca9c92eb02db469b69f902e/volume-f17fa832-e36a-438a-a618-b4c96c700601.2d532a21-ff1a-4789-b141-ccb2c05ec956 1G {{(pid=86000) execute /opt/stack/data/venv/lib/python3.12/site-packages/oslo_concurrency/processutils.py:440}}
Aug 31 15:18:00 devstack sudo[94129]: quobyte : PWD=/ ; USER=root ; COMMAND=/opt/stack/data/venv/bin/cinder-rootwrap /etc/cinder/rootwrap.conf qemu-img create -f qcow2 -o backing_file=/opt/stack/data/cinder/mnt/2d13beb5cca9c92eb02db469b69f902e/volume-f17fa832-e36a-438a-a618-b4c96c700601,backing_fmt=qcow2 /opt/stack/data/cinder/mnt/2d13beb5cca9c92eb02db469b69f902e/volume-f17fa832-e36a-438a-a618-b4c96c700601.2d532a21-ff1a-4789-b141-ccb2c05ec956 1G
Aug 31 15:18:00 devstack sudo[94129]: pam_unix(sudo:session): session opened for user root(uid=0) by (uid=1000)
Aug 31 15:18:01 devstack sudo[94129]: pam_unix(sudo:session): session closed for user root
Aug 31 15:18:01 devstack cinder-volume[86000]: DEBUG oslo_concurrency.processutils [req-8ba6a01f-5ff7-480f-b913-8008416af9b9 req-19566395-339c-4dbc-aafe-5fd8b211c447 tempest-VolumesSnapshotsTestJSON-1242097268 None] CMD "sudo cinder-rootwrap /etc/cinder/rootwrap.conf qemu-img create -f qcow2 -o backing_file=/opt/stack/data/cinder/mnt/2d13beb5cca9c92eb02db469b69f902e/volume-f17fa832-e36a-438a-a618-b4c96c700601,backing_fmt=qcow2 /opt/stack/data/cinder/mnt/2d13beb5cca9c92eb02db469b69f902e/volume-f17fa832-e36a-438a-a618-b4c96c700601.2d532a21-ff1a-4789-b141-ccb2c05ec956 1G" returned: 0 in 0.565s {{(pid=86000) execute /opt/stack/data/venv/lib/python3.12/site-packages/oslo_concurrency/processutils.py:468}}
Aug 31 15:18:01 devstack cinder-volume[86000]: DEBUG oslo_concurrency.processutils [req-8ba6a01f-5ff7-480f-b913-8008416af9b9 req-19566395-339c-4dbc-aafe-5fd8b211c447 tempest-VolumesSnapshotsTestJSON-1242097268 None] Running cmd (subprocess): sudo cinder-rootwrap /etc/cinder/rootwrap.conf qemu-img rebase -u -b volume-f17fa832-e36a-438a-a618-b4c96c700601 -F qcow2 /opt/stack/data/cinder/mnt/2d13beb5cca9c92eb02db469b69f902e/volume-f17fa832-e36a-438a-a618-b4c96c700601.2d532a21-ff1a-4789-b141-ccb2c05ec956 {{(pid=86000) execute /opt/stack/data/venv/lib/python3.12/site-packages/oslo_concurrency/processutils.py:440}}
Aug 31 15:18:01 devstack sudo[94135]: quobyte : PWD=/ ; USER=root ; COMMAND=/opt/stack/data/venv/bin/cinder-rootwrap /etc/cinder/rootwrap.conf qemu-img rebase -u -b volume-f17fa832-e36a-438a-a618-b4c96c700601 -F qcow2 /opt/stack/data/cinder/mnt/2d13beb5cca9c92eb02db469b69f902e/volume-f17fa832-e36a-438a-a618-b4c96c700601.2d532a21-ff1a-4789-b141-ccb2c05ec956
Aug 31 15:18:01 devstack sudo[94135]: pam_unix(sudo:session): session opened for user root(uid=0) by (uid=1000)
Aug 31 15:18:01 devstack sudo[94135]: pam_unix(sudo:session): session closed for user root
Aug 31 15:18:01 devstack cinder-volume[86000]: DEBUG oslo_concurrency.processutils [req-8ba6a01f-5ff7-480f-b913-8008416af9b9 req-19566395-339c-4dbc-aafe-5fd8b211c447 tempest-VolumesSnapshotsTestJSON-1242097268 None] CMD "sudo cinder-rootwrap /etc/cinder/rootwrap.conf qemu-img rebase -u -b volume-f17fa832-e36a-438a-a618-b4c96c700601 -F qcow2 /opt/stack/data/cinder/mnt/2d13beb5cca9c92eb02db469b69f902e/volume-f17fa832-e36a-438a-a618-b4c96c700601.2d532a21-ff1a-4789-b141-ccb2c05ec956" returned: 0 in 0.474s {{(pid=86000) execute /opt/stack/data/venv/lib/python3.12/site-packages/oslo_concurrency/processutils.py:468}}
Aug 31 15:18:01 devstack cinder-volume[86000]: WARNING cinder.volume.drivers.remotefs [req-8ba6a01f-5ff7-480f-b913-8008416af9b9 req-19566395-339c-4dbc-aafe-5fd8b211c447 tempest-VolumesSnapshotsTestJSON-1242097268 None] /opt/stack/data/cinder/mnt/2d13beb5cca9c92eb02db469b69f902e/volume-f17fa832-e36a-438a-a618-b4c96c700601.2d532a21-ff1a-4789-b141-ccb2c05ec956 is being set with open permissions: ugo+rw
Aug 31 15:18:01 devstack cinder-volume[86000]: DEBUG oslo_concurrency.processutils [req-8ba6a01f-5ff7-480f-b913-8008416af9b9 req-19566395-339c-4dbc-aafe-5fd8b211c447 tempest-VolumesSnapshotsTestJSON-1242097268 None] Running cmd (subprocess): sudo cinder-rootwrap /etc/cinder/rootwrap.conf chmod ugo+rw /opt/stack/data/cinder/mnt/2d13beb5cca9c92eb02db469b69f902e/volume-f17fa832-e36a-438a-a618-b4c96c700601.2d532a21-ff1a-4789-b141-ccb2c05ec956 {{(pid=86000) execute /opt/stack/data/venv/lib/python3.12/site-packages/oslo_concurrency/processutils.py:440}}
Aug 31 15:18:01 devstack sudo[94140]: quobyte : PWD=/ ; USER=root ; COMMAND=/opt/stack/data/venv/bin/cinder-rootwrap /etc/cinder/rootwrap.conf chmod ugo+rw /opt/stack/data/cinder/mnt/2d13beb5cca9c92eb02db469b69f902e/volume-f17fa832-e36a-438a-a618-b4c96c700601.2d532a21-ff1a-4789-b141-ccb2c05ec956
Aug 31 15:18:01 devstack sudo[94140]: pam_unix(sudo:session): session opened for user root(uid=0) by (uid=1000)
Aug 31 15:18:02 devstack sudo[94140]: pam_unix(sudo:session): session closed for user root
Aug 31 15:18:02 devstack cinder-volume[86000]: DEBUG oslo_concurrency.processutils [req-8ba6a01f-5ff7-480f-b913-8008416af9b9 req-19566395-339c-4dbc-aafe-5fd8b211c447 tempest-VolumesSnapshotsTestJSON-1242097268 None] CMD "sudo cinder-rootwrap /etc/cinder/rootwrap.conf chmod ugo+rw /opt/stack/data/cinder/mnt/2d13beb5cca9c92eb02db469b69f902e/volume-f17fa832-e36a-438a-a618-b4c96c700601.2d532a21-ff1a-4789-b141-ccb2c05ec956" returned: 0 in 0.356s {{(pid=86000) execute /opt/stack/data/venv/lib/python3.12/site-packages/oslo_concurrency/processutils.py:468}}
Aug 31 15:18:02 devstack cinder-volume[86000]: DEBUG oslo_concurrency.processutils [req-8ba6a01f-5ff7-480f-b913-8008416af9b9 req-19566395-339c-4dbc-aafe-5fd8b211c447 tempest-VolumesSnapshotsTestJSON-1242097268 None] Running cmd (subprocess): sudo cinder-rootwrap /etc/cinder/rootwrap.conf truncate -s0 /opt/stack/data/cinder/mnt/2d13beb5cca9c92eb02db469b69f902e/volume-f17fa832-e36a-438a-a618-b4c96c700601.info {{(pid=86000) execute /opt/stack/data/venv/lib/python3.12/site-packages/oslo_concurrency/processutils.py:440}}
Aug 31 15:18:02 devstack sudo[94145]: quobyte : PWD=/ ; USER=root ; COMMAND=/opt/stack/data/venv/bin/cinder-rootwrap /etc/cinder/rootwrap.conf truncate -s0 /opt/stack/data/cinder/mnt/2d13beb5cca9c92eb02db469b69f902e/volume-f17fa832-e36a-438a-a618-b4c96c700601.info
Aug 31 15:18:02 devstack sudo[94145]: pam_unix(sudo:session): session opened for user root(uid=0) by (uid=1000)
Aug 31 15:18:02 devstack cinder-volume[86000]: DEBUG oslo_concurrency.lockutils [req-471058e6-02e4-4c62-a7fa-317886241848 req-a78d24c2-5ef8-418e-93ef-84e95368d022 tempest-ServerActionsTestOtherA-1383095791 None] Acquiring lock "quobyte" by "cinder.volume.drivers.quobyte.QuobyteDriver.initialize_connection" {{(pid=86000) inner /opt/stack/data/venv/lib/python3.12/site-packages/oslo_concurrency/lockutils.py:512}}
Aug 31 15:18:02 devstack sudo[94145]: pam_unix(sudo:session): session closed for user root
Aug 31 15:18:02 devstack cinder-volume[86000]: DEBUG oslo_concurrency.processutils [req-8ba6a01f-5ff7-480f-b913-8008416af9b9 req-19566395-339c-4dbc-aafe-5fd8b211c447 tempest-VolumesSnapshotsTestJSON-1242097268 None] CMD "sudo cinder-rootwrap /etc/cinder/rootwrap.conf truncate -s0 /opt/stack/data/cinder/mnt/2d13beb5cca9c92eb02db469b69f902e/volume-f17fa832-e36a-438a-a618-b4c96c700601.info" returned: 0 in 0.386s {{(pid=86000) execute /opt/stack/data/venv/lib/python3.12/site-packages/oslo_concurrency/processutils.py:468}}
Aug 31 15:18:02 devstack cinder-volume[86000]: WARNING cinder.volume.drivers.remotefs [req-8ba6a01f-5ff7-480f-b913-8008416af9b9 req-19566395-339c-4dbc-aafe-5fd8b211c447 tempest-VolumesSnapshotsTestJSON-1242097268 None] /opt/stack/data/cinder/mnt/2d13beb5cca9c92eb02db469b69f902e/volume-f17fa832-e36a-438a-a618-b4c96c700601.info is being set with open permissions: ugo+rw
Aug 31 15:18:02 devstack cinder-volume[86000]: DEBUG oslo_concurrency.processutils [req-8ba6a01f-5ff7-480f-b913-8008416af9b9 req-19566395-339c-4dbc-aafe-5fd8b211c447 tempest-VolumesSnapshotsTestJSON-1242097268 None] Running cmd (subprocess): sudo cinder-rootwrap /etc/cinder/rootwrap.conf chmod ugo+rw /opt/stack/data/cinder/mnt/2d13beb5cca9c92eb02db469b69f902e/volume-f17fa832-e36a-438a-a618-b4c96c700601.info {{(pid=86000) execute /opt/stack/data/venv/lib/python3.12/site-packages/oslo_concurrency/processutils.py:440}}
Aug 31 15:18:02 devstack sudo[94155]: quobyte : PWD=/ ; USER=root ; COMMAND=/opt/stack/data/venv/bin/cinder-rootwrap /etc/cinder/rootwrap.conf chmod ugo+rw /opt/stack/data/cinder/mnt/2d13beb5cca9c92eb02db469b69f902e/volume-f17fa832-e36a-438a-a618-b4c96c700601.info
Aug 31 15:18:02 devstack sudo[94155]: pam_unix(sudo:session): session opened for user root(uid=0) by (uid=1000)
Aug 31 15:18:02 devstack sudo[94155]: pam_unix(sudo:session): session closed for user root
Aug 31 15:18:02 devstack cinder-volume[86000]: DEBUG oslo_concurrency.processutils [req-8ba6a01f-5ff7-480f-b913-8008416af9b9 req-19566395-339c-4dbc-aafe-5fd8b211c447 tempest-VolumesSnapshotsTestJSON-1242097268 None] CMD "sudo cinder-rootwrap /etc/cinder/rootwrap.conf chmod ugo+rw /opt/stack/data/cinder/mnt/2d13beb5cca9c92eb02db469b69f902e/volume-f17fa832-e36a-438a-a618-b4c96c700601.info" returned: 0 in 0.354s {{(pid=86000) execute /opt/stack/data/venv/lib/python3.12/site-packages/oslo_concurrency/processutils.py:468}}
Aug 31 15:18:02 devstack cinder-volume[86000]: DEBUG oslo_concurrency.lockutils [req-8ba6a01f-5ff7-480f-b913-8008416af9b9 req-19566395-339c-4dbc-aafe-5fd8b211c447 tempest-VolumesSnapshotsTestJSON-1242097268 None] Lock "quobyte" "released" by "cinder.volume.drivers.quobyte.QuobyteDriver.create_snapshot" :: held 2.905s {{(pid=86000) inner /opt/stack/data/venv/lib/python3.12/site-packages/oslo_concurrency/lockutils.py:544}}
Aug 31 15:18:02 devstack cinder-volume[86000]: DEBUG oslo_concurrency.lockutils [req-471058e6-02e4-4c62-a7fa-317886241848 req-a78d24c2-5ef8-418e-93ef-84e95368d022 tempest-ServerActionsTestOtherA-1383095791 None] Lock "quobyte" acquired by "cinder.volume.drivers.quobyte.QuobyteDriver.initialize_connection" :: waited 0.441s {{(pid=86000) inner /opt/stack/data/venv/lib/python3.12/site-packages/oslo_concurrency/lockutils.py:525}}
Aug 31 15:18:02 devstack cinder-volume[86000]: DEBUG oslo_concurrency.lockutils [req-471058e6-02e4-4c62-a7fa-317886241848 req-a78d24c2-5ef8-418e-93ef-84e95368d022 tempest-ServerActionsTestOtherA-1383095791 None] Lock "quobyte" "released" by "cinder.volume.drivers.quobyte.QuobyteDriver.initialize_connection" :: held 0.046s {{(pid=86000) inner /opt/stack/data/venv/lib/python3.12/site-packages/oslo_concurrency/lockutils.py:544}}
Aug 31 15:18:03 devstack cinder-volume[86000]: INFO cinder.volume.manager [req-8ba6a01f-5ff7-480f-b913-8008416af9b9 req-19566395-339c-4dbc-aafe-5fd8b211c447 tempest-VolumesSnapshotsTestJSON-1242097268 None] Create snapshot completed successfully
Aug 31 15:18:03 devstack cinder-volume[86000]: DEBUG cinder.volume.manager [req-471058e6-02e4-4c62-a7fa-317886241848 req-a78d24c2-5ef8-418e-93ef-84e95368d022 tempest-ServerActionsTestOtherA-1383095791 None] Connection info returned from driver {'export': 'osci02.corp.quobyte.com/cinder-vol-3a17908e-3bdb-43f6-88a3-facbf1bfbf77', 'name': 'volume-2ead9bc3-ff41-4835-9ae5-e094a887962c', 'options': None, 'format': 'qcow2', 'qos_specs': None, 'access_mode': 'rw', 'encrypted': False, 'cacheable': False, 'driver_volume_type': 'quobyte', 'mount_point_base': '/opt/stack/data/cinder/mnt', 'attachment_id': '08850893-f32e-4b48-a3cb-6b620ac60f7c', 'enforce_multipath': True} {{(pid=86000) _connection_create /opt/stack/cinder/cinder/volume/manager.py:4924}}
Aug 31 15:18:03 devstack cinder-volume[86000]: INFO cinder.volume.manager [req-471058e6-02e4-4c62-a7fa-317886241848 req-a78d24c2-5ef8-418e-93ef-84e95368d022 tempest-ServerActionsTestOtherA-1383095791 None] attachment_update completed successfully.
Aug 31 15:18:03 devstack cinder-volume[86000]: DEBUG cinder.coordination [req-2a6d1675-d5e6-4c00-b663-070390d16807 req-caafb979-88e4-4378-9598-3b83f5f79ba6 tempest-VolumesSnapshotsTestJSON-1242097268 None] Acquiring lock "cinder-2d532a21-ff1a-4789-b141-ccb2c05ec956-delete_snapshot" by "delete_snapshot" {{(pid=86000) __acquire /opt/stack/cinder/cinder/coordination.py:138}}
Aug 31 15:18:04 devstack cinder-volume[86000]: DEBUG cinder.coordination [req-2a6d1675-d5e6-4c00-b663-070390d16807 req-caafb979-88e4-4378-9598-3b83f5f79ba6 tempest-VolumesSnapshotsTestJSON-1242097268 None] Lock "cinder-2d532a21-ff1a-4789-b141-ccb2c05ec956-delete_snapshot" acquired by "delete_snapshot" :: waited 0.025s {{(pid=86000) __acquire /opt/stack/cinder/cinder/coordination.py:141}}
Aug 31 15:18:04 devstack cinder-volume[86000]: DEBUG cinder.coordination [req-2a6d1675-d5e6-4c00-b663-070390d16807 req-caafb979-88e4-4378-9598-3b83f5f79ba6 tempest-VolumesSnapshotsTestJSON-1242097268 None] Acquiring lock "cinder-quobyte-f17fa832-e36a-438a-a618-b4c96c700601" by "delete_snapshot" {{(pid=86000) __acquire /opt/stack/cinder/cinder/coordination.py:138}}
Aug 31 15:18:04 devstack cinder-volume[86000]: DEBUG cinder.coordination [req-2a6d1675-d5e6-4c00-b663-070390d16807 req-caafb979-88e4-4378-9598-3b83f5f79ba6 tempest-VolumesSnapshotsTestJSON-1242097268 None] Lock "cinder-quobyte-f17fa832-e36a-438a-a618-b4c96c700601" acquired by "delete_snapshot" :: waited 0.034s {{(pid=86000) __acquire /opt/stack/cinder/cinder/coordination.py:141}}
Aug 31 15:18:04 devstack cinder-volume[86000]: DEBUG cinder.coordination [req-2a6d1675-d5e6-4c00-b663-070390d16807 req-caafb979-88e4-4378-9598-3b83f5f79ba6 tempest-VolumesSnapshotsTestJSON-1242097268 None] Acquiring lock "cinder-quobyte-2d532a21-ff1a-4789-b141-ccb2c05ec956" by "_delete_snapshot" {{(pid=86000) __acquire /opt/stack/cinder/cinder/coordination.py:138}}
Aug 31 15:18:04 devstack cinder-volume[86000]: DEBUG cinder.coordination [req-2a6d1675-d5e6-4c00-b663-070390d16807 req-caafb979-88e4-4378-9598-3b83f5f79ba6 tempest-VolumesSnapshotsTestJSON-1242097268 None] Lock "cinder-quobyte-2d532a21-ff1a-4789-b141-ccb2c05ec956" acquired by "_delete_snapshot" :: waited 0.020s {{(pid=86000) __acquire /opt/stack/cinder/cinder/coordination.py:141}}
Aug 31 15:18:04 devstack cinder-volume[86000]: DEBUG cinder.volume.drivers.remotefs [req-2a6d1675-d5e6-4c00-b663-070390d16807 req-caafb979-88e4-4378-9598-3b83f5f79ba6 tempest-VolumesSnapshotsTestJSON-1242097268 None] Deleting offline snapshot 2d532a21-ff1a-4789-b141-ccb2c05ec956 of volume f17fa832-e36a-438a-a618-b4c96c700601 {{(pid=86000) _delete_snapshot /opt/stack/cinder/cinder/volume/drivers/remotefs.py:1288}}
Aug 31 15:18:04 devstack cinder-volume[86000]: DEBUG cinder.volume.drivers.remotefs [req-2a6d1675-d5e6-4c00-b663-070390d16807 req-caafb979-88e4-4378-9598-3b83f5f79ba6 tempest-VolumesSnapshotsTestJSON-1242097268 None] snapshot_file for this snap is: volume-f17fa832-e36a-438a-a618-b4c96c700601.2d532a21-ff1a-4789-b141-ccb2c05ec956 {{(pid=86000) _delete_snapshot /opt/stack/cinder/cinder/volume/drivers/remotefs.py:1317}}
Aug 31 15:18:04 devstack cinder-volume[86000]: DEBUG oslo.privsep.daemon [-] privsep: reply[5d129c9a-25ff-442e-9d60-1824261c6507]: (4, 'qcow2') {{(pid=87685) _call_back /opt/stack/data/venv/lib/python3.12/site-packages/oslo_privsep/daemon.py:580}}
Aug 31 15:18:04 devstack cinder-volume[86000]: DEBUG oslo_concurrency.processutils [req-2a6d1675-d5e6-4c00-b663-070390d16807 req-caafb979-88e4-4378-9598-3b83f5f79ba6 tempest-VolumesSnapshotsTestJSON-1242097268 None] Running cmd (subprocess): /opt/stack/data/venv/bin/python3.12 -m oslo_concurrency.prlimit --as=1073741824 --cpu=60 -- sudo cinder-rootwrap /etc/cinder/rootwrap.conf env LC_ALL=C qemu-img info -f qcow2 --output=json --force-share /opt/stack/data/cinder/mnt/2d13beb5cca9c92eb02db469b69f902e/volume-f17fa832-e36a-438a-a618-b4c96c700601.2d532a21-ff1a-4789-b141-ccb2c05ec956 {{(pid=86000) execute /opt/stack/data/venv/lib/python3.12/site-packages/oslo_concurrency/processutils.py:440}}
Aug 31 15:18:04 devstack sudo[94158]: quobyte : PWD=/ ; USER=root ; COMMAND=/opt/stack/data/venv/bin/cinder-rootwrap /etc/cinder/rootwrap.conf env LC_ALL=C qemu-img info -f qcow2 --output=json --force-share /opt/stack/data/cinder/mnt/2d13beb5cca9c92eb02db469b69f902e/volume-f17fa832-e36a-438a-a618-b4c96c700601.2d532a21-ff1a-4789-b141-ccb2c05ec956
Aug 31 15:18:04 devstack sudo[94158]: pam_unix(sudo:session): session opened for user root(uid=0) by (uid=1000)
Aug 31 15:18:04 devstack sudo[94158]: pam_unix(sudo:session): session closed for user root
Aug 31 15:18:04 devstack cinder-volume[86000]: DEBUG oslo_concurrency.processutils [req-2a6d1675-d5e6-4c00-b663-070390d16807 req-caafb979-88e4-4378-9598-3b83f5f79ba6 tempest-VolumesSnapshotsTestJSON-1242097268 None] CMD "/opt/stack/data/venv/bin/python3.12 -m oslo_concurrency.prlimit --as=1073741824 --cpu=60 -- sudo cinder-rootwrap /etc/cinder/rootwrap.conf env LC_ALL=C qemu-img info -f qcow2 --output=json --force-share /opt/stack/data/cinder/mnt/2d13beb5cca9c92eb02db469b69f902e/volume-f17fa832-e36a-438a-a618-b4c96c700601.2d532a21-ff1a-4789-b141-ccb2c05ec956" returned: 0 in 0.381s {{(pid=86000) execute /opt/stack/data/venv/lib/python3.12/site-packages/oslo_concurrency/processutils.py:468}}
Aug 31 15:18:04 devstack cinder-volume[86000]: DEBUG cinder.volume.drivers.remotefs [req-2a6d1675-d5e6-4c00-b663-070390d16807 req-caafb979-88e4-4378-9598-3b83f5f79ba6 tempest-VolumesSnapshotsTestJSON-1242097268 None] Fetching qemu-img info with special backing_file_template: (/opt/stack/data/cinder/mnt/[0-9a-f]+/)?(volume-f17fa832-e36a-438a-a618-b4c96c700601(.(tmp-snap-)?[0-9a-f-]+)?|volume_from_snapshot_cache/(tmp-snap-)?[0-9a-f-]+(.(child-|parent-)[0-9a-f-]+)?)$ {{(pid=86000) _qemu_img_info_base /opt/stack/cinder/cinder/volume/drivers/remotefs.py:896}}
Aug 31 15:18:04 devstack cinder-volume[86000]: DEBUG oslo.privsep.daemon [-] privsep: reply[29ce2104-6db6-43fe-9e3e-5722aca14ac9]: (4, 'qcow2') {{(pid=87685) _call_back /opt/stack/data/venv/lib/python3.12/site-packages/oslo_privsep/daemon.py:580}}
Aug 31 15:18:04 devstack cinder-volume[86000]: DEBUG oslo_concurrency.processutils [req-2a6d1675-d5e6-4c00-b663-070390d16807 req-caafb979-88e4-4378-9598-3b83f5f79ba6 tempest-VolumesSnapshotsTestJSON-1242097268 None] Running cmd (subprocess): /opt/stack/data/venv/bin/python3.12 -m oslo_concurrency.prlimit --as=1073741824 --cpu=60 -- sudo cinder-rootwrap /etc/cinder/rootwrap.conf env LC_ALL=C qemu-img info -f qcow2 --output=json --force-share /opt/stack/data/cinder/mnt/2d13beb5cca9c92eb02db469b69f902e/volume-f17fa832-e36a-438a-a618-b4c96c700601 {{(pid=86000) execute /opt/stack/data/venv/lib/python3.12/site-packages/oslo_concurrency/processutils.py:440}}
Aug 31 15:18:04 devstack sudo[94163]: quobyte : PWD=/ ; USER=root ; COMMAND=/opt/stack/data/venv/bin/cinder-rootwrap /etc/cinder/rootwrap.conf env LC_ALL=C qemu-img info -f qcow2 --output=json --force-share /opt/stack/data/cinder/mnt/2d13beb5cca9c92eb02db469b69f902e/volume-f17fa832-e36a-438a-a618-b4c96c700601
Aug 31 15:18:04 devstack sudo[94163]: pam_unix(sudo:session): session opened for user root(uid=0) by (uid=1000)
Aug 31 15:18:04 devstack sudo[94163]: pam_unix(sudo:session): session closed for user root
Aug 31 15:18:04 devstack cinder-volume[86000]: DEBUG oslo_concurrency.processutils [req-2a6d1675-d5e6-4c00-b663-070390d16807 req-caafb979-88e4-4378-9598-3b83f5f79ba6 tempest-VolumesSnapshotsTestJSON-1242097268 None] CMD "/opt/stack/data/venv/bin/python3.12 -m oslo_concurrency.prlimit --as=1073741824 --cpu=60 -- sudo cinder-rootwrap /etc/cinder/rootwrap.conf env LC_ALL=C qemu-img info -f qcow2 --output=json --force-share /opt/stack/data/cinder/mnt/2d13beb5cca9c92eb02db469b69f902e/volume-f17fa832-e36a-438a-a618-b4c96c700601" returned: 0 in 0.417s {{(pid=86000) execute /opt/stack/data/venv/lib/python3.12/site-packages/oslo_concurrency/processutils.py:468}}
Aug 31 15:18:04 devstack cinder-volume[86000]: DEBUG oslo_concurrency.processutils [req-2a6d1675-d5e6-4c00-b663-070390d16807 req-caafb979-88e4-4378-9598-3b83f5f79ba6 tempest-VolumesSnapshotsTestJSON-1242097268 None] Running cmd (subprocess): sudo cinder-rootwrap /etc/cinder/rootwrap.conf qemu-img commit -d /opt/stack/data/cinder/mnt/2d13beb5cca9c92eb02db469b69f902e/volume-f17fa832-e36a-438a-a618-b4c96c700601.2d532a21-ff1a-4789-b141-ccb2c05ec956 {{(pid=86000) execute /opt/stack/data/venv/lib/python3.12/site-packages/oslo_concurrency/processutils.py:440}}
Aug 31 15:18:05 devstack sudo[94169]: quobyte : PWD=/ ; USER=root ; COMMAND=/opt/stack/data/venv/bin/cinder-rootwrap /etc/cinder/rootwrap.conf qemu-img commit -d /opt/stack/data/cinder/mnt/2d13beb5cca9c92eb02db469b69f902e/volume-f17fa832-e36a-438a-a618-b4c96c700601.2d532a21-ff1a-4789-b141-ccb2c05ec956
Aug 31 15:18:05 devstack sudo[94169]: pam_unix(sudo:session): session opened for user root(uid=0) by (uid=1000)
Aug 31 15:18:05 devstack sudo[94169]: pam_unix(sudo:session): session closed for user root
Aug 31 15:18:05 devstack cinder-volume[86000]: DEBUG oslo_concurrency.processutils [req-2a6d1675-d5e6-4c00-b663-070390d16807 req-caafb979-88e4-4378-9598-3b83f5f79ba6 tempest-VolumesSnapshotsTestJSON-1242097268 None] CMD "sudo cinder-rootwrap /etc/cinder/rootwrap.conf qemu-img commit -d /opt/stack/data/cinder/mnt/2d13beb5cca9c92eb02db469b69f902e/volume-f17fa832-e36a-438a-a618-b4c96c700601.2d532a21-ff1a-4789-b141-ccb2c05ec956" returned: 0 in 0.503s {{(pid=86000) execute /opt/stack/data/venv/lib/python3.12/site-packages/oslo_concurrency/processutils.py:468}}
Aug 31 15:18:05 devstack cinder-volume[86000]: DEBUG oslo_concurrency.processutils [req-2a6d1675-d5e6-4c00-b663-070390d16807 req-caafb979-88e4-4378-9598-3b83f5f79ba6 tempest-VolumesSnapshotsTestJSON-1242097268 None] Running cmd (subprocess): sudo cinder-rootwrap /etc/cinder/rootwrap.conf rm -f /opt/stack/data/cinder/mnt/2d13beb5cca9c92eb02db469b69f902e/volume-f17fa832-e36a-438a-a618-b4c96c700601.2d532a21-ff1a-4789-b141-ccb2c05ec956 {{(pid=86000) execute /opt/stack/data/venv/lib/python3.12/site-packages/oslo_concurrency/processutils.py:440}}
