Aug 21 18:20:40 devstack devstack@c-api.service[94324]: INFO cinder.api.openstack.wsgi [None req-dcbf5672-5b9e-437a-ae1f-809dc542feb5 tempest-GroupSnapshotsTest-314891235 tempest-GroupSnapshotsTest-314891235-project-member] GET http://192.168.122.184/volume/v3/snapshots/784e14ac-0939-4f6b-a348-91cf3a03274d
Aug 21 18:20:40 devstack devstack@c-api.service[94324]: DEBUG cinder.api.openstack.wsgi [None req-dcbf5672-5b9e-437a-ae1f-809dc542feb5 tempest-GroupSnapshotsTest-314891235 tempest-GroupSnapshotsTest-314891235-project-member] Empty body provided in request {{(pid=94324) get_body /opt/stack/cinder/cinder/api/openstack/wsgi.py:725}}
Aug 21 18:20:40 devstack devstack@c-api.service[94324]: DEBUG cinder.api.openstack.wsgi [None req-dcbf5672-5b9e-437a-ae1f-809dc542feb5 tempest-GroupSnapshotsTest-314891235 tempest-GroupSnapshotsTest-314891235-project-member] Calling method 'show' {{(pid=94324) _process_stack /opt/stack/cinder/cinder/api/openstack/wsgi.py:878}}
Aug 21 18:20:40 devstack devstack@c-api.service[94324]: /opt/stack/data/venv/lib/python3.12/site-packages/oslo_context/context.py:102: DeprecationWarning: Policy enforcement is depending on the value of is_admin. This key is deprecated. Please update your policy file to use the standard policy values.
Aug 21 18:20:40 devstack devstack@c-api.service[94324]: warnings.warn(
Aug 21 18:20:40 devstack devstack@c-api.service[94324]: INFO cinder.volume.api [None req-dcbf5672-5b9e-437a-ae1f-809dc542feb5 tempest-GroupSnapshotsTest-314891235 tempest-GroupSnapshotsTest-314891235-project-member] Snapshot retrieved successfully.
Aug 21 18:20:40 devstack devstack@c-api.service[94324]: INFO cinder.api.openstack.wsgi [None req-dcbf5672-5b9e-437a-ae1f-809dc542feb5 tempest-GroupSnapshotsTest-314891235 tempest-GroupSnapshotsTest-314891235-project-member] http://192.168.122.184/volume/v3/snapshots/784e14ac-0939-4f6b-a348-91cf3a03274d returned with HTTP 200
Aug 21 18:20:40 devstack devstack@c-api.service[94324]: [pid: 94324|app: 0|req: 156/324] 192.168.122.184 () {58 vars in 1238 bytes} [Fri Aug 21 18:20:40 2026] GET /volume/v3/snapshots/784e14ac-0939-4f6b-a348-91cf3a03274d => generated 451 bytes in 33 msecs (HTTP/1.1 200) 7 headers in 285 bytes (1 switches on core 0)
Aug 21 18:20:40 devstack devstack@c-api.service[94323]: DEBUG cinder.api.middleware.request_id [None req-afee38ee-2a5a-49c7-afeb-8a8f1d7adf82 None None] RequestId filter calling following filter/app {{(pid=94323) _context_setter /opt/stack/cinder/cinder/api/middleware/request_id.py:62}}
Aug 21 18:20:41 devstack devstack@c-api.service[94324]: DEBUG cinder.api.middleware.request_id [None req-19016e87-9167-49de-ae49-a8e1bec8f78a None None] RequestId filter calling following filter/app {{(pid=94324) _context_setter /opt/stack/cinder/cinder/api/middleware/request_id.py:62}}
Aug 21 18:20:41 devstack devstack@c-api.service[94324]: INFO cinder.api.openstack.wsgi [None req-19016e87-9167-49de-ae49-a8e1bec8f78a tempest-GroupSnapshotsTest-314891235 tempest-GroupSnapshotsTest-314891235-project-member] POST http://192.168.122.184/volume/v3/groups/action
Aug 21 18:20:41 devstack devstack@c-api.service[94324]: DEBUG cinder.api.openstack.wsgi [None req-19016e87-9167-49de-ae49-a8e1bec8f78a tempest-GroupSnapshotsTest-314891235 tempest-GroupSnapshotsTest-314891235-project-member] Action body: b'{"create-from-src": {"group_snapshot_id": "39a1ff05-b735-487d-a10c-6fbac525c394", "name": "tempest-Group_from_snap-168445420"}}' {{(pid=94324) get_method /opt/stack/cinder/cinder/api/openstack/wsgi.py:993}}
Aug 21 18:20:41 devstack devstack@c-api.service[94324]: DEBUG cinder.api.openstack.wsgi [None req-19016e87-9167-49de-ae49-a8e1bec8f78a tempest-GroupSnapshotsTest-314891235 tempest-GroupSnapshotsTest-314891235-project-member] Action: 'action', calling method: version_select, body: {"create-from-src": {"group_snapshot_id": "39a1ff05-b735-487d-a10c-6fbac525c394", "name": "tempest-Group_from_snap-168445420"}} {{(pid=94324) _process_stack /opt/stack/cinder/cinder/api/openstack/wsgi.py:876}}
Aug 21 18:20:41 devstack devstack@c-api.service[94324]: DEBUG cinder.api.v3.groups [None req-19016e87-9167-49de-ae49-a8e1bec8f78a tempest-GroupSnapshotsTest-314891235 tempest-GroupSnapshotsTest-314891235-project-member] Creating new group {'create-from-src': {'group_snapshot_id': '39a1ff05-b735-487d-a10c-6fbac525c394', 'name': 'tempest-Group_from_snap-168445420'}}. {{(pid=94324) create_from_src /opt/stack/cinder/cinder/api/v3/groups.py:236}}
Aug 21 18:20:41 devstack devstack@c-api.service[94324]: INFO cinder.api.v3.groups [None req-19016e87-9167-49de-ae49-a8e1bec8f78a tempest-GroupSnapshotsTest-314891235 tempest-GroupSnapshotsTest-314891235-project-member] Creating group tempest-Group_from_snap-168445420 from group_snapshot 39a1ff05-b735-487d-a10c-6fbac525c394.
Aug 21 18:20:41 devstack devstack@c-api.service[94323]: INFO cinder.api.openstack.wsgi [None req-afee38ee-2a5a-49c7-afeb-8a8f1d7adf82 tempest-AttachVolumeTestJSON-1500197400 tempest-AttachVolumeTestJSON-1500197400-project-member] GET http://192.168.122.184/volume/v3/volumes/c031beba-6ddc-4105-9e15-4f47ebd1c7fb
Aug 21 18:20:41 devstack devstack@c-api.service[94323]: DEBUG cinder.api.openstack.wsgi [None req-afee38ee-2a5a-49c7-afeb-8a8f1d7adf82 tempest-AttachVolumeTestJSON-1500197400 tempest-AttachVolumeTestJSON-1500197400-project-member] Empty body provided in request {{(pid=94323) get_body /opt/stack/cinder/cinder/api/openstack/wsgi.py:725}}
Aug 21 18:20:41 devstack devstack@c-api.service[94323]: DEBUG cinder.api.openstack.wsgi [None req-afee38ee-2a5a-49c7-afeb-8a8f1d7adf82 tempest-AttachVolumeTestJSON-1500197400 tempest-AttachVolumeTestJSON-1500197400-project-member] Calling method 'show' {{(pid=94323) _process_stack /opt/stack/cinder/cinder/api/openstack/wsgi.py:878}}
Aug 21 18:20:41 devstack devstack@c-api.service[94324]: /opt/stack/data/venv/lib/python3.12/site-packages/oslo_context/context.py:102: DeprecationWarning: Policy enforcement is depending on the value of is_admin. This key is deprecated. Please update your policy file to use the standard policy values.
Aug 21 18:20:41 devstack devstack@c-api.service[94324]: warnings.warn(
Aug 21 18:20:41 devstack devstack@c-api.service[94324]: /opt/stack/data/venv/lib/python3.12/site-packages/oslo_context/context.py:102: DeprecationWarning: Policy enforcement is depending on the value of is_admin. This key is deprecated. Please update your policy file to use the standard policy values.
Aug 21 18:20:41 devstack devstack@c-api.service[94324]: warnings.warn(
Aug 21 18:20:41 devstack devstack@c-api.service[94324]: /opt/stack/data/venv/lib/python3.12/site-packages/oslo_context/context.py:102: DeprecationWarning: Policy enforcement is depending on the value of is_admin. This key is deprecated. Please update your policy file to use the standard policy values.
Aug 21 18:20:41 devstack devstack@c-api.service[94324]: warnings.warn(
Aug 21 18:20:41 devstack devstack@c-api.service[94323]: /opt/stack/data/venv/lib/python3.12/site-packages/oslo_context/context.py:102: DeprecationWarning: Policy enforcement is depending on the value of is_admin. This key is deprecated. Please update your policy file to use the standard policy values.
Aug 21 18:20:41 devstack devstack@c-api.service[94323]: warnings.warn(
Aug 21 18:20:41 devstack devstack@c-api.service[94323]: INFO cinder.volume.api [None req-afee38ee-2a5a-49c7-afeb-8a8f1d7adf82 tempest-AttachVolumeTestJSON-1500197400 tempest-AttachVolumeTestJSON-1500197400-project-member] Volume info retrieved successfully.
Aug 21 18:20:41 devstack devstack@c-api.service[94323]: INFO cinder.api.openstack.wsgi [None req-afee38ee-2a5a-49c7-afeb-8a8f1d7adf82 tempest-AttachVolumeTestJSON-1500197400 tempest-AttachVolumeTestJSON-1500197400-project-member] http://192.168.122.184/volume/v3/volumes/c031beba-6ddc-4105-9e15-4f47ebd1c7fb returned with HTTP 200
Aug 21 18:20:41 devstack devstack@c-api.service[94323]: [pid: 94323|app: 0|req: 169/325] 192.168.122.184 () {58 vars in 1232 bytes} [Fri Aug 21 18:20:40 2026] GET /volume/v3/volumes/c031beba-6ddc-4105-9e15-4f47ebd1c7fb => generated 852 bytes in 96 msecs (HTTP/1.1 200) 7 headers in 285 bytes (1 switches on core 0)
Aug 21 18:20:41 devstack devstack@c-api.service[94324]: DEBUG cinder.quota [None req-19016e87-9167-49de-ae49-a8e1bec8f78a tempest-GroupSnapshotsTest-314891235 tempest-GroupSnapshotsTest-314891235-project-member] Created reservations ['e16b62b0-ede6-4075-87e4-919b606f45d2'] {{(pid=94324) reserve /opt/stack/cinder/cinder/quota.py:752}}
Aug 21 18:20:41 devstack devstack@c-api.service[94324]: INFO cinder.group.api [None req-19016e87-9167-49de-ae49-a8e1bec8f78a tempest-GroupSnapshotsTest-314891235 tempest-GroupSnapshotsTest-314891235-project-member] A mapping entry already exists for group 181a4dff-56ba-430c-845c-9c9255641d9f and volume type e6ad6988-8540-4239-9bd6-9acc591addef. Do not need to create again.
Aug 21 18:20:41 devstack devstack@c-api.service[94324]: /opt/stack/data/venv/lib/python3.12/site-packages/oslo_context/context.py:102: DeprecationWarning: Policy enforcement is depending on the value of is_admin. This key is deprecated. Please update your policy file to use the standard policy values.
Aug 21 18:20:41 devstack devstack@c-api.service[94324]: warnings.warn(
Aug 21 18:20:41 devstack devstack@c-api.service[94324]: INFO cinder.volume.api [None req-19016e87-9167-49de-ae49-a8e1bec8f78a tempest-GroupSnapshotsTest-314891235 tempest-GroupSnapshotsTest-314891235-project-member] Availability Zones retrieved successfully.
Aug 21 18:20:41 devstack devstack@c-api.service[94324]: DEBUG cinder.volume.api [None req-19016e87-9167-49de-ae49-a8e1bec8f78a tempest-GroupSnapshotsTest-314891235 tempest-GroupSnapshotsTest-314891235-project-member] Flow 'volume_create_api' (b8cb10b5-bfb9-42f6-8448-70b958e2c525) transitioned into state 'RUNNING' from state 'PENDING' {{(pid=94324) _flow_receiver /opt/stack/data/venv/lib/python3.12/site-packages/taskflow/listeners/logging.py:160}}
Aug 21 18:20:41 devstack devstack@c-api.service[94324]: DEBUG cinder.volume.api [None req-19016e87-9167-49de-ae49-a8e1bec8f78a tempest-GroupSnapshotsTest-314891235 tempest-GroupSnapshotsTest-314891235-project-member] Task 'cinder.volume.flows.api.create_volume.ExtractVolumeRequestTask;volume:create' (2f0cdbab-3f3a-44f8-aa5a-f256c4d352e4) transitioned into state 'RUNNING' from state 'PENDING' {{(pid=94324) _task_receiver /opt/stack/data/venv/lib/python3.12/site-packages/taskflow/listeners/logging.py:242}}
Aug 21 18:20:41 devstack devstack@c-api.service[94324]: DEBUG cinder.volume.flows.api.create_volume [None req-19016e87-9167-49de-ae49-a8e1bec8f78a tempest-GroupSnapshotsTest-314891235 tempest-GroupSnapshotsTest-314891235-project-member] Validating volume size '1' using validate_int, validate_snap_size {{(pid=94324) _extract_size /opt/stack/cinder/cinder/volume/flows/api/create_volume.py:226}}
Aug 21 18:20:41 devstack devstack@c-api.service[94324]: DEBUG cinder.volume.api [None req-19016e87-9167-49de-ae49-a8e1bec8f78a tempest-GroupSnapshotsTest-314891235 tempest-GroupSnapshotsTest-314891235-project-member] Task 'cinder.volume.flows.api.create_volume.ExtractVolumeRequestTask;volume:create' (2f0cdbab-3f3a-44f8-aa5a-f256c4d352e4) transitioned into state 'SUCCESS' from state 'RUNNING' with result '{'size': 1, 'snapshot_id': '784e14ac-0939-4f6b-a348-91cf3a03274d', 'source_volid': None, 'volume_type': VolumeType(created_at=2026-08-21T16:20:32Z,deleted=False,deleted_at=None,description=None,extra_specs={},id=e6ad6988-8540-4239-9bd6-9acc591addef,is_public=True,name='tempest-GroupSnapshotsTest-volume-type-1571986011',projects=[],qos_specs=,qos_specs_id=None,updated_at=None), 'volume_type_id': 'e6ad6988-8540-4239-9bd6-9acc591addef', 'encryption_key_id': None, 'qos_specs': None, 'consistencygroup_id': None, 'cgsnapshot_id': None, 'group_id': '181a4dff-56ba-430c-845c-9c9255641d9f', 'replication_status': 'disabled', 'refresh_az': False, 'backup_id': None, 'multiattach': False, 'availability_zones': ['nova']}' {{(pid=94324) _task_receiver /opt/stack/data/venv/lib/python3.12/site-packages/taskflow/listeners/logging.py:218}}
Aug 21 18:20:41 devstack devstack@c-api.service[94324]: DEBUG cinder.volume.api [None req-19016e87-9167-49de-ae49-a8e1bec8f78a tempest-GroupSnapshotsTest-314891235 tempest-GroupSnapshotsTest-314891235-project-member] Task 'cinder.volume.flows.api.create_volume.QuotaReserveTask;volume:create' (cd96cedc-0c2f-422e-8d29-52a64027226f) transitioned into state 'RUNNING' from state 'PENDING' {{(pid=94324) _task_receiver /opt/stack/data/venv/lib/python3.12/site-packages/taskflow/listeners/logging.py:242}}
Aug 21 18:20:41 devstack devstack@c-api.service[94324]: DEBUG cinder.quota [None req-19016e87-9167-49de-ae49-a8e1bec8f78a tempest-GroupSnapshotsTest-314891235 tempest-GroupSnapshotsTest-314891235-project-member] Created reservations ['17ca48f1-2cd2-45aa-b4e2-3f0a0835ed4b', '290a1ada-0e11-4bc7-a228-9921eee5d5ec'] {{(pid=94324) reserve /opt/stack/cinder/cinder/quota.py:752}}
Aug 21 18:20:41 devstack devstack@c-api.service[94324]: DEBUG cinder.volume.api [None req-19016e87-9167-49de-ae49-a8e1bec8f78a tempest-GroupSnapshotsTest-314891235 tempest-GroupSnapshotsTest-314891235-project-member] Task 'cinder.volume.flows.api.create_volume.QuotaReserveTask;volume:create' (cd96cedc-0c2f-422e-8d29-52a64027226f) transitioned into state 'SUCCESS' from state 'RUNNING' with result '{'reservations': ['17ca48f1-2cd2-45aa-b4e2-3f0a0835ed4b', '290a1ada-0e11-4bc7-a228-9921eee5d5ec']}' {{(pid=94324) _task_receiver /opt/stack/data/venv/lib/python3.12/site-packages/taskflow/listeners/logging.py:218}}
Aug 21 18:20:41 devstack devstack@c-api.service[94324]: DEBUG cinder.volume.api [None req-19016e87-9167-49de-ae49-a8e1bec8f78a tempest-GroupSnapshotsTest-314891235 tempest-GroupSnapshotsTest-314891235-project-member] Task 'cinder.volume.flows.api.create_volume.EntryCreateTask;volume:create' (467be061-fa0b-466b-a716-c4426ee84a33) transitioned into state 'RUNNING' from state 'PENDING' {{(pid=94324) _task_receiver /opt/stack/data/venv/lib/python3.12/site-packages/taskflow/listeners/logging.py:242}}
Aug 21 18:20:41 devstack devstack@c-api.service[94324]: DEBUG cinder.volume.api [None req-19016e87-9167-49de-ae49-a8e1bec8f78a tempest-GroupSnapshotsTest-314891235 tempest-GroupSnapshotsTest-314891235-project-member] Task 'cinder.volume.flows.api.create_volume.EntryCreateTask;volume:create' (467be061-fa0b-466b-a716-c4426ee84a33) transitioned into state 'SUCCESS' from state 'RUNNING' with result '{'volume_id': 'c9dd7449-5750-415d-9748-b2c1aeb4d475', 'volume_properties': VolumeProperties(attach_status='detached',availability_zone='nova',cgsnapshot_id=None,consistencygroup_id=None,display_description=None,display_name=None,encryption_key_id=None,group_id=181a4dff-56ba-430c-845c-9c9255641d9f,group_type_id=,metadata={},multiattach=False,project_id='51b1b5c9c2ac4741b4940699988c2d92',qos_specs=None,replication_status=,reservations=['17ca48f1-2cd2-45aa-b4e2-3f0a0835ed4b','290a1ada-0e11-4bc7-a228-9921eee5d5ec'],size=1,snapshot_id=784e14ac-0939-4f6b-a348-91cf3a03274d,source_replicaid=,source_volid=None,status='creating',user_id='f6e8907038d84d6ebcbabddee79b4d03',volume_type_id=e6ad6988-8540-4239-9bd6-9acc591addef), 'volume': Volume(_name_id=None,admin_metadata=,attach_status='detached',availability_zone='nova',bootable=False,cluster=,cluster_name=None,consistencygroup=,consistencygroup_id=None,created_at=2026-08-21T16:20:41Z,deleted=False,deleted_at=None,display_description=None,display_name=None,ec2_id=None,encryption_key_id=None,glance_metadata=,group=,group_id=181a4dff-56ba-430c-845c-9c9255641d9f,host=None,id=c9dd7449-5750-415d-9748-b2c1aeb4d475,launched_at=None,metadata={},migration_status=None,multiattach=False,previous_status=None,project_id='51b1b5c9c2ac4741b4940699988c2d92',provider_auth=None,provider_geometry=None,provider_id=None,provider_location=None,replication_driver_data=None,replication_extended_status=None,replication_status=None,scheduled_at=None,service_uuid=None,shared_targets=True,size=1,snapshot_id=784e14ac-0939-4f6b-a348-91cf3a03274d,snapshots=,source_volid=None,status='creating',terminated_at=None,updated_at=None,use_quota=True,user_id='f6e8907038d84d6ebcbabddee79b4d03',volume_attachment=VolumeAttachmentList,volume_type=VolumeType(e6ad6988-8540-4239-9bd6-9acc591addef),volume_type_id=e6ad6988-8540-4239-9bd6-9acc591addef)}' {{(pid=94324) _task_receiver /opt/stack/data/venv/lib/python3.12/site-packages/taskflow/listeners/logging.py:218}}
Aug 21 18:20:41 devstack devstack@c-api.service[94324]: DEBUG cinder.volume.api [None req-19016e87-9167-49de-ae49-a8e1bec8f78a tempest-GroupSnapshotsTest-314891235 tempest-GroupSnapshotsTest-314891235-project-member] Task 'cinder.volume.flows.api.create_volume.QuotaCommitTask;volume:create' (9f41d0e4-08f0-4a8f-ac94-614ac407a080) transitioned into state 'RUNNING' from state 'PENDING' {{(pid=94324) _task_receiver /opt/stack/data/venv/lib/python3.12/site-packages/taskflow/listeners/logging.py:242}}
Aug 21 18:20:41 devstack devstack@c-api.service[94324]: DEBUG cinder.volume.api [None req-19016e87-9167-49de-ae49-a8e1bec8f78a tempest-GroupSnapshotsTest-314891235 tempest-GroupSnapshotsTest-314891235-project-member] Task 'cinder.volume.flows.api.create_volume.QuotaCommitTask;volume:create' (9f41d0e4-08f0-4a8f-ac94-614ac407a080) transitioned into state 'SUCCESS' from state 'RUNNING' with result '{'volume_properties': VolumeProperties(attach_status='detached',availability_zone='nova',cgsnapshot_id=None,consistencygroup_id=None,display_description=None,display_name=None,encryption_key_id=None,group_id=181a4dff-56ba-430c-845c-9c9255641d9f,group_type_id=,metadata={},multiattach=False,project_id='51b1b5c9c2ac4741b4940699988c2d92',qos_specs=None,replication_status=,reservations=['17ca48f1-2cd2-45aa-b4e2-3f0a0835ed4b','290a1ada-0e11-4bc7-a228-9921eee5d5ec'],size=1,snapshot_id=784e14ac-0939-4f6b-a348-91cf3a03274d,source_replicaid=,source_volid=None,status='creating',user_id='f6e8907038d84d6ebcbabddee79b4d03',volume_type_id=e6ad6988-8540-4239-9bd6-9acc591addef)}' {{(pid=94324) _task_receiver /opt/stack/data/venv/lib/python3.12/site-packages/taskflow/listeners/logging.py:218}}
Aug 21 18:20:41 devstack devstack@c-api.service[94324]: DEBUG cinder.volume.api [None req-19016e87-9167-49de-ae49-a8e1bec8f78a tempest-GroupSnapshotsTest-314891235 tempest-GroupSnapshotsTest-314891235-project-member] Flow 'volume_create_api' (b8cb10b5-bfb9-42f6-8448-70b958e2c525) transitioned into state 'SUCCESS' from state 'RUNNING' {{(pid=94324) _flow_receiver /opt/stack/data/venv/lib/python3.12/site-packages/taskflow/listeners/logging.py:160}}
Aug 21 18:20:41 devstack devstack@c-api.service[94324]: INFO cinder.volume.api [None req-19016e87-9167-49de-ae49-a8e1bec8f78a tempest-GroupSnapshotsTest-314891235 tempest-GroupSnapshotsTest-314891235-project-member] Create volume request issued successfully.
Aug 21 18:20:41 devstack devstack@c-api.service[94324]: INFO cinder.api.openstack.wsgi [None req-19016e87-9167-49de-ae49-a8e1bec8f78a tempest-GroupSnapshotsTest-314891235 tempest-GroupSnapshotsTest-314891235-project-member] http://192.168.122.184/volume/v3/groups/action returned with HTTP 202
Aug 21 18:20:41 devstack devstack@c-api.service[94324]: [pid: 94324|app: 0|req: 157/326] 192.168.122.184 () {62 vars in 1202 bytes} [Fri Aug 21 18:20:40 2026] POST /volume/v3/groups/action => generated 102 bytes in 937 msecs (HTTP/1.1 202) 7 headers in 292 bytes (1 switches on core 0)
Aug 21 18:20:41 devstack devstack@c-api.service[94323]: DEBUG cinder.api.middleware.request_id [None req-b4172ddc-8beb-482d-a115-a044fb3b9ffd None None] RequestId filter calling following filter/app {{(pid=94323) _context_setter /opt/stack/cinder/cinder/api/middleware/request_id.py:62}}
Aug 21 18:20:41 devstack devstack@c-api.service[94323]: INFO cinder.api.openstack.wsgi [None req-b4172ddc-8beb-482d-a115-a044fb3b9ffd tempest-GroupSnapshotsTest-314891235 tempest-GroupSnapshotsTest-314891235-project-member] GET http://192.168.122.184/volume/v3/volumes/detail
Aug 21 18:20:41 devstack devstack@c-api.service[94323]: DEBUG cinder.api.openstack.wsgi [None req-b4172ddc-8beb-482d-a115-a044fb3b9ffd tempest-GroupSnapshotsTest-314891235 tempest-GroupSnapshotsTest-314891235-project-member] Empty body provided in request {{(pid=94323) get_body /opt/stack/cinder/cinder/api/openstack/wsgi.py:725}}
Aug 21 18:20:41 devstack devstack@c-api.service[94323]: DEBUG cinder.api.openstack.wsgi [None req-b4172ddc-8beb-482d-a115-a044fb3b9ffd tempest-GroupSnapshotsTest-314891235 tempest-GroupSnapshotsTest-314891235-project-member] Calling method 'detail' {{(pid=94323) _process_stack /opt/stack/cinder/cinder/api/openstack/wsgi.py:878}}
Aug 21 18:20:41 devstack devstack@c-api.service[94323]: DEBUG cinder.api.api_utils [None req-b4172ddc-8beb-482d-a115-a044fb3b9ffd tempest-GroupSnapshotsTest-314891235 tempest-GroupSnapshotsTest-314891235-project-member] Removing options '' from query. {{(pid=94323) remove_invalid_filter_options /opt/stack/cinder/cinder/api/api_utils.py:82}}
Aug 21 18:20:41 devstack devstack@c-api.service[94323]: DEBUG cinder.volume.api [None req-b4172ddc-8beb-482d-a115-a044fb3b9ffd tempest-GroupSnapshotsTest-314891235 tempest-GroupSnapshotsTest-314891235-project-member] Searching by: MultiDict([('no_migration_targets', True)]). {{(pid=94323) get_all /opt/stack/cinder/cinder/volume/api.py:664}}
Aug 21 18:20:42 devstack devstack@c-api.service[94323]: INFO cinder.volume.api [None req-b4172ddc-8beb-482d-a115-a044fb3b9ffd tempest-GroupSnapshotsTest-314891235 tempest-GroupSnapshotsTest-314891235-project-member] Get all volumes completed successfully.
Aug 21 18:20:42 devstack devstack@c-api.service[94323]: WARNING stevedore.named [None req-b4172ddc-8beb-482d-a115-a044fb3b9ffd tempest-GroupSnapshotsTest-314891235 tempest-GroupSnapshotsTest-314891235-project-member] Could not load cinder.keymgr.conf_key_mgr.ConfKeyManager
Aug 21 18:20:42 devstack devstack@c-api.service[94323]: WARNING castellan.key_manager [None req-b4172ddc-8beb-482d-a115-a044fb3b9ffd tempest-GroupSnapshotsTest-314891235 tempest-GroupSnapshotsTest-314891235-project-member] Deprecation Warning : cinder.keymgr.conf_key_mgr.ConfKeyManager is not a stevedore based driver, trying to load it as a class: stevedore.exception.NoMatches: No 'castellan.drivers' driver found, looking for 'cinder.keymgr.conf_key_mgr.ConfKeyManager'
Aug 21 18:20:42 devstack devstack@c-api.service[94324]: DEBUG cinder.api.middleware.request_id [None req-b91915bf-29ab-4fb6-8503-a335bcc5b237 None None] RequestId filter calling following filter/app {{(pid=94324) _context_setter /opt/stack/cinder/cinder/api/middleware/request_id.py:62}}
Aug 21 18:20:42 devstack devstack@c-api.service[94324]: INFO cinder.api.openstack.wsgi [None req-b91915bf-29ab-4fb6-8503-a335bcc5b237 tempest-AttachVolumeTestJSON-1500197400 tempest-AttachVolumeTestJSON-1500197400-project-member] GET http://192.168.122.184/volume/v3/volumes/c031beba-6ddc-4105-9e15-4f47ebd1c7fb
Aug 21 18:20:42 devstack devstack@c-api.service[94324]: DEBUG cinder.api.openstack.wsgi [None req-b91915bf-29ab-4fb6-8503-a335bcc5b237 tempest-AttachVolumeTestJSON-1500197400 tempest-AttachVolumeTestJSON-1500197400-project-member] Empty body provided in request {{(pid=94324) get_body /opt/stack/cinder/cinder/api/openstack/wsgi.py:725}}
Aug 21 18:20:42 devstack devstack@c-api.service[94324]: DEBUG cinder.api.openstack.wsgi [None req-b91915bf-29ab-4fb6-8503-a335bcc5b237 tempest-AttachVolumeTestJSON-1500197400 tempest-AttachVolumeTestJSON-1500197400-project-member] Calling method 'show' {{(pid=94324) _process_stack /opt/stack/cinder/cinder/api/openstack/wsgi.py:878}}
Aug 21 18:20:42 devstack devstack@c-api.service[94323]: DEBUG oslo_db.sqlalchemy.engines [None req-b4172ddc-8beb-482d-a115-a044fb3b9ffd tempest-GroupSnapshotsTest-314891235 tempest-GroupSnapshotsTest-314891235-project-member] MySQL server mode set to STRICT_TRANS_TABLES,STRICT_ALL_TABLES,NO_ZERO_IN_DATE,NO_ZERO_DATE,ERROR_FOR_DIVISION_BY_ZERO,TRADITIONAL,NO_ENGINE_SUBSTITUTION {{(pid=94323) _check_effective_sql_mode /opt/stack/data/venv/lib/python3.12/site-packages/oslo_db/sqlalchemy/engines.py:325}}
Aug 21 18:20:42 devstack devstack@c-api.service[94324]: /opt/stack/data/venv/lib/python3.12/site-packages/oslo_context/context.py:102: DeprecationWarning: Policy enforcement is depending on the value of is_admin. This key is deprecated. Please update your policy file to use the standard policy values.
Aug 21 18:20:42 devstack devstack@c-api.service[94324]: warnings.warn(
Aug 21 18:20:42 devstack devstack@c-api.service[94323]: /opt/stack/data/venv/lib/python3.12/site-packages/oslo_context/context.py:102: DeprecationWarning: Policy enforcement is depending on the value of is_admin. This key is deprecated. Please update your policy file to use the standard policy values.
Aug 21 18:20:42 devstack devstack@c-api.service[94323]: warnings.warn(
Aug 21 18:20:42 devstack devstack@c-api.service[94324]: INFO cinder.volume.api [None req-b91915bf-29ab-4fb6-8503-a335bcc5b237 tempest-AttachVolumeTestJSON-1500197400 tempest-AttachVolumeTestJSON-1500197400-project-member] Volume info retrieved successfully.
Aug 21 18:20:42 devstack devstack@c-api.service[94323]: WARNING stevedore.named [None req-b4172ddc-8beb-482d-a115-a044fb3b9ffd tempest-GroupSnapshotsTest-314891235 tempest-GroupSnapshotsTest-314891235-project-member] Could not load cinder.keymgr.conf_key_mgr.ConfKeyManager
Aug 21 18:20:42 devstack devstack@c-api.service[94323]: WARNING castellan.key_manager [None req-b4172ddc-8beb-482d-a115-a044fb3b9ffd tempest-GroupSnapshotsTest-314891235 tempest-GroupSnapshotsTest-314891235-project-member] Deprecation Warning : cinder.keymgr.conf_key_mgr.ConfKeyManager is not a stevedore based driver, trying to load it as a class: stevedore.exception.NoMatches: No 'castellan.drivers' driver found, looking for 'cinder.keymgr.conf_key_mgr.ConfKeyManager'
Aug 21 18:20:42 devstack devstack@c-api.service[94324]: INFO cinder.api.openstack.wsgi [None req-b91915bf-29ab-4fb6-8503-a335bcc5b237 tempest-AttachVolumeTestJSON-1500197400 tempest-AttachVolumeTestJSON-1500197400-project-member] http://192.168.122.184/volume/v3/volumes/c031beba-6ddc-4105-9e15-4f47ebd1c7fb returned with HTTP 200
Aug 21 18:20:42 devstack devstack@c-api.service[94324]: [pid: 94324|app: 0|req: 158/327] 192.168.122.184 () {58 vars in 1232 bytes} [Fri Aug 21 18:20:42 2026] GET /volume/v3/volumes/c031beba-6ddc-4105-9e15-4f47ebd1c7fb => generated 853 bytes in 114 msecs (HTTP/1.1 200) 7 headers in 285 bytes (1 switches on core 0)
Aug 21 18:20:42 devstack devstack@c-api.service[94324]: DEBUG cinder.api.middleware.request_id [req-e418679b-f3da-4802-82af-130daefded18 req-43111ece-672d-44a9-baae-03da48d54926 None None] RequestId filter calling following filter/app {{(pid=94324) _context_setter /opt/stack/cinder/cinder/api/middleware/request_id.py:62}}
Aug 21 18:20:42 devstack devstack@c-api.service[94324]: INFO cinder.api.openstack.wsgi [req-e418679b-f3da-4802-82af-130daefded18 req-43111ece-672d-44a9-baae-03da48d54926 tempest-AttachVolumeTestJSON-1500197400 tempest-AttachVolumeTestJSON-1500197400-project-member] GET http://192.168.122.184/volume/v3/volumes/c031beba-6ddc-4105-9e15-4f47ebd1c7fb
Aug 21 18:20:42 devstack devstack@c-api.service[94324]: DEBUG cinder.api.openstack.wsgi [req-e418679b-f3da-4802-82af-130daefded18 req-43111ece-672d-44a9-baae-03da48d54926 tempest-AttachVolumeTestJSON-1500197400 tempest-AttachVolumeTestJSON-1500197400-project-member] Empty body provided in request {{(pid=94324) get_body /opt/stack/cinder/cinder/api/openstack/wsgi.py:725}}
Aug 21 18:20:42 devstack devstack@c-api.service[94324]: DEBUG cinder.api.openstack.wsgi [req-e418679b-f3da-4802-82af-130daefded18 req-43111ece-672d-44a9-baae-03da48d54926 tempest-AttachVolumeTestJSON-1500197400 tempest-AttachVolumeTestJSON-1500197400-project-member] Calling method 'show' {{(pid=94324) _process_stack /opt/stack/cinder/cinder/api/openstack/wsgi.py:878}}
Aug 21 18:20:42 devstack devstack@c-api.service[94323]: DEBUG oslo_db.sqlalchemy.engines [None req-b4172ddc-8beb-482d-a115-a044fb3b9ffd tempest-GroupSnapshotsTest-314891235 tempest-GroupSnapshotsTest-314891235-project-member] MySQL server mode set to STRICT_TRANS_TABLES,STRICT_ALL_TABLES,NO_ZERO_IN_DATE,NO_ZERO_DATE,ERROR_FOR_DIVISION_BY_ZERO,TRADITIONAL,NO_ENGINE_SUBSTITUTION {{(pid=94323) _check_effective_sql_mode /opt/stack/data/venv/lib/python3.12/site-packages/oslo_db/sqlalchemy/engines.py:325}}
Aug 21 18:20:42 devstack devstack@c-api.service[94324]: /opt/stack/data/venv/lib/python3.12/site-packages/oslo_context/context.py:102: DeprecationWarning: Policy enforcement is depending on the value of is_admin. This key is deprecated. Please update your policy file to use the standard policy values.
Aug 21 18:20:42 devstack devstack@c-api.service[94324]: warnings.warn(
Aug 21 18:20:42 devstack devstack@c-api.service[94323]: /opt/stack/data/venv/lib/python3.12/site-packages/oslo_context/context.py:102: DeprecationWarning: Policy enforcement is depending on the value of is_admin. This key is deprecated. Please update your policy file to use the standard policy values.
Aug 21 18:20:42 devstack devstack@c-api.service[94323]: warnings.warn(
Aug 21 18:20:42 devstack devstack@c-api.service[94324]: INFO cinder.volume.api [req-e418679b-f3da-4802-82af-130daefded18 req-43111ece-672d-44a9-baae-03da48d54926 tempest-AttachVolumeTestJSON-1500197400 tempest-AttachVolumeTestJSON-1500197400-project-member] Volume info retrieved successfully.
Aug 21 18:20:42 devstack devstack@c-api.service[94324]: INFO cinder.api.openstack.wsgi [req-e418679b-f3da-4802-82af-130daefded18 req-43111ece-672d-44a9-baae-03da48d54926 tempest-AttachVolumeTestJSON-1500197400 tempest-AttachVolumeTestJSON-1500197400-project-member] http://192.168.122.184/volume/v3/volumes/c031beba-6ddc-4105-9e15-4f47ebd1c7fb returned with HTTP 200
Aug 21 18:20:42 devstack devstack@c-api.service[94324]: [pid: 94324|app: 0|req: 159/328] 192.168.122.184 () {60 vars in 1487 bytes} [Fri Aug 21 18:20:42 2026] GET /volume/v3/volumes/c031beba-6ddc-4105-9e15-4f47ebd1c7fb => generated 853 bytes in 131 msecs (HTTP/1.1 200) 7 headers in 285 bytes (1 switches on core 0)
Aug 21 18:20:42 devstack devstack@c-api.service[94323]: INFO cinder.api.openstack.wsgi [None req-b4172ddc-8beb-482d-a115-a044fb3b9ffd tempest-GroupSnapshotsTest-314891235 tempest-GroupSnapshotsTest-314891235-project-member] http://192.168.122.184/volume/v3/volumes/detail returned with HTTP 200
Aug 21 18:20:42 devstack devstack@c-api.service[94323]: [pid: 94323|app: 0|req: 170/329] 192.168.122.184 () {60 vars in 1183 bytes} [Fri Aug 21 18:20:41 2026] GET /volume/v3/volumes/detail => generated 1851 bytes in 529 msecs (HTTP/1.1 200) 7 headers in 287 bytes (1 switches on core 0)
Aug 21 18:20:42 devstack devstack@c-api.service[94324]: DEBUG cinder.api.middleware.request_id [None req-7bd7afcc-cdba-47b3-b804-dab7ba117a90 None None] RequestId filter calling following filter/app {{(pid=94324) _context_setter /opt/stack/cinder/cinder/api/middleware/request_id.py:62}}
Aug 21 18:20:42 devstack devstack@c-api.service[94324]: INFO cinder.api.openstack.wsgi [None req-7bd7afcc-cdba-47b3-b804-dab7ba117a90 tempest-GroupSnapshotsTest-314891235 tempest-GroupSnapshotsTest-314891235-project-member] GET http://192.168.122.184/volume/v3/volumes/c9dd7449-5750-415d-9748-b2c1aeb4d475
Aug 21 18:20:42 devstack devstack@c-api.service[94324]: DEBUG cinder.api.openstack.wsgi [None req-7bd7afcc-cdba-47b3-b804-dab7ba117a90 tempest-GroupSnapshotsTest-314891235 tempest-GroupSnapshotsTest-314891235-project-member] Empty body provided in request {{(pid=94324) get_body /opt/stack/cinder/cinder/api/openstack/wsgi.py:725}}
Aug 21 18:20:42 devstack devstack@c-api.service[94324]: DEBUG cinder.api.openstack.wsgi [None req-7bd7afcc-cdba-47b3-b804-dab7ba117a90 tempest-GroupSnapshotsTest-314891235 tempest-GroupSnapshotsTest-314891235-project-member] Calling method 'show' {{(pid=94324) _process_stack /opt/stack/cinder/cinder/api/openstack/wsgi.py:878}}
Aug 21 18:20:42 devstack devstack@c-api.service[94324]: /opt/stack/data/venv/lib/python3.12/site-packages/oslo_context/context.py:102: DeprecationWarning: Policy enforcement is depending on the value of is_admin. This key is deprecated. Please update your policy file to use the standard policy values.
Aug 21 18:20:42 devstack devstack@c-api.service[94324]: warnings.warn(
Aug 21 18:20:42 devstack devstack@c-api.service[94324]: INFO cinder.volume.api [None req-7bd7afcc-cdba-47b3-b804-dab7ba117a90 tempest-GroupSnapshotsTest-314891235 tempest-GroupSnapshotsTest-314891235-project-member] Volume info retrieved successfully.
Aug 21 18:20:42 devstack devstack@c-api.service[94324]: WARNING stevedore.named [None req-7bd7afcc-cdba-47b3-b804-dab7ba117a90 tempest-GroupSnapshotsTest-314891235 tempest-GroupSnapshotsTest-314891235-project-member] Could not load cinder.keymgr.conf_key_mgr.ConfKeyManager
Aug 21 18:20:42 devstack devstack@c-api.service[94324]: WARNING castellan.key_manager [None req-7bd7afcc-cdba-47b3-b804-dab7ba117a90 tempest-GroupSnapshotsTest-314891235 tempest-GroupSnapshotsTest-314891235-project-member] Deprecation Warning : cinder.keymgr.conf_key_mgr.ConfKeyManager is not a stevedore based driver, trying to load it as a class: stevedore.exception.NoMatches: No 'castellan.drivers' driver found, looking for 'cinder.keymgr.conf_key_mgr.ConfKeyManager'
Aug 21 18:20:42 devstack devstack@c-api.service[94324]: DEBUG oslo_db.sqlalchemy.engines [None req-7bd7afcc-cdba-47b3-b804-dab7ba117a90 tempest-GroupSnapshotsTest-314891235 tempest-GroupSnapshotsTest-314891235-project-member] MySQL server mode set to STRICT_TRANS_TABLES,STRICT_ALL_TABLES,NO_ZERO_IN_DATE,NO_ZERO_DATE,ERROR_FOR_DIVISION_BY_ZERO,TRADITIONAL,NO_ENGINE_SUBSTITUTION {{(pid=94324) _check_effective_sql_mode /opt/stack/data/venv/lib/python3.12/site-packages/oslo_db/sqlalchemy/engines.py:325}}
Aug 21 18:20:42 devstack devstack@c-api.service[94324]: /opt/stack/data/venv/lib/python3.12/site-packages/oslo_context/context.py:102: DeprecationWarning: Policy enforcement is depending on the value of is_admin. This key is deprecated. Please update your policy file to use the standard policy values.
Aug 21 18:20:42 devstack devstack@c-api.service[94324]: warnings.warn(
Aug 21 18:20:42 devstack devstack@c-api.service[94324]: INFO cinder.api.openstack.wsgi [None req-7bd7afcc-cdba-47b3-b804-dab7ba117a90 tempest-GroupSnapshotsTest-314891235 tempest-GroupSnapshotsTest-314891235-project-member] http://192.168.122.184/volume/v3/volumes/c9dd7449-5750-415d-9748-b2c1aeb4d475 returned with HTTP 200
Aug 21 18:20:42 devstack devstack@c-api.service[94324]: [pid: 94324|app: 0|req: 160/330] 192.168.122.184 () {60 vars in 1273 bytes} [Fri Aug 21 18:20:42 2026] GET /volume/v3/volumes/c9dd7449-5750-415d-9748-b2c1aeb4d475 => generated 934 bytes in 293 msecs (HTTP/1.1 200) 7 headers in 286 bytes (1 switches on core 0)
Aug 21 18:20:42 devstack devstack@c-api.service[94323]: DEBUG cinder.api.middleware.request_id [None req-0cbd039d-c952-4ab2-8f82-8c027e1fa8a2 None None] RequestId filter calling following filter/app {{(pid=94323) _context_setter /opt/stack/cinder/cinder/api/middleware/request_id.py:62}}
Aug 21 18:20:42 devstack devstack@c-api.service[94323]: INFO cinder.api.openstack.wsgi [None req-0cbd039d-c952-4ab2-8f82-8c027e1fa8a2 None None] GET http://192.168.122.184/volume//
Aug 21 18:20:42 devstack devstack@c-api.service[94323]: DEBUG cinder.api.openstack.wsgi [None req-0cbd039d-c952-4ab2-8f82-8c027e1fa8a2 None None] Empty body provided in request {{(pid=94323) get_body /opt/stack/cinder/cinder/api/openstack/wsgi.py:725}}
Aug 21 18:20:42 devstack devstack@c-api.service[94323]: DEBUG cinder.api.openstack.wsgi [None req-0cbd039d-c952-4ab2-8f82-8c027e1fa8a2 None None] Calling method 'all' {{(pid=94323) _process_stack /opt/stack/cinder/cinder/api/openstack/wsgi.py:878}}
Aug 21 18:20:42 devstack devstack@c-api.service[94323]: INFO cinder.api.openstack.wsgi [None req-0cbd039d-c952-4ab2-8f82-8c027e1fa8a2 None None] http://192.168.122.184/volume// returned with HTTP 300
Aug 21 18:20:42 devstack devstack@c-api.service[94323]: [pid: 94323|app: 0|req: 171/331] 192.168.122.184 () {58 vars in 1317 bytes} [Fri Aug 21 18:20:42 2026] GET /volume/ => generated 390 bytes in 9 msecs (HTTP/1.1 300) 7 headers in 299 bytes (1 switches on core 0)
Aug 21 18:20:42 devstack devstack@c-api.service[94324]: DEBUG cinder.api.middleware.request_id [req-e418679b-f3da-4802-82af-130daefded18 req-ddb98144-94d7-4232-9d23-40b7c61731ff None None] RequestId filter calling following filter/app {{(pid=94324) _context_setter /opt/stack/cinder/cinder/api/middleware/request_id.py:62}}
Aug 21 18:20:42 devstack devstack@c-api.service[94324]: INFO cinder.api.openstack.wsgi [req-e418679b-f3da-4802-82af-130daefded18 req-ddb98144-94d7-4232-9d23-40b7c61731ff tempest-AttachVolumeTestJSON-1500197400 tempest-AttachVolumeTestJSON-1500197400-project-member] POST http://192.168.122.184/volume/v3/attachments
Aug 21 18:20:42 devstack devstack@c-api.service[94324]: DEBUG cinder.api.openstack.wsgi [req-e418679b-f3da-4802-82af-130daefded18 req-ddb98144-94d7-4232-9d23-40b7c61731ff tempest-AttachVolumeTestJSON-1500197400 tempest-AttachVolumeTestJSON-1500197400-project-member] Action: 'create', calling method: version_select, body: {"attachment": {"volume_uuid": "c031beba-6ddc-4105-9e15-4f47ebd1c7fb", "connector": null, "instance_uuid": "3a30e4c9-c3cc-484f-accc-d43e318e4428"}} {{(pid=94324) _process_stack /opt/stack/cinder/cinder/api/openstack/wsgi.py:876}}
Aug 21 18:20:42 devstack devstack@c-api.service[94324]: /opt/stack/data/venv/lib/python3.12/site-packages/oslo_context/context.py:102: DeprecationWarning: Policy enforcement is depending on the value of is_admin. This key is deprecated. Please update your policy file to use the standard policy values.
Aug 21 18:20:42 devstack devstack@c-api.service[94324]: warnings.warn(
Aug 21 18:20:43 devstack devstack@c-api.service[94324]: INFO cinder.api.openstack.wsgi [req-e418679b-f3da-4802-82af-130daefded18 req-ddb98144-94d7-4232-9d23-40b7c61731ff tempest-AttachVolumeTestJSON-1500197400 tempest-AttachVolumeTestJSON-1500197400-project-member] http://192.168.122.184/volume/v3/attachments returned with HTTP 200
Aug 21 18:20:43 devstack devstack@c-api.service[94324]: [pid: 94324|app: 0|req: 161/332] 192.168.122.184 () {66 vars in 1483 bytes} [Fri Aug 21 18:20:42 2026] POST /volume/v3/attachments => generated 273 bytes in 164 msecs (HTTP/1.1 200) 7 headers in 286 bytes (1 switches on core 0)
Aug 21 18:20:43 devstack devstack@c-api.service[94323]: DEBUG cinder.api.middleware.request_id [None req-0dd1f89a-e9fb-47f5-90c5-914e2a4e568f None None] RequestId filter calling following filter/app {{(pid=94323) _context_setter /opt/stack/cinder/cinder/api/middleware/request_id.py:62}}
Aug 21 18:20:43 devstack devstack@c-api.service[94323]: INFO cinder.api.openstack.wsgi [None req-0dd1f89a-e9fb-47f5-90c5-914e2a4e568f tempest-AttachVolumeTestJSON-1500197400 tempest-AttachVolumeTestJSON-1500197400-project-member] GET http://192.168.122.184/volume/v3/volumes/c031beba-6ddc-4105-9e15-4f47ebd1c7fb
Aug 21 18:20:43 devstack devstack@c-api.service[94323]: DEBUG cinder.api.openstack.wsgi [None req-0dd1f89a-e9fb-47f5-90c5-914e2a4e568f tempest-AttachVolumeTestJSON-1500197400 tempest-AttachVolumeTestJSON-1500197400-project-member] Empty body provided in request {{(pid=94323) get_body /opt/stack/cinder/cinder/api/openstack/wsgi.py:725}}
Aug 21 18:20:43 devstack devstack@c-api.service[94323]: DEBUG cinder.api.openstack.wsgi [None req-0dd1f89a-e9fb-47f5-90c5-914e2a4e568f tempest-AttachVolumeTestJSON-1500197400 tempest-AttachVolumeTestJSON-1500197400-project-member] Calling method 'show' {{(pid=94323) _process_stack /opt/stack/cinder/cinder/api/openstack/wsgi.py:878}}
Aug 21 18:20:43 devstack devstack@c-api.service[94324]: DEBUG cinder.api.middleware.request_id [None req-fb6e8634-5217-4e70-b1e5-e6243f5262ff None None] RequestId filter calling following filter/app {{(pid=94324) _context_setter /opt/stack/cinder/cinder/api/middleware/request_id.py:62}}
Aug 21 18:20:43 devstack devstack@c-api.service[94324]: INFO cinder.api.openstack.wsgi [None req-fb6e8634-5217-4e70-b1e5-e6243f5262ff None None] GET http://192.168.122.184/volume//
Aug 21 18:20:43 devstack devstack@c-api.service[94324]: DEBUG cinder.api.openstack.wsgi [None req-fb6e8634-5217-4e70-b1e5-e6243f5262ff None None] Empty body provided in request {{(pid=94324) get_body /opt/stack/cinder/cinder/api/openstack/wsgi.py:725}}
Aug 21 18:20:43 devstack devstack@c-api.service[94324]: DEBUG cinder.api.openstack.wsgi [None req-fb6e8634-5217-4e70-b1e5-e6243f5262ff None None] Calling method 'all' {{(pid=94324) _process_stack /opt/stack/cinder/cinder/api/openstack/wsgi.py:878}}
Aug 21 18:20:43 devstack devstack@c-api.service[94324]: INFO cinder.api.openstack.wsgi [None req-fb6e8634-5217-4e70-b1e5-e6243f5262ff None None] http://192.168.122.184/volume// returned with HTTP 300
Aug 21 18:20:43 devstack devstack@c-api.service[94324]: [pid: 94324|app: 0|req: 162/333] 192.168.122.184 () {58 vars in 1315 bytes} [Fri Aug 21 18:20:43 2026] GET /volume/ => generated 390 bytes in 11 msecs (HTTP/1.1 300) 7 headers in 299 bytes (1 switches on core 0)
Aug 21 18:20:43 devstack devstack@c-api.service[94324]: DEBUG cinder.api.middleware.request_id [req-e418679b-f3da-4802-82af-130daefded18 req-b19657b5-4a56-4090-9849-6f0c0f3d42e6 None None] RequestId filter calling following filter/app {{(pid=94324) _context_setter /opt/stack/cinder/cinder/api/middleware/request_id.py:62}}
Aug 21 18:20:43 devstack devstack@c-api.service[94323]: /opt/stack/data/venv/lib/python3.12/site-packages/oslo_context/context.py:102: DeprecationWarning: Policy enforcement is depending on the value of is_admin. This key is deprecated. Please update your policy file to use the standard policy values.
Aug 21 18:20:43 devstack devstack@c-api.service[94323]: warnings.warn(
Aug 21 18:20:43 devstack devstack@c-api.service[94324]: INFO cinder.api.openstack.wsgi [req-e418679b-f3da-4802-82af-130daefded18 req-b19657b5-4a56-4090-9849-6f0c0f3d42e6 tempest-AttachVolumeTestJSON-1500197400 tempest-AttachVolumeTestJSON-1500197400-project-member] GET http://192.168.122.184/volume/v3/volumes/c031beba-6ddc-4105-9e15-4f47ebd1c7fb
Aug 21 18:20:43 devstack devstack@c-api.service[94324]: DEBUG cinder.api.openstack.wsgi [req-e418679b-f3da-4802-82af-130daefded18 req-b19657b5-4a56-4090-9849-6f0c0f3d42e6 tempest-AttachVolumeTestJSON-1500197400 tempest-AttachVolumeTestJSON-1500197400-project-member] Empty body provided in request {{(pid=94324) get_body /opt/stack/cinder/cinder/api/openstack/wsgi.py:725}}
Aug 21 18:20:43 devstack devstack@c-api.service[94324]: DEBUG cinder.api.openstack.wsgi [req-e418679b-f3da-4802-82af-130daefded18 req-b19657b5-4a56-4090-9849-6f0c0f3d42e6 tempest-AttachVolumeTestJSON-1500197400 tempest-AttachVolumeTestJSON-1500197400-project-member] Calling method 'show' {{(pid=94324) _process_stack /opt/stack/cinder/cinder/api/openstack/wsgi.py:878}}
Aug 21 18:20:43 devstack devstack@c-api.service[94323]: INFO cinder.volume.api [None req-0dd1f89a-e9fb-47f5-90c5-914e2a4e568f tempest-AttachVolumeTestJSON-1500197400 tempest-AttachVolumeTestJSON-1500197400-project-member] Volume info retrieved successfully.
Aug 21 18:20:43 devstack devstack@c-api.service[94324]: /opt/stack/data/venv/lib/python3.12/site-packages/oslo_context/context.py:102: DeprecationWarning: Policy enforcement is depending on the value of is_admin. This key is deprecated. Please update your policy file to use the standard policy values.
Aug 21 18:20:43 devstack devstack@c-api.service[94324]: warnings.warn(
Aug 21 18:20:43 devstack devstack@c-api.service[94323]: INFO cinder.api.openstack.wsgi [None req-0dd1f89a-e9fb-47f5-90c5-914e2a4e568f tempest-AttachVolumeTestJSON-1500197400 tempest-AttachVolumeTestJSON-1500197400-project-member] http://192.168.122.184/volume/v3/volumes/c031beba-6ddc-4105-9e15-4f47ebd1c7fb returned with HTTP 200
Aug 21 18:20:43 devstack devstack@c-api.service[94323]: [pid: 94323|app: 0|req: 172/334] 192.168.122.184 () {58 vars in 1232 bytes} [Fri Aug 21 18:20:43 2026] GET /volume/v3/volumes/c031beba-6ddc-4105-9e15-4f47ebd1c7fb => generated 852 bytes in 143 msecs (HTTP/1.1 200) 7 headers in 285 bytes (1 switches on core 0)
Aug 21 18:20:43 devstack devstack@c-api.service[94324]: INFO cinder.volume.api [req-e418679b-f3da-4802-82af-130daefded18 req-b19657b5-4a56-4090-9849-6f0c0f3d42e6 tempest-AttachVolumeTestJSON-1500197400 tempest-AttachVolumeTestJSON-1500197400-project-member] Volume info retrieved successfully.
Aug 21 18:20:43 devstack devstack@c-api.service[94324]: INFO cinder.api.openstack.wsgi [req-e418679b-f3da-4802-82af-130daefded18 req-b19657b5-4a56-4090-9849-6f0c0f3d42e6 tempest-AttachVolumeTestJSON-1500197400 tempest-AttachVolumeTestJSON-1500197400-project-member] http://192.168.122.184/volume/v3/volumes/c031beba-6ddc-4105-9e15-4f47ebd1c7fb returned with HTTP 200
Aug 21 18:20:43 devstack devstack@c-api.service[94324]: [pid: 94324|app: 0|req: 163/335] 192.168.122.184 () {62 vars in 1528 bytes} [Fri Aug 21 18:20:43 2026] GET /volume/v3/volumes/c031beba-6ddc-4105-9e15-4f47ebd1c7fb => generated 1033 bytes in 141 msecs (HTTP/1.1 200) 7 headers in 287 bytes (1 switches on core 0)
Aug 21 18:20:43 devstack devstack@c-api.service[94323]: DEBUG cinder.api.middleware.request_id [req-e418679b-f3da-4802-82af-130daefded18 req-f0aba583-5331-4a7d-ade1-e75f2bfa4472 None None] RequestId filter calling following filter/app {{(pid=94323) _context_setter /opt/stack/cinder/cinder/api/middleware/request_id.py:62}}
Aug 21 18:20:43 devstack devstack@c-api.service[94323]: INFO cinder.api.openstack.wsgi [req-e418679b-f3da-4802-82af-130daefded18 req-f0aba583-5331-4a7d-ade1-e75f2bfa4472 tempest-AttachVolumeTestJSON-1500197400 tempest-AttachVolumeTestJSON-1500197400-project-member] PUT http://192.168.122.184/volume/v3/attachments/9cd17f25-faac-4d2c-a405-5b5bbceb6bcd
Aug 21 18:20:43 devstack devstack@c-api.service[94323]: DEBUG cinder.api.openstack.wsgi [req-e418679b-f3da-4802-82af-130daefded18 req-f0aba583-5331-4a7d-ade1-e75f2bfa4472 tempest-AttachVolumeTestJSON-1500197400 tempest-AttachVolumeTestJSON-1500197400-project-member] Action: 'update', calling method: version_select, body: {"attachment": {"connector": {"platform": "x86_64", "os_type": "linux", "ip": "192.168.122.184", "host": "devstack", "multipath": false, "enforce_multipath": true, "initiator": "iqn.2016-04.com.open-iscsi:8e2b9a594c2c", "do_local_attach": false, "uuid": "064c80c2-a85f-4aa5-8b10-e46983c87a65", "system uuid": "18343bb5-2156-48a9-912c-44bd73c46611", "nvme_native_multipath": false, "mountpoint": "/dev/vdb"}}} {{(pid=94323) _process_stack /opt/stack/cinder/cinder/api/openstack/wsgi.py:876}}
Aug 21 18:20:43 devstack devstack@c-api.service[94323]: DEBUG cinder.coordination [req-e418679b-f3da-4802-82af-130daefded18 req-f0aba583-5331-4a7d-ade1-e75f2bfa4472 tempest-AttachVolumeTestJSON-1500197400 tempest-AttachVolumeTestJSON-1500197400-project-member] Acquiring lock "cinder-attachment_update-c031beba-6ddc-4105-9e15-4f47ebd1c7fb-devstack" by "attachment_update" {{(pid=94323) __acquire /opt/stack/cinder/cinder/coordination.py:138}}
Aug 21 18:20:43 devstack devstack@c-api.service[94323]: DEBUG cinder.coordination [req-e418679b-f3da-4802-82af-130daefded18 req-f0aba583-5331-4a7d-ade1-e75f2bfa4472 tempest-AttachVolumeTestJSON-1500197400 tempest-AttachVolumeTestJSON-1500197400-project-member] Lock "cinder-attachment_update-c031beba-6ddc-4105-9e15-4f47ebd1c7fb-devstack" acquired by "attachment_update" :: waited 0.024s {{(pid=94323) __acquire /opt/stack/cinder/cinder/coordination.py:141}}
Aug 21 18:20:43 devstack devstack@c-api.service[94323]: /opt/stack/data/venv/lib/python3.12/site-packages/oslo_context/context.py:102: DeprecationWarning: Policy enforcement is depending on the value of is_admin. This key is deprecated. Please update your policy file to use the standard policy values.
Aug 21 18:20:43 devstack devstack@c-api.service[94323]: warnings.warn(
Aug 21 18:20:43 devstack devstack@c-api.service[94324]: DEBUG cinder.api.middleware.request_id [None req-d98a5f83-932b-4fb9-86ff-156b7921c092 None None] RequestId filter calling following filter/app {{(pid=94324) _context_setter /opt/stack/cinder/cinder/api/middleware/request_id.py:62}}
Aug 21 18:20:43 devstack devstack@c-api.service[94324]: INFO cinder.api.openstack.wsgi [None req-d98a5f83-932b-4fb9-86ff-156b7921c092 tempest-GroupSnapshotsTest-314891235 tempest-GroupSnapshotsTest-314891235-project-member] GET http://192.168.122.184/volume/v3/volumes/c9dd7449-5750-415d-9748-b2c1aeb4d475
Aug 21 18:20:43 devstack devstack@c-api.service[94324]: DEBUG cinder.api.openstack.wsgi [None req-d98a5f83-932b-4fb9-86ff-156b7921c092 tempest-GroupSnapshotsTest-314891235 tempest-GroupSnapshotsTest-314891235-project-member] Empty body provided in request {{(pid=94324) get_body /opt/stack/cinder/cinder/api/openstack/wsgi.py:725}}
Aug 21 18:20:43 devstack devstack@c-api.service[94324]: DEBUG cinder.api.openstack.wsgi [None req-d98a5f83-932b-4fb9-86ff-156b7921c092 tempest-GroupSnapshotsTest-314891235 tempest-GroupSnapshotsTest-314891235-project-member] Calling method 'show' {{(pid=94324) _process_stack /opt/stack/cinder/cinder/api/openstack/wsgi.py:878}}
Aug 21 18:20:43 devstack devstack@c-api.service[94324]: /opt/stack/data/venv/lib/python3.12/site-packages/oslo_context/context.py:102: DeprecationWarning: Policy enforcement is depending on the value of is_admin. This key is deprecated. Please update your policy file to use the standard policy values.
Aug 21 18:20:43 devstack devstack@c-api.service[94324]: warnings.warn(
Aug 21 18:20:43 devstack devstack@c-api.service[94324]: INFO cinder.volume.api [None req-d98a5f83-932b-4fb9-86ff-156b7921c092 tempest-GroupSnapshotsTest-314891235 tempest-GroupSnapshotsTest-314891235-project-member] Volume info retrieved successfully.
